09-16 14:53:57.922 24435 24435 I ViewRootImpl@5495431[ScannerActivity]: Relayout returned: old=(0,0,1200,1920) new=(0,0,1200,1920) req=(1200,1920)0 dur=9 res=0x7 s={true -5476376669684852160} ch=true fn=-1
09-16 14:53:57.923 24435 24435 I ViewRootImpl@5495431[ScannerActivity]: [DP] dp(1) 1 android.view.ViewRootImpl.reportNextDraw:11080 android.view.ViewRootImpl.performTraversals:3917 android.view.ViewRootImpl.doTraversal:2671
09-16 14:53:57.923 24435 24435 I ViewRootImpl@5495431[ScannerActivity]: [DP] pd() Asnyc report
09-16 14:53:57.924 24435 24435 I ViewRootImpl@5495431[ScannerActivity]: mAttachInfo.mThreadedRenderer.draw, mView = DecorView@9855c9a[ScannerActivity] w = 1200 h = 1920
09-16 14:53:57.932 24435 24435 I ViewRootImpl@5495431[ScannerActivity]: [DP] pdf(0) 1 android.view.ViewRootImpl.lambda$performDraw$1$ViewRootImpl:4745 android.view.-$$Lambda$ViewRootImpl$DJd0VUYJgsebcnSohO6h8zc_ONI.run:6 android.os.Handler.handleCallback:938
09-16 14:53:57.932 24435 24435 I ViewRootImpl@5495431[ScannerActivity]: [DP] rdf()
09-16 14:53:57.948 24435 24435 I ViewRootImpl@cac07f4[ProvisioningActivity]: MSG_WINDOW_FOCUS_CHANGED 0 1
09-16 14:53:57.957 24435 24435 I ViewRootImpl@c66e18[MainActivity]: stopped(false) old=true
09-16 14:53:57.962 24435 24435 I Dialog : mIsSamsungBasicInteraction = false, isMetaDataInActivity = false
09-16 14:53:57.966 24435 24435 I DecorView: [INFO] isPopOver=false, config=false
09-16 14:53:57.966 24435 24435 I DecorView: updateCaptionType >> DecorView@d896d08[], isFloating=true, isApplication=true, hasWindowDecorCaption=false, hasWindowControllerCallback=false
09-16 14:53:57.966 24435 24435 D DecorView: setCaptionType = 0, this = DecorView@d896d08[]
09-16 14:53:57.977 24435 24435 D ScrollView: initGoToTop
09-16 14:53:57.991 24435 24435 D InputTransport: Input channel constructed: '2dc016a', fd=97
09-16 14:53:57.992 24435 24435 I ViewRootImpl@fd9ec4d[MainActivity]: setView = com.android.internal.policy.DecorView@d896d08 TM=true
09-16 14:53:57.993 24435 24435 I ViewRootImpl@fd9ec4d[MainActivity]: stopped(false) old=false
09-16 14:53:57.993 24435 24435 I ViewRootImpl@c66e18[MainActivity]: stopped(false) old=false
09-16 14:53:58.007 24435 24435 I SurfaceControl: assignNativeObject: nativeObject = 0 Surface(name=null)/@0x2b623af / android.view.SurfaceControl.readFromParcel:1117 android.view.IWindowSession$Stub$Proxy.relayout:1836 android.view.ViewRootImpl.relayoutWindow:9132 android.view.ViewRootImpl.performTraversals:3422 android.view.ViewRootImpl.doTraversal:2671 android.view.ViewRootImpl$TraversalRunnable.run:10094 android.view.Choreographer$CallbackRecord.run:1010 android.view.Choreographer.doCallbacks:809 android.view.Choreographer.doFrame:744 android.view.Choreographer$FrameDisplayEventReceiver.run:995
09-16 14:53:58.007 24435 24435 I ViewRootImpl@c66e18[MainActivity]: Relayout returned: old=(0,0,1200,1920) new=(0,0,1200,1920) req=(1200,1920)0 dur=11 res=0x7 s={true -5476376669684808560} ch=true fn=-1
09-16 14:53:58.008 24435 24435 I ViewRootImpl@c66e18[MainActivity]: [DP] dp(1) 1 android.view.ViewRootImpl.reportNextDraw:11080 android.view.ViewRootImpl.performTraversals:3917 android.view.ViewRootImpl.doTraversal:2671
09-16 14:53:58.008 24435 24435 I ViewRootImpl@c66e18[MainActivity]: [DP] pd() Asnyc report
09-16 14:53:58.009 24435 24435 I ViewRootImpl@c66e18[MainActivity]: mAttachInfo.mThreadedRenderer.draw, mView = DecorView@885d97c[MainActivity] w = 1200 h = 1920
09-16 14:53:58.031 24435 24435 I SurfaceControl: assignNativeObject: nativeObject = 0 Surface(name=null)/@0x2ab37ac / android.view.SurfaceControl.readFromParcel:1117 android.view.IWindowSession$Stub$Proxy.relayout:1836 android.view.ViewRootImpl.relayoutWindow:9132 android.view.ViewRootImpl.performTraversals:3422 android.view.ViewRootImpl.doTraversal:2671 android.view.ViewRootImpl$TraversalRunnable.run:10094 android.view.Choreographer$CallbackRecord.run:1010 android.view.Choreographer.doCallbacks:809 android.view.Choreographer.doFrame:744 android.view.Choreographer$FrameDisplayEventReceiver.run:995
09-16 14:53:58.033 24435 24435 I ViewRootImpl@fd9ec4d[MainActivity]: Relayout returned: old=(0,36,1200,1848) new=(168,649,1032,1234) req=(864,585)0 dur=7 res=0x7 s={true -5476376669685026560} ch=true fn=-1
09-16 14:53:58.034 24435 24435 D ScrollView: onsize change changed
09-16 14:53:58.035 24435 24435 I ViewRootImpl@fd9ec4d[MainActivity]: [DP] dp(1) 1 android.view.ViewRootImpl.reportNextDraw:11080 android.view.ViewRootImpl.performTraversals:3917 android.view.ViewRootImpl.doTraversal:2671
09-16 14:53:58.035 24435 24435 I ViewRootImpl@fd9ec4d[MainActivity]: [DP] pd() Asnyc report
09-16 14:53:58.035 24435 24435 I ViewRootImpl@fd9ec4d[MainActivity]: mAttachInfo.mThreadedRenderer.draw, mView = DecorView@d896d08[MainActivity] w = 864 h = 585
09-16 14:53:58.043 24435 24435 I ViewRootImpl@fd9ec4d[MainActivity]: [DP] pdf(0) 1 android.view.ViewRootImpl.lambda$performDraw$1$ViewRootImpl:4745 android.view.-$$Lambda$ViewRootImpl$DJd0VUYJgsebcnSohO6h8zc_ONI.run:6 android.os.Handler.handleCallback:938
09-16 14:53:58.043 24435 24435 I ViewRootImpl@fd9ec4d[MainActivity]: [DP] rdf()
09-16 14:53:58.044 24435 24435 I ViewRootImpl@c66e18[MainActivity]: [DP] pdf(0) 1 android.view.ViewRootImpl.lambda$performDraw$1$ViewRootImpl:4745 android.view.-$$Lambda$ViewRootImpl$DJd0VUYJgsebcnSohO6h8zc_ONI.run:6 android.os.Handler.handleCallback:938
09-16 14:53:58.044 24435 24435 I ViewRootImpl@c66e18[MainActivity]: [DP] rdf()
09-16 14:53:58.048 24435 24435 I SurfaceControl: nativeRelease nativeObject s[-5476376674517168000]
09-16 14:53:58.048 24435 24435 I SurfaceControl: nativeRelease nativeObject e[-5476376674517168000]
09-16 14:53:58.048 24435 24435 I SurfaceControl: nativeRelease nativeObject s[-5476376674517115696]
09-16 14:53:58.048 24435 24435 I SurfaceControl: nativeRelease nativeObject e[-5476376674517115696]
09-16 14:53:58.048 24435 24435 I SurfaceControl: nativeRelease nativeObject s[-5476376674517223664]
09-16 14:53:58.048 24435 24435 I SurfaceControl: nativeRelease nativeObject e[-5476376674517223664]
09-16 14:53:58.048 24435 24435 I SurfaceControl: nativeRelease nativeObject s[-5476376674517161840]
09-16 14:53:58.048 24435 24435 I SurfaceControl: nativeRelease nativeObject e[-5476376674517161840]
09-16 14:53:58.048 24435 24435 I SurfaceControl: nativeRelease nativeObject s[-5476376674517145600]
09-16 14:53:58.048 24435 24435 I SurfaceControl: nativeRelease nativeObject e[-5476376674517145600]
09-16 14:53:58.060 24435 24435 I ViewRootImpl@fd9ec4d[MainActivity]: MSG_RESIZED_REPORT: frame=(168,649,1032,1234) ci=(0,0,0,0) vi=(0,0,0,0) or=1
09-16 14:53:58.060 24435 24435 I ViewRootImpl@fd9ec4d[MainActivity]: [DP] dp(1) 1 android.view.ViewRootImpl.reportNextDraw:11080 android.view.ViewRootImpl.access$1300:255 android.view.ViewRootImpl$ViewRootHandler.handleMessage:6209
09-16 14:53:58.076 24435 24435 I SurfaceControl: nativeRelease nativeObject s[-5476376674517148960]
09-16 14:53:58.076 24435 24435 I SurfaceControl: nativeRelease nativeObject e[-5476376674517148960]
09-16 14:53:58.076 24435 24435 I SurfaceControl: assignNativeObject: nativeObject = 0 Surface(name=null)/@0x2ab37ac / android.view.SurfaceControl.readFromParcel:1117 android.view.IWindowSession$Stub$Proxy.relayout:1836 android.view.ViewRootImpl.relayoutWindow:9132 android.view.ViewRootImpl.performTraversals:3422 android.view.ViewRootImpl.doTraversal:2671 android.view.ViewRootImpl$TraversalRunnable.run:10094 android.view.Choreographer$CallbackRecord.run:1010 android.view.Choreographer.doCallbacks:809 android.view.Choreographer.doFrame:744 android.view.Choreographer$FrameDisplayEventReceiver.run:995
09-16 14:53:58.077 24435 24435 I SurfaceControl: nativeRelease nativeObject s[-5476376674517197120]
09-16 14:53:58.077 24435 24435 I SurfaceControl: nativeRelease nativeObject e[-5476376674517197120]
09-16 14:53:58.077 24435 24435 I SurfaceControl: nativeRelease nativeObject s[-5476376674517150752]
09-16 14:53:58.077 24435 24435 I SurfaceControl: nativeRelease nativeObject e[-5476376674517150752]
09-16 14:53:58.077 24435 24435 I ViewRootImpl@fd9ec4d[MainActivity]: Relayout returned: old=(168,649,1032,1234) new=(168,649,1032,1234) req=(864,585)0 dur=10 res=0x1 s={true -5476376669685026560} ch=false fn=3
09-16 14:53:58.077 24435 24435 I ViewRootImpl@fd9ec4d[MainActivity]: [DP] pd() Asnyc report
09-16 14:53:58.079 24435 24435 I ViewRootImpl@fd9ec4d[MainActivity]: mAttachInfo.mThreadedRenderer.draw, mView = DecorView@d896d08[MainActivity] w = 864 h = 585
09-16 14:53:58.090 24435 24435 I SurfaceControl: nativeRelease nativeObject s[-5476376674517119840]
09-16 14:53:58.090 24435 24435 I SurfaceControl: nativeRelease nativeObject e[-5476376674517119840]
09-16 14:53:58.090 24435 24435 I SurfaceControl: assignNativeObject: nativeObject = 0 Surface(name=null)/@0xc388c4a / android.view.SurfaceControl.readFromParcel:1117 android.view.IWindowSession$Stub$Proxy.relayout:1826 android.view.ViewRootImpl.relayoutWindow:9132 android.view.ViewRootImpl.performTraversals:3422 android.view.ViewRootImpl.doTraversal:2671 android.view.ViewRootImpl$TraversalRunnable.run:10094 android.view.Choreographer$CallbackRecord.run:1010 android.view.Choreographer.doCallbacks:809 android.view.Choreographer.doFrame:744 android.view.Choreographer$FrameDisplayEventReceiver.run:995
09-16 14:53:58.090 24435 24435 I SurfaceControl: assignNativeObject: nativeObject = 0 Surface(name=null)/@0xd4ce95 / android.view.SurfaceControl.readFromParcel:1117 android.view.IWindowSession$Stub$Proxy.relayout:1836 android.view.ViewRootImpl.relayoutWindow:9132 android.view.ViewRootImpl.performTraversals:3422 android.view.ViewRootImpl.doTraversal:2671 android.view.ViewRootImpl$TraversalRunnable.run:10094 android.view.Choreographer$CallbackRecord.run:1010 android.view.Choreographer.doCallbacks:809 android.view.Choreographer.doFrame:744 android.view.Choreographer$FrameDisplayEventReceiver.run:995
09-16 14:53:58.091 24435 24435 I ViewRootImpl@5495431[ScannerActivity]: Relayout returned: old=(0,0,1200,1920) new=(0,0,1200,1920) req=(1200,1920)8 dur=5 res=0x5 s={false 0} ch=true fn=11
09-16 14:53:58.092 24435 24435 I ViewRootImpl@fd9ec4d[MainActivity]: [DP] pdf(0) 1 android.view.ViewRootImpl.lambda$performDraw$1$ViewRootImpl:4745 android.view.-$$Lambda$ViewRootImpl$DJd0VUYJgsebcnSohO6h8zc_ONI.run:6 android.os.Handler.handleCallback:938
09-16 14:53:58.092 24435 24435 I ViewRootImpl@fd9ec4d[MainActivity]: [DP] rdf()
09-16 14:53:58.095 24435 24435 I ViewRootImpl@fd9ec4d[MainActivity]: MSG_WINDOW_FOCUS_CHANGED 1 1
09-16 14:53:58.106 24435 24435 I ViewRootImpl@5495431[ScannerActivity]: stopped(true) old=false
09-16 14:53:58.109 24435 24435 I BluetoothAdapter: STATE_ON
09-16 14:53:58.109 24435 24435 I BluetoothAdapter: STATE_ON
09-16 14:53:58.109 24435 24435 D BluetoothLeScanner: Stop Scan with callback
09-16 14:53:58.132 24435 24435 I ViewRootImpl@5495431[ScannerActivity]: dispatchDetachedFromWindow
09-16 14:53:58.137 24435 24435 D InputTransport: Input channel destroyed: 'c8b58f2', fd=84
09-16 14:53:58.377 24435 24435 I SurfaceControl: nativeRelease nativeObject s[-5476376674517136640]
09-16 14:53:58.377 24435 24435 I SurfaceControl: nativeRelease nativeObject e[-5476376674517136640]
09-16 14:53:58.378 24435 24435 I SurfaceControl: assignNativeObject: nativeObject = 0 Surface(name=null)/@0xe26acb0 / android.view.SurfaceControl.readFromParcel:1117 android.view.IWindowSession$Stub$Proxy.relayout:1826 android.view.ViewRootImpl.relayoutWindow:9132 android.view.ViewRootImpl.performTraversals:3422 android.view.ViewRootImpl.doTraversal:2671 android.view.ViewRootImpl$TraversalRunnable.run:10094 android.view.Choreographer$CallbackRecord.run:1010 android.view.Choreographer.doCallbacks:809 android.view.Choreographer.doFrame:744 android.view.Choreographer$FrameDisplayEventReceiver.run:995
09-16 14:53:58.378 24435 24435 I SurfaceControl: assignNativeObject: nativeObject = 0 Surface(name=null)/@0x3dc618c / android.view.SurfaceControl.readFromParcel:1117 android.view.IWindowSession$Stub$Proxy.relayout:1836 android.view.ViewRootImpl.relayoutWindow:9132 android.view.ViewRootImpl.performTraversals:3422 android.view.ViewRootImpl.doTraversal:2671 android.view.ViewRootImpl$TraversalRunnable.run:10094 android.view.Choreographer$CallbackRecord.run:1010 android.view.Choreographer.doCallbacks:809 android.view.Choreographer.doFrame:744 android.view.Choreographer$FrameDisplayEventReceiver.run:995
09-16 14:53:58.379 24435 24435 I SurfaceControl: nativeRelease nativeObject s[-5476376674517115808]
09-16 14:53:58.379 24435 24435 I SurfaceControl: nativeRelease nativeObject e[-5476376674517115808]
09-16 14:53:58.380 24435 24435 I ViewRootImpl@cac07f4[ProvisioningActivity]: Relayout returned: old=(0,0,1200,1920) new=(0,0,1200,1920) req=(1200,1920)8 dur=10 res=0x5 s={false 0} ch=true fn=1456
09-16 14:53:58.380 24435 24435 I ViewRootImpl@cac07f4[ProvisioningActivity]: stopped(true) old=false
09-16 14:53:58.385 24435 24435 I ViewRootImpl@cac07f4[ProvisioningActivity]: dispatchDetachedFromWindow
09-16 14:53:58.397 24435 24435 D InputTransport: Input channel destroyed: 'c702935', fd=83
09-16 14:54:00.056 24435 24435 I ViewRootImpl@fd9ec4d[MainActivity]: ViewPostIme pointer 0
09-16 14:54:00.109 24435 24435 I ViewRootImpl@fd9ec4d[MainActivity]: ViewPostIme pointer 1
09-16 14:54:00.125 24435 31999 D OpenGLRenderer: endAllActiveAnimators on 0xb400006eab458d00 (RippleDrawable) with handle 0xb400006dbb334890
09-16 14:54:00.125 24435 24435 I ViewRootImpl@fd9ec4d[MainActivity]: dispatchDetachedFromWindow
09-16 14:54:00.125 24435 24435 I SurfaceControl: nativeRelease nativeObject s[-5476376674517115696]
09-16 14:54:00.125 24435 24435 I SurfaceControl: nativeRelease nativeObject e[-5476376674517115696]
09-16 14:54:00.138 24435 24435 D InputTransport: Input channel destroyed: '2dc016a', fd=97
09-16 14:54:00.138 24435 24435 I SurfaceControl: nativeRelease nativeObject s[-5476376674517168000]
09-16 14:54:00.138 24435 24435 I SurfaceControl: nativeRelease nativeObject e[-5476376674517168000]
09-16 14:54:00.138 24435 24435 I SurfaceControl: nativeRelease nativeObject s[-5476376674517148960]
09-16 14:54:00.138 24435 24435 I SurfaceControl: nativeRelease nativeObject e[-5476376674517148960]
09-16 14:54:00.168 24435 24435 I ViewRootImpl@c66e18[MainActivity]: MSG_WINDOW_FOCUS_CHANGED 1 1
09-16 14:54:00.168 24435 24435 D InputMethodManager: prepareNavigationBarInfo() DecorView@885d97c[MainActivity]
09-16 14:54:00.168 24435 24435 D InputMethodManager: getNavigationBarColor() -16777216
09-16 14:54:00.170 24435 24435 D InputMethodManager: prepareNavigationBarInfo() DecorView@885d97c[MainActivity]
09-16 14:54:00.170 24435 24435 D InputMethodManager: getNavigationBarColor() -16777216
09-16 14:54:00.170 24435 24435 V InputMethodManager: Starting input: tba=no.nordicsemi.android.nrfmeshprovisioner ic=null mNaviBarColor -16777216 mIsGetNaviBarColorSuccess true , NavVisible : true , NavTrans : false
09-16 14:54:00.170 24435 24435 D InputMethodManager: startInputInner - Id : 0
09-16 14:54:00.170 24435 24435 I InputMethodManager: startInputInner - mService.startInputOrWindowGainedFocus
09-16 14:54:00.172 24435 24435 D InputTransport: Input channel constructed: 'ClientS', fd=82
09-16 14:54:00.172 24435 24435 D InputTransport: Input channel destroyed: 'ClientS', fd=90
09-16 14:54:00.185 24435 24435 I SurfaceControl: nativeRelease nativeObject s[-5476376674517115920]
09-16 14:54:00.185 24435 24435 I SurfaceControl: nativeRelease nativeObject e[-5476376674517115920]
09-16 14:54:00.185 24435 24435 I SurfaceControl: nativeRelease nativeObject s[-5476376674517115696]
09-16 14:54:00.185 24435 24435 I SurfaceControl: nativeRelease nativeObject e[-5476376674517115696]
09-16 14:54:07.390 24435 24435 I ViewRootImpl@c66e18[MainActivity]: ViewPostIme pointer 0
09-16 14:54:07.476 24435 24435 I ViewRootImpl@c66e18[MainActivity]: ViewPostIme pointer 1
09-16 14:54:07.537 24435 24435 I DecorView: [INFO] isPopOver=false, config=true
09-16 14:54:07.537 24435 24435 I DecorView: updateCaptionType >> DecorView@8e79eff[], isFloating=false, isApplication=true, hasWindowDecorCaption=false, hasWindowControllerCallback=true
09-16 14:54:07.537 24435 24435 D DecorView: setCaptionType = 0, this = DecorView@8e79eff[]
09-16 14:54:07.546 24435 24435 D InputTransport: Input channel constructed: '348a183', fd=83
09-16 14:54:07.547 24435 24435 I ViewRootImpl@e601dda[ScannerActivity]: setView = com.android.internal.policy.DecorView@8e79eff TM=true
09-16 14:54:07.559 24435 24435 I SurfaceControl: assignNativeObject: nativeObject = 0 Surface(name=null)/@0x511a02e / android.view.SurfaceControl.readFromParcel:1117 android.view.IWindowSession$Stub$Proxy.relayout:1836 android.view.ViewRootImpl.relayoutWindow:9132 android.view.ViewRootImpl.performTraversals:3422 android.view.ViewRootImpl.doTraversal:2671 android.view.ViewRootImpl$TraversalRunnable.run:10094 android.view.Choreographer$CallbackRecord.run:1010 android.view.Choreographer.doCallbacks:809 android.view.Choreographer.doFrame:744 android.view.Choreographer$FrameDisplayEventReceiver.run:995
09-16 14:54:07.559 24435 24435 I ViewRootImpl@e601dda[ScannerActivity]: Relayout returned: old=(0,0,1200,1920) new=(0,0,1200,1920) req=(1200,1920)0 dur=9 res=0x7 s={true -5476376669685026560} ch=true fn=-1
09-16 14:54:07.560 24435 24435 I ViewRootImpl@e601dda[ScannerActivity]: [DP] dp(1) 1 android.view.ViewRootImpl.reportNextDraw:11080 android.view.ViewRootImpl.performTraversals:3917 android.view.ViewRootImpl.doTraversal:2671
09-16 14:54:07.561 24435 24435 I ViewRootImpl@e601dda[ScannerActivity]: [DP] pd() Asnyc report
09-16 14:54:07.561 24435 24435 I ViewRootImpl@e601dda[ScannerActivity]: mAttachInfo.mThreadedRenderer.draw, mView = DecorView@8e79eff[ScannerActivity] w = 1200 h = 1920
09-16 14:54:07.568 24435 24435 I ViewRootImpl@e601dda[ScannerActivity]: [DP] pdf(0) 1 android.view.ViewRootImpl.lambda$performDraw$1$ViewRootImpl:4745 android.view.-$$Lambda$ViewRootImpl$DJd0VUYJgsebcnSohO6h8zc_ONI.run:6 android.os.Handler.handleCallback:938
09-16 14:54:07.568 24435 24435 I ViewRootImpl@e601dda[ScannerActivity]: [DP] rdf()
09-16 14:54:07.569 24435 24435 I BluetoothAdapter: STATE_ON
09-16 14:54:07.569 24435 24435 I BluetoothAdapter: STATE_ON
09-16 14:54:07.570 24435 24435 I BluetoothAdapter: STATE_ON
09-16 14:54:07.570 24435 24435 I BluetoothAdapter: STATE_ON
09-16 14:54:07.570 24435 24435 I BluetoothAdapter: STATE_ON
09-16 14:54:07.570 24435 24435 I BluetoothAdapter: STATE_ON
09-16 14:54:07.570 24435 24435 I BluetoothAdapter: STATE_ON
09-16 14:54:07.571 24435 24435 D BluetoothLeScanner: Start Scan with callback
09-16 14:54:07.573 24435 520 D BluetoothLeScanner: onScannerRegistered() - status=0 scannerId=10 mScannerId=0
09-16 14:54:07.577 24435 24435 I ViewRootImpl@c66e18[MainActivity]: MSG_WINDOW_FOCUS_CHANGED 0 1
09-16 14:54:07.587 24435 24435 I SurfaceControl: nativeRelease nativeObject s[-5476376674517159040]
09-16 14:54:07.587 24435 24435 I SurfaceControl: nativeRelease nativeObject e[-5476376674517159040]
09-16 14:54:07.587 24435 24435 I SurfaceControl: nativeRelease nativeObject s[-5476376674517168000]
09-16 14:54:07.587 24435 24435 I SurfaceControl: nativeRelease nativeObject e[-5476376674517168000]
09-16 14:54:07.587 24435 24435 I SurfaceControl: nativeRelease nativeObject s[-5476376674517148960]
09-16 14:54:07.587 24435 24435 I SurfaceControl: nativeRelease nativeObject e[-5476376674517148960]
09-16 14:54:07.589 24435 24435 I ViewRootImpl@e601dda[ScannerActivity]: MSG_WINDOW_FOCUS_CHANGED 1 1
09-16 14:54:07.589 24435 24435 D InputMethodManager: prepareNavigationBarInfo() DecorView@8e79eff[ScannerActivity]
09-16 14:54:07.589 24435 24435 D InputMethodManager: getNavigationBarColor() -16777216
09-16 14:54:07.590 24435 24435 D InputMethodManager: prepareNavigationBarInfo() DecorView@8e79eff[ScannerActivity]
09-16 14:54:07.590 24435 24435 D InputMethodManager: getNavigationBarColor() -16777216
09-16 14:54:07.590 24435 24435 V InputMethodManager: Starting input: tba=no.nordicsemi.android.nrfmeshprovisioner ic=null mNaviBarColor -16777216 mIsGetNaviBarColorSuccess true , NavVisible : true , NavTrans : false
09-16 14:54:07.590 24435 24435 D InputMethodManager: startInputInner - Id : 0
09-16 14:54:07.590 24435 24435 I InputMethodManager: startInputInner - mService.startInputOrWindowGainedFocus
09-16 14:54:07.591 24435 24435 D InputTransport: Input channel constructed: 'ClientS', fd=90
09-16 14:54:07.591 24435 24435 D InputTransport: Input channel destroyed: 'ClientS', fd=82
09-16 14:54:07.600 24435 24435 I SurfaceControl: nativeRelease nativeObject s[-5476376674517134736]
09-16 14:54:07.600 24435 24435 I SurfaceControl: nativeRelease nativeObject e[-5476376674517134736]
09-16 14:54:07.602 24435 24435 I SurfaceControl: nativeRelease nativeObject s[-5476376674517114576]
09-16 14:54:07.602 24435 24435 I SurfaceControl: nativeRelease nativeObject e[-5476376674517114576]
09-16 14:54:07.602 24435 24435 I SurfaceControl: nativeRelease nativeObject s[-5476376674517111216]
09-16 14:54:07.602 24435 24435 I SurfaceControl: nativeRelease nativeObject e[-5476376674517111216]
09-16 14:54:08.013 24435 24435 I SurfaceControl: nativeRelease nativeObject s[-5476376674517131488]
09-16 14:54:08.013 24435 24435 I SurfaceControl: nativeRelease nativeObject e[-5476376674517131488]
09-16 14:54:08.013 24435 24435 I SurfaceControl: assignNativeObject: nativeObject = 0 Surface(name=null)/@0x6fc95aa / android.view.SurfaceControl.readFromParcel:1117 android.view.IWindowSession$Stub$Proxy.relayout:1826 android.view.ViewRootImpl.relayoutWindow:9132 android.view.ViewRootImpl.performTraversals:3422 android.view.ViewRootImpl.doTraversal:2671 android.view.ViewRootImpl$TraversalRunnable.run:10094 android.view.Choreographer$CallbackRecord.run:1010 android.view.Choreographer.doCallbacks:809 android.view.Choreographer.doFrame:744 android.view.Choreographer$FrameDisplayEventReceiver.run:995
09-16 14:54:08.014 24435 24435 I SurfaceControl: assignNativeObject: nativeObject = 0 Surface(name=null)/@0x2b623af / android.view.SurfaceControl.readFromParcel:1117 android.view.IWindowSession$Stub$Proxy.relayout:1836 android.view.ViewRootImpl.relayoutWindow:9132 android.view.ViewRootImpl.performTraversals:3422 android.view.ViewRootImpl.doTraversal:2671 android.view.ViewRootImpl$TraversalRunnable.run:10094 android.view.Choreographer$CallbackRecord.run:1010 android.view.Choreographer.doCallbacks:809 android.view.Choreographer.doFrame:744 android.view.Choreographer$FrameDisplayEventReceiver.run:995
09-16 14:54:08.014 24435 24435 I ViewRootImpl@c66e18[MainActivity]: Relayout returned: old=(0,0,1200,1920) new=(0,0,1200,1920) req=(1200,1920)8 dur=6 res=0x5 s={false 0} ch=true fn=44
09-16 14:54:08.014 24435 24435 I ViewRootImpl@c66e18[MainActivity]: stopped(true) old=false
09-16 14:54:10.972 24435 24435 I ViewRootImpl@e601dda[ScannerActivity]: ViewPostIme pointer 0
09-16 14:54:11.092 24435 24435 I ViewRootImpl@e601dda[ScannerActivity]: ViewPostIme pointer 1
09-16 14:54:11.132 24435 24435 I DecorView: [INFO] isPopOver=false, config=true
09-16 14:54:11.132 24435 24435 I DecorView: updateCaptionType >> DecorView@1108c86[], isFloating=false, isApplication=true, hasWindowDecorCaption=false, hasWindowControllerCallback=true
09-16 14:54:11.132 24435 24435 D DecorView: setCaptionType = 0, this = DecorView@1108c86[]
09-16 14:54:11.139 24435 24435 E ActivityThread: Failed to find provider info for no.nordicsemi.android.log
09-16 14:54:11.139 24435 24435 D AA : Connect issued
09-16 14:54:11.140 24435 24435 I BluetoothAdapter: STATE_ON
09-16 14:54:11.141 24435 24435 D BluetoothGatt: connect() - device: C1:70:0D:03:B1:E6, auto: false
09-16 14:54:11.141 24435 24435 I BluetoothAdapter: isSecureModeEnabled
09-16 14:54:11.142 24435 24435 D BluetoothGatt: registerApp()
09-16 14:54:11.142 24435 24435 D BluetoothGatt: registerApp() - UUID=63d39482-0285-48d7-bddf-4c5edfa1bc1c
09-16 14:54:11.145 24435 520 D BluetoothGatt: onClientRegistered() - status=0 clientIf=12
09-16 14:54:11.150 24435 24435 D InputTransport: Input channel constructed: 'b5cebcb', fd=84
09-16 14:54:11.150 24435 24435 I ViewRootImpl@10d9509[ReconnectActivity]: setView = com.android.internal.policy.DecorView@1108c86 TM=true
09-16 14:54:11.165 24435 24435 I SurfaceControl: assignNativeObject: nativeObject = 0 Surface(name=null)/@0x4b7214b / android.view.SurfaceControl.readFromParcel:1117 android.view.IWindowSession$Stub$Proxy.relayout:1836 android.view.ViewRootImpl.relayoutWindow:9132 android.view.ViewRootImpl.performTraversals:3422 android.view.ViewRootImpl.doTraversal:2671 android.view.ViewRootImpl$TraversalRunnable.run:10094 android.view.Choreographer$CallbackRecord.run:1010 android.view.Choreographer.doCallbacks:809 android.view.Choreographer.doFrame:744 android.view.Choreographer$FrameDisplayEventReceiver.run:995
09-16 14:54:11.165 24435 24435 I ViewRootImpl@10d9509[ReconnectActivity]: Relayout returned: old=(0,0,1200,1920) new=(0,0,1200,1920) req=(1200,1920)0 dur=9 res=0x7 s={true -5476376669685017840} ch=true fn=-1
09-16 14:54:11.169 24435 24435 I ViewRootImpl@10d9509[ReconnectActivity]: [DP] dp(1) 1 android.view.ViewRootImpl.reportNextDraw:11080 android.view.ViewRootImpl.performTraversals:3917 android.view.ViewRootImpl.doTraversal:2671
09-16 14:54:11.170 24435 24435 I ViewRootImpl@10d9509[ReconnectActivity]: [DP] pd() Asnyc report
09-16 14:54:11.172 24435 24435 I ViewRootImpl@10d9509[ReconnectActivity]: mAttachInfo.mThreadedRenderer.draw, mView = DecorView@1108c86[ReconnectActivity] w = 1200 h = 1920
09-16 14:54:11.182 24435 24435 I ViewRootImpl@10d9509[ReconnectActivity]: [DP] pdf(0) 1 android.view.ViewRootImpl.lambda$performDraw$1$ViewRootImpl:4745 android.view.-$$Lambda$ViewRootImpl$DJd0VUYJgsebcnSohO6h8zc_ONI.run:6 android.os.Handler.handleCallback:938
09-16 14:54:11.182 24435 24435 I ViewRootImpl@10d9509[ReconnectActivity]: [DP] rdf()
09-16 14:54:11.183 24435 24435 I ViewRootImpl@e601dda[ScannerActivity]: MSG_WINDOW_FOCUS_CHANGED 0 1
09-16 14:54:11.192 24435 24435 I SurfaceControl: nativeRelease nativeObject s[-5476376674517168000]
09-16 14:54:11.192 24435 24435 I SurfaceControl: nativeRelease nativeObject e[-5476376674517168000]
09-16 14:54:11.192 24435 24435 I SurfaceControl: nativeRelease nativeObject s[-5476376674517148960]
09-16 14:54:11.192 24435 24435 I SurfaceControl: nativeRelease nativeObject e[-5476376674517148960]
09-16 14:54:11.192 24435 24435 I SurfaceControl: nativeRelease nativeObject s[-5476376674517134736]
09-16 14:54:11.192 24435 24435 I SurfaceControl: nativeRelease nativeObject e[-5476376674517134736]
09-16 14:54:11.202 24435 24435 I ViewRootImpl@10d9509[ReconnectActivity]: MSG_WINDOW_FOCUS_CHANGED 1 1
09-16 14:54:11.202 24435 24435 D InputMethodManager: prepareNavigationBarInfo() DecorView@1108c86[ReconnectActivity]
09-16 14:54:11.202 24435 24435 D InputMethodManager: getNavigationBarColor() -16777216
09-16 14:54:11.204 24435 24435 D InputMethodManager: prepareNavigationBarInfo() DecorView@1108c86[ReconnectActivity]
09-16 14:54:11.204 24435 24435 D InputMethodManager: getNavigationBarColor() -16777216
09-16 14:54:11.204 24435 24435 V InputMethodManager: Starting input: tba=no.nordicsemi.android.nrfmeshprovisioner ic=null mNaviBarColor -16777216 mIsGetNaviBarColorSuccess true , NavVisible : true , NavTrans : false
09-16 14:54:11.204 24435 24435 D InputMethodManager: startInputInner - Id : 0
09-16 14:54:11.204 24435 24435 I InputMethodManager: startInputInner - mService.startInputOrWindowGainedFocus
09-16 14:54:11.207 24435 24435 D InputTransport: Input channel constructed: 'ClientS', fd=96
09-16 14:54:11.207 24435 24435 D InputTransport: Input channel destroyed: 'ClientS', fd=90
09-16 14:54:11.218 24435 24435 I SurfaceControl: nativeRelease nativeObject s[-5476376674517148848]
09-16 14:54:11.218 24435 24435 I SurfaceControl: nativeRelease nativeObject e[-5476376674517148848]
09-16 14:54:11.219 24435 24435 I SurfaceControl: nativeRelease nativeObject s[-5476376674517191744]
09-16 14:54:11.219 24435 24435 I SurfaceControl: nativeRelease nativeObject e[-5476376674517191744]
09-16 14:54:11.219 24435 24435 I SurfaceControl: nativeRelease nativeObject s[-5476376674517116368]
09-16 14:54:11.219 24435 24435 I SurfaceControl: nativeRelease nativeObject e[-5476376674517116368]
09-16 14:54:11.610 24435 24435 I SurfaceControl: nativeRelease nativeObject s[-5476376674517170912]
09-16 14:54:11.610 24435 24435 I SurfaceControl: nativeRelease nativeObject e[-5476376674517170912]
09-16 14:54:11.611 24435 24435 I SurfaceControl: assignNativeObject: nativeObject = 0 Surface(name=null)/@0x7728f21 / android.view.SurfaceControl.readFromParcel:1117 android.view.IWindowSession$Stub$Proxy.relayout:1826 android.view.ViewRootImpl.relayoutWindow:9132 android.view.ViewRootImpl.performTraversals:3422 android.view.ViewRootImpl.doTraversal:2671 android.view.ViewRootImpl$TraversalRunnable.run:10094 android.view.Choreographer$CallbackRecord.run:1010 android.view.Choreographer.doCallbacks:809 android.view.Choreographer.doFrame:744 android.view.Choreographer$FrameDisplayEventReceiver.run:995
09-16 14:54:11.611 24435 24435 I SurfaceControl: assignNativeObject: nativeObject = 0 Surface(name=null)/@0x511a02e / android.view.SurfaceControl.readFromParcel:1117 android.view.IWindowSession$Stub$Proxy.relayout:1836 android.view.ViewRootImpl.relayoutWindow:9132 android.view.ViewRootImpl.performTraversals:3422 android.view.ViewRootImpl.doTraversal:2671 android.view.ViewRootImpl$TraversalRunnable.run:10094 android.view.Choreographer$CallbackRecord.run:1010 android.view.Choreographer.doCallbacks:809 android.view.Choreographer.doFrame:744 android.view.Choreographer$FrameDisplayEventReceiver.run:995
09-16 14:54:11.612 24435 24435 I ViewRootImpl@e601dda[ScannerActivity]: Relayout returned: old=(0,0,1200,1920) new=(0,0,1200,1920) req=(1200,1920)8 dur=9 res=0x5 s={false 0} ch=true fn=243
09-16 14:54:11.612 24435 24435 I ViewRootImpl@e601dda[ScannerActivity]: stopped(true) old=false
09-16 14:54:11.613 24435 24435 I BluetoothAdapter: STATE_ON
09-16 14:54:11.613 24435 24435 I BluetoothAdapter: STATE_ON
09-16 14:54:11.613 24435 24435 D BluetoothLeScanner: Stop Scan with callback
09-16 14:54:11.638 24435 24435 I SurfaceControl: assignNativeObject: nativeObject = 0 Surface(name=null)/@0x7728f21 / android.view.SurfaceControl.readFromParcel:1117 android.view.IWindowSession$Stub$Proxy.relayout:1826 android.view.ViewRootImpl.relayoutWindow:9132 android.view.ViewRootImpl.performTraversals:3422 android.view.ViewRootImpl.doTraversal:2671 android.view.ViewRootImpl$TraversalRunnable.run:10094 android.view.Choreographer$CallbackRecord.run:1010 android.view.Choreographer.doCallbacks:809 android.view.Choreographer.doFrame:744 android.view.Choreographer$FrameDisplayEventReceiver.run:995
09-16 14:54:11.638 24435 24435 I SurfaceControl: assignNativeObject: nativeObject = 0 Surface(name=null)/@0x511a02e / android.view.SurfaceControl.readFromParcel:1117 android.view.IWindowSession$Stub$Proxy.relayout:1836 android.view.ViewRootImpl.relayoutWindow:9132 android.view.ViewRootImpl.performTraversals:3422 android.view.ViewRootImpl.doTraversal:2671 android.view.ViewRootImpl$TraversalRunnable.run:10094 android.view.Choreographer$CallbackRecord.run:1010 android.view.Choreographer.doCallbacks:809 android.view.Choreographer.doFrame:744 android.view.Choreographer$FrameDisplayEventReceiver.run:995
09-16 14:54:11.639 24435 24435 I ViewRootImpl@e601dda[ScannerActivity]: Relayout returned: old=(0,0,1200,1920) new=(0,0,1200,1920) req=(1200,1920)8 dur=6 res=0x5 s={false 0} ch=false fn=-1
09-16 14:54:15.596 24435 520 D BluetoothGatt: onClientConnectionState() - status=0 clientIf=12 device=C1:70:0D:03:B1:E6
09-16 14:54:15.598 24435 24435 I BleManager: Connected to C1:70:0D:03:B1:E6
09-16 14:54:15.899 24435 24435 D BluetoothGatt: discoverServices() - device: C1:70:0D:03:B1:E6
09-16 14:54:15.986 24435 520 D BluetoothGatt: onConnectionUpdated() - Device=C1:70:0D:03:B1:E6 interval=6 latency=0 timeout=500 status=0
09-16 14:54:16.135 24435 520 D BluetoothGatt: onPhyUpdate() - status=0 address=C1:70:0D:03:B1:E6 txPhy=2 rxPhy=2
09-16 14:54:16.137 24435 24435 I BleManager: PHY updated (TX: LE 2M, RX: LE 2M)
09-16 14:54:16.399 24435 520 D BluetoothGatt: onSearchComplete() = Device=C1:70:0D:03:B1:E6 Status=0
09-16 14:54:16.399 24435 24435 I BleManager: Services discovered
09-16 14:54:16.400 24435 24435 D BluetoothGatt: configureMTU() - device: C1:70:0D:03:B1:E6 mtu: 517
09-16 14:54:16.427 24435 520 D BluetoothGatt: onConfigureMTU() - Device=C1:70:0D:03:B1:E6 mtu=69 status=0
09-16 14:54:16.427 24435 24435 I BleManager: MTU changed to: 69
09-16 14:54:16.427 24435 24435 D BluetoothGatt: setCharacteristicNotification() - uuid: 00002ade-0000-1000-8000-00805f9b34fb enable: true
09-16 14:54:16.442 24435 24435 I BleManager: Data written to descr. 00002902-0000-1000-8000-00805f9b34fb, value: (0x) 01-00
09-16 14:54:16.442 24435 24435 I BleManager: Notifications enabled
09-16 14:54:16.462 24435 24435 I BleManager: Notification received from 00002ade-0000-1000-8000-00805f9b34fb, value: (0x) 01-01-00-35-A5-C5-7D-FF-12-DD-75-00-00-00-00-34-E1-E1-40-46-3A-86-17
09-16 14:54:16.462 24435 24435 I ViewRootImpl@e601dda[ScannerActivity]: stopped(false) old=true
09-16 14:54:16.465 24435 2148 D BluetoothGatt: onConnectionUpdated() - Device=C1:70:0D:03:B1:E6 interval=36 latency=0 timeout=500 status=0
09-16 14:54:16.468 24435 24435 I BluetoothAdapter: STATE_ON
09-16 14:54:16.468 24435 24435 I BluetoothAdapter: STATE_ON
09-16 14:54:16.468 24435 24435 I BluetoothAdapter: STATE_ON
09-16 14:54:16.468 24435 24435 I BluetoothAdapter: STATE_ON
09-16 14:54:16.469 24435 24435 I BluetoothAdapter: STATE_ON
09-16 14:54:16.469 24435 24435 I BluetoothAdapter: STATE_ON
09-16 14:54:16.469 24435 24435 I BluetoothAdapter: STATE_ON
09-16 14:54:16.470 24435 24435 D BluetoothLeScanner: Start Scan with callback
09-16 14:54:16.472 24435 2148 D BluetoothLeScanner: onScannerRegistered() - status=0 scannerId=10 mScannerId=0
09-16 14:54:16.484 24435 24435 I SurfaceControl: assignNativeObject: nativeObject = 0 Surface(name=null)/@0x511a02e / android.view.SurfaceControl.readFromParcel:1117 android.view.IWindowSession$Stub$Proxy.relayout:1836 android.view.ViewRootImpl.relayoutWindow:9132 android.view.ViewRootImpl.performTraversals:3422 android.view.ViewRootImpl.doTraversal:2671 android.view.ViewRootImpl$TraversalRunnable.run:10094 android.view.Choreographer$CallbackRecord.run:1010 android.view.Choreographer.doCallbacks:809 android.view.Choreographer.doFrame:744 android.view.Choreographer$FrameDisplayEventReceiver.run:995
09-16 14:54:16.485 24435 24435 I ViewRootImpl@e601dda[ScannerActivity]: Relayout returned: old=(0,0,1200,1920) new=(0,0,1200,1920) req=(1200,1920)0 dur=7 res=0x7 s={true -5476376669685026560} ch=true fn=-1
09-16 14:54:16.486 24435 24435 I ViewRootImpl@e601dda[ScannerActivity]: [DP] dp(1) 1 android.view.ViewRootImpl.reportNextDraw:11080 android.view.ViewRootImpl.performTraversals:3917 android.view.ViewRootImpl.doTraversal:2671
09-16 14:54:16.486 24435 24435 I ViewRootImpl@e601dda[ScannerActivity]: [DP] pd() Asnyc report
09-16 14:54:16.486 24435 24435 I ViewRootImpl@e601dda[ScannerActivity]: mAttachInfo.mThreadedRenderer.draw, mView = DecorView@8e79eff[ScannerActivity] w = 1200 h = 1920
09-16 14:54:16.494 24435 24435 I ViewRootImpl@e601dda[ScannerActivity]: [DP] pdf(0) 1 android.view.ViewRootImpl.lambda$performDraw$1$ViewRootImpl:4745 android.view.-$$Lambda$ViewRootImpl$DJd0VUYJgsebcnSohO6h8zc_ONI.run:6 android.os.Handler.handleCallback:938
09-16 14:54:16.495 24435 24435 I ViewRootImpl@e601dda[ScannerActivity]: [DP] rdf()
09-16 14:54:16.496 24435 24435 D MeshManagerApi: Received mesh beacon: SecureNetworkBeacon { KeyRefreshActive: false, IV Index: IV Index: 0, IV Update Active: false, Authentication Value: 0x34E1E140463A8617}
09-16 14:54:16.496 24435 24435 D MeshManagerApi: Secure Network Beacon authenticated.
09-16 14:54:16.496 24435 24435 D MeshManagerApi: Last IV Index: 0
09-16 14:54:16.513 24435 24435 I ViewRootImpl@10d9509[ReconnectActivity]: MSG_WINDOW_FOCUS_CHANGED 0 1
09-16 14:54:16.517 24435 24435 I ViewRootImpl@c66e18[MainActivity]: stopped(false) old=true
09-16 14:54:16.523 24435 24435 I ViewRootImpl@c66e18[MainActivity]: stopped(false) old=false
09-16 14:54:16.552 24435 24435 I SurfaceControl: assignNativeObject: nativeObject = 0 Surface(name=null)/@0x2b623af / android.view.SurfaceControl.readFromParcel:1117 android.view.IWindowSession$Stub$Proxy.relayout:1836 android.view.ViewRootImpl.relayoutWindow:9132 android.view.ViewRootImpl.performTraversals:3422 android.view.ViewRootImpl.doTraversal:2671 android.view.ViewRootImpl$TraversalRunnable.run:10094 android.view.Choreographer$CallbackRecord.run:1010 android.view.Choreographer.doCallbacks:809 android.view.Choreographer.doFrame:744 android.view.Choreographer$FrameDisplayEventReceiver.run:995
09-16 14:54:16.552 24435 24435 I ViewRootImpl@c66e18[MainActivity]: Relayout returned: old=(0,0,1200,1920) new=(0,0,1200,1920) req=(1200,1920)0 dur=11 res=0x7 s={true -5476376669684921920} ch=true fn=-1
09-16 14:54:16.553 24435 24435 I ViewRootImpl@c66e18[MainActivity]: [DP] dp(1) 1 android.view.ViewRootImpl.reportNextDraw:11080 android.view.ViewRootImpl.performTraversals:3917 android.view.ViewRootImpl.doTraversal:2671
09-16 14:54:16.553 24435 24435 I ViewRootImpl@c66e18[MainActivity]: [DP] pd() Asnyc report
09-16 14:54:16.558 24435 24435 I ViewRootImpl@c66e18[MainActivity]: mAttachInfo.mThreadedRenderer.draw, mView = DecorView@885d97c[MainActivity] w = 1200 h = 1920
09-16 14:54:16.567 24435 24435 I ViewRootImpl@c66e18[MainActivity]: [DP] pdf(0) 1 android.view.ViewRootImpl.lambda$performDraw$1$ViewRootImpl:4745 android.view.-$$Lambda$ViewRootImpl$DJd0VUYJgsebcnSohO6h8zc_ONI.run:6 android.os.Handler.handleCallback:938
09-16 14:54:16.567 24435 24435 I ViewRootImpl@c66e18[MainActivity]: [DP] rdf()
09-16 14:54:16.569 24435 24435 I SurfaceControl: nativeRelease nativeObject s[-5476376674517225904]
09-16 14:54:16.569 24435 24435 I SurfaceControl: nativeRelease nativeObject e[-5476376674517225904]
09-16 14:54:16.569 24435 24435 I SurfaceControl: nativeRelease nativeObject s[-5476376674517151648]
09-16 14:54:16.569 24435 24435 I SurfaceControl: nativeRelease nativeObject e[-5476376674517151648]
09-16 14:54:16.569 24435 24435 I SurfaceControl: nativeRelease nativeObject s[-5476376674517123312]
09-16 14:54:16.569 24435 24435 I SurfaceControl: nativeRelease nativeObject e[-5476376674517123312]
09-16 14:54:16.592 24435 24435 I SurfaceControl: nativeRelease nativeObject s[-5476376674517193536]
09-16 14:54:16.592 24435 24435 I SurfaceControl: nativeRelease nativeObject e[-5476376674517193536]
09-16 14:54:16.592 24435 24435 I SurfaceControl: assignNativeObject: nativeObject = 0 Surface(name=null)/@0x7728f21 / android.view.SurfaceControl.readFromParcel:1117 android.view.IWindowSession$Stub$Proxy.relayout:1826 android.view.ViewRootImpl.relayoutWindow:9132 android.view.ViewRootImpl.performTraversals:3422 android.view.ViewRootImpl.doTraversal:2671 android.view.ViewRootImpl$TraversalRunnable.run:10094 android.view.Choreographer$CallbackRecord.run:1010 android.view.Choreographer.doCallbacks:809 android.view.Choreographer.doFrame:744 android.view.Choreographer$FrameDisplayEventReceiver.run:995
09-16 14:54:16.592 24435 24435 I SurfaceControl: assignNativeObject: nativeObject = 0 Surface(name=null)/@0x511a02e / android.view.SurfaceControl.readFromParcel:1117 android.view.IWindowSession$Stub$Proxy.relayout:1836 android.view.ViewRootImpl.relayoutWindow:9132 android.view.ViewRootImpl.performTraversals:3422 android.view.ViewRootImpl.doTraversal:2671 android.view.ViewRootImpl$TraversalRunnable.run:10094 android.view.Choreographer$CallbackRecord.run:1010 android.view.Choreographer.doCallbacks:809 android.view.Choreographer.doFrame:744 android.view.Choreographer$FrameDisplayEventReceiver.run:995
09-16 14:54:16.594 24435 24435 I ViewRootImpl@e601dda[ScannerActivity]: Relayout returned: old=(0,0,1200,1920) new=(0,0,1200,1920) req=(1200,1920)8 dur=9 res=0x5 s={false 0} ch=true fn=7
09-16 14:54:16.594 24435 24435 I ViewRootImpl@e601dda[ScannerActivity]: stopped(true) old=false
09-16 14:54:16.595 24435 24435 I BluetoothAdapter: STATE_ON
09-16 14:54:16.595 24435 24435 I BluetoothAdapter: STATE_ON
09-16 14:54:16.595 24435 24435 D BluetoothLeScanner: Stop Scan with callback
09-16 14:54:16.600 24435 24435 I ViewRootImpl@e601dda[ScannerActivity]: dispatchDetachedFromWindow
09-16 14:54:16.605 24435 24435 D InputTransport: Input channel destroyed: '348a183', fd=83
09-16 14:54:16.605 24435 24435 I ViewRootImpl@c66e18[MainActivity]: MSG_WINDOW_FOCUS_CHANGED 1 1
09-16 14:54:16.605 24435 24435 D InputMethodManager: prepareNavigationBarInfo() DecorView@885d97c[MainActivity]
09-16 14:54:16.605 24435 24435 D InputMethodManager: getNavigationBarColor() -16777216
09-16 14:54:16.608 24435 24435 D InputMethodManager: prepareNavigationBarInfo() DecorView@885d97c[MainActivity]
09-16 14:54:16.608 24435 24435 D InputMethodManager: getNavigationBarColor() -16777216
09-16 14:54:16.608 24435 24435 V InputMethodManager: Starting input: tba=no.nordicsemi.android.nrfmeshprovisioner ic=null mNaviBarColor -16777216 mIsGetNaviBarColorSuccess true , NavVisible : true , NavTrans : false
09-16 14:54:16.608 24435 24435 D InputMethodManager: startInputInner - Id : 0
09-16 14:54:16.608 24435 24435 I InputMethodManager: startInputInner - mService.startInputOrWindowGainedFocus
09-16 14:54:16.609 24435 24435 D InputTransport: Input channel constructed: 'ClientS', fd=83
09-16 14:54:16.609 24435 24435 D InputTransport: Input channel destroyed: 'ClientS', fd=96
09-16 14:54:16.618 24435 24435 I SurfaceControl: nativeRelease nativeObject s[-5476376674517165312]
09-16 14:54:16.618 24435 24435 I SurfaceControl: nativeRelease nativeObject e[-5476376674517165312]
09-16 14:54:16.620 24435 24435 I SurfaceControl: nativeRelease nativeObject s[-5476376674517196448]
09-16 14:54:16.620 24435 24435 I SurfaceControl: nativeRelease nativeObject e[-5476376674517196448]
09-16 14:54:16.621 24435 24435 I SurfaceControl: nativeRelease nativeObject s[-5476376674517180320]
09-16 14:54:16.621 24435 24435 I SurfaceControl: nativeRelease nativeObject e[-5476376674517180320]
09-16 14:54:16.911 24435 24435 I SurfaceControl: nativeRelease nativeObject s[-5476376674517161840]
09-16 14:54:16.911 24435 24435 I SurfaceControl: nativeRelease nativeObject e[-5476376674517161840]
09-16 14:54:16.911 24435 24435 I SurfaceControl: assignNativeObject: nativeObject = 0 Surface(name=null)/@0x28174c4 / android.view.SurfaceControl.readFromParcel:1117 android.view.IWindowSession$Stub$Proxy.relayout:1826 android.view.ViewRootImpl.relayoutWindow:9132 android.view.ViewRootImpl.performTraversals:3422 android.view.ViewRootImpl.doTraversal:2671 android.view.ViewRootImpl$TraversalRunnable.run:10094 android.view.Choreographer$CallbackRecord.run:1010 android.view.Choreographer.doCallbacks:809 android.view.Choreographer.doFrame:744 android.view.Choreographer$FrameDisplayEventReceiver.run:995
09-16 14:54:16.912 24435 24435 I SurfaceControl: assignNativeObject: nativeObject = 0 Surface(name=null)/@0x4b7214b / android.view.SurfaceControl.readFromParcel:1117 android.view.IWindowSession$Stub$Proxy.relayout:1836 android.view.ViewRootImpl.relayoutWindow:9132 android.view.ViewRootImpl.performTraversals:3422 android.view.ViewRootImpl.doTraversal:2671 android.view.ViewRootImpl$TraversalRunnable.run:10094 android.view.Choreographer$CallbackRecord.run:1010 android.view.Choreographer.doCallbacks:809 android.view.Choreographer.doFrame:744 android.view.Choreographer$FrameDisplayEventReceiver.run:995
09-16 14:54:16.912 24435 24435 I ViewRootImpl@10d9509[ReconnectActivity]: Relayout returned: old=(0,0,1200,1920) new=(0,0,1200,1920) req=(1200,1920)8 dur=10 res=0x5 s={false 0} ch=true fn=342
09-16 14:54:16.913 24435 24435 I ViewRootImpl@10d9509[ReconnectActivity]: stopped(true) old=false
09-16 14:54:16.915 24435 24435 I ViewRootImpl@10d9509[ReconnectActivity]: dispatchDetachedFromWindow
09-16 14:54:16.923 24435 24435 D InputTransport: Input channel destroyed: 'b5cebcb', fd=84
09-16 14:54:20.759 24435 2148 D BluetoothGatt: onConnectionUpdated() - Device=C1:70:0D:03:B1:E6 interval=30 latency=0 timeout=42 status=0
09-16 14:54:32.013 24435 24435 I ViewRootImpl@c66e18[MainActivity]: ViewPostIme key 0
09-16 14:54:32.263 24435 24435 I ViewRootImpl@c66e18[MainActivity]: ViewPostIme key 0
09-16 14:54:32.314 24435 24435 I ViewRootImpl@c66e18[MainActivity]: ViewPostIme key 0
09-16 14:54:32.364 24435 24435 I ViewRootImpl@c66e18[MainActivity]: ViewPostIme key 0
09-16 14:54:32.414 24435 24435 I ViewRootImpl@c66e18[MainActivity]: ViewPostIme key 0
09-16 14:54:32.466 24435 24435 I ViewRootImpl@c66e18[MainActivity]: ViewPostIme key 0
09-16 14:54:32.517 24435 24435 I ViewRootImpl@c66e18[MainActivity]: ViewPostIme key 0
09-16 14:54:32.568 24435 24435 I ViewRootImpl@c66e18[MainActivity]: ViewPostIme key 0
09-16 14:54:32.618 24435 24435 I ViewRootImpl@c66e18[MainActivity]: ViewPostIme key 0
09-16 14:54:32.669 24435 24435 I ViewRootImpl@c66e18[MainActivity]: ViewPostIme key 0
09-16 14:54:32.720 24435 24435 I ViewRootImpl@c66e18[MainActivity]: ViewPostIme key 0
09-16 14:54:32.771 24435 24435 I ViewRootImpl@c66e18[MainActivity]: ViewPostIme key 0
09-16 14:54:32.802 24435 24435 I ViewRootImpl@c66e18[MainActivity]: ViewPostIme key 1
09-16 14:54:33.502 24435 24435 I SurfaceControl: nativeRelease nativeObject s[-5476376674517188496]
09-16 14:54:33.502 24435 24435 I SurfaceControl: nativeRelease nativeObject e[-5476376674517188496]
09-16 14:54:33.502 24435 24435 I SurfaceControl: nativeRelease nativeObject s[-5476376674517247632]
09-16 14:54:33.502 24435 24435 I SurfaceControl: nativeRelease nativeObject e[-5476376674517247632]
09-16 14:54:33.502 24435 24435 I SurfaceControl: nativeRelease nativeObject s[-5476376674517161168]
09-16 14:54:33.502 24435 24435 I SurfaceControl: nativeRelease nativeObject e[-5476376674517161168]
09-16 14:54:33.518 24435 24435 I ViewRootImpl@c66e18[MainActivity]: MSG_WINDOW_FOCUS_CHANGED 0 1
09-16 14:54:42.352 24435 24435 I SurfaceControl: nativeRelease nativeObject s[-5476376674517127120]
09-16 14:54:42.352 24435 24435 I SurfaceControl: nativeRelease nativeObject e[-5476376674517127120]
09-16 14:54:42.368 24435 24435 I ViewRootImpl@c66e18[MainActivity]: MSG_WINDOW_FOCUS_CHANGED 1 1
09-16 14:54:42.368 24435 24435 D InputMethodManager: prepareNavigationBarInfo() DecorView@885d97c[MainActivity]
09-16 14:54:42.368 24435 24435 D InputMethodManager: getNavigationBarColor() -16777216
09-16 14:54:42.370 24435 24435 D InputMethodManager: prepareNavigationBarInfo() DecorView@885d97c[MainActivity]
09-16 14:54:42.371 24435 24435 D InputMethodManager: getNavigationBarColor() -16777216
09-16 14:54:42.371 24435 24435 V InputMethodManager: Starting input: tba=no.nordicsemi.android.nrfmeshprovisioner ic=null mNaviBarColor -16777216 mIsGetNaviBarColorSuccess true , NavVisible : true , NavTrans : false
09-16 14:54:42.371 24435 24435 D InputMethodManager: startInputInner - Id : 0
09-16 14:54:42.371 24435 24435 I InputMethodManager: startInputInner - mService.startInputOrWindowGainedFocus
09-16 14:54:42.373 24435 24435 D InputTransport: Input channel constructed: 'ClientS', fd=82
09-16 14:54:42.373 24435 24435 D InputTransport: Input channel destroyed: 'ClientS', fd=83
09-16 14:55:11.985 24435 24435 D InputMethodManager: prepareNavigationBarInfo() DecorView@885d97c[MainActivity]
09-16 14:55:11.985 24435 24435 D InputMethodManager: getNavigationBarColor() -16777216
09-16 14:55:11.985 24435 24435 V InputMethodManager: Starting input: tba=no.nordicsemi.android.nrfmeshprovisioner ic=null mNaviBarColor -16777216 mIsGetNaviBarColorSuccess true , NavVisible : true , NavTrans : false
09-16 14:55:11.985 24435 24435 D InputMethodManager: startInputInner - Id : 0
09-16 14:55:11.985 24435 24435 I InputMethodManager: startInputInner - mService.startInputOrWindowGainedFocus
09-16 14:55:11.986 24435 24435 D InputTransport: Input channel constructed: 'ClientS', fd=84
09-16 14:55:11.986 24435 24435 D InputTransport: Input channel destroyed: 'ClientS', fd=82
09-16 14:55:12.349 24435 24435 I ViewRootImpl@c66e18[MainActivity]: stopped(true) old=false
09-16 14:55:12.351 24435 24435 I SurfaceControl: nativeRelease nativeObject s[-5476376674517126560]
09-16 14:55:12.351 24435 24435 I SurfaceControl: nativeRelease nativeObject e[-5476376674517126560]
09-16 14:55:12.373 24435 24435 I SurfaceControl: assignNativeObject: nativeObject = 0 Surface(name=null)/@0x6fc95aa / android.view.SurfaceControl.readFromParcel:1117 android.view.IWindowSession$Stub$Proxy.relayout:1826 android.view.ViewRootImpl.relayoutWindow:9132 android.view.ViewRootImpl.performTraversals:3422 android.view.ViewRootImpl.doTraversal:2671 android.view.ViewRootImpl$TraversalRunnable.run:10094 android.view.Choreographer$CallbackRecord.run:1010 android.view.Choreographer.doCallbacks:809 android.view.Choreographer.doFrame:744 android.view.Choreographer$FrameDisplayEventReceiver.run:995
09-16 14:55:12.373 24435 24435 I SurfaceControl: assignNativeObject: nativeObject = 0 Surface(name=null)/@0x2b623af / android.view.SurfaceControl.readFromParcel:1117 android.view.IWindowSession$Stub$Proxy.relayout:1836 android.view.ViewRootImpl.relayoutWindow:9132 android.view.ViewRootImpl.performTraversals:3422 android.view.ViewRootImpl.doTraversal:2671 android.view.ViewRootImpl$TraversalRunnable.run:10094 android.view.Choreographer$CallbackRecord.run:1010 android.view.Choreographer.doCallbacks:809 android.view.Choreographer.doFrame:744 android.view.Choreographer$FrameDisplayEventReceiver.run:995
09-16 14:55:12.373 24435 24435 I SurfaceControl: nativeRelease nativeObject s[-5476376674517178864]
09-16 14:55:12.373 24435 24435 I SurfaceControl: nativeRelease nativeObject e[-5476376674517178864]
09-16 14:55:12.373 24435 24435 I SurfaceControl: nativeRelease nativeObject s[-5476376674517157136]
