09-16 14:19:27.638 24435 24435 I ViewRootImpl@f9ac9e8[ScannerActivity]: mAttachInfo.mThreadedRenderer.draw, mView = DecorView@1222015[ScannerActivity] w = 1200 h = 1920
09-16 14:19:27.646 24435 24435 I ViewRootImpl@f9ac9e8[ScannerActivity]: [DP] pdf(0) 1 android.view.ViewRootImpl.lambda$performDraw$1$ViewRootImpl:4745 android.view.-$$Lambda$ViewRootImpl$DJd0VUYJgsebcnSohO6h8zc_ONI.run:6 android.os.Handler.handleCallback:938
09-16 14:19:27.646 24435 24435 I ViewRootImpl@f9ac9e8[ScannerActivity]: [DP] rdf()
09-16 14:19:27.661 24435 24435 I ViewRootImpl@87b601b[ReconnectActivity]: MSG_WINDOW_FOCUS_CHANGED 0 1
09-16 14:19:27.668 24435 24435 I ViewRootImpl@f1d2a3b[NodeConfigurationActivity]: stopped(false) old=true
09-16 14:19:27.673 24435 24435 I ViewRootImpl@f1d2a3b[NodeConfigurationActivity]: stopped(false) old=false
09-16 14:19:27.701 24435 24435 I SurfaceControl: assignNativeObject: nativeObject = 0 Surface(name=null)/@0x35fb167 / android.view.SurfaceControl.readFromParcel:1117 android.view.IWindowSession$Stub$Proxy.relayout:1836 android.view.ViewRootImpl.relayoutWindow:9132 android.view.ViewRootImpl.performTraversals:3422 android.view.ViewRootImpl.doTraversal:2671 android.view.ViewRootImpl$TraversalRunnable.run:10094 android.view.Choreographer$CallbackRecord.run:1010 android.view.Choreographer.doCallbacks:809 android.view.Choreographer.doFrame:744 android.view.Choreographer$FrameDisplayEventReceiver.run:995
09-16 14:19:27.701 24435 24435 I ViewRootImpl@f1d2a3b[NodeConfigurationActivity]: Relayout returned: old=(0,0,1200,1920) new=(0,0,1200,1920) req=(1200,1920)0 dur=15 res=0x7 s={true -5476376669685122480} ch=true fn=-1
09-16 14:19:27.702 24435 24435 I ViewRootImpl@f1d2a3b[NodeConfigurationActivity]: [DP] dp(1) 1 android.view.ViewRootImpl.reportNextDraw:11080 android.view.ViewRootImpl.performTraversals:3917 android.view.ViewRootImpl.doTraversal:2671
09-16 14:19:27.702 24435 24435 I ViewRootImpl@f1d2a3b[NodeConfigurationActivity]: [DP] pd() Asnyc report
09-16 14:19:27.705 24435 24435 I ViewRootImpl@f1d2a3b[NodeConfigurationActivity]: mAttachInfo.mThreadedRenderer.draw, mView = DecorView@18f8409[NodeConfigurationActivity] w = 1200 h = 1920
09-16 14:19:27.728 24435 24435 I ViewRootImpl@f1d2a3b[NodeConfigurationActivity]: [DP] pdf(0) 1 android.view.ViewRootImpl.lambda$performDraw$1$ViewRootImpl:4745 android.view.-$$Lambda$ViewRootImpl$DJd0VUYJgsebcnSohO6h8zc_ONI.run:6 android.os.Handler.handleCallback:938
09-16 14:19:27.728 24435 24435 I ViewRootImpl@f1d2a3b[NodeConfigurationActivity]: [DP] rdf()
09-16 14:19:27.731 24435 24435 I SurfaceControl: nativeRelease nativeObject s[-5476376674517206640]
09-16 14:19:27.731 24435 24435 I SurfaceControl: nativeRelease nativeObject e[-5476376674517206640]
09-16 14:19:27.731 24435 24435 I SurfaceControl: nativeRelease nativeObject s[-5476376674517247632]
09-16 14:19:27.731 24435 24435 I SurfaceControl: nativeRelease nativeObject e[-5476376674517247632]
09-16 14:19:27.731 24435 24435 I SurfaceControl: nativeRelease nativeObject s[-5476376674517243040]
09-16 14:19:27.731 24435 24435 I SurfaceControl: nativeRelease nativeObject e[-5476376674517243040]
09-16 14:19:27.758 24435 24435 I SurfaceControl: nativeRelease nativeObject s[-5476376674517157136]
09-16 14:19:27.758 24435 24435 I SurfaceControl: nativeRelease nativeObject e[-5476376674517157136]
09-16 14:19:27.758 24435 24435 I SurfaceControl: assignNativeObject: nativeObject = 0 Surface(name=null)/@0xb834b06 / android.view.SurfaceControl.readFromParcel:1117 android.view.IWindowSession$Stub$Proxy.relayout:1826 android.view.ViewRootImpl.relayoutWindow:9132 android.view.ViewRootImpl.performTraversals:3422 android.view.ViewRootImpl.doTraversal:2671 android.view.ViewRootImpl$TraversalRunnable.run:10094 android.view.Choreographer$CallbackRecord.run:1010 android.view.Choreographer.doCallbacks:809 android.view.Choreographer.doFrame:744 android.view.Choreographer$FrameDisplayEventReceiver.run:995
09-16 14:19:27.758 24435 24435 I SurfaceControl: assignNativeObject: nativeObject = 0 Surface(name=null)/@0x989365c / android.view.SurfaceControl.readFromParcel:1117 android.view.IWindowSession$Stub$Proxy.relayout:1836 android.view.ViewRootImpl.relayoutWindow:9132 android.view.ViewRootImpl.performTraversals:3422 android.view.ViewRootImpl.doTraversal:2671 android.view.ViewRootImpl$TraversalRunnable.run:10094 android.view.Choreographer$CallbackRecord.run:1010 android.view.Choreographer.doCallbacks:809 android.view.Choreographer.doFrame:744 android.view.Choreographer$FrameDisplayEventReceiver.run:995
09-16 14:19:27.759 24435 24435 I ViewRootImpl@f9ac9e8[ScannerActivity]: Relayout returned: old=(0,0,1200,1920) new=(0,0,1200,1920) req=(1200,1920)8 dur=12 res=0x5 s={false 0} ch=true fn=8
09-16 14:19:27.759 24435 24435 I ViewRootImpl@f9ac9e8[ScannerActivity]: stopped(true) old=false
09-16 14:19:27.760 24435 24435 I BluetoothAdapter: STATE_ON
09-16 14:19:27.760 24435 24435 I BluetoothAdapter: STATE_ON
09-16 14:19:27.760 24435 24435 D BluetoothLeScanner: Stop Scan with callback
09-16 14:19:27.768 24435 24435 I ViewRootImpl@f9ac9e8[ScannerActivity]: dispatchDetachedFromWindow
09-16 14:19:27.773 24435 24435 D InputTransport: Input channel destroyed: 'e732504', fd=82
09-16 14:19:27.773 24435 24435 I ViewRootImpl@f1d2a3b[NodeConfigurationActivity]: MSG_WINDOW_FOCUS_CHANGED 1 1
09-16 14:19:27.773 24435 24435 D InputMethodManager: prepareNavigationBarInfo() DecorView@18f8409[NodeConfigurationActivity]
09-16 14:19:27.773 24435 24435 D InputMethodManager: getNavigationBarColor() -16777216
09-16 14:19:27.775 24435 24435 D InputMethodManager: prepareNavigationBarInfo() DecorView@18f8409[NodeConfigurationActivity]
09-16 14:19:27.775 24435 24435 D InputMethodManager: getNavigationBarColor() -16777216
09-16 14:19:27.775 24435 24435 V InputMethodManager: Starting input: tba=no.nordicsemi.android.nrfmeshprovisioner ic=null mNaviBarColor -16777216 mIsGetNaviBarColorSuccess true , NavVisible : true , NavTrans : false
09-16 14:19:27.775 24435 24435 D InputMethodManager: startInputInner - Id : 0
09-16 14:19:27.775 24435 24435 I InputMethodManager: startInputInner - mService.startInputOrWindowGainedFocus
09-16 14:19:27.777 24435 24435 D InputTransport: Input channel constructed: 'ClientS', fd=82
09-16 14:19:27.777 24435 24435 D InputTransport: Input channel destroyed: 'ClientS', fd=97
09-16 14:19:27.783 24435 24435 I SurfaceControl: nativeRelease nativeObject s[-5476376674517242704]
09-16 14:19:27.783 24435 24435 I SurfaceControl: nativeRelease nativeObject e[-5476376674517242704]
09-16 14:19:27.784 24435 24435 I SurfaceControl: nativeRelease nativeObject s[-5476376674517170352]
09-16 14:19:27.784 24435 24435 I SurfaceControl: nativeRelease nativeObject e[-5476376674517170352]
09-16 14:19:27.784 24435 24435 I SurfaceControl: nativeRelease nativeObject s[-5476376674517209328]
09-16 14:19:27.784 24435 24435 I SurfaceControl: nativeRelease nativeObject e[-5476376674517209328]
09-16 14:19:28.073 24435 24435 I SurfaceControl: nativeRelease nativeObject s[-5476376674517169680]
09-16 14:19:28.073 24435 24435 I SurfaceControl: nativeRelease nativeObject e[-5476376674517169680]
09-16 14:19:28.073 24435 24435 I SurfaceControl: assignNativeObject: nativeObject = 0 Surface(name=null)/@0xdabebfd / android.view.SurfaceControl.readFromParcel:1117 android.view.IWindowSession$Stub$Proxy.relayout:1826 android.view.ViewRootImpl.relayoutWindow:9132 android.view.ViewRootImpl.performTraversals:3422 android.view.ViewRootImpl.doTraversal:2671 android.view.ViewRootImpl$TraversalRunnable.run:10094 android.view.Choreographer$CallbackRecord.run:1010 android.view.Choreographer.doCallbacks:809 android.view.Choreographer.doFrame:744 android.view.Choreographer$FrameDisplayEventReceiver.run:995
09-16 14:19:28.073 24435 24435 I SurfaceControl: assignNativeObject: nativeObject = 0 Surface(name=null)/@0xa0bb793 / android.view.SurfaceControl.readFromParcel:1117 android.view.IWindowSession$Stub$Proxy.relayout:1836 android.view.ViewRootImpl.relayoutWindow:9132 android.view.ViewRootImpl.performTraversals:3422 android.view.ViewRootImpl.doTraversal:2671 android.view.ViewRootImpl$TraversalRunnable.run:10094 android.view.Choreographer$CallbackRecord.run:1010 android.view.Choreographer.doCallbacks:809 android.view.Choreographer.doFrame:744 android.view.Choreographer$FrameDisplayEventReceiver.run:995
09-16 14:19:28.074 24435 24435 I ViewRootImpl@87b601b[ReconnectActivity]: Relayout returned: old=(0,0,1200,1920) new=(0,0,1200,1920) req=(1200,1920)8 dur=6 res=0x5 s={false 0} ch=true fn=757
09-16 14:19:28.074 24435 24435 I ViewRootImpl@87b601b[ReconnectActivity]: stopped(true) old=false
09-16 14:19:28.077 24435 24435 I ViewRootImpl@87b601b[ReconnectActivity]: dispatchDetachedFromWindow
09-16 14:19:28.084 24435 24435 D InputTransport: Input channel destroyed: '3055cdf', fd=86
09-16 14:19:29.652 24435 24435 I ViewRootImpl@f1d2a3b[NodeConfigurationActivity]: ViewPostIme pointer 0
09-16 14:19:30.236 24435 24435 I ViewRootImpl@f1d2a3b[NodeConfigurationActivity]: ViewPostIme pointer 1
09-16 14:19:30.784 24435 24435 I ViewRootImpl@f1d2a3b[NodeConfigurationActivity]: ViewPostIme pointer 0
09-16 14:19:31.053 24435 24435 I ViewRootImpl@f1d2a3b[NodeConfigurationActivity]: ViewPostIme pointer 1
09-16 14:19:31.768 24435 24435 I ViewRootImpl@f1d2a3b[NodeConfigurationActivity]: ViewPostIme pointer 0
09-16 14:19:31.853 24435 24435 I ViewRootImpl@f1d2a3b[NodeConfigurationActivity]: ViewPostIme pointer 1
09-16 14:19:31.866 24435 24435 I Dialog : mIsSamsungBasicInteraction = false, isMetaDataInActivity = false
09-16 14:19:31.871 24435 24435 I DecorView: [INFO] isPopOver=false, config=false
09-16 14:19:31.871 24435 24435 I DecorView: updateCaptionType >> DecorView@d34ce6d[], isFloating=true, isApplication=true, hasWindowDecorCaption=false, hasWindowControllerCallback=false
09-16 14:19:31.871 24435 24435 D DecorView: setCaptionType = 0, this = DecorView@d34ce6d[]
09-16 14:19:31.881 24435 24435 D ScrollView: initGoToTop
09-16 14:19:31.895 24435 24435 D InputTransport: Input channel constructed: '13ba726', fd=86
09-16 14:19:31.895 24435 24435 I ViewRootImpl@4bab9d9[NodeConfigurationActivity]: setView = com.android.internal.policy.DecorView@d34ce6d TM=true
09-16 14:19:31.911 24435 32333 D BluetoothGatt: onConnectionUpdated() - Device=C1:70:0D:03:B1:E6 interval=30 latency=0 timeout=42 status=0
09-16 14:19:31.912 24435 24435 I SurfaceControl: assignNativeObject: nativeObject = 0 Surface(name=null)/@0xe79ea4c / android.view.SurfaceControl.readFromParcel:1117 android.view.IWindowSession$Stub$Proxy.relayout:1836 android.view.ViewRootImpl.relayoutWindow:9132 android.view.ViewRootImpl.performTraversals:3422 android.view.ViewRootImpl.doTraversal:2671 android.view.ViewRootImpl$TraversalRunnable.run:10094 android.view.Choreographer$CallbackRecord.run:1010 android.view.Choreographer.doCallbacks:809 android.view.Choreographer.doFrame:744 android.view.Choreographer$FrameDisplayEventReceiver.run:995
09-16 14:19:31.914 24435 24435 I ViewRootImpl@4bab9d9[NodeConfigurationActivity]: Relayout returned: old=(0,36,1200,1848) new=(168,784,1032,1099) req=(864,315)0 dur=10 res=0x7 s={true -5476376669685113760} ch=true fn=-1
09-16 14:19:31.915 24435 24435 D ScrollView: onsize change changed
09-16 14:19:31.916 24435 24435 I ViewRootImpl@4bab9d9[NodeConfigurationActivity]: [DP] dp(1) 1 android.view.ViewRootImpl.reportNextDraw:11080 android.view.ViewRootImpl.performTraversals:3917 android.view.ViewRootImpl.doTraversal:2671
09-16 14:19:31.916 24435 24435 I ViewRootImpl@4bab9d9[NodeConfigurationActivity]: [DP] pd() Asnyc report
09-16 14:19:31.920 24435 24435 I ViewRootImpl@4bab9d9[NodeConfigurationActivity]: mAttachInfo.mThreadedRenderer.draw, mView = DecorView@d34ce6d[NodeConfigurationActivity] w = 864 h = 315
09-16 14:19:31.927 24435 24435 I ViewRootImpl@4bab9d9[NodeConfigurationActivity]: [DP] pdf(0) 1 android.view.ViewRootImpl.lambda$performDraw$1$ViewRootImpl:4745 android.view.-$$Lambda$ViewRootImpl$DJd0VUYJgsebcnSohO6h8zc_ONI.run:6 android.os.Handler.handleCallback:938
09-16 14:19:31.927 24435 24435 I ViewRootImpl@4bab9d9[NodeConfigurationActivity]: [DP] rdf()
09-16 14:19:31.929 24435 24435 I SurfaceControl: nativeRelease nativeObject s[-5476376674517167552]
09-16 14:19:31.929 24435 24435 I SurfaceControl: nativeRelease nativeObject e[-5476376674517167552]
09-16 14:19:31.929 24435 24435 I SurfaceControl: nativeRelease nativeObject s[-5476376674517172704]
09-16 14:19:31.929 24435 24435 I SurfaceControl: nativeRelease nativeObject e[-5476376674517172704]
09-16 14:19:31.929 24435 24435 I SurfaceControl: nativeRelease nativeObject s[-5476376674517157360]
09-16 14:19:31.929 24435 24435 I SurfaceControl: nativeRelease nativeObject e[-5476376674517157360]
09-16 14:19:31.929 24435 24435 I SurfaceControl: nativeRelease nativeObject s[-5476376674517244608]
09-16 14:19:31.929 24435 24435 I SurfaceControl: nativeRelease nativeObject e[-5476376674517244608]
09-16 14:19:31.929 24435 24435 I SurfaceControl: nativeRelease nativeObject s[-5476376674517184688]
09-16 14:19:31.929 24435 24435 I SurfaceControl: nativeRelease nativeObject e[-5476376674517184688]
09-16 14:19:31.931 24435 24435 I ViewRootImpl@f1d2a3b[NodeConfigurationActivity]: MSG_WINDOW_FOCUS_CHANGED 0 1
09-16 14:19:31.947 24435 24435 I ViewRootImpl@4bab9d9[NodeConfigurationActivity]: MSG_WINDOW_FOCUS_CHANGED 1 1
09-16 14:19:32.869 24435 24435 I ViewRootImpl@4bab9d9[NodeConfigurationActivity]: ViewPostIme pointer 0
09-16 14:19:32.938 24435 24435 I ViewRootImpl@4bab9d9[NodeConfigurationActivity]: ViewPostIme pointer 1
09-16 14:19:32.946 24435 24435 V MeshTransport: Src address: 0001
09-16 14:19:32.946 24435 24435 V MeshTransport: Dst address: 0002
09-16 14:19:32.946 24435 24435 V MeshTransport: Key: 94D98154E54DBADC71725C6E76681D58
09-16 14:19:32.946 24435 24435 V MeshTransport: akf: 0
09-16 14:19:32.946 24435 24435 V MeshTransport: aid: 0
09-16 14:19:32.946 24435 24435 V MeshTransport: aszmic: 0
09-16 14:19:32.946 24435 24435 V MeshTransport: Sequence number: 8
09-16 14:19:32.947 24435 24435 V MeshTransport: Access message opcode: 8049
09-16 14:19:32.947 24435 24435 V MeshTransport: Access message parameters:
09-16 14:19:32.947 24435 24435 V AccessLayer: Created Access PDU 8049
09-16 14:19:32.947 24435 24435 V UpperTransportLayer: Device nonce: 02000000080001000200000000
09-16 14:19:32.947 24435 24435 V UpperTransportLayer: Encrypted upper transport pdu: 9638F23C9F5C
09-16 14:19:32.947 24435 24435 V LowerTransportLayer: Unsegmented Lower transport access PDU 009638F23C9F5C
09-16 14:19:32.947 24435 24435 V NetworkLayer: Encryption key: C567138FA20533CCBAEFCB7241900645
09-16 14:19:32.947 24435 24435 V NetworkLayer: Privacy key: 2EAF5558B0FE90E4C6CF2078E7818A29
09-16 14:19:32.947 24435 24435 V NetworkLayer: Sequence Number: 000008
09-16 14:19:32.948 24435 24435 V NetworkLayer: Encrypted Network payload: 0E4F1B05FE07693A900829964B
09-16 14:19:32.953 24435 31999 D OpenGLRenderer: endAllActiveAnimators on 0xb400006eab369d20 (RippleDrawable) with handle 0xb400006dbb329dc0
09-16 14:19:32.954 24435 24435 I ViewRootImpl@4bab9d9[NodeConfigurationActivity]: dispatchDetachedFromWindow
09-16 14:19:32.954 24435 24435 I SurfaceControl: nativeRelease nativeObject s[-5476376674517165648]
09-16 14:19:32.954 24435 24435 I SurfaceControl: nativeRelease nativeObject e[-5476376674517165648]
09-16 14:19:32.968 24435 24435 D InputTransport: Input channel destroyed: '13ba726', fd=86
09-16 14:19:32.973 24435 24435 I BleManager: Data written to 00002add-0000-1000-8000-00805f9b34fb, value: (0x) 00-46-C9-02-E7-4B-4F-33-0E-4F-1B-05-FE-07-69-3A-90-08-29-96-4B
09-16 14:19:32.974 24435 24435 I SurfaceControl: nativeRelease nativeObject s[-5476376674517225008]
09-16 14:19:32.974 24435 24435 I SurfaceControl: nativeRelease nativeObject e[-5476376674517225008]
09-16 14:19:32.974 24435 24435 I SurfaceControl: nativeRelease nativeObject s[-5476376674517227360]
09-16 14:19:32.974 24435 24435 I SurfaceControl: nativeRelease nativeObject e[-5476376674517227360]
09-16 14:19:32.974 24435 24435 I SurfaceControl: nativeRelease nativeObject s[-5476376674517172816]
09-16 14:19:32.974 24435 24435 I SurfaceControl: nativeRelease nativeObject e[-5476376674517172816]
09-16 14:19:32.981 24435 24435 V MeshManagerApi: MeshNetwork pdu sent: 0x0046C902E74B4F330E4F1B05FE07693A900829964B
09-16 14:19:32.995 24435 24435 I ViewRootImpl@f1d2a3b[NodeConfigurationActivity]: MSG_WINDOW_FOCUS_CHANGED 1 1
09-16 14:19:32.995 24435 24435 D InputMethodManager: prepareNavigationBarInfo() DecorView@18f8409[NodeConfigurationActivity]
09-16 14:19:32.996 24435 24435 D InputMethodManager: getNavigationBarColor() -16777216
09-16 14:19:32.998 24435 24435 D InputMethodManager: prepareNavigationBarInfo() DecorView@18f8409[NodeConfigurationActivity]
09-16 14:19:32.998 24435 24435 D InputMethodManager: getNavigationBarColor() -16777216
09-16 14:19:32.998 24435 24435 V InputMethodManager: Starting input: tba=no.nordicsemi.android.nrfmeshprovisioner ic=null mNaviBarColor -16777216 mIsGetNaviBarColorSuccess true , NavVisible : true , NavTrans : false
09-16 14:19:32.998 24435 24435 D InputMethodManager: startInputInner - Id : 0
09-16 14:19:32.998 24435 24435 I InputMethodManager: startInputInner - mService.startInputOrWindowGainedFocus
09-16 14:19:32.999 24435 24435 D InputTransport: Input channel constructed: 'ClientS', fd=84
09-16 14:19:32.999 24435 24435 D InputTransport: Input channel destroyed: 'ClientS', fd=82
09-16 14:19:33.103 24435 24435 I BleManager: Notification received from 00002ade-0000-1000-8000-00805f9b34fb, value: (0x) 00-46-BF-31-29-B5-90-49-FB-65-7A-68-0E-1A-02-40-CA-B8-74-3C-88
09-16 14:19:33.103 24435 24435 V MeshManagerApi: Received network pdu: 0x0046BF3129B59049FB657A680E1A0240CAB8743C88
09-16 14:19:33.104 24435 24435 V BaseMeshMessageHandler: Sequence number of received Network PDU: 127
09-16 14:19:33.104 24435 24435 V NetworkLayer: TTL for received message: 7
09-16 14:19:33.104 24435 24435 V NetworkLayer: Dst: 0x0001
09-16 14:19:33.104 24435 24435 D LowerTransportLayer: IV Index of received message: 0
09-16 14:19:33.104 24435 24435 D LowerTransportLayer: SeqAuth: 127
09-16 14:19:33.105 24435 24435 V AccessLayer: Received Access PDU 804A
09-16 14:19:33.137 24435 24435 I ViewRootImpl@c66e18[MainActivity]: stopped(false) old=true
09-16 14:19:33.140 24435 24435 I ViewRootImpl@c66e18[MainActivity]: stopped(false) old=false
09-16 14:19:33.141 24435 24435 I ViewRootImpl@f1d2a3b[NodeConfigurationActivity]: MSG_WINDOW_FOCUS_CHANGED 0 1
09-16 14:19:33.166 24435 24435 I SurfaceControl: assignNativeObject: nativeObject = 0 Surface(name=null)/@0x2b623af / android.view.SurfaceControl.readFromParcel:1117 android.view.IWindowSession$Stub$Proxy.relayout:1836 android.view.ViewRootImpl.relayoutWindow:9132 android.view.ViewRootImpl.performTraversals:3422 android.view.ViewRootImpl.doTraversal:2671 android.view.ViewRootImpl$TraversalRunnable.run:10094 android.view.Choreographer$CallbackRecord.run:1010 android.view.Choreographer.doCallbacks:809 android.view.Choreographer.doFrame:744 android.view.Choreographer$FrameDisplayEventReceiver.run:995
09-16 14:19:33.167 24435 24435 I ViewRootImpl@c66e18[MainActivity]: Relayout returned: old=(0,0,1200,1920) new=(0,0,1200,1920) req=(1200,1920)0 dur=13 res=0x7 s={true -5476376669684843440} ch=true fn=-1
09-16 14:19:33.168 24435 24435 I ViewRootImpl@c66e18[MainActivity]: [DP] dp(1) 1 android.view.ViewRootImpl.reportNextDraw:11080 android.view.ViewRootImpl.performTraversals:3917 android.view.ViewRootImpl.doTraversal:2671
09-16 14:19:33.168 24435 24435 I ViewRootImpl@c66e18[MainActivity]: [DP] pd() Asnyc report
09-16 14:19:33.169 24435 24435 I ViewRootImpl@c66e18[MainActivity]: mAttachInfo.mThreadedRenderer.draw, mView = DecorView@885d97c[MainActivity] w = 1200 h = 1920
09-16 14:19:33.182 24435 24435 I ViewRootImpl@c66e18[MainActivity]: [DP] pdf(0) 1 android.view.ViewRootImpl.lambda$performDraw$1$ViewRootImpl:4745 android.view.-$$Lambda$ViewRootImpl$DJd0VUYJgsebcnSohO6h8zc_ONI.run:6 android.os.Handler.handleCallback:938
09-16 14:19:33.182 24435 24435 I ViewRootImpl@c66e18[MainActivity]: [DP] rdf()
09-16 14:19:33.184 24435 24435 I SurfaceControl: nativeRelease nativeObject s[-5476376674517165648]
09-16 14:19:33.184 24435 24435 I SurfaceControl: nativeRelease nativeObject e[-5476376674517165648]
09-16 14:19:33.184 24435 24435 I SurfaceControl: nativeRelease nativeObject s[-5476376674517242032]
09-16 14:19:33.184 24435 24435 I SurfaceControl: nativeRelease nativeObject e[-5476376674517242032]
09-16 14:19:33.184 24435 24435 I SurfaceControl: nativeRelease nativeObject s[-5476376674517224224]
09-16 14:19:33.184 24435 24435 I SurfaceControl: nativeRelease nativeObject e[-5476376674517224224]
09-16 14:19:33.233 24435 24435 I ViewRootImpl@c66e18[MainActivity]: MSG_WINDOW_FOCUS_CHANGED 1 1
09-16 14:19:33.233 24435 24435 D InputMethodManager: prepareNavigationBarInfo() DecorView@885d97c[MainActivity]
09-16 14:19:33.233 24435 24435 D InputMethodManager: getNavigationBarColor() -16777216
09-16 14:19:33.235 24435 24435 D InputMethodManager: prepareNavigationBarInfo() DecorView@885d97c[MainActivity]
09-16 14:19:33.235 24435 24435 D InputMethodManager: getNavigationBarColor() -16777216
09-16 14:19:33.235 24435 24435 V InputMethodManager: Starting input: tba=no.nordicsemi.android.nrfmeshprovisioner ic=null mNaviBarColor -16777216 mIsGetNaviBarColorSuccess true , NavVisible : true , NavTrans : false
09-16 14:19:33.235 24435 24435 D InputMethodManager: startInputInner - Id : 0
09-16 14:19:33.235 24435 24435 I InputMethodManager: startInputInner - mService.startInputOrWindowGainedFocus
09-16 14:19:33.237 24435 24435 D InputTransport: Input channel constructed: 'ClientS', fd=89
09-16 14:19:33.237 24435 24435 D InputTransport: Input channel destroyed: 'ClientS', fd=84
09-16 14:19:33.248 24435 24435 I SurfaceControl: nativeRelease nativeObject s[-5476376674517186032]
09-16 14:19:33.248 24435 24435 I SurfaceControl: nativeRelease nativeObject e[-5476376674517186032]
09-16 14:19:33.250 24435 24435 I SurfaceControl: nativeRelease nativeObject s[-5476376674517162400]
09-16 14:19:33.250 24435 24435 I SurfaceControl: nativeRelease nativeObject e[-5476376674517162400]
09-16 14:19:33.250 24435 24435 I SurfaceControl: nativeRelease nativeObject s[-5476376674517161728]
09-16 14:19:33.250 24435 24435 I SurfaceControl: nativeRelease nativeObject e[-5476376674517161728]
09-16 14:19:33.406 24435 31993 D BluetoothGatt: onClientConnectionState() - status=19 clientIf=10 device=C1:70:0D:03:B1:E6
09-16 14:19:33.414 24435 24435 W BleManager: Error: (0x13): GATT CONN TERMINATE PEER USER
09-16 14:19:33.414 24435 24435 I BleManager: Disconnected
09-16 14:19:33.416 24435 24435 D BluetoothGatt: close()
09-16 14:19:33.417 24435 24435 D BluetoothGatt: unregisterApp() - mClientIf=10
09-16 14:19:33.420 24435 24435 V s : Disconnected
09-16 14:19:33.519 24435 24435 I SurfaceControl: nativeRelease nativeObject s[-5476376674517168448]
09-16 14:19:33.519 24435 24435 I SurfaceControl: nativeRelease nativeObject e[-5476376674517168448]
09-16 14:19:33.520 24435 24435 I SurfaceControl: assignNativeObject: nativeObject = 0 Surface(name=null)/@0x1f07245 / android.view.SurfaceControl.readFromParcel:1117 android.view.IWindowSession$Stub$Proxy.relayout:1826 android.view.ViewRootImpl.relayoutWindow:9132 android.view.ViewRootImpl.performTraversals:3422 android.view.ViewRootImpl.doTraversal:2671 android.view.ViewRootImpl$TraversalRunnable.run:10094 android.view.Choreographer$CallbackRecord.run:1010 android.view.Choreographer.doCallbacks:809 android.view.Choreographer.doFrame:744 android.view.Choreographer$FrameDisplayEventReceiver.run:995
09-16 14:19:33.520 24435 24435 I SurfaceControl: assignNativeObject: nativeObject = 0 Surface(name=null)/@0x35fb167 / android.view.SurfaceControl.readFromParcel:1117 android.view.IWindowSession$Stub$Proxy.relayout:1836 android.view.ViewRootImpl.relayoutWindow:9132 android.view.ViewRootImpl.performTraversals:3422 android.view.ViewRootImpl.doTraversal:2671 android.view.ViewRootImpl$TraversalRunnable.run:10094 android.view.Choreographer$CallbackRecord.run:1010 android.view.Choreographer.doCallbacks:809 android.view.Choreographer.doFrame:744 android.view.Choreographer$FrameDisplayEventReceiver.run:995
09-16 14:19:33.520 24435 24435 I ViewRootImpl@f1d2a3b[NodeConfigurationActivity]: Relayout returned: old=(0,0,1200,1920) new=(0,0,1200,1920) req=(1200,1920)8 dur=6 res=0x5 s={false 0} ch=true fn=156
09-16 14:19:33.521 24435 24435 I ViewRootImpl@f1d2a3b[NodeConfigurationActivity]: stopped(true) old=false
09-16 14:19:33.523 24435 24435 I ViewRootImpl@f1d2a3b[NodeConfigurationActivity]: dispatchDetachedFromWindow
09-16 14:19:33.531 24435 24435 D InputTransport: Input channel destroyed: '88fb7e3', fd=83
09-16 14:19:35.968 24435 24435 I ViewRootImpl@c66e18[MainActivity]: ViewPostIme pointer 0
09-16 14:19:36.021 24435 24435 I ViewRootImpl@c66e18[MainActivity]: ViewPostIme pointer 1
09-16 14:19:36.089 24435 24435 D skia : approximate: numPoints=39, lengths[0]=0.000000, totalLength=620.200073, segmentPoints[0]=[-197.600006,0.000000]
09-16 14:19:36.089 24435 24435 D skia : approximate: approximation[0]=0.000000, approximation[1]=-197.600006, approximation[2]=0.000000
09-16 14:19:36.089 24435 24435 D skia : approximate: numPoints=39, lengths[38]=620.200073, totalLength=620.200073, segmentPoints[38]=[422.600037,0.000000]
09-16 14:19:36.089 24435 24435 D skia : approximate: approximation[114]=1.000000, approximation[115]=422.600037, approximation[116]=0.000000
09-16 14:19:36.089 24435 24435 D skia : approximate: numPoints=4, lengths[0]=0.000000, totalLength=3.448155, segmentPoints[0]=[0.000000,0.100000]
09-16 14:19:36.089 24435 24435 D skia : approximate: approximation[0]=0.000000, approximation[1]=0.000000, approximation[2]=0.100000
09-16 14:19:36.089 24435 24435 D skia : approximate: numPoints=4, lengths[3]=3.448155, totalLength=3.448155, segmentPoints[3]=[3.000000,0.100000]
09-16 14:19:36.089 24435 24435 D skia : approximate: approximation[9]=1.000000, approximation[10]=3.000000, approximation[11]=0.100000
09-16 14:19:36.089 24435 24435 D skia : approximate: numPoints=35, lengths[0]=0.000000, totalLength=722.199951, segmentPoints[0]=[-522.599976,0.000000]
09-16 14:19:36.089 24435 24435 D skia : approximate: approximation[0]=0.000000, approximation[1]=-522.599976, approximation[2]=0.000000
09-16 14:19:36.089 24435 24435 D skia : approximate: numPoints=35, lengths[34]=722.199951, totalLength=722.199951, segmentPoints[34]=[199.600006,0.000000]
09-16 14:19:36.089 24435 24435 D skia : approximate: approximation[102]=1.000000, approximation[103]=199.600006, approximation[104]=0.000000
09-16 14:19:36.089 24435 24435 D skia : approximate: numPoints=3, lengths[0]=0.000000, totalLength=2.472497, segmentPoints[0]=[0.000000,0.100000]
09-16 14:19:36.089 24435 24435 D skia : approximate: approximation[0]=0.000000, approximation[1]=0.000000, approximation[2]=0.100000
09-16 14:19:36.089 24435 24435 D skia : approximate: numPoints=3, lengths[2]=2.472497, totalLength=2.472497, segmentPoints[2]=[2.000000,0.100000]
09-16 14:19:36.089 24435 24435 D skia : approximate: approximation[6]=1.000000, approximation[7]=2.000000, approximation[8]=0.100000
09-16 14:19:36.091 24435 24435 I DecorView: [INFO] isPopOver=false, config=true
09-16 14:19:36.091 24435 24435 I DecorView: updateCaptionType >> DecorView@4e80248[], isFloating=false, isApplication=true, hasWindowDecorCaption=false, hasWindowControllerCallback=true
09-16 14:19:36.091 24435 24435 D DecorView: setCaptionType = 0, this = DecorView@4e80248[]
09-16 14:19:36.103 24435 24435 D InputTransport: Input channel constructed: '4208679', fd=84
09-16 14:19:36.104 24435 24435 I ViewRootImpl@6784db7[ScannerActivity]: setView = com.android.internal.policy.DecorView@4e80248 TM=true
09-16 14:19:36.115 24435 24435 I SurfaceControl: assignNativeObject: nativeObject = 0 Surface(name=null)/@0xdd6a6bb / android.view.SurfaceControl.readFromParcel:1117 android.view.IWindowSession$Stub$Proxy.relayout:1836 android.view.ViewRootImpl.relayoutWindow:9132 android.view.ViewRootImpl.performTraversals:3422 android.view.ViewRootImpl.doTraversal:2671 android.view.ViewRootImpl$TraversalRunnable.run:10094 android.view.Choreographer$CallbackRecord.run:1010 android.view.Choreographer.doCallbacks:809 android.view.Choreographer.doFrame:744 android.view.Choreographer$FrameDisplayEventReceiver.run:995
09-16 14:19:36.116 24435 24435 I ViewRootImpl@6784db7[ScannerActivity]: Relayout returned: old=(0,0,1200,1920) new=(0,0,1200,1920) req=(1200,1920)0 dur=9 res=0x7 s={true -5476376669684869600} ch=true fn=-1
09-16 14:19:36.117 24435 24435 I ViewRootImpl@6784db7[ScannerActivity]: [DP] dp(1) 1 android.view.ViewRootImpl.reportNextDraw:11080 android.view.ViewRootImpl.performTraversals:3917 android.view.ViewRootImpl.doTraversal:2671
09-16 14:19:36.117 24435 24435 I ViewRootImpl@6784db7[ScannerActivity]: [DP] pd() Asnyc report
09-16 14:19:36.118 24435 24435 I ViewRootImpl@6784db7[ScannerActivity]: mAttachInfo.mThreadedRenderer.draw, mView = DecorView@4e80248[ScannerActivity] w = 1200 h = 1920
09-16 14:19:36.126 24435 24435 I ViewRootImpl@6784db7[ScannerActivity]: [DP] pdf(0) 1 android.view.ViewRootImpl.lambda$performDraw$1$ViewRootImpl:4745 android.view.-$$Lambda$ViewRootImpl$DJd0VUYJgsebcnSohO6h8zc_ONI.run:6 android.os.Handler.handleCallback:938
09-16 14:19:36.126 24435 24435 I ViewRootImpl@6784db7[ScannerActivity]: [DP] rdf()
09-16 14:19:36.127 24435 24435 I BluetoothAdapter: STATE_ON
09-16 14:19:36.127 24435 24435 I BluetoothAdapter: STATE_ON
09-16 14:19:36.128 24435 24435 I BluetoothAdapter: STATE_ON
09-16 14:19:36.128 24435 24435 I BluetoothAdapter: STATE_ON
09-16 14:19:36.128 24435 24435 I BluetoothAdapter: STATE_ON
09-16 14:19:36.129 24435 24435 I BluetoothAdapter: STATE_ON
09-16 14:19:36.129 24435 24435 I BluetoothAdapter: STATE_ON
09-16 14:19:36.129 24435 24435 D BluetoothLeScanner: Start Scan with callback
09-16 14:19:36.131 24435 32333 D BluetoothLeScanner: onScannerRegistered() - status=0 scannerId=10 mScannerId=0
09-16 14:19:36.135 24435 24435 I ViewRootImpl@c66e18[MainActivity]: MSG_WINDOW_FOCUS_CHANGED 0 1
09-16 14:19:36.147 24435 24435 I SurfaceControl: nativeRelease nativeObject s[-5476376674517165648]
09-16 14:19:36.147 24435 24435 I SurfaceControl: nativeRelease nativeObject e[-5476376674517165648]
09-16 14:19:36.147 24435 24435 I SurfaceControl: nativeRelease nativeObject s[-5476376674517242032]
09-16 14:19:36.147 24435 24435 I SurfaceControl: nativeRelease nativeObject e[-5476376674517242032]
09-16 14:19:36.147 24435 24435 I SurfaceControl: nativeRelease nativeObject s[-5476376674517224224]
09-16 14:19:36.147 24435 24435 I SurfaceControl: nativeRelease nativeObject e[-5476376674517224224]
09-16 14:19:36.153 24435 24435 I ViewRootImpl@6784db7[ScannerActivity]: MSG_WINDOW_FOCUS_CHANGED 1 1
09-16 14:19:36.153 24435 24435 D InputMethodManager: prepareNavigationBarInfo() DecorView@4e80248[ScannerActivity]
09-16 14:19:36.153 24435 24435 D InputMethodManager: getNavigationBarColor() -16777216
09-16 14:19:36.154 24435 24435 D InputMethodManager: prepareNavigationBarInfo() DecorView@4e80248[ScannerActivity]
09-16 14:19:36.154 24435 24435 D InputMethodManager: getNavigationBarColor() -16777216
09-16 14:19:36.154 24435 24435 V InputMethodManager: Starting input: tba=no.nordicsemi.android.nrfmeshprovisioner ic=null mNaviBarColor -16777216 mIsGetNaviBarColorSuccess true , NavVisible : true , NavTrans : false
09-16 14:19:36.154 24435 24435 D InputMethodManager: startInputInner - Id : 0
09-16 14:19:36.154 24435 24435 I InputMethodManager: startInputInner - mService.startInputOrWindowGainedFocus
09-16 14:19:36.156 24435 24435 D InputTransport: Input channel constructed: 'ClientS', fd=87
09-16 14:19:36.156 24435 24435 D InputTransport: Input channel destroyed: 'ClientS', fd=89
09-16 14:19:36.166 24435 24435 I SurfaceControl: nativeRelease nativeObject s[-5476376674517162400]
09-16 14:19:36.166 24435 24435 I SurfaceControl: nativeRelease nativeObject e[-5476376674517162400]
09-16 14:19:36.167 24435 24435 I SurfaceControl: nativeRelease nativeObject s[-5476376674517163744]
09-16 14:19:36.167 24435 24435 I SurfaceControl: nativeRelease nativeObject e[-5476376674517163744]
09-16 14:19:36.167 24435 24435 I SurfaceControl: nativeRelease nativeObject s[-5476376674517126784]
09-16 14:19:36.167 24435 24435 I SurfaceControl: nativeRelease nativeObject e[-5476376674517126784]
09-16 14:19:36.569 24435 24435 I SurfaceControl: nativeRelease nativeObject s[-5476376674517182896]
09-16 14:19:36.569 24435 24435 I SurfaceControl: nativeRelease nativeObject e[-5476376674517182896]
09-16 14:19:36.569 24435 24435 I SurfaceControl: assignNativeObject: nativeObject = 0 Surface(name=null)/@0x6fc95aa / android.view.SurfaceControl.readFromParcel:1117 android.view.IWindowSession$Stub$Proxy.relayout:1826 android.view.ViewRootImpl.relayoutWindow:9132 android.view.ViewRootImpl.performTraversals:3422 android.view.ViewRootImpl.doTraversal:2671 android.view.ViewRootImpl$TraversalRunnable.run:10094 android.view.Choreographer$CallbackRecord.run:1010 android.view.Choreographer.doCallbacks:809 android.view.Choreographer.doFrame:744 android.view.Choreographer$FrameDisplayEventReceiver.run:995
09-16 14:19:36.570 24435 24435 I SurfaceControl: assignNativeObject: nativeObject = 0 Surface(name=null)/@0x2b623af / android.view.SurfaceControl.readFromParcel:1117 android.view.IWindowSession$Stub$Proxy.relayout:1836 android.view.ViewRootImpl.relayoutWindow:9132 android.view.ViewRootImpl.performTraversals:3422 android.view.ViewRootImpl.doTraversal:2671 android.view.ViewRootImpl$TraversalRunnable.run:10094 android.view.Choreographer$CallbackRecord.run:1010 android.view.Choreographer.doCallbacks:809 android.view.Choreographer.doFrame:744 android.view.Choreographer$FrameDisplayEventReceiver.run:995
09-16 14:19:36.570 24435 24435 I ViewRootImpl@c66e18[MainActivity]: Relayout returned: old=(0,0,1200,1920) new=(0,0,1200,1920) req=(1200,1920)8 dur=6 res=0x5 s={false 0} ch=true fn=43
09-16 14:19:36.571 24435 24435 I ViewRootImpl@c66e18[MainActivity]: stopped(true) old=false
09-16 14:19:37.118 24435 24435 I ViewRootImpl@6784db7[ScannerActivity]: ViewPostIme pointer 0
09-16 14:19:37.254 24435 24435 I ViewRootImpl@6784db7[ScannerActivity]: ViewPostIme pointer 1
09-16 14:19:37.289 24435 24435 D ScrollView: initGoToTop
09-16 14:19:37.318 24435 24435 I DecorView: [INFO] isPopOver=false, config=true
09-16 14:19:37.319 24435 24435 I DecorView: updateCaptionType >> DecorView@6d5e983[], isFloating=false, isApplication=true, hasWindowDecorCaption=false, hasWindowControllerCallback=true
09-16 14:19:37.319 24435 24435 D DecorView: setCaptionType = 0, this = DecorView@6d5e983[]
09-16 14:19:37.323 24435 24435 E ActivityThread: Failed to find provider info for no.nordicsemi.android.log
09-16 14:19:37.323 24435 24435 D AA : Connect issued
09-16 14:19:37.325 24435 24435 I BluetoothAdapter: STATE_ON
09-16 14:19:37.326 24435 24435 D BluetoothGatt: connect() - device: C1:70:0D:03:B1:E6, auto: false
09-16 14:19:37.326 24435 24435 I BluetoothAdapter: isSecureModeEnabled
09-16 14:19:37.326 24435 24435 D BluetoothGatt: registerApp()
09-16 14:19:37.326 24435 24435 D BluetoothGatt: registerApp() - UUID=297660ea-27f6-434b-b571-32ac4a3f46b5
09-16 14:19:37.329 24435 31993 D BluetoothGatt: onClientRegistered() - status=0 clientIf=11
09-16 14:19:37.338 24435 24435 D InputTransport: Input channel constructed: '90071ce', fd=82
09-16 14:19:37.338 24435 24435 I ViewRootImpl@716106[ProvisioningActivity]: setView = com.android.internal.policy.DecorView@6d5e983 TM=true
09-16 14:19:37.354 24435 24435 I SurfaceControl: assignNativeObject: nativeObject = 0 Surface(name=null)/@0x3a7f4bf / android.view.SurfaceControl.readFromParcel:1117 android.view.IWindowSession$Stub$Proxy.relayout:1836 android.view.ViewRootImpl.relayoutWindow:9132 android.view.ViewRootImpl.performTraversals:3422 android.view.ViewRootImpl.doTraversal:2671 android.view.ViewRootImpl$TraversalRunnable.run:10094 android.view.Choreographer$CallbackRecord.run:1010 android.view.Choreographer.doCallbacks:809 android.view.Choreographer.doFrame:744 android.view.Choreographer$FrameDisplayEventReceiver.run:995
09-16 14:19:37.355 24435 24435 I ViewRootImpl@716106[ProvisioningActivity]: Relayout returned: old=(0,0,1200,1920) new=(0,0,1200,1920) req=(1200,1920)0 dur=9 res=0x7 s={true -5476376669684843440} ch=true fn=-1
09-16 14:19:37.356 24435 24435 I ViewRootImpl@716106[ProvisioningActivity]: [DP] dp(1) 1 android.view.ViewRootImpl.reportNextDraw:11080 android.view.ViewRootImpl.performTraversals:3917 android.view.ViewRootImpl.doTraversal:2671
09-16 14:19:37.356 24435 24435 I ViewRootImpl@716106[ProvisioningActivity]: [DP] pd() Asnyc report
09-16 14:19:37.356 24435 24435 I ViewRootImpl@716106[ProvisioningActivity]: mAttachInfo.mThreadedRenderer.draw, mView = DecorView@6d5e983[ProvisioningActivity] w = 1200 h = 1920
09-16 14:19:37.365 24435 24435 I ViewRootImpl@716106[ProvisioningActivity]: [DP] pdf(0) 1 android.view.ViewRootImpl.lambda$performDraw$1$ViewRootImpl:4745 android.view.-$$Lambda$ViewRootImpl$DJd0VUYJgsebcnSohO6h8zc_ONI.run:6 android.os.Handler.handleCallback:938
09-16 14:19:37.365 24435 24435 I ViewRootImpl@716106[ProvisioningActivity]: [DP] rdf()
09-16 14:19:37.366 24435 24435 I ViewRootImpl@6784db7[ScannerActivity]: MSG_WINDOW_FOCUS_CHANGED 0 1
09-16 14:19:37.373 24435 24435 I SurfaceControl: nativeRelease nativeObject s[-5476376674517165648]
09-16 14:19:37.373 24435 24435 I SurfaceControl: nativeRelease nativeObject e[-5476376674517165648]
09-16 14:19:37.373 24435 24435 I SurfaceControl: nativeRelease nativeObject s[-5476376674517242032]
09-16 14:19:37.373 24435 24435 I SurfaceControl: nativeRelease nativeObject e[-5476376674517242032]
09-16 14:19:37.373 24435 24435 I SurfaceControl: nativeRelease nativeObject s[-5476376674517224224]
09-16 14:19:37.373 24435 24435 I SurfaceControl: nativeRelease nativeObject e[-5476376674517224224]
09-16 14:19:37.395 24435 24435 I ViewRootImpl@716106[ProvisioningActivity]: MSG_WINDOW_FOCUS_CHANGED 1 1
09-16 14:19:37.396 24435 24435 D InputMethodManager: prepareNavigationBarInfo() DecorView@6d5e983[ProvisioningActivity]
09-16 14:19:37.396 24435 24435 D InputMethodManager: getNavigationBarColor() -16777216
09-16 14:19:37.397 24435 24435 D InputMethodManager: prepareNavigationBarInfo() DecorView@6d5e983[ProvisioningActivity]
09-16 14:19:37.397 24435 24435 D InputMethodManager: getNavigationBarColor() -16777216
09-16 14:19:37.397 24435 24435 V InputMethodManager: Starting input: tba=no.nordicsemi.android.nrfmeshprovisioner ic=null mNaviBarColor -16777216 mIsGetNaviBarColorSuccess true , NavVisible : true , NavTrans : false
09-16 14:19:37.397 24435 24435 D InputMethodManager: startInputInner - Id : 0
09-16 14:19:37.397 24435 24435 I InputMethodManager: startInputInner - mService.startInputOrWindowGainedFocus
09-16 14:19:37.399 24435 24435 D InputTransport: Input channel constructed: 'ClientS', fd=91
09-16 14:19:37.399 24435 24435 D InputTransport: Input channel destroyed: 'ClientS', fd=87
09-16 14:19:37.413 24435 24435 I SurfaceControl: nativeRelease nativeObject s[-5476376674517182000]
09-16 14:19:37.413 24435 24435 I SurfaceControl: nativeRelease nativeObject e[-5476376674517182000]
09-16 14:19:37.415 24435 24435 I SurfaceControl: nativeRelease nativeObject s[-5476376674517206640]
09-16 14:19:37.415 24435 24435 I SurfaceControl: nativeRelease nativeObject e[-5476376674517206640]
09-16 14:19:37.415 24435 24435 I SurfaceControl: nativeRelease nativeObject s[-5476376674517160608]
09-16 14:19:37.415 24435 24435 I SurfaceControl: nativeRelease nativeObject e[-5476376674517160608]
09-16 14:19:37.806 24435 24435 I SurfaceControl: nativeRelease nativeObject s[-5476376674517161168]
09-16 14:19:37.806 24435 24435 I SurfaceControl: nativeRelease nativeObject e[-5476376674517161168]
09-16 14:19:37.807 24435 24435 I SurfaceControl: assignNativeObject: nativeObject = 0 Surface(name=null)/@0xd0dc6d / android.view.SurfaceControl.readFromParcel:1117 android.view.IWindowSession$Stub$Proxy.relayout:1826 android.view.ViewRootImpl.relayoutWindow:9132 android.view.ViewRootImpl.performTraversals:3422 android.view.ViewRootImpl.doTraversal:2671 android.view.ViewRootImpl$TraversalRunnable.run:10094 android.view.Choreographer$CallbackRecord.run:1010 android.view.Choreographer.doCallbacks:809 android.view.Choreographer.doFrame:744 android.view.Choreographer$FrameDisplayEventReceiver.run:995
09-16 14:19:37.807 24435 24435 I SurfaceControl: assignNativeObject: nativeObject = 0 Surface(name=null)/@0xdd6a6bb / android.view.SurfaceControl.readFromParcel:1117 android.view.IWindowSession$Stub$Proxy.relayout:1836 android.view.ViewRootImpl.relayoutWindow:9132 android.view.ViewRootImpl.performTraversals:3422 android.view.ViewRootImpl.doTraversal:2671 android.view.ViewRootImpl$TraversalRunnable.run:10094 android.view.Choreographer$CallbackRecord.run:1010 android.view.Choreographer.doCallbacks:809 android.view.Choreographer.doFrame:744 android.view.Choreographer$FrameDisplayEventReceiver.run:995
09-16 14:19:37.808 24435 24435 I ViewRootImpl@6784db7[ScannerActivity]: Relayout returned: old=(0,0,1200,1920) new=(0,0,1200,1920) req=(1200,1920)8 dur=10 res=0x5 s={false 0} ch=true fn=97
09-16 14:19:37.808 24435 24435 I ViewRootImpl@6784db7[ScannerActivity]: stopped(true) old=false
09-16 14:19:37.809 24435 24435 I BluetoothAdapter: STATE_ON
09-16 14:19:37.809 24435 24435 I BluetoothAdapter: STATE_ON
09-16 14:19:37.809 24435 24435 D BluetoothLeScanner: Stop Scan with callback
09-16 14:19:37.833 24435 24435 I SurfaceControl: assignNativeObject: nativeObject = 0 Surface(name=null)/@0xd0dc6d / android.view.SurfaceControl.readFromParcel:1117 android.view.IWindowSession$Stub$Proxy.relayout:1826 android.view.ViewRootImpl.relayoutWindow:9132 android.view.ViewRootImpl.performTraversals:3422 android.view.ViewRootImpl.doTraversal:2671 android.view.ViewRootImpl$TraversalRunnable.run:10094 android.view.Choreographer$CallbackRecord.run:1010 android.view.Choreographer.doCallbacks:809 android.view.Choreographer.doFrame:744 android.view.Choreographer$FrameDisplayEventReceiver.run:995
09-16 14:19:37.833 24435 24435 I SurfaceControl: assignNativeObject: nativeObject = 0 Surface(name=null)/@0xdd6a6bb / android.view.SurfaceControl.readFromParcel:1117 android.view.IWindowSession$Stub$Proxy.relayout:1836 android.view.ViewRootImpl.relayoutWindow:9132 android.view.ViewRootImpl.performTraversals:3422 android.view.ViewRootImpl.doTraversal:2671 android.view.ViewRootImpl$TraversalRunnable.run:10094 android.view.Choreographer$CallbackRecord.run:1010 android.view.Choreographer.doCallbacks:809 android.view.Choreographer.doFrame:744 android.view.Choreographer$FrameDisplayEventReceiver.run:995
09-16 14:19:37.834 24435 24435 I ViewRootImpl@6784db7[ScannerActivity]: Relayout returned: old=(0,0,1200,1920) new=(0,0,1200,1920) req=(1200,1920)8 dur=4 res=0x5 s={false 0} ch=false fn=-1
09-16 14:19:38.358 24435 31993 D BluetoothGatt: onClientConnectionState() - status=0 clientIf=11 device=C1:70:0D:03:B1:E6
09-16 14:19:38.360 24435 24435 I BleManager: Connected to C1:70:0D:03:B1:E6
09-16 14:19:38.662 24435 24435 D BluetoothGatt: discoverServices() - device: C1:70:0D:03:B1:E6
09-16 14:19:38.751 24435 31993 D BluetoothGatt: onConnectionUpdated() - Device=C1:70:0D:03:B1:E6 interval=6 latency=0 timeout=500 status=0
09-16 14:19:38.885 24435 31993 D BluetoothGatt: onPhyUpdate() - status=0 address=C1:70:0D:03:B1:E6 txPhy=2 rxPhy=2
09-16 14:19:38.887 24435 24435 I BleManager: PHY updated (TX: LE 2M, RX: LE 2M)
09-16 14:19:39.151 24435 31993 D BluetoothGatt: onSearchComplete() = Device=C1:70:0D:03:B1:E6 Status=0
09-16 14:19:39.152 24435 24435 I BleManager: Services discovered
09-16 14:19:39.152 24435 24435 D BluetoothGatt: configureMTU() - device: C1:70:0D:03:B1:E6 mtu: 517
09-16 14:19:39.177 24435 31993 D BluetoothGatt: onConfigureMTU() - Device=C1:70:0D:03:B1:E6 mtu=69 status=0
09-16 14:19:39.177 24435 24435 I BleManager: MTU changed to: 69
09-16 14:19:39.178 24435 24435 D BluetoothGatt: setCharacteristicNotification() - uuid: 00002adc-0000-1000-8000-00805f9b34fb enable: true
09-16 14:19:39.199 24435 24435 I BleManager: Data written to descr. 00002902-0000-1000-8000-00805f9b34fb, value: (0x) 01-00
09-16 14:19:39.199 24435 24435 I BleManager: Notifications enabled
09-16 14:19:39.215 24435 31993 D BluetoothGatt: onConnectionUpdated() - Device=C1:70:0D:03:B1:E6 interval=36 latency=0 timeout=500 status=0
09-16 14:19:39.216 24435 24435 D ScrollView: onsize change changed
09-16 14:19:41.785 24435 24435 I ViewRootImpl@716106[ProvisioningActivity]: ViewPostIme pointer 0
09-16 14:19:41.854 24435 24435 I ViewRootImpl@716106[ProvisioningActivity]: ViewPostIme pointer 1
09-16 14:19:41.866 24435 24435 I BleManager: Data written to 00002adb-0000-1000-8000-00805f9b34fb, value: (0x) 03-00-05
09-16 14:19:41.867 24435 24435 V MeshManagerApi: Provisioning pdu sent: 0x030005
09-16 14:19:41.990 24435 24435 I BleManager: Notification received from 00002adc-0000-1000-8000-00805f9b34fb, value: (0x) 03-01-04-00-01-00-00-01-00-01-01-00-01
09-16 14:19:41.990 24435 24435 V MeshManagerApi: Received provisioning message: 0x03010400010000010001010001
09-16 14:19:41.991 24435 24435 V ProvisioningCapabilities: Number of elements: 4
09-16 14:19:41.991 24435 24435 V AlgorithmType: Supported output oob action type: FIPS P-256 Elliptic Curve
09-16 14:19:41.991 24435 24435 V ProvisioningCapabilities: Public key information available: false
09-16 14:19:41.991 24435 24435 V ProvisioningCapabilities: Static OOB information available: : false
09-16 14:19:41.991 24435 24435 V ProvisioningCapabilities: Output OOB size: 1
09-16 14:19:41.991 24435 24435 V OutputOOBAction: Supported output oob action type: Blink
09-16 14:19:41.991 24435 24435 V ProvisioningCapabilities: Input OOB size: 1
09-16 14:19:41.991 24435 24435 V InputOOBAction: Input oob action type value: Push
09-16 14:19:43.565 24435 31993 D BluetoothGatt: onConnectionUpdated() - Device=C1:70:0D:03:B1:E6 interval=30 latency=0 timeout=42 status=0
09-16 14:19:54.802 24435 24435 I ViewRootImpl@716106[ProvisioningActivity]: ViewPostIme pointer 0
09-16 14:19:54.854 24435 24435 I ViewRootImpl@716106[ProvisioningActivity]: ViewPostIme pointer 1
09-16 14:19:54.868 24435 24435 D ScrollView: initGoToTop
09-16 14:19:54.887 24435 24435 I Dialog : mIsSamsungBasicInteraction = false, isMetaDataInActivity = false
09-16 14:19:54.889 24435 24435 I DecorView: [INFO] isPopOver=false, config=false
09-16 14:19:54.890 24435 24435 I DecorView: updateCaptionType >> DecorView@f05f03c[], isFloating=true, isApplication=true, hasWindowDecorCaption=false, hasWindowControllerCallback=false
09-16 14:19:54.890 24435 24435 D DecorView: setCaptionType = 0, this = DecorView@f05f03c[]
09-16 14:19:54.896 24435 24435 D ScrollView: initGoToTop
09-16 14:19:54.909 24435 24435 D InputTransport: Input channel constructed: '5911243', fd=86
09-16 14:19:54.909 24435 24435 I ViewRootImpl@36170b1[ProvisioningActivity]: setView = com.android.internal.policy.DecorView@f05f03c TM=true
09-16 14:19:54.928 24435 24435 I SurfaceControl: assignNativeObject: nativeObject = 0 Surface(name=null)/@0x8eb66ed / android.view.SurfaceControl.readFromParcel:1117 android.view.IWindowSession$Stub$Proxy.relayout:1836 android.view.ViewRootImpl.relayoutWindow:9132 android.view.ViewRootImpl.performTraversals:3422 android.view.ViewRootImpl.doTraversal:2671 android.view.ViewRootImpl$TraversalRunnable.run:10094 android.view.Choreographer$CallbackRecord.run:1010 android.view.Choreographer.doCallbacks:809 android.view.Choreographer.doFrame:744 android.view.Choreographer$FrameDisplayEventReceiver.run:995
09-16 14:19:54.929 24435 24435 I ViewRootImpl@36170b1[ProvisioningActivity]: Relayout returned: old=(0,36,1200,1848) new=(168,772,1032,1111) req=(864,339)0 dur=11 res=0x7 s={true -5476376669684869600} ch=true fn=-1
09-16 14:19:54.932 24435 24435 D ScrollView: onsize change changed
09-16 14:19:54.932 24435 24435 D ScrollView: onsize change changed
09-16 14:19:54.933 24435 24435 I ViewRootImpl@36170b1[ProvisioningActivity]: [DP] dp(1) 1 android.view.ViewRootImpl.reportNextDraw:11080 android.view.ViewRootImpl.performTraversals:3917 android.view.ViewRootImpl.doTraversal:2671
09-16 14:19:54.933 24435 24435 I ViewRootImpl@36170b1[ProvisioningActivity]: [DP] pd() Asnyc report
09-16 14:19:54.936 24435 24435 I ViewRootImpl@36170b1[ProvisioningActivity]: mAttachInfo.mThreadedRenderer.draw, mView = DecorView@f05f03c[ProvisioningActivity] w = 864 h = 339
09-16 14:19:54.946 24435 24435 I ViewRootImpl@36170b1[ProvisioningActivity]: [DP] pdf(0) 1 android.view.ViewRootImpl.lambda$performDraw$1$ViewRootImpl:4745 android.view.-$$Lambda$ViewRootImpl$DJd0VUYJgsebcnSohO6h8zc_ONI.run:6 android.os.Handler.handleCallback:938
09-16 14:19:54.946 24435 24435 I ViewRootImpl@36170b1[ProvisioningActivity]: [DP] rdf()
09-16 14:19:54.955 24435 24435 I SurfaceControl: nativeRelease nativeObject s[-5476376674517165648]
09-16 14:19:54.955 24435 24435 I SurfaceControl: nativeRelease nativeObject e[-5476376674517165648]
09-16 14:19:54.955 24435 24435 I SurfaceControl: nativeRelease nativeObject s[-5476376674517242032]
09-16 14:19:54.955 24435 24435 I SurfaceControl: nativeRelease nativeObject e[-5476376674517242032]
09-16 14:19:54.955 24435 24435 I SurfaceControl: nativeRelease nativeObject s[-5476376674517224224]
09-16 14:19:54.955 24435 24435 I SurfaceControl: nativeRelease nativeObject e[-5476376674517224224]
09-16 14:19:54.955 24435 24435 I SurfaceControl: nativeRelease nativeObject s[-5476376674517147280]
09-16 14:19:54.955 24435 24435 I SurfaceControl: nativeRelease nativeObject e[-5476376674517147280]
09-16 14:19:54.955 24435 24435 I SurfaceControl: nativeRelease nativeObject s[-5476376674517142464]
09-16 14:19:54.955 24435 24435 I SurfaceControl: nativeRelease nativeObject e[-5476376674517142464]
