09-16 14:59:11.833 24435 24435 I SurfaceControl: nativeRelease nativeObject e[-5476376674517206640]
09-16 14:59:11.833 24435 24435 I SurfaceControl: nativeRelease nativeObject s[-5476376674517158480]
09-16 14:59:11.833 24435 24435 I SurfaceControl: nativeRelease nativeObject e[-5476376674517158480]
09-16 14:59:11.846 24435 24435 I ViewRootImpl@f073022[NodeConfigurationActivity]: MSG_WINDOW_FOCUS_CHANGED 1 1
09-16 14:59:11.846 24435 24435 D InputMethodManager: prepareNavigationBarInfo() DecorView@3faf1e6[NodeConfigurationActivity]
09-16 14:59:11.846 24435 24435 D InputMethodManager: getNavigationBarColor() -16777216
09-16 14:59:11.847 24435 24435 D InputMethodManager: prepareNavigationBarInfo() DecorView@3faf1e6[NodeConfigurationActivity]
09-16 14:59:11.848 24435 24435 D InputMethodManager: getNavigationBarColor() -16777216
09-16 14:59:11.848 24435 24435 V InputMethodManager: Starting input: tba=no.nordicsemi.android.nrfmeshprovisioner ic=null mNaviBarColor -16777216 mIsGetNaviBarColorSuccess true , NavVisible : true , NavTrans : false
09-16 14:59:11.848 24435 24435 D InputMethodManager: startInputInner - Id : 0
09-16 14:59:11.848 24435 24435 I InputMethodManager: startInputInner - mService.startInputOrWindowGainedFocus
09-16 14:59:11.849 24435 24435 D InputTransport: Input channel constructed: 'ClientS', fd=94
09-16 14:59:11.849 24435 24435 D InputTransport: Input channel destroyed: 'ClientS', fd=87
09-16 14:59:11.861 24435 24435 I SurfaceControl: nativeRelease nativeObject s[-5476376674517131488]
09-16 14:59:11.861 24435 24435 I SurfaceControl: nativeRelease nativeObject e[-5476376674517131488]
09-16 14:59:11.862 24435 24435 I SurfaceControl: nativeRelease nativeObject s[-5476376674517144592]
09-16 14:59:11.862 24435 24435 I SurfaceControl: nativeRelease nativeObject e[-5476376674517144592]
09-16 14:59:11.862 24435 24435 I SurfaceControl: nativeRelease nativeObject s[-5476376674517159488]
09-16 14:59:11.862 24435 24435 I SurfaceControl: nativeRelease nativeObject e[-5476376674517159488]
09-16 14:59:12.252 24435 24435 I SurfaceControl: nativeRelease nativeObject s[-5476376674517140448]
09-16 14:59:12.252 24435 24435 I SurfaceControl: nativeRelease nativeObject e[-5476376674517140448]
09-16 14:59:12.252 24435 24435 I SurfaceControl: assignNativeObject: nativeObject = 0 Surface(name=null)/@0x6fc95aa / android.view.SurfaceControl.readFromParcel:1117 android.view.IWindowSession$Stub$Proxy.relayout:1826 android.view.ViewRootImpl.relayoutWindow:9132 android.view.ViewRootImpl.performTraversals:3422 android.view.ViewRootImpl.doTraversal:2671 android.view.ViewRootImpl$TraversalRunnable.run:10094 android.view.Choreographer$CallbackRecord.run:1010 android.view.Choreographer.doCallbacks:809 android.view.Choreographer.doFrame:744 android.view.Choreographer$FrameDisplayEventReceiver.run:995
09-16 14:59:12.253 24435 24435 I SurfaceControl: assignNativeObject: nativeObject = 0 Surface(name=null)/@0x2b623af / android.view.SurfaceControl.readFromParcel:1117 android.view.IWindowSession$Stub$Proxy.relayout:1836 android.view.ViewRootImpl.relayoutWindow:9132 android.view.ViewRootImpl.performTraversals:3422 android.view.ViewRootImpl.doTraversal:2671 android.view.ViewRootImpl$TraversalRunnable.run:10094 android.view.Choreographer$CallbackRecord.run:1010 android.view.Choreographer.doCallbacks:809 android.view.Choreographer.doFrame:744 android.view.Choreographer$FrameDisplayEventReceiver.run:995
09-16 14:59:12.254 24435 24435 I ViewRootImpl@c66e18[MainActivity]: Relayout returned: old=(0,0,1200,1920) new=(0,0,1200,1920) req=(1200,1920)8 dur=7 res=0x5 s={false 0} ch=true fn=27
09-16 14:59:12.254 24435 24435 I ViewRootImpl@c66e18[MainActivity]: stopped(true) old=false
09-16 14:59:12.550 24435 24435 I ViewRootImpl@f073022[NodeConfigurationActivity]: ViewPostIme pointer 0
09-16 14:59:12.634 24435 24435 I ViewRootImpl@f073022[NodeConfigurationActivity]: ViewPostIme pointer 1
09-16 14:59:12.672 24435 24435 I SurfaceControl: assignNativeObject: nativeObject = 0 Surface(name=null)/@0x6fc95aa / android.view.SurfaceControl.readFromParcel:1117 android.view.IWindowSession$Stub$Proxy.relayout:1826 android.view.ViewRootImpl.relayoutWindow:9132 android.view.ViewRootImpl.performTraversals:3422 android.view.ViewRootImpl.doTraversal:2671 android.view.ViewRootImpl$TraversalRunnable.run:10094 android.view.Choreographer$CallbackRecord.run:1010 android.view.Choreographer.doCallbacks:809 android.view.Choreographer.doFrame:744 android.view.Choreographer$FrameDisplayEventReceiver.run:995
09-16 14:59:12.673 24435 24435 I SurfaceControl: assignNativeObject: nativeObject = 0 Surface(name=null)/@0x2b623af / android.view.SurfaceControl.readFromParcel:1117 android.view.IWindowSession$Stub$Proxy.relayout:1836 android.view.ViewRootImpl.relayoutWindow:9132 android.view.ViewRootImpl.performTraversals:3422 android.view.ViewRootImpl.doTraversal:2671 android.view.ViewRootImpl$TraversalRunnable.run:10094 android.view.Choreographer$CallbackRecord.run:1010 android.view.Choreographer.doCallbacks:809 android.view.Choreographer.doFrame:744 android.view.Choreographer$FrameDisplayEventReceiver.run:995
09-16 14:59:12.673 24435 24435 I ViewRootImpl@c66e18[MainActivity]: Relayout returned: old=(0,0,1200,1920) new=(0,0,1200,1920) req=(1200,1920)4 dur=5 res=0x1 s={false 0} ch=false fn=-1
09-16 14:59:12.674 24435 24435 I ViewRootImpl@c66e18[MainActivity]: stopped(false) old=true
09-16 14:59:12.675 24435 24435 I ViewRootImpl@c66e18[MainActivity]: stopped(false) old=false
09-16 14:59:12.689 24435 24435 I SurfaceControl: assignNativeObject: nativeObject = 0 Surface(name=null)/@0x2b623af / android.view.SurfaceControl.readFromParcel:1117 android.view.IWindowSession$Stub$Proxy.relayout:1836 android.view.ViewRootImpl.relayoutWindow:9132 android.view.ViewRootImpl.performTraversals:3422 android.view.ViewRootImpl.doTraversal:2671 android.view.ViewRootImpl$TraversalRunnable.run:10094 android.view.Choreographer$CallbackRecord.run:1010 android.view.Choreographer.doCallbacks:809 android.view.Choreographer.doFrame:744 android.view.Choreographer$FrameDisplayEventReceiver.run:995
09-16 14:59:12.689 24435 24435 I ViewRootImpl@c66e18[MainActivity]: Relayout returned: old=(0,0,1200,1920) new=(0,0,1200,1920) req=(1200,1920)0 dur=11 res=0x7 s={true -5476376669685052720} ch=true fn=-1
09-16 14:59:12.690 24435 24435 I ViewRootImpl@c66e18[MainActivity]: [DP] dp(1) 1 android.view.ViewRootImpl.reportNextDraw:11080 android.view.ViewRootImpl.performTraversals:3917 android.view.ViewRootImpl.doTraversal:2671
09-16 14:59:12.690 24435 24435 I ViewRootImpl@c66e18[MainActivity]: [DP] pd() Asnyc report
09-16 14:59:12.691 24435 24435 I ViewRootImpl@c66e18[MainActivity]: mAttachInfo.mThreadedRenderer.draw, mView = DecorView@885d97c[MainActivity] w = 1200 h = 1920
09-16 14:59:12.701 24435 24435 I ViewRootImpl@c66e18[MainActivity]: [DP] pdf(0) 1 android.view.ViewRootImpl.lambda$performDraw$1$ViewRootImpl:4745 android.view.-$$Lambda$ViewRootImpl$DJd0VUYJgsebcnSohO6h8zc_ONI.run:6 android.os.Handler.handleCallback:938
09-16 14:59:12.701 24435 24435 I ViewRootImpl@c66e18[MainActivity]: [DP] rdf()
09-16 14:59:12.703 24435 24435 I SurfaceControl: nativeRelease nativeObject s[-5476376674517185360]
09-16 14:59:12.703 24435 24435 I SurfaceControl: nativeRelease nativeObject e[-5476376674517185360]
09-16 14:59:12.703 24435 24435 I SurfaceControl: nativeRelease nativeObject s[-5476376674517157808]
09-16 14:59:12.703 24435 24435 I SurfaceControl: nativeRelease nativeObject e[-5476376674517157808]
09-16 14:59:12.703 24435 24435 I SurfaceControl: nativeRelease nativeObject s[-5476376674517139888]
09-16 14:59:12.703 24435 24435 I SurfaceControl: nativeRelease nativeObject e[-5476376674517139888]
09-16 14:59:12.704 24435 24435 I ViewRootImpl@f073022[NodeConfigurationActivity]: MSG_WINDOW_FOCUS_CHANGED 0 1
09-16 14:59:12.726 24435 24435 I ViewRootImpl@c66e18[MainActivity]: MSG_WINDOW_FOCUS_CHANGED 1 1
09-16 14:59:12.726 24435 24435 D InputMethodManager: prepareNavigationBarInfo() DecorView@885d97c[MainActivity]
09-16 14:59:12.726 24435 24435 D InputMethodManager: getNavigationBarColor() -16777216
09-16 14:59:12.728 24435 24435 D InputMethodManager: prepareNavigationBarInfo() DecorView@885d97c[MainActivity]
09-16 14:59:12.728 24435 24435 D InputMethodManager: getNavigationBarColor() -16777216
09-16 14:59:12.728 24435 24435 V InputMethodManager: Starting input: tba=no.nordicsemi.android.nrfmeshprovisioner ic=null mNaviBarColor -16777216 mIsGetNaviBarColorSuccess true , NavVisible : true , NavTrans : false
09-16 14:59:12.728 24435 24435 D InputMethodManager: startInputInner - Id : 0
09-16 14:59:12.729 24435 24435 I InputMethodManager: startInputInner - mService.startInputOrWindowGainedFocus
09-16 14:59:12.730 24435 24435 D InputTransport: Input channel constructed: 'ClientS', fd=99
09-16 14:59:12.730 24435 24435 D InputTransport: Input channel destroyed: 'ClientS', fd=94
09-16 14:59:12.743 24435 24435 I SurfaceControl: nativeRelease nativeObject s[-5476376674517130368]
09-16 14:59:12.744 24435 24435 I SurfaceControl: nativeRelease nativeObject e[-5476376674517130368]
09-16 14:59:12.745 24435 24435 I SurfaceControl: nativeRelease nativeObject s[-5476376674517189616]
09-16 14:59:12.745 24435 24435 I SurfaceControl: nativeRelease nativeObject e[-5476376674517189616]
09-16 14:59:12.745 24435 24435 I SurfaceControl: nativeRelease nativeObject s[-5476376674517135296]
09-16 14:59:12.745 24435 24435 I SurfaceControl: nativeRelease nativeObject e[-5476376674517135296]
09-16 14:59:13.046 24435 31999 D OpenGLRenderer: endAllActiveAnimators on 0xb400006eab3d9ac0 (RippleDrawable) with handle 0xb400006dbb320430
09-16 14:59:13.051 24435 24435 I SurfaceControl: nativeRelease nativeObject s[-5476376674517167440]
09-16 14:59:13.051 24435 24435 I SurfaceControl: nativeRelease nativeObject e[-5476376674517167440]
09-16 14:59:13.052 24435 24435 I SurfaceControl: assignNativeObject: nativeObject = 0 Surface(name=null)/@0xbf609c3 / android.view.SurfaceControl.readFromParcel:1117 android.view.IWindowSession$Stub$Proxy.relayout:1826 android.view.ViewRootImpl.relayoutWindow:9132 android.view.ViewRootImpl.performTraversals:3422 android.view.ViewRootImpl.doTraversal:2671 android.view.ViewRootImpl$TraversalRunnable.run:10094 android.view.Choreographer$CallbackRecord.run:1010 android.view.Choreographer.doCallbacks:809 android.view.Choreographer.doFrame:744 android.view.Choreographer$FrameDisplayEventReceiver.run:995
09-16 14:59:13.052 24435 24435 I SurfaceControl: assignNativeObject: nativeObject = 0 Surface(name=null)/@0x155060a / android.view.SurfaceControl.readFromParcel:1117 android.view.IWindowSession$Stub$Proxy.relayout:1836 android.view.ViewRootImpl.relayoutWindow:9132 android.view.ViewRootImpl.performTraversals:3422 android.view.ViewRootImpl.doTraversal:2671 android.view.ViewRootImpl$TraversalRunnable.run:10094 android.view.Choreographer$CallbackRecord.run:1010 android.view.Choreographer.doCallbacks:809 android.view.Choreographer.doFrame:744 android.view.Choreographer$FrameDisplayEventReceiver.run:995
09-16 14:59:13.053 24435 24435 I ViewRootImpl@f073022[NodeConfigurationActivity]: Relayout returned: old=(0,0,1200,1920) new=(0,0,1200,1920) req=(1200,1920)8 dur=6 res=0x5 s={false 0} ch=true fn=35
09-16 14:59:13.053 24435 24435 I ViewRootImpl@f073022[NodeConfigurationActivity]: stopped(true) old=false
09-16 14:59:13.059 24435 24435 I ViewRootImpl@f073022[NodeConfigurationActivity]: dispatchDetachedFromWindow
09-16 14:59:13.065 24435 24435 D InputTransport: Input channel destroyed: '7cb446c', fd=83
09-16 14:59:13.349 24435 24435 I ViewRootImpl@c66e18[MainActivity]: ViewPostIme pointer 0
09-16 14:59:13.417 24435 24435 I ViewRootImpl@c66e18[MainActivity]: ViewPostIme pointer 1
09-16 14:59:13.475 24435 24435 I DecorView: [INFO] isPopOver=false, config=true
09-16 14:59:13.475 24435 24435 I DecorView: updateCaptionType >> DecorView@b96c5c9[], isFloating=false, isApplication=true, hasWindowDecorCaption=false, hasWindowControllerCallback=true
09-16 14:59:13.475 24435 24435 D DecorView: setCaptionType = 0, this = DecorView@b96c5c9[]
09-16 14:59:13.484 24435 24435 D InputTransport: Input channel constructed: '9e7853a', fd=84
09-16 14:59:13.485 24435 24435 I ViewRootImpl@97ee2df[ScannerActivity]: setView = com.android.internal.policy.DecorView@b96c5c9 TM=true
09-16 14:59:13.497 24435 24435 I SurfaceControl: assignNativeObject: nativeObject = 0 Surface(name=null)/@0x192d63 / android.view.SurfaceControl.readFromParcel:1117 android.view.IWindowSession$Stub$Proxy.relayout:1836 android.view.ViewRootImpl.relayoutWindow:9132 android.view.ViewRootImpl.performTraversals:3422 android.view.ViewRootImpl.doTraversal:2671 android.view.ViewRootImpl$TraversalRunnable.run:10094 android.view.Choreographer$CallbackRecord.run:1010 android.view.Choreographer.doCallbacks:809 android.view.Choreographer.doFrame:744 android.view.Choreographer$FrameDisplayEventReceiver.run:995
09-16 14:59:13.497 24435 24435 I ViewRootImpl@97ee2df[ScannerActivity]: Relayout returned: old=(0,0,1200,1920) new=(0,0,1200,1920) req=(1200,1920)0 dur=10 res=0x7 s={true -5476376669685218400} ch=true fn=-1
09-16 14:59:13.498 24435 24435 I ViewRootImpl@97ee2df[ScannerActivity]: [DP] dp(1) 1 android.view.ViewRootImpl.reportNextDraw:11080 android.view.ViewRootImpl.performTraversals:3917 android.view.ViewRootImpl.doTraversal:2671
09-16 14:59:13.498 24435 24435 I ViewRootImpl@97ee2df[ScannerActivity]: [DP] pd() Asnyc report
09-16 14:59:13.500 24435 24435 I ViewRootImpl@97ee2df[ScannerActivity]: mAttachInfo.mThreadedRenderer.draw, mView = DecorView@b96c5c9[ScannerActivity] w = 1200 h = 1920
09-16 14:59:13.507 24435 24435 I ViewRootImpl@97ee2df[ScannerActivity]: [DP] pdf(0) 1 android.view.ViewRootImpl.lambda$performDraw$1$ViewRootImpl:4745 android.view.-$$Lambda$ViewRootImpl$DJd0VUYJgsebcnSohO6h8zc_ONI.run:6 android.os.Handler.handleCallback:938
09-16 14:59:13.507 24435 24435 I ViewRootImpl@97ee2df[ScannerActivity]: [DP] rdf()
09-16 14:59:13.508 24435 24435 I BluetoothAdapter: STATE_ON
09-16 14:59:13.508 24435 24435 I BluetoothAdapter: STATE_ON
09-16 14:59:13.509 24435 24435 I BluetoothAdapter: STATE_ON
09-16 14:59:13.509 24435 24435 I BluetoothAdapter: STATE_ON
09-16 14:59:13.509 24435 24435 I BluetoothAdapter: STATE_ON
09-16 14:59:13.509 24435 24435 I BluetoothAdapter: STATE_ON
09-16 14:59:13.509 24435 24435 I BluetoothAdapter: STATE_ON
09-16 14:59:13.510 24435 24435 D BluetoothLeScanner: Start Scan with callback
09-16 14:59:13.512 24435 520 D BluetoothLeScanner: onScannerRegistered() - status=0 scannerId=11 mScannerId=0
09-16 14:59:13.516 24435 24435 I ViewRootImpl@c66e18[MainActivity]: MSG_WINDOW_FOCUS_CHANGED 0 1
09-16 14:59:13.526 24435 24435 I SurfaceControl: nativeRelease nativeObject s[-5476376674517148400]
09-16 14:59:13.526 24435 24435 I SurfaceControl: nativeRelease nativeObject e[-5476376674517148400]
09-16 14:59:13.527 24435 24435 I SurfaceControl: nativeRelease nativeObject s[-5476376674517161840]
09-16 14:59:13.527 24435 24435 I SurfaceControl: nativeRelease nativeObject e[-5476376674517161840]
09-16 14:59:13.527 24435 24435 I SurfaceControl: nativeRelease nativeObject s[-5476376674517135968]
09-16 14:59:13.527 24435 24435 I SurfaceControl: nativeRelease nativeObject e[-5476376674517135968]
09-16 14:59:13.533 24435 24435 I ViewRootImpl@97ee2df[ScannerActivity]: MSG_WINDOW_FOCUS_CHANGED 1 1
09-16 14:59:13.533 24435 24435 D InputMethodManager: prepareNavigationBarInfo() DecorView@b96c5c9[ScannerActivity]
09-16 14:59:13.533 24435 24435 D InputMethodManager: getNavigationBarColor() -16777216
09-16 14:59:13.533 24435 24435 D InputMethodManager: prepareNavigationBarInfo() DecorView@b96c5c9[ScannerActivity]
09-16 14:59:13.533 24435 24435 D InputMethodManager: getNavigationBarColor() -16777216
09-16 14:59:13.533 24435 24435 V InputMethodManager: Starting input: tba=no.nordicsemi.android.nrfmeshprovisioner ic=null mNaviBarColor -16777216 mIsGetNaviBarColorSuccess true , NavVisible : true , NavTrans : false
09-16 14:59:13.533 24435 24435 D InputMethodManager: startInputInner - Id : 0
09-16 14:59:13.533 24435 24435 I InputMethodManager: startInputInner - mService.startInputOrWindowGainedFocus
09-16 14:59:13.535 24435 24435 D InputTransport: Input channel constructed: 'ClientS', fd=87
09-16 14:59:13.535 24435 24435 D InputTransport: Input channel destroyed: 'ClientS', fd=99
09-16 14:59:13.547 24435 24435 I SurfaceControl: nativeRelease nativeObject s[-5476376674517140448]
09-16 14:59:13.547 24435 24435 I SurfaceControl: nativeRelease nativeObject e[-5476376674517140448]
09-16 14:59:13.548 24435 24435 I SurfaceControl: nativeRelease nativeObject s[-5476376674517193760]
09-16 14:59:13.548 24435 24435 I SurfaceControl: nativeRelease nativeObject e[-5476376674517193760]
09-16 14:59:13.548 24435 24435 I SurfaceControl: nativeRelease nativeObject s[-5476376674517152320]
09-16 14:59:13.548 24435 24435 I SurfaceControl: nativeRelease nativeObject e[-5476376674517152320]
09-16 14:59:13.956 24435 24435 I SurfaceControl: nativeRelease nativeObject s[-5476376674517164304]
09-16 14:59:13.956 24435 24435 I SurfaceControl: nativeRelease nativeObject e[-5476376674517164304]
09-16 14:59:13.957 24435 24435 I SurfaceControl: assignNativeObject: nativeObject = 0 Surface(name=null)/@0x6fc95aa / android.view.SurfaceControl.readFromParcel:1117 android.view.IWindowSession$Stub$Proxy.relayout:1826 android.view.ViewRootImpl.relayoutWindow:9132 android.view.ViewRootImpl.performTraversals:3422 android.view.ViewRootImpl.doTraversal:2671 android.view.ViewRootImpl$TraversalRunnable.run:10094 android.view.Choreographer$CallbackRecord.run:1010 android.view.Choreographer.doCallbacks:809 android.view.Choreographer.doFrame:744 android.view.Choreographer$FrameDisplayEventReceiver.run:995
09-16 14:59:13.957 24435 24435 I SurfaceControl: assignNativeObject: nativeObject = 0 Surface(name=null)/@0x2b623af / android.view.SurfaceControl.readFromParcel:1117 android.view.IWindowSession$Stub$Proxy.relayout:1836 android.view.ViewRootImpl.relayoutWindow:9132 android.view.ViewRootImpl.performTraversals:3422 android.view.ViewRootImpl.doTraversal:2671 android.view.ViewRootImpl$TraversalRunnable.run:10094 android.view.Choreographer$CallbackRecord.run:1010 android.view.Choreographer.doCallbacks:809 android.view.Choreographer.doFrame:744 android.view.Choreographer$FrameDisplayEventReceiver.run:995
09-16 14:59:13.958 24435 24435 I ViewRootImpl@c66e18[MainActivity]: Relayout returned: old=(0,0,1200,1920) new=(0,0,1200,1920) req=(1200,1920)8 dur=6 res=0x5 s={false 0} ch=true fn=26
09-16 14:59:13.958 24435 24435 I ViewRootImpl@c66e18[MainActivity]: stopped(true) old=false
09-16 14:59:34.215 24435 24435 I ViewRootImpl@97ee2df[ScannerActivity]: ViewPostIme pointer 0
09-16 14:59:34.300 24435 24435 I ViewRootImpl@97ee2df[ScannerActivity]: ViewPostIme pointer 1
09-16 14:59:34.338 24435 24435 I SurfaceControl: assignNativeObject: nativeObject = 0 Surface(name=null)/@0x6fc95aa / android.view.SurfaceControl.readFromParcel:1117 android.view.IWindowSession$Stub$Proxy.relayout:1826 android.view.ViewRootImpl.relayoutWindow:9132 android.view.ViewRootImpl.performTraversals:3422 android.view.ViewRootImpl.doTraversal:2671 android.view.ViewRootImpl$TraversalRunnable.run:10094 android.view.Choreographer$CallbackRecord.run:1010 android.view.Choreographer.doCallbacks:809 android.view.Choreographer.doFrame:744 android.view.Choreographer$FrameDisplayEventReceiver.run:995
09-16 14:59:34.338 24435 24435 I SurfaceControl: assignNativeObject: nativeObject = 0 Surface(name=null)/@0x2b623af / android.view.SurfaceControl.readFromParcel:1117 android.view.IWindowSession$Stub$Proxy.relayout:1836 android.view.ViewRootImpl.relayoutWindow:9132 android.view.ViewRootImpl.performTraversals:3422 android.view.ViewRootImpl.doTraversal:2671 android.view.ViewRootImpl$TraversalRunnable.run:10094 android.view.Choreographer$CallbackRecord.run:1010 android.view.Choreographer.doCallbacks:809 android.view.Choreographer.doFrame:744 android.view.Choreographer$FrameDisplayEventReceiver.run:995
09-16 14:59:34.339 24435 24435 I ViewRootImpl@c66e18[MainActivity]: Relayout returned: old=(0,0,1200,1920) new=(0,0,1200,1920) req=(1200,1920)4 dur=5 res=0x1 s={false 0} ch=false fn=-1
09-16 14:59:34.339 24435 24435 I ViewRootImpl@c66e18[MainActivity]: stopped(false) old=true
09-16 14:59:34.341 24435 24435 I ViewRootImpl@c66e18[MainActivity]: stopped(false) old=false
09-16 14:59:34.356 24435 24435 I SurfaceControl: assignNativeObject: nativeObject = 0 Surface(name=null)/@0x2b623af / android.view.SurfaceControl.readFromParcel:1117 android.view.IWindowSession$Stub$Proxy.relayout:1836 android.view.ViewRootImpl.relayoutWindow:9132 android.view.ViewRootImpl.performTraversals:3422 android.view.ViewRootImpl.doTraversal:2671 android.view.ViewRootImpl$TraversalRunnable.run:10094 android.view.Choreographer$CallbackRecord.run:1010 android.view.Choreographer.doCallbacks:809 android.view.Choreographer.doFrame:744 android.view.Choreographer$FrameDisplayEventReceiver.run:995
09-16 14:59:34.357 24435 24435 I ViewRootImpl@c66e18[MainActivity]: Relayout returned: old=(0,0,1200,1920) new=(0,0,1200,1920) req=(1200,1920)0 dur=12 res=0x7 s={true -5476376669685052720} ch=true fn=-1
09-16 14:59:34.357 24435 24435 I ViewRootImpl@c66e18[MainActivity]: [DP] dp(1) 1 android.view.ViewRootImpl.reportNextDraw:11080 android.view.ViewRootImpl.performTraversals:3917 android.view.ViewRootImpl.doTraversal:2671
09-16 14:59:34.357 24435 24435 I ViewRootImpl@c66e18[MainActivity]: [DP] pd() Asnyc report
09-16 14:59:34.359 24435 24435 I ViewRootImpl@c66e18[MainActivity]: mAttachInfo.mThreadedRenderer.draw, mView = DecorView@885d97c[MainActivity] w = 1200 h = 1920
09-16 14:59:34.370 24435 24435 I ViewRootImpl@c66e18[MainActivity]: [DP] pdf(0) 1 android.view.ViewRootImpl.lambda$performDraw$1$ViewRootImpl:4745 android.view.-$$Lambda$ViewRootImpl$DJd0VUYJgsebcnSohO6h8zc_ONI.run:6 android.os.Handler.handleCallback:938
09-16 14:59:34.370 24435 24435 I ViewRootImpl@c66e18[MainActivity]: [DP] rdf()
09-16 14:59:34.371 24435 24435 I ViewRootImpl@97ee2df[ScannerActivity]: MSG_WINDOW_FOCUS_CHANGED 0 1
09-16 14:59:34.376 24435 24435 I SurfaceControl: nativeRelease nativeObject s[-5476376674517148400]
09-16 14:59:34.376 24435 24435 I SurfaceControl: nativeRelease nativeObject e[-5476376674517148400]
09-16 14:59:34.376 24435 24435 I SurfaceControl: nativeRelease nativeObject s[-5476376674517161840]
09-16 14:59:34.376 24435 24435 I SurfaceControl: nativeRelease nativeObject e[-5476376674517161840]
09-16 14:59:34.376 24435 24435 I SurfaceControl: nativeRelease nativeObject s[-5476376674517135968]
09-16 14:59:34.376 24435 24435 I SurfaceControl: nativeRelease nativeObject e[-5476376674517135968]
09-16 14:59:34.395 24435 24435 I ViewRootImpl@c66e18[MainActivity]: MSG_WINDOW_FOCUS_CHANGED 1 1
09-16 14:59:34.395 24435 24435 D InputMethodManager: prepareNavigationBarInfo() DecorView@885d97c[MainActivity]
09-16 14:59:34.395 24435 24435 D InputMethodManager: getNavigationBarColor() -16777216
09-16 14:59:34.397 24435 24435 D InputMethodManager: prepareNavigationBarInfo() DecorView@885d97c[MainActivity]
09-16 14:59:34.397 24435 24435 D InputMethodManager: getNavigationBarColor() -16777216
09-16 14:59:34.397 24435 24435 V InputMethodManager: Starting input: tba=no.nordicsemi.android.nrfmeshprovisioner ic=null mNaviBarColor -16777216 mIsGetNaviBarColorSuccess true , NavVisible : true , NavTrans : false
09-16 14:59:34.397 24435 24435 D InputMethodManager: startInputInner - Id : 0
09-16 14:59:34.397 24435 24435 I InputMethodManager: startInputInner - mService.startInputOrWindowGainedFocus
09-16 14:59:34.399 24435 24435 D InputTransport: Input channel constructed: 'ClientS', fd=91
09-16 14:59:34.399 24435 24435 D InputTransport: Input channel destroyed: 'ClientS', fd=87
09-16 14:59:34.410 24435 24435 I SurfaceControl: nativeRelease nativeObject s[-5476376674517118720]
09-16 14:59:34.410 24435 24435 I SurfaceControl: nativeRelease nativeObject e[-5476376674517118720]
09-16 14:59:34.413 24435 24435 I SurfaceControl: nativeRelease nativeObject s[-5476376674517202384]
09-16 14:59:34.413 24435 24435 I SurfaceControl: nativeRelease nativeObject e[-5476376674517202384]
09-16 14:59:34.413 24435 24435 I SurfaceControl: nativeRelease nativeObject s[-5476376674517243600]
09-16 14:59:34.413 24435 24435 I SurfaceControl: nativeRelease nativeObject e[-5476376674517243600]
09-16 14:59:34.717 24435 24435 I SurfaceControl: nativeRelease nativeObject s[-5476376674517184464]
09-16 14:59:34.717 24435 24435 I SurfaceControl: nativeRelease nativeObject e[-5476376674517184464]
09-16 14:59:34.718 24435 24435 I SurfaceControl: assignNativeObject: nativeObject = 0 Surface(name=null)/@0xda44587 / android.view.SurfaceControl.readFromParcel:1117 android.view.IWindowSession$Stub$Proxy.relayout:1826 android.view.ViewRootImpl.relayoutWindow:9132 android.view.ViewRootImpl.performTraversals:3422 android.view.ViewRootImpl.doTraversal:2671 android.view.ViewRootImpl$TraversalRunnable.run:10094 android.view.Choreographer$CallbackRecord.run:1010 android.view.Choreographer.doCallbacks:809 android.view.Choreographer.doFrame:744 android.view.Choreographer$FrameDisplayEventReceiver.run:995
09-16 14:59:34.718 24435 24435 I SurfaceControl: assignNativeObject: nativeObject = 0 Surface(name=null)/@0x192d63 / android.view.SurfaceControl.readFromParcel:1117 android.view.IWindowSession$Stub$Proxy.relayout:1836 android.view.ViewRootImpl.relayoutWindow:9132 android.view.ViewRootImpl.performTraversals:3422 android.view.ViewRootImpl.doTraversal:2671 android.view.ViewRootImpl$TraversalRunnable.run:10094 android.view.Choreographer$CallbackRecord.run:1010 android.view.Choreographer.doCallbacks:809 android.view.Choreographer.doFrame:744 android.view.Choreographer$FrameDisplayEventReceiver.run:995
09-16 14:59:34.719 24435 24435 I ViewRootImpl@97ee2df[ScannerActivity]: Relayout returned: old=(0,0,1200,1920) new=(0,0,1200,1920) req=(1200,1920)8 dur=7 res=0x5 s={false 0} ch=true fn=1273
09-16 14:59:34.719 24435 24435 I ViewRootImpl@97ee2df[ScannerActivity]: stopped(true) old=false
09-16 14:59:34.720 24435 24435 I BluetoothAdapter: STATE_ON
09-16 14:59:34.720 24435 24435 I BluetoothAdapter: STATE_ON
09-16 14:59:34.720 24435 24435 D BluetoothLeScanner: Stop Scan with callback
09-16 14:59:34.727 24435 24435 I ViewRootImpl@97ee2df[ScannerActivity]: dispatchDetachedFromWindow
09-16 14:59:34.734 24435 24435 D InputTransport: Input channel destroyed: '9e7853a', fd=84
09-16 14:59:35.265 24435 24435 I ViewRootImpl@c66e18[MainActivity]: ViewPostIme pointer 0
09-16 14:59:35.334 24435 24435 I ViewRootImpl@c66e18[MainActivity]: ViewPostIme pointer 1
09-16 14:59:35.391 24435 24435 I DecorView: [INFO] isPopOver=false, config=true
09-16 14:59:35.391 24435 24435 I DecorView: updateCaptionType >> DecorView@9fe37b0[], isFloating=false, isApplication=true, hasWindowDecorCaption=false, hasWindowControllerCallback=true
09-16 14:59:35.391 24435 24435 D DecorView: setCaptionType = 0, this = DecorView@9fe37b0[]
09-16 14:59:35.401 24435 24435 D InputTransport: Input channel constructed: '9d19af3', fd=84
09-16 14:59:35.402 24435 24435 I ViewRootImpl@a91fe5e[ScannerActivity]: setView = com.android.internal.policy.DecorView@9fe37b0 TM=true
09-16 14:59:35.412 24435 24435 I SurfaceControl: assignNativeObject: nativeObject = 0 Surface(name=null)/@0x8153272 / android.view.SurfaceControl.readFromParcel:1117 android.view.IWindowSession$Stub$Proxy.relayout:1836 android.view.ViewRootImpl.relayoutWindow:9132 android.view.ViewRootImpl.performTraversals:3422 android.view.ViewRootImpl.doTraversal:2671 android.view.ViewRootImpl$TraversalRunnable.run:10094 android.view.Choreographer$CallbackRecord.run:1010 android.view.Choreographer.doCallbacks:809 android.view.Choreographer.doFrame:744 android.view.Choreographer$FrameDisplayEventReceiver.run:995
09-16 14:59:35.413 24435 24435 I ViewRootImpl@a91fe5e[ScannerActivity]: Relayout returned: old=(0,0,1200,1920) new=(0,0,1200,1920) req=(1200,1920)0 dur=9 res=0x7 s={true -5476376669685218400} ch=true fn=-1
09-16 14:59:35.414 24435 24435 I ViewRootImpl@a91fe5e[ScannerActivity]: [DP] dp(1) 1 android.view.ViewRootImpl.reportNextDraw:11080 android.view.ViewRootImpl.performTraversals:3917 android.view.ViewRootImpl.doTraversal:2671
09-16 14:59:35.414 24435 24435 I ViewRootImpl@a91fe5e[ScannerActivity]: [DP] pd() Asnyc report
09-16 14:59:35.416 24435 24435 I ViewRootImpl@a91fe5e[ScannerActivity]: mAttachInfo.mThreadedRenderer.draw, mView = DecorView@9fe37b0[ScannerActivity] w = 1200 h = 1920
09-16 14:59:35.423 24435 24435 I ViewRootImpl@a91fe5e[ScannerActivity]: [DP] pdf(0) 1 android.view.ViewRootImpl.lambda$performDraw$1$ViewRootImpl:4745 android.view.-$$Lambda$ViewRootImpl$DJd0VUYJgsebcnSohO6h8zc_ONI.run:6 android.os.Handler.handleCallback:938
09-16 14:59:35.423 24435 24435 I ViewRootImpl@a91fe5e[ScannerActivity]: [DP] rdf()
09-16 14:59:35.424 24435 24435 I BluetoothAdapter: STATE_ON
09-16 14:59:35.424 24435 24435 I BluetoothAdapter: STATE_ON
09-16 14:59:35.426 24435 24435 I BluetoothAdapter: STATE_ON
09-16 14:59:35.426 24435 24435 I BluetoothAdapter: STATE_ON
09-16 14:59:35.426 24435 24435 I BluetoothAdapter: STATE_ON
09-16 14:59:35.427 24435 24435 I BluetoothAdapter: STATE_ON
09-16 14:59:35.427 24435 24435 I BluetoothAdapter: STATE_ON
09-16 14:59:35.428 24435 24435 D BluetoothLeScanner: Start Scan with callback
09-16 14:59:35.430 24435 520 D BluetoothLeScanner: onScannerRegistered() - status=0 scannerId=11 mScannerId=0
09-16 14:59:35.433 24435 24435 I ViewRootImpl@c66e18[MainActivity]: MSG_WINDOW_FOCUS_CHANGED 0 1
09-16 14:59:35.445 24435 24435 I SurfaceControl: nativeRelease nativeObject s[-5476376674517165872]
09-16 14:59:35.445 24435 24435 I SurfaceControl: nativeRelease nativeObject e[-5476376674517165872]
09-16 14:59:35.445 24435 24435 I SurfaceControl: nativeRelease nativeObject s[-5476376674517228704]
09-16 14:59:35.445 24435 24435 I SurfaceControl: nativeRelease nativeObject e[-5476376674517228704]
09-16 14:59:35.445 24435 24435 I SurfaceControl: nativeRelease nativeObject s[-5476376674517143584]
09-16 14:59:35.445 24435 24435 I SurfaceControl: nativeRelease nativeObject e[-5476376674517143584]
09-16 14:59:35.451 24435 24435 I ViewRootImpl@a91fe5e[ScannerActivity]: MSG_WINDOW_FOCUS_CHANGED 1 1
09-16 14:59:35.451 24435 24435 D InputMethodManager: prepareNavigationBarInfo() DecorView@9fe37b0[ScannerActivity]
09-16 14:59:35.451 24435 24435 D InputMethodManager: getNavigationBarColor() -16777216
09-16 14:59:35.452 24435 24435 D InputMethodManager: prepareNavigationBarInfo() DecorView@9fe37b0[ScannerActivity]
09-16 14:59:35.452 24435 24435 D InputMethodManager: getNavigationBarColor() -16777216
09-16 14:59:35.452 24435 24435 V InputMethodManager: Starting input: tba=no.nordicsemi.android.nrfmeshprovisioner ic=null mNaviBarColor -16777216 mIsGetNaviBarColorSuccess true , NavVisible : true , NavTrans : false
09-16 14:59:35.452 24435 24435 D InputMethodManager: startInputInner - Id : 0
09-16 14:59:35.452 24435 24435 I InputMethodManager: startInputInner - mService.startInputOrWindowGainedFocus
09-16 14:59:35.454 24435 24435 D InputTransport: Input channel constructed: 'ClientS', fd=89
09-16 14:59:35.454 24435 24435 D InputTransport: Input channel destroyed: 'ClientS', fd=91
09-16 14:59:35.465 24435 24435 I SurfaceControl: nativeRelease nativeObject s[-5476376674517245392]
09-16 14:59:35.465 24435 24435 I SurfaceControl: nativeRelease nativeObject e[-5476376674517245392]
09-16 14:59:35.466 24435 24435 I SurfaceControl: nativeRelease nativeObject s[-5476376674517139440]
09-16 14:59:35.466 24435 24435 I SurfaceControl: nativeRelease nativeObject e[-5476376674517139440]
09-16 14:59:35.466 24435 24435 I SurfaceControl: nativeRelease nativeObject s[-5476376674517146720]
09-16 14:59:35.466 24435 24435 I SurfaceControl: nativeRelease nativeObject e[-5476376674517146720]
09-16 14:59:35.869 24435 24435 I SurfaceControl: nativeRelease nativeObject s[-5476376674517227696]
09-16 14:59:35.869 24435 24435 I SurfaceControl: nativeRelease nativeObject e[-5476376674517227696]
09-16 14:59:35.869 24435 24435 I SurfaceControl: assignNativeObject: nativeObject = 0 Surface(name=null)/@0x6fc95aa / android.view.SurfaceControl.readFromParcel:1117 android.view.IWindowSession$Stub$Proxy.relayout:1826 android.view.ViewRootImpl.relayoutWindow:9132 android.view.ViewRootImpl.performTraversals:3422 android.view.ViewRootImpl.doTraversal:2671 android.view.ViewRootImpl$TraversalRunnable.run:10094 android.view.Choreographer$CallbackRecord.run:1010 android.view.Choreographer.doCallbacks:809 android.view.Choreographer.doFrame:744 android.view.Choreographer$FrameDisplayEventReceiver.run:995
09-16 14:59:35.869 24435 24435 I SurfaceControl: assignNativeObject: nativeObject = 0 Surface(name=null)/@0x2b623af / android.view.SurfaceControl.readFromParcel:1117 android.view.IWindowSession$Stub$Proxy.relayout:1836 android.view.ViewRootImpl.relayoutWindow:9132 android.view.ViewRootImpl.performTraversals:3422 android.view.ViewRootImpl.doTraversal:2671 android.view.ViewRootImpl$TraversalRunnable.run:10094 android.view.Choreographer$CallbackRecord.run:1010 android.view.Choreographer.doCallbacks:809 android.view.Choreographer.doFrame:744 android.view.Choreographer$FrameDisplayEventReceiver.run:995
09-16 14:59:35.870 24435 24435 I ViewRootImpl@c66e18[MainActivity]: Relayout returned: old=(0,0,1200,1920) new=(0,0,1200,1920) req=(1200,1920)8 dur=8 res=0x5 s={false 0} ch=true fn=27
09-16 14:59:35.871 24435 24435 I ViewRootImpl@c66e18[MainActivity]: stopped(true) old=false
09-16 14:59:59.998 24435 24435 I ViewRootImpl@a91fe5e[ScannerActivity]: ViewPostIme pointer 0
09-16 15:00:00.067 24435 24435 I ViewRootImpl@a91fe5e[ScannerActivity]: ViewPostIme pointer 1
09-16 15:00:00.105 24435 24435 D ScrollView: initGoToTop
09-16 15:00:00.135 24435 24435 I DecorView: [INFO] isPopOver=false, config=true
09-16 15:00:00.135 24435 24435 I DecorView: updateCaptionType >> DecorView@6131a71[], isFloating=false, isApplication=true, hasWindowDecorCaption=false, hasWindowControllerCallback=true
09-16 15:00:00.135 24435 24435 D DecorView: setCaptionType = 0, this = DecorView@6131a71[]
09-16 15:00:00.140 24435 24435 E ActivityThread: Failed to find provider info for no.nordicsemi.android.log
09-16 15:00:00.140 24435 24435 D AA : Connect issued
09-16 15:00:00.141 24435 24435 I BluetoothAdapter: STATE_ON
09-16 15:00:00.142 24435 24435 D BluetoothGatt: connect() - device: C1:70:0D:03:B1:E6, auto: false
09-16 15:00:00.142 24435 24435 I BluetoothAdapter: isSecureModeEnabled
09-16 15:00:00.142 24435 24435 D BluetoothGatt: registerApp()
09-16 15:00:00.142 24435 24435 D BluetoothGatt: registerApp() - UUID=0e8bda65-3bee-40dc-81d3-67ab1a3defdf
09-16 15:00:00.145 24435 520 D BluetoothGatt: onClientRegistered() - status=0 clientIf=12
09-16 15:00:00.150 24435 24435 D InputTransport: Input channel constructed: '8be3d32', fd=82
09-16 15:00:00.150 24435 24435 I ViewRootImpl@30a918c[ProvisioningActivity]: setView = com.android.internal.policy.DecorView@6131a71 TM=true
09-16 15:00:00.169 24435 24435 I SurfaceControl: assignNativeObject: nativeObject = 0 Surface(name=null)/@0x10e9eb7 / android.view.SurfaceControl.readFromParcel:1117 android.view.IWindowSession$Stub$Proxy.relayout:1836 android.view.ViewRootImpl.relayoutWindow:9132 android.view.ViewRootImpl.performTraversals:3422 android.view.ViewRootImpl.doTraversal:2671 android.view.ViewRootImpl$TraversalRunnable.run:10094 android.view.Choreographer$CallbackRecord.run:1010 android.view.Choreographer.doCallbacks:809 android.view.Choreographer.doFrame:744 android.view.Choreographer$FrameDisplayEventReceiver.run:995
09-16 15:00:00.170 24435 24435 I ViewRootImpl@30a918c[ProvisioningActivity]: Relayout returned: old=(0,0,1200,1920) new=(0,0,1200,1920) req=(1200,1920)0 dur=10 res=0x7 s={true -5476376669684974240} ch=true fn=-1
09-16 15:00:00.170 24435 24435 I ViewRootImpl@30a918c[ProvisioningActivity]: [DP] dp(1) 1 android.view.ViewRootImpl.reportNextDraw:11080 android.view.ViewRootImpl.performTraversals:3917 android.view.ViewRootImpl.doTraversal:2671
09-16 15:00:00.170 24435 24435 I ViewRootImpl@30a918c[ProvisioningActivity]: [DP] pd() Asnyc report
09-16 15:00:00.171 24435 24435 I ViewRootImpl@30a918c[ProvisioningActivity]: mAttachInfo.mThreadedRenderer.draw, mView = DecorView@6131a71[ProvisioningActivity] w = 1200 h = 1920
09-16 15:00:00.179 24435 24435 I ViewRootImpl@30a918c[ProvisioningActivity]: [DP] pdf(0) 1 android.view.ViewRootImpl.lambda$performDraw$1$ViewRootImpl:4745 android.view.-$$Lambda$ViewRootImpl$DJd0VUYJgsebcnSohO6h8zc_ONI.run:6 android.os.Handler.handleCallback:938
09-16 15:00:00.179 24435 24435 I ViewRootImpl@30a918c[ProvisioningActivity]: [DP] rdf()
09-16 15:00:00.179 24435 24435 I ViewRootImpl@a91fe5e[ScannerActivity]: MSG_WINDOW_FOCUS_CHANGED 0 1
09-16 15:00:00.188 24435 24435 I SurfaceControl: nativeRelease nativeObject s[-5476376674517119504]
09-16 15:00:00.188 24435 24435 I SurfaceControl: nativeRelease nativeObject e[-5476376674517119504]
09-16 15:00:00.188 24435 24435 I SurfaceControl: nativeRelease nativeObject s[-5476376674517119616]
09-16 15:00:00.188 24435 24435 I SurfaceControl: nativeRelease nativeObject e[-5476376674517119616]
09-16 15:00:00.188 24435 24435 I SurfaceControl: nativeRelease nativeObject s[-5476376674517184128]
09-16 15:00:00.188 24435 24435 I SurfaceControl: nativeRelease nativeObject e[-5476376674517184128]
09-16 15:00:00.209 24435 24435 I ViewRootImpl@30a918c[ProvisioningActivity]: MSG_WINDOW_FOCUS_CHANGED 1 1
09-16 15:00:00.210 24435 24435 D InputMethodManager: prepareNavigationBarInfo() DecorView@6131a71[ProvisioningActivity]
09-16 15:00:00.210 24435 24435 D InputMethodManager: getNavigationBarColor() -16777216
09-16 15:00:00.210 24435 24435 D InputMethodManager: prepareNavigationBarInfo() DecorView@6131a71[ProvisioningActivity]
09-16 15:00:00.210 24435 24435 D InputMethodManager: getNavigationBarColor() -16777216
09-16 15:00:00.210 24435 24435 V InputMethodManager: Starting input: tba=no.nordicsemi.android.nrfmeshprovisioner ic=null mNaviBarColor -16777216 mIsGetNaviBarColorSuccess true , NavVisible : true , NavTrans : false
09-16 15:00:00.210 24435 24435 D InputMethodManager: startInputInner - Id : 0
09-16 15:00:00.210 24435 24435 I InputMethodManager: startInputInner - mService.startInputOrWindowGainedFocus
09-16 15:00:00.212 24435 24435 D InputTransport: Input channel constructed: 'ClientS', fd=91
09-16 15:00:00.212 24435 24435 D InputTransport: Input channel destroyed: 'ClientS', fd=89
09-16 15:00:00.226 24435 24435 I SurfaceControl: nativeRelease nativeObject s[-5476376674517138656]
09-16 15:00:00.226 24435 24435 I SurfaceControl: nativeRelease nativeObject e[-5476376674517138656]
09-16 15:00:00.227 24435 24435 I SurfaceControl: nativeRelease nativeObject s[-5476376674517125440]
09-16 15:00:00.227 24435 24435 I SurfaceControl: nativeRelease nativeObject e[-5476376674517125440]
09-16 15:00:00.227 24435 24435 I SurfaceControl: nativeRelease nativeObject s[-5476376674517178416]
09-16 15:00:00.227 24435 24435 I SurfaceControl: nativeRelease nativeObject e[-5476376674517178416]
09-16 15:00:00.633 24435 24435 I SurfaceControl: nativeRelease nativeObject s[-5476376674517138544]
09-16 15:00:00.633 24435 24435 I SurfaceControl: nativeRelease nativeObject e[-5476376674517138544]
09-16 15:00:00.633 24435 24435 I SurfaceControl: assignNativeObject: nativeObject = 0 Surface(name=null)/@0x9a23c4a / android.view.SurfaceControl.readFromParcel:1117 android.view.IWindowSession$Stub$Proxy.relayout:1826 android.view.ViewRootImpl.relayoutWindow:9132 android.view.ViewRootImpl.performTraversals:3422 android.view.ViewRootImpl.doTraversal:2671 android.view.ViewRootImpl$TraversalRunnable.run:10094 android.view.Choreographer$CallbackRecord.run:1010 android.view.Choreographer.doCallbacks:809 android.view.Choreographer.doFrame:744 android.view.Choreographer$FrameDisplayEventReceiver.run:995
09-16 15:00:00.633 24435 24435 I SurfaceControl: assignNativeObject: nativeObject = 0 Surface(name=null)/@0x8153272 / android.view.SurfaceControl.readFromParcel:1117 android.view.IWindowSession$Stub$Proxy.relayout:1836 android.view.ViewRootImpl.relayoutWindow:9132 android.view.ViewRootImpl.performTraversals:3422 android.view.ViewRootImpl.doTraversal:2671 android.view.ViewRootImpl$TraversalRunnable.run:10094 android.view.Choreographer$CallbackRecord.run:1010 android.view.Choreographer.doCallbacks:809 android.view.Choreographer.doFrame:744 android.view.Choreographer$FrameDisplayEventReceiver.run:995
09-16 15:00:00.634 24435 24435 I ViewRootImpl@a91fe5e[ScannerActivity]: Relayout returned: old=(0,0,1200,1920) new=(0,0,1200,1920) req=(1200,1920)8 dur=7 res=0x5 s={false 0} ch=true fn=1490
09-16 15:00:00.635 24435 24435 I ViewRootImpl@a91fe5e[ScannerActivity]: stopped(true) old=false
09-16 15:00:00.635 24435 24435 I BluetoothAdapter: STATE_ON
09-16 15:00:00.635 24435 24435 I BluetoothAdapter: STATE_ON
09-16 15:00:00.635 24435 24435 D BluetoothLeScanner: Stop Scan with callback
09-16 15:00:00.679 24435 24435 I SurfaceControl: assignNativeObject: nativeObject = 0 Surface(name=null)/@0x9a23c4a / android.view.SurfaceControl.readFromParcel:1117 android.view.IWindowSession$Stub$Proxy.relayout:1826 android.view.ViewRootImpl.relayoutWindow:9132 android.view.ViewRootImpl.performTraversals:3422 android.view.ViewRootImpl.doTraversal:2671 android.view.ViewRootImpl$TraversalRunnable.run:10094 android.view.Choreographer$CallbackRecord.run:1010 android.view.Choreographer.doCallbacks:809 android.view.Choreographer.doFrame:744 android.view.Choreographer$FrameDisplayEventReceiver.run:995
09-16 15:00:00.679 24435 24435 I SurfaceControl: assignNativeObject: nativeObject = 0 Surface(name=null)/@0x8153272 / android.view.SurfaceControl.readFromParcel:1117 android.view.IWindowSession$Stub$Proxy.relayout:1836 android.view.ViewRootImpl.relayoutWindow:9132 android.view.ViewRootImpl.performTraversals:3422 android.view.ViewRootImpl.doTraversal:2671 android.view.ViewRootImpl$TraversalRunnable.run:10094 android.view.Choreographer$CallbackRecord.run:1010 android.view.Choreographer.doCallbacks:809 android.view.Choreographer.doFrame:744 android.view.Choreographer$FrameDisplayEventReceiver.run:995
09-16 15:00:00.680 24435 24435 I ViewRootImpl@a91fe5e[ScannerActivity]: Relayout returned: old=(0,0,1200,1920) new=(0,0,1200,1920) req=(1200,1920)8 dur=5 res=0x5 s={false 0} ch=false fn=-1
09-16 15:00:00.833 24435 32627 D BluetoothGatt: onClientConnectionState() - status=0 clientIf=12 device=C1:70:0D:03:B1:E6
09-16 15:00:00.835 24435 24435 I BleManager: Connected to C1:70:0D:03:B1:E6
09-16 15:00:01.137 24435 24435 D BluetoothGatt: discoverServices() - device: C1:70:0D:03:B1:E6
09-16 15:00:01.585 24435 520 D BluetoothGatt: onConnectionUpdated() - Device=C1:70:0D:03:B1:E6 interval=156 latency=0 timeout=400 status=0
09-16 15:00:03.383 24435 520 D BluetoothGatt: onConnectionUpdated() - Device=C1:70:0D:03:B1:E6 interval=6 latency=0 timeout=500 status=0
09-16 15:00:03.627 24435 520 D BluetoothGatt: onSearchComplete() = Device=C1:70:0D:03:B1:E6 Status=0
09-16 15:00:03.629 24435 24435 I BleManager: Services discovered
09-16 15:00:03.630 24435 24435 D BluetoothGatt: configureMTU() - device: C1:70:0D:03:B1:E6 mtu: 517
09-16 15:00:03.644 24435 520 D BluetoothGatt: onConfigureMTU() - Device=C1:70:0D:03:B1:E6 mtu=69 status=0
09-16 15:00:03.645 24435 24435 I BleManager: MTU changed to: 69
09-16 15:00:03.645 24435 24435 D BluetoothGatt: setCharacteristicNotification() - uuid: 00002adc-0000-1000-8000-00805f9b34fb enable: true
09-16 15:00:03.660 24435 24435 I BleManager: Data written to descr. 00002902-0000-1000-8000-00805f9b34fb, value: (0x) 01-00
09-16 15:00:03.660 24435 24435 I BleManager: Notifications enabled
09-16 15:00:03.686 24435 24435 D ScrollView: onsize change changed
09-16 15:00:03.690 24435 520 D BluetoothGatt: onConnectionUpdated() - Device=C1:70:0D:03:B1:E6 interval=156 latency=0 timeout=400 status=0
09-16 15:00:06.532 24435 24435 I ViewRootImpl@30a918c[ProvisioningActivity]: ViewPostIme pointer 0
09-16 15:00:06.599 24435 24435 I ViewRootImpl@30a918c[ProvisioningActivity]: ViewPostIme pointer 1
09-16 15:00:06.611 24435 24435 I BleManager: Data written to 00002adb-0000-1000-8000-00805f9b34fb, value: (0x) 03-00-05
09-16 15:00:06.612 24435 24435 V MeshManagerApi: Provisioning pdu sent: 0x030005
09-16 15:00:06.893 24435 24435 I BleManager: Notification received from 00002adc-0000-1000-8000-00805f9b34fb, value: (0x) 03-01-01-00-01-00-01-00-00-00-00-00-00
09-16 15:00:06.893 24435 24435 V MeshManagerApi: Received provisioning message: 0x03010100010001000000000000
09-16 15:00:06.893 24435 24435 V ProvisioningCapabilities: Number of elements: 1
09-16 15:00:06.893 24435 24435 V AlgorithmType: Supported output oob action type: FIPS P-256 Elliptic Curve
09-16 15:00:06.893 24435 24435 V ProvisioningCapabilities: Public key information available: false
09-16 15:00:06.893 24435 24435 V ProvisioningCapabilities: Static OOB information available: : true
09-16 15:00:06.893 24435 24435 V ProvisioningCapabilities: Output OOB size: 0
09-16 15:00:06.893 24435 24435 V ProvisioningCapabilities: Input OOB size: 0
09-16 15:00:08.014 24435 24435 I ViewRootImpl@30a918c[ProvisioningActivity]: ViewPostIme pointer 0
09-16 15:00:08.134 24435 24435 I ViewRootImpl@30a918c[ProvisioningActivity]: ViewPostIme pointer 1
09-16 15:00:08.139 24435 24435 D ScrollView: initGoToTop
09-16 15:00:08.162 24435 24435 I Dialog : mIsSamsungBasicInteraction = false, isMetaDataInActivity = false
09-16 15:00:08.165 24435 24435 I DecorView: [INFO] isPopOver=false, config=false
09-16 15:00:08.165 24435 24435 I DecorView: updateCaptionType >> DecorView@81afdd3[], isFloating=true, isApplication=true, hasWindowDecorCaption=false, hasWindowControllerCallback=false
09-16 15:00:08.165 24435 24435 D DecorView: setCaptionType = 0, this = DecorView@81afdd3[]
09-16 15:00:08.171 24435 24435 D ScrollView: initGoToTop
09-16 15:00:08.185 24435 24435 D InputTransport: Input channel constructed: 'abc62fd', fd=86
09-16 15:00:08.185 24435 24435 I ViewRootImpl@23fda6c[ProvisioningActivity]: setView = com.android.internal.policy.DecorView@81afdd3 TM=true
09-16 15:00:08.210 24435 24435 I SurfaceControl: assignNativeObject: nativeObject = 0 Surface(name=null)/@0xe3c02b1 / android.view.SurfaceControl.readFromParcel:1117 android.view.IWindowSession$Stub$Proxy.relayout:1836 android.view.ViewRootImpl.relayoutWindow:9132 android.view.ViewRootImpl.performTraversals:3422 android.view.ViewRootImpl.doTraversal:2671 android.view.ViewRootImpl$TraversalRunnable.run:10094 android.view.Choreographer$CallbackRecord.run:1010 android.view.Choreographer.doCallbacks:809 android.view.Choreographer.doFrame:744 android.view.Choreographer$FrameDisplayEventReceiver.run:995
09-16 15:00:08.212 24435 24435 I ViewRootImpl@23fda6c[ProvisioningActivity]: Relayout returned: old=(0,36,1200,1848) new=(168,772,1032,1111) req=(864,339)0 dur=12 res=0x7 s={true -5476376669685157360} ch=true fn=-1
09-16 15:00:08.215 24435 24435 D ScrollView: onsize change changed
09-16 15:00:08.215 24435 24435 D ScrollView: onsize change changed
09-16 15:00:08.217 24435 24435 I ViewRootImpl@23fda6c[ProvisioningActivity]: [DP] dp(1) 1 android.view.ViewRootImpl.reportNextDraw:11080 android.view.ViewRootImpl.performTraversals:3917 android.view.ViewRootImpl.doTraversal:2671
09-16 15:00:08.217 24435 24435 I ViewRootImpl@23fda6c[ProvisioningActivity]: [DP] pd() Asnyc report
09-16 15:00:08.217 24435 24435 I ViewRootImpl@23fda6c[ProvisioningActivity]: mAttachInfo.mThreadedRenderer.draw, mView = DecorView@81afdd3[ProvisioningActivity] w = 864 h = 339
09-16 15:00:08.226 24435 24435 I ViewRootImpl@23fda6c[ProvisioningActivity]: [DP] pdf(0) 1 android.view.ViewRootImpl.lambda$performDraw$1$ViewRootImpl:4745 android.view.-$$Lambda$ViewRootImpl$DJd0VUYJgsebcnSohO6h8zc_ONI.run:6 android.os.Handler.handleCallback:938
09-16 15:00:08.226 24435 24435 I ViewRootImpl@23fda6c[ProvisioningActivity]: [DP] rdf()
09-16 15:00:08.232 24435 24435 I SurfaceControl: nativeRelease nativeObject s[-5476376674517118496]
09-16 15:00:08.232 24435 24435 I SurfaceControl: nativeRelease nativeObject e[-5476376674517118496]
09-16 15:00:08.232 24435 24435 I SurfaceControl: nativeRelease nativeObject s[-5476376674517154112]
09-16 15:00:08.232 24435 24435 I SurfaceControl: nativeRelease nativeObject e[-5476376674517154112]
09-16 15:00:08.233 24435 24435 I SurfaceControl: nativeRelease nativeObject s[-5476376674517119504]
09-16 15:00:08.233 24435 24435 I SurfaceControl: nativeRelease nativeObject e[-5476376674517119504]
09-16 15:00:08.233 24435 24435 I SurfaceControl: nativeRelease nativeObject s[-5476376674517119616]
09-16 15:00:08.233 24435 24435 I SurfaceControl: nativeRelease nativeObject e[-5476376674517119616]
09-16 15:00:08.233 24435 24435 I SurfaceControl: nativeRelease nativeObject s[-5476376674517184128]
09-16 15:00:08.233 24435 24435 I SurfaceControl: nativeRelease nativeObject e[-5476376674517184128]
09-16 15:00:08.234 24435 24435 I ViewRootImpl@30a918c[ProvisioningActivity]: MSG_WINDOW_FOCUS_CHANGED 0 1
09-16 15:00:08.243 24435 24435 I ViewRootImpl@23fda6c[ProvisioningActivity]: MSG_WINDOW_FOCUS_CHANGED 1 1
09-16 15:00:09.482 24435 24435 I ViewRootImpl@23fda6c[ProvisioningActivity]: ViewPostIme pointer 0
09-16 15:00:09.534 24435 24435 I ViewRootImpl@23fda6c[ProvisioningActivity]: ViewPostIme pointer 1
09-16 15:00:09.544 24435 24435 V ProvisioningStartState: Provisioning start PDU: 0x03020000000000
09-16 15:00:09.552 24435 31999 D OpenGLRenderer: endAllActiveAnimators on 0xb400006eab4d85b0 (RippleDrawable) with handle 0xb400006dbb339810
09-16 15:00:09.552 24435 24435 I ViewRootImpl@23fda6c[ProvisioningActivity]: dispatchDetachedFromWindow
09-16 15:00:09.553 24435 24435 I SurfaceControl: nativeRelease nativeObject s[-5476376674517171360]
09-16 15:00:09.553 24435 24435 I SurfaceControl: nativeRelease nativeObject e[-5476376674517171360]
