09-16 14:40:29.007 24435 24435 I ViewRootImpl@d46b15e[ProvisioningActivity]: MSG_WINDOW_FOCUS_CHANGED 1 1
09-16 14:40:29.007 24435 24435 D InputMethodManager: prepareNavigationBarInfo() DecorView@4d4e898[ProvisioningActivity]
09-16 14:40:29.007 24435 24435 D InputMethodManager: getNavigationBarColor() -16777216
09-16 14:40:29.008 24435 24435 D InputMethodManager: prepareNavigationBarInfo() DecorView@4d4e898[ProvisioningActivity]
09-16 14:40:29.008 24435 24435 D InputMethodManager: getNavigationBarColor() -16777216
09-16 14:40:29.008 24435 24435 V InputMethodManager: Starting input: tba=no.nordicsemi.android.nrfmeshprovisioner ic=null mNaviBarColor -16777216 mIsGetNaviBarColorSuccess true , NavVisible : true , NavTrans : false
09-16 14:40:29.008 24435 24435 D InputMethodManager: startInputInner - Id : 0
09-16 14:40:29.008 24435 24435 I InputMethodManager: startInputInner - mService.startInputOrWindowGainedFocus
09-16 14:40:29.009 24435 24435 D InputTransport: Input channel constructed: 'ClientS', fd=90
09-16 14:40:29.009 24435 24435 D InputTransport: Input channel destroyed: 'ClientS', fd=108
09-16 14:40:29.023 24435 24435 I SurfaceControl: nativeRelease nativeObject s[-5476376674517160384]
09-16 14:40:29.024 24435 24435 I SurfaceControl: nativeRelease nativeObject e[-5476376674517160384]
09-16 14:40:29.025 24435 24435 I SurfaceControl: nativeRelease nativeObject s[-5476376674517152992]
09-16 14:40:29.025 24435 24435 I SurfaceControl: nativeRelease nativeObject e[-5476376674517152992]
09-16 14:40:29.025 24435 24435 I SurfaceControl: nativeRelease nativeObject s[-5476376674517140896]
09-16 14:40:29.025 24435 24435 I SurfaceControl: nativeRelease nativeObject e[-5476376674517140896]
09-16 14:40:29.430 24435 24435 I SurfaceControl: nativeRelease nativeObject s[-5476376674517148512]
09-16 14:40:29.430 24435 24435 I SurfaceControl: nativeRelease nativeObject e[-5476376674517148512]
09-16 14:40:29.430 24435 24435 I SurfaceControl: assignNativeObject: nativeObject = 0 Surface(name=null)/@0x52aaa28 / android.view.SurfaceControl.readFromParcel:1117 android.view.IWindowSession$Stub$Proxy.relayout:1826 android.view.ViewRootImpl.relayoutWindow:9132 android.view.ViewRootImpl.performTraversals:3422 android.view.ViewRootImpl.doTraversal:2671 android.view.ViewRootImpl$TraversalRunnable.run:10094 android.view.Choreographer$CallbackRecord.run:1010 android.view.Choreographer.doCallbacks:809 android.view.Choreographer.doFrame:744 android.view.Choreographer$FrameDisplayEventReceiver.run:995
09-16 14:40:29.431 24435 24435 I SurfaceControl: assignNativeObject: nativeObject = 0 Surface(name=null)/@0x5baebe8 / android.view.SurfaceControl.readFromParcel:1117 android.view.IWindowSession$Stub$Proxy.relayout:1836 android.view.ViewRootImpl.relayoutWindow:9132 android.view.ViewRootImpl.performTraversals:3422 android.view.ViewRootImpl.doTraversal:2671 android.view.ViewRootImpl$TraversalRunnable.run:10094 android.view.Choreographer$CallbackRecord.run:1010 android.view.Choreographer.doCallbacks:809 android.view.Choreographer.doFrame:744 android.view.Choreographer$FrameDisplayEventReceiver.run:995
09-16 14:40:29.431 24435 24435 I ViewRootImpl@26c3634[ScannerActivity]: Relayout returned: old=(0,0,1200,1920) new=(0,0,1200,1920) req=(1200,1920)8 dur=6 res=0x5 s={false 0} ch=true fn=76
09-16 14:40:29.431 24435 24435 I ViewRootImpl@26c3634[ScannerActivity]: stopped(true) old=false
09-16 14:40:29.432 24435 24435 I BluetoothAdapter: STATE_ON
09-16 14:40:29.432 24435 24435 I BluetoothAdapter: STATE_ON
09-16 14:40:29.432 24435 24435 D BluetoothLeScanner: Stop Scan with callback
09-16 14:40:29.444 24435 24435 I SurfaceControl: assignNativeObject: nativeObject = 0 Surface(name=null)/@0x52aaa28 / android.view.SurfaceControl.readFromParcel:1117 android.view.IWindowSession$Stub$Proxy.relayout:1826 android.view.ViewRootImpl.relayoutWindow:9132 android.view.ViewRootImpl.performTraversals:3422 android.view.ViewRootImpl.doTraversal:2671 android.view.ViewRootImpl$TraversalRunnable.run:10094 android.view.Choreographer$CallbackRecord.run:1010 android.view.Choreographer.doCallbacks:809 android.view.Choreographer.doFrame:744 android.view.Choreographer$FrameDisplayEventReceiver.run:995
09-16 14:40:29.445 24435 24435 I SurfaceControl: assignNativeObject: nativeObject = 0 Surface(name=null)/@0x5baebe8 / android.view.SurfaceControl.readFromParcel:1117 android.view.IWindowSession$Stub$Proxy.relayout:1836 android.view.ViewRootImpl.relayoutWindow:9132 android.view.ViewRootImpl.performTraversals:3422 android.view.ViewRootImpl.doTraversal:2671 android.view.ViewRootImpl$TraversalRunnable.run:10094 android.view.Choreographer$CallbackRecord.run:1010 android.view.Choreographer.doCallbacks:809 android.view.Choreographer.doFrame:744 android.view.Choreographer$FrameDisplayEventReceiver.run:995
09-16 14:40:29.445 24435 24435 I ViewRootImpl@26c3634[ScannerActivity]: Relayout returned: old=(0,0,1200,1920) new=(0,0,1200,1920) req=(1200,1920)8 dur=6 res=0x5 s={false 0} ch=false fn=-1
09-16 14:40:30.122 24435 2148 D BluetoothGatt: onClientConnectionState() - status=0 clientIf=12 device=C1:70:0D:03:B1:E6
09-16 14:40:30.124 24435 24435 I BleManager: Connected to C1:70:0D:03:B1:E6
09-16 14:40:30.426 24435 24435 D BluetoothGatt: discoverServices() - device: C1:70:0D:03:B1:E6
09-16 14:40:30.870 24435 2148 D BluetoothGatt: onConnectionUpdated() - Device=C1:70:0D:03:B1:E6 interval=156 latency=0 timeout=400 status=0
09-16 14:40:32.610 24435 2148 D BluetoothGatt: onConnectionUpdated() - Device=C1:70:0D:03:B1:E6 interval=6 latency=0 timeout=500 status=0
09-16 14:40:32.855 24435 2148 D BluetoothGatt: onSearchComplete() = Device=C1:70:0D:03:B1:E6 Status=0
09-16 14:40:32.855 24435 24435 I BleManager: Services discovered
09-16 14:40:32.856 24435 24435 D BluetoothGatt: configureMTU() - device: C1:70:0D:03:B1:E6 mtu: 517
09-16 14:40:32.871 24435 2148 D BluetoothGatt: onConfigureMTU() - Device=C1:70:0D:03:B1:E6 mtu=69 status=0
09-16 14:40:32.873 24435 24435 I BleManager: MTU changed to: 69
09-16 14:40:32.874 24435 24435 D BluetoothGatt: setCharacteristicNotification() - uuid: 00002adc-0000-1000-8000-00805f9b34fb enable: true
09-16 14:40:32.895 24435 24435 I BleManager: Data written to descr. 00002902-0000-1000-8000-00805f9b34fb, value: (0x) 01-00
09-16 14:40:32.895 24435 24435 I BleManager: Notifications enabled
09-16 14:40:32.917 24435 2148 D BluetoothGatt: onConnectionUpdated() - Device=C1:70:0D:03:B1:E6 interval=156 latency=0 timeout=400 status=0
09-16 14:40:32.921 24435 24435 D ScrollView: onsize change changed
09-16 14:40:33.779 24435 24435 I ViewRootImpl@d46b15e[ProvisioningActivity]: ViewPostIme pointer 0
09-16 14:40:33.865 24435 24435 I ViewRootImpl@d46b15e[ProvisioningActivity]: ViewPostIme pointer 1
09-16 14:40:33.876 24435 24435 I BleManager: Data written to 00002adb-0000-1000-8000-00805f9b34fb, value: (0x) 03-00-05
09-16 14:40:33.877 24435 24435 V MeshManagerApi: Provisioning pdu sent: 0x030005
09-16 14:40:34.169 24435 24435 I BleManager: Notification received from 00002adc-0000-1000-8000-00805f9b34fb, value: (0x) 03-01-04-00-01-00-00-00-00-00-00-00-00
09-16 14:40:34.169 24435 24435 V MeshManagerApi: Received provisioning message: 0x03010400010000000000000000
09-16 14:40:34.169 24435 24435 V ProvisioningCapabilities: Number of elements: 4
09-16 14:40:34.170 24435 24435 V AlgorithmType: Supported output oob action type: FIPS P-256 Elliptic Curve
09-16 14:40:34.170 24435 24435 V ProvisioningCapabilities: Public key information available: false
09-16 14:40:34.170 24435 24435 V ProvisioningCapabilities: Static OOB information available: : false
09-16 14:40:34.170 24435 24435 V ProvisioningCapabilities: Output OOB size: 0
09-16 14:40:34.170 24435 24435 V ProvisioningCapabilities: Input OOB size: 0
09-16 14:40:34.629 24435 24435 I ViewRootImpl@d46b15e[ProvisioningActivity]: ViewPostIme pointer 0
09-16 14:40:34.715 24435 24435 I ViewRootImpl@d46b15e[ProvisioningActivity]: ViewPostIme pointer 1
09-16 14:40:34.726 24435 24435 V ProvisioningStartState: Provisioning start PDU: 0x03020000000000
09-16 14:40:34.756 24435 24435 I SurfaceControl: nativeRelease nativeObject s[-5476376674517219744]
09-16 14:40:34.756 24435 24435 I SurfaceControl: nativeRelease nativeObject e[-5476376674517219744]
09-16 14:40:34.757 24435 24435 I SurfaceControl: assignNativeObject: nativeObject = 0 Surface(name=null)/@0xf0653d1 / android.view.SurfaceControl.readFromParcel:1117 android.view.IWindowSession$Stub$Proxy.relayout:1836 android.view.ViewRootImpl.relayoutWindow:9132 android.view.ViewRootImpl.performTraversals:3422 android.view.ViewRootImpl.doTraversal:2671 android.view.ViewRootImpl$TraversalRunnable.run:10094 android.view.Choreographer$CallbackRecord.run:1010 android.view.Choreographer.doCallbacks:809 android.view.Choreographer.doFrame:744 android.view.Choreographer$FrameDisplayEventReceiver.run:995
09-16 14:40:34.757 24435 24435 I SurfaceControl: nativeRelease nativeObject s[-5476376674517165760]
09-16 14:40:34.757 24435 24435 I SurfaceControl: nativeRelease nativeObject e[-5476376674517165760]
09-16 14:40:34.757 24435 24435 I SurfaceControl: nativeRelease nativeObject s[-5476376674517131712]
09-16 14:40:34.757 24435 24435 I SurfaceControl: nativeRelease nativeObject e[-5476376674517131712]
09-16 14:40:34.757 24435 24435 I SurfaceControl: nativeRelease nativeObject s[-5476376674517184016]
09-16 14:40:34.757 24435 24435 I SurfaceControl: nativeRelease nativeObject e[-5476376674517184016]
09-16 14:40:34.757 24435 24435 I ViewRootImpl@d46b15e[ProvisioningActivity]: Relayout returned: old=(0,0,1200,1920) new=(0,0,1200,1920) req=(1200,1920)0 dur=7 res=0x1 s={true -5476376669685279440} ch=false fn=266
09-16 14:40:34.758 24435 24435 I ViewRootImpl@d46b15e[ProvisioningActivity]: mAttachInfo.mThreadedRenderer.draw, mView = DecorView@4d4e898[ProvisioningActivity] w = 1200 h = 1920
09-16 14:40:34.760 24435 24435 I BleManager: Data written to 00002adb-0000-1000-8000-00805f9b34fb, value: (0x) 03-02-00-00-00-00-00
09-16 14:40:34.760 24435 24435 V MeshManagerApi: Provisioning pdu sent: 0x03020000000000
09-16 14:40:34.766 24435 24435 V ProvisioningPublicKeyState: X: length: 32 BF475C5F82CDF1FBBF1A5E642B6FF81F4291F4D8EA0E24202C0E669DC6D80540
09-16 14:40:34.766 24435 24435 V ProvisioningPublicKeyState: Y: length: 32 C73C706A152373774B1A1D53DE3DDCFD776B377B1EC50C17CCC0249712D474F3
09-16 14:40:34.766 24435 24435 V ProvisioningPublicKeyState: XY: 0xBF475C5F82CDF1FBBF1A5E642B6FF81F4291F4D8EA0E24202C0E669DC6D80540C73C706A152373774B1A1D53DE3DDCFD776B377B1EC50C17CCC0249712D474F3
09-16 14:40:34.777 24435 24435 I BleManager: Data written to 00002adb-0000-1000-8000-00805f9b34fb, value: (0x) 03-03-BF-47-5C-5F-82-CD-F1-FB-BF-1A-5E-64-2B-6F-F8-1F-42-91-F4-D8-EA-0E-24-20-2C-0E-66-9D-C6-D8-05-40-C7-3C-70-6A-15-23-73-77-4B-1A-1D-53-DE-3D-DC-FD-77-6B-37-7B-1E-C5-0C-17-CC-C0-24-97-12-D4-74-F3
09-16 14:40:34.777 24435 24435 V MeshManagerApi: Provisioning pdu sent: 0x0303BF475C5F82CDF1FBBF1A5E642B6FF81F4291F4D8EA0E24202C0E669DC6D80540C73C706A152373774B1A1D53DE3DDCFD776B377B1EC50C17CCC0249712D474F3
09-16 14:40:38.857 24435 2148 D BluetoothGatt: onClientConnectionState() - status=8 clientIf=12 device=C1:70:0D:03:B1:E6
09-16 14:40:38.859 24435 24435 W BleManager: Error: (0x8): GATT CONN TIMEOUT
09-16 14:40:38.859 24435 24435 I BleManager: Disconnected
09-16 14:40:38.860 24435 24435 D BluetoothGatt: refresh() - device: C1:70:0D:03:B1:E6
09-16 14:40:38.861 24435 24435 I BleManager: Cache refreshed
09-16 14:40:38.861 24435 24435 D BluetoothGatt: close()
09-16 14:40:38.863 24435 24435 D BluetoothGatt: unregisterApp() - mClientIf=12
09-16 14:40:38.868 24435 24435 V s : Disconnected
09-16 14:40:38.888 24435 24435 I ViewRootImpl@26c3634[ScannerActivity]: stopped(false) old=true
09-16 14:40:38.891 24435 24435 I BluetoothAdapter: STATE_ON
09-16 14:40:38.891 24435 24435 I BluetoothAdapter: STATE_ON
09-16 14:40:38.891 24435 24435 I BluetoothAdapter: STATE_ON
09-16 14:40:38.891 24435 24435 I BluetoothAdapter: STATE_ON
09-16 14:40:38.892 24435 24435 I BluetoothAdapter: STATE_ON
09-16 14:40:38.893 24435 24435 I BluetoothAdapter: STATE_ON
09-16 14:40:38.893 24435 24435 I BluetoothAdapter: STATE_ON
09-16 14:40:38.893 24435 24435 D BluetoothLeScanner: Start Scan with callback
09-16 14:40:38.897 24435 2148 D BluetoothLeScanner: onScannerRegistered() - status=0 scannerId=11 mScannerId=0
09-16 14:40:38.901 24435 24435 I ViewRootImpl@26c3634[ScannerActivity]: stopped(false) old=false
09-16 14:40:38.916 24435 24435 I SurfaceControl: assignNativeObject: nativeObject = 0 Surface(name=null)/@0x5baebe8 / android.view.SurfaceControl.readFromParcel:1117 android.view.IWindowSession$Stub$Proxy.relayout:1836 android.view.ViewRootImpl.relayoutWindow:9132 android.view.ViewRootImpl.performTraversals:3422 android.view.ViewRootImpl.doTraversal:2671 android.view.ViewRootImpl$TraversalRunnable.run:10094 android.view.Choreographer$CallbackRecord.run:1010 android.view.Choreographer.doCallbacks:809 android.view.Choreographer.doFrame:744 android.view.Choreographer$FrameDisplayEventReceiver.run:995
09-16 14:40:38.916 24435 24435 I ViewRootImpl@26c3634[ScannerActivity]: Relayout returned: old=(0,0,1200,1920) new=(0,0,1200,1920) req=(1200,1920)0 dur=10 res=0x7 s={true -5476376669684913200} ch=true fn=-1
09-16 14:40:38.917 24435 24435 I ViewRootImpl@26c3634[ScannerActivity]: [DP] dp(1) 1 android.view.ViewRootImpl.reportNextDraw:11080 android.view.ViewRootImpl.performTraversals:3917 android.view.ViewRootImpl.doTraversal:2671
09-16 14:40:38.917 24435 24435 I ViewRootImpl@26c3634[ScannerActivity]: [DP] pd() Asnyc report
09-16 14:40:38.918 24435 24435 I ViewRootImpl@26c3634[ScannerActivity]: mAttachInfo.mThreadedRenderer.draw, mView = DecorView@59a77b1[ScannerActivity] w = 1200 h = 1920
09-16 14:40:38.929 24435 24435 I ViewRootImpl@26c3634[ScannerActivity]: [DP] pdf(0) 1 android.view.ViewRootImpl.lambda$performDraw$1$ViewRootImpl:4745 android.view.-$$Lambda$ViewRootImpl$DJd0VUYJgsebcnSohO6h8zc_ONI.run:6 android.os.Handler.handleCallback:938
09-16 14:40:38.929 24435 24435 I ViewRootImpl@26c3634[ScannerActivity]: [DP] rdf()
09-16 14:40:38.930 24435 24435 I ViewRootImpl@d46b15e[ProvisioningActivity]: MSG_WINDOW_FOCUS_CHANGED 0 1
09-16 14:40:38.938 24435 24435 I SurfaceControl: nativeRelease nativeObject s[-5476376674517198800]
09-16 14:40:38.938 24435 24435 I SurfaceControl: nativeRelease nativeObject e[-5476376674517198800]
09-16 14:40:38.938 24435 24435 I SurfaceControl: nativeRelease nativeObject s[-5476376674517157808]
09-16 14:40:38.938 24435 24435 I SurfaceControl: nativeRelease nativeObject e[-5476376674517157808]
09-16 14:40:38.938 24435 24435 I SurfaceControl: nativeRelease nativeObject s[-5476376674517219744]
09-16 14:40:38.938 24435 24435 I SurfaceControl: nativeRelease nativeObject e[-5476376674517219744]
09-16 14:40:38.957 24435 24435 I ViewRootImpl@26c3634[ScannerActivity]: MSG_WINDOW_FOCUS_CHANGED 1 1
09-16 14:40:38.957 24435 24435 D InputMethodManager: prepareNavigationBarInfo() DecorView@59a77b1[ScannerActivity]
09-16 14:40:38.957 24435 24435 D InputMethodManager: getNavigationBarColor() -16777216
09-16 14:40:38.958 24435 24435 D InputMethodManager: prepareNavigationBarInfo() DecorView@59a77b1[ScannerActivity]
09-16 14:40:38.958 24435 24435 D InputMethodManager: getNavigationBarColor() -16777216
09-16 14:40:38.958 24435 24435 V InputMethodManager: Starting input: tba=no.nordicsemi.android.nrfmeshprovisioner ic=null mNaviBarColor -16777216 mIsGetNaviBarColorSuccess true , NavVisible : true , NavTrans : false
09-16 14:40:38.958 24435 24435 D InputMethodManager: startInputInner - Id : 0
09-16 14:40:38.958 24435 24435 I InputMethodManager: startInputInner - mService.startInputOrWindowGainedFocus
09-16 14:40:38.960 24435 24435 D InputTransport: Input channel constructed: 'ClientS', fd=91
09-16 14:40:38.960 24435 24435 D InputTransport: Input channel destroyed: 'ClientS', fd=90
09-16 14:40:38.976 24435 24435 I SurfaceControl: nativeRelease nativeObject s[-5476376674517129248]
09-16 14:40:38.976 24435 24435 I SurfaceControl: nativeRelease nativeObject e[-5476376674517129248]
09-16 14:40:38.976 24435 24435 I SurfaceControl: nativeRelease nativeObject s[-5476376674517226352]
09-16 14:40:38.976 24435 24435 I SurfaceControl: nativeRelease nativeObject e[-5476376674517226352]
09-16 14:40:38.976 24435 24435 I SurfaceControl: nativeRelease nativeObject s[-5476376674517136192]
09-16 14:40:38.976 24435 24435 I SurfaceControl: nativeRelease nativeObject e[-5476376674517136192]
09-16 14:40:39.263 24435 24435 I SurfaceControl: nativeRelease nativeObject s[-5476376674517183568]
09-16 14:40:39.263 24435 24435 I SurfaceControl: nativeRelease nativeObject e[-5476376674517183568]
09-16 14:40:39.263 24435 24435 I SurfaceControl: assignNativeObject: nativeObject = 0 Surface(name=null)/@0x51111e5 / android.view.SurfaceControl.readFromParcel:1117 android.view.IWindowSession$Stub$Proxy.relayout:1826 android.view.ViewRootImpl.relayoutWindow:9132 android.view.ViewRootImpl.performTraversals:3422 android.view.ViewRootImpl.doTraversal:2671 android.view.ViewRootImpl$TraversalRunnable.run:10094 android.view.Choreographer$CallbackRecord.run:1010 android.view.Choreographer.doCallbacks:809 android.view.Choreographer.doFrame:744 android.view.Choreographer$FrameDisplayEventReceiver.run:995
09-16 14:40:39.263 24435 24435 I SurfaceControl: assignNativeObject: nativeObject = 0 Surface(name=null)/@0xf0653d1 / android.view.SurfaceControl.readFromParcel:1117 android.view.IWindowSession$Stub$Proxy.relayout:1836 android.view.ViewRootImpl.relayoutWindow:9132 android.view.ViewRootImpl.performTraversals:3422 android.view.ViewRootImpl.doTraversal:2671 android.view.ViewRootImpl$TraversalRunnable.run:10094 android.view.Choreographer$CallbackRecord.run:1010 android.view.Choreographer.doCallbacks:809 android.view.Choreographer.doFrame:744 android.view.Choreographer$FrameDisplayEventReceiver.run:995
09-16 14:40:39.264 24435 24435 I ViewRootImpl@d46b15e[ProvisioningActivity]: Relayout returned: old=(0,0,1200,1920) new=(0,0,1200,1920) req=(1200,1920)8 dur=5 res=0x5 s={false 0} ch=true fn=269
09-16 14:40:39.265 24435 24435 I ViewRootImpl@d46b15e[ProvisioningActivity]: stopped(true) old=false
09-16 14:40:39.269 24435 24435 I ViewRootImpl@d46b15e[ProvisioningActivity]: dispatchDetachedFromWindow
09-16 14:40:39.275 24435 24435 D InputTransport: Input channel destroyed: '468779d', fd=84
09-16 14:41:04.638 24435 24435 D InputMethodManager: prepareNavigationBarInfo() DecorView@59a77b1[ScannerActivity]
09-16 14:41:04.638 24435 24435 D InputMethodManager: getNavigationBarColor() -16777216
09-16 14:41:04.638 24435 24435 V InputMethodManager: Starting input: tba=no.nordicsemi.android.nrfmeshprovisioner ic=null mNaviBarColor -16777216 mIsGetNaviBarColorSuccess true , NavVisible : true , NavTrans : false
09-16 14:41:04.638 24435 24435 D InputMethodManager: startInputInner - Id : 0
09-16 14:41:04.638 24435 24435 I InputMethodManager: startInputInner - mService.startInputOrWindowGainedFocus
09-16 14:41:04.639 24435 24435 D InputTransport: Input channel constructed: 'ClientS', fd=84
09-16 14:41:04.639 24435 24435 D InputTransport: Input channel destroyed: 'ClientS', fd=91
09-16 14:41:05.005 24435 24435 I ViewRootImpl@26c3634[ScannerActivity]: stopped(true) old=false
09-16 14:41:05.009 24435 24435 I SurfaceControl: nativeRelease nativeObject s[-5476376674517169680]
09-16 14:41:05.009 24435 24435 I SurfaceControl: nativeRelease nativeObject e[-5476376674517169680]
09-16 14:41:05.009 24435 24435 I BluetoothAdapter: STATE_ON
09-16 14:41:05.009 24435 24435 I BluetoothAdapter: STATE_ON
09-16 14:41:05.009 24435 24435 D BluetoothLeScanner: Stop Scan with callback
09-16 14:41:05.039 24435 24435 I SurfaceControl: assignNativeObject: nativeObject = 0 Surface(name=null)/@0x52aaa28 / android.view.SurfaceControl.readFromParcel:1117 android.view.IWindowSession$Stub$Proxy.relayout:1826 android.view.ViewRootImpl.relayoutWindow:9132 android.view.ViewRootImpl.performTraversals:3422 android.view.ViewRootImpl.doTraversal:2671 android.view.ViewRootImpl$TraversalRunnable.run:10094 android.view.Choreographer$CallbackRecord.run:1010 android.view.Choreographer.doCallbacks:809 android.view.Choreographer.doFrame:744 android.view.Choreographer$FrameDisplayEventReceiver.run:995
09-16 14:41:05.039 24435 24435 I SurfaceControl: assignNativeObject: nativeObject = 0 Surface(name=null)/@0x5baebe8 / android.view.SurfaceControl.readFromParcel:1117 android.view.IWindowSession$Stub$Proxy.relayout:1836 android.view.ViewRootImpl.relayoutWindow:9132 android.view.ViewRootImpl.performTraversals:3422 android.view.ViewRootImpl.doTraversal:2671 android.view.ViewRootImpl$TraversalRunnable.run:10094 android.view.Choreographer$CallbackRecord.run:1010 android.view.Choreographer.doCallbacks:809 android.view.Choreographer.doFrame:744 android.view.Choreographer$FrameDisplayEventReceiver.run:995
09-16 14:41:05.040 24435 24435 I SurfaceControl: nativeRelease nativeObject s[-5476376674517118832]
09-16 14:41:05.040 24435 24435 I SurfaceControl: nativeRelease nativeObject e[-5476376674517118832]
09-16 14:41:05.040 24435 24435 I SurfaceControl: nativeRelease nativeObject s[-5476376674517126784]
09-16 14:41:05.040 24435 24435 I SurfaceControl: nativeRelease nativeObject e[-5476376674517126784]
09-16 14:41:05.040 24435 24435 I SurfaceControl: nativeRelease nativeObject s[-5476376674517222432]
09-16 14:41:05.040 24435 24435 I SurfaceControl: nativeRelease nativeObject e[-5476376674517222432]
09-16 14:41:05.040 24435 24435 I ViewRootImpl@26c3634[ScannerActivity]: Relayout returned: old=(0,0,1200,1920) new=(0,0,1200,1920) req=(1200,1920)4 dur=5 res=0x5 s={false 0} ch=false fn=-1
09-16 14:41:05.064 24435 24435 I SurfaceControl: assignNativeObject: nativeObject = 0 Surface(name=null)/@0x52aaa28 / android.view.SurfaceControl.readFromParcel:1117 android.view.IWindowSession$Stub$Proxy.relayout:1826 android.view.ViewRootImpl.relayoutWindow:9132 android.view.ViewRootImpl.performTraversals:3422 android.view.ViewRootImpl.doTraversal:2671 android.view.ViewRootImpl$TraversalRunnable.run:10094 android.view.Choreographer$CallbackRecord.run:1010 android.view.Choreographer.doCallbacks:809 android.view.Choreographer.doFrame:744 android.view.Choreographer$FrameDisplayEventReceiver.run:995
09-16 14:41:05.064 24435 24435 I SurfaceControl: assignNativeObject: nativeObject = 0 Surface(name=null)/@0x5baebe8 / android.view.SurfaceControl.readFromParcel:1117 android.view.IWindowSession$Stub$Proxy.relayout:1836 android.view.ViewRootImpl.relayoutWindow:9132 android.view.ViewRootImpl.performTraversals:3422 android.view.ViewRootImpl.doTraversal:2671 android.view.ViewRootImpl$TraversalRunnable.run:10094 android.view.Choreographer$CallbackRecord.run:1010 android.view.Choreographer.doCallbacks:809 android.view.Choreographer.doFrame:744 android.view.Choreographer$FrameDisplayEventReceiver.run:995
09-16 14:41:05.065 24435 24435 I SurfaceControl: nativeRelease nativeObject s[-5476376674517227696]
09-16 14:41:05.065 24435 24435 I SurfaceControl: nativeRelease nativeObject e[-5476376674517227696]
09-16 14:41:05.065 24435 24435 I SurfaceControl: nativeRelease nativeObject s[-5476376674517164864]
09-16 14:41:05.065 24435 24435 I SurfaceControl: nativeRelease nativeObject e[-5476376674517164864]
09-16 14:41:05.065 24435 24435 I SurfaceControl: nativeRelease nativeObject s[-5476376674517169680]
09-16 14:41:05.065 24435 24435 I SurfaceControl: nativeRelease nativeObject e[-5476376674517169680]
09-16 14:41:05.065 24435 24435 I ViewRootImpl@26c3634[ScannerActivity]: Relayout returned: old=(0,0,1200,1920) new=(0,0,1200,1920) req=(1200,1920)8 dur=6 res=0x1 s={false 0} ch=false fn=-1
09-16 14:41:05.191 24435 24435 I ViewRootImpl@26c3634[ScannerActivity]: MSG_WINDOW_FOCUS_CHANGED 0 1
09-16 14:41:05.326 24435 24435 I SurfaceControl: nativeRelease nativeObject s[-5476376674517118832]
09-16 14:41:05.326 24435 24435 I SurfaceControl: nativeRelease nativeObject e[-5476376674517118832]
09-16 14:41:05.326 24435 24435 I SurfaceControl: nativeRelease nativeObject s[-5476376674517126784]
09-16 14:41:05.326 24435 24435 I SurfaceControl: nativeRelease nativeObject e[-5476376674517126784]
09-16 14:41:05.327 24435 24435 I SurfaceControl: nativeRelease nativeObject s[-5476376674517222432]
09-16 14:41:05.327 24435 24435 I SurfaceControl: nativeRelease nativeObject e[-5476376674517222432]
09-16 14:42:04.955 24435 24435 I SurfaceControl: assignNativeObject: nativeObject = 0 Surface(name=null)/@0x52aaa28 / android.view.SurfaceControl.readFromParcel:1117 android.view.IWindowSession$Stub$Proxy.relayout:1826 android.view.ViewRootImpl.relayoutWindow:9132 android.view.ViewRootImpl.performTraversals:3422 android.view.ViewRootImpl.doTraversal:2671 android.view.ViewRootImpl$TraversalRunnable.run:10094 android.view.Choreographer$CallbackRecord.run:1010 android.view.Choreographer.doCallbacks:809 android.view.Choreographer.doFrame:744 android.view.Choreographer$FrameDisplayEventReceiver.run:995
09-16 14:42:04.955 24435 24435 I SurfaceControl: assignNativeObject: nativeObject = 0 Surface(name=null)/@0x5baebe8 / android.view.SurfaceControl.readFromParcel:1117 android.view.IWindowSession$Stub$Proxy.relayout:1836 android.view.ViewRootImpl.relayoutWindow:9132 android.view.ViewRootImpl.performTraversals:3422 android.view.ViewRootImpl.doTraversal:2671 android.view.ViewRootImpl$TraversalRunnable.run:10094 android.view.Choreographer$CallbackRecord.run:1010 android.view.Choreographer.doCallbacks:809 android.view.Choreographer.doFrame:744 android.view.Choreographer$FrameDisplayEventReceiver.run:995
09-16 14:42:04.956 24435 24435 I SurfaceControl: nativeRelease nativeObject s[-5476376674517169680]
09-16 14:42:04.956 24435 24435 I SurfaceControl: nativeRelease nativeObject e[-5476376674517169680]
09-16 14:42:04.956 24435 24435 I ViewRootImpl@26c3634[ScannerActivity]: Relayout returned: old=(0,0,1200,1920) new=(0,0,1200,1920) req=(1200,1920)4 dur=9 res=0x1 s={false 0} ch=false fn=-1
09-16 14:42:04.956 24435 24435 I ViewRootImpl@26c3634[ScannerActivity]: stopped(false) old=true
09-16 14:42:04.961 24435 24435 I BluetoothAdapter: STATE_ON
09-16 14:42:04.961 24435 24435 I BluetoothAdapter: STATE_ON
09-16 14:42:04.962 24435 24435 I BluetoothAdapter: STATE_ON
09-16 14:42:04.963 24435 24435 I BluetoothAdapter: STATE_ON
09-16 14:42:04.963 24435 24435 I BluetoothAdapter: STATE_ON
09-16 14:42:04.964 24435 24435 I BluetoothAdapter: STATE_ON
09-16 14:42:04.964 24435 24435 I BluetoothAdapter: STATE_ON
09-16 14:42:04.965 24435 24435 D BluetoothLeScanner: Start Scan with callback
09-16 14:42:04.971 24435 520 D BluetoothLeScanner: onScannerRegistered() - status=0 scannerId=10 mScannerId=0
09-16 14:42:04.976 24435 24435 I ViewRootImpl@26c3634[ScannerActivity]: stopped(false) old=false
09-16 14:42:04.988 24435 24435 I SurfaceControl: assignNativeObject: nativeObject = 0 Surface(name=null)/@0x5baebe8 / android.view.SurfaceControl.readFromParcel:1117 android.view.IWindowSession$Stub$Proxy.relayout:1836 android.view.ViewRootImpl.relayoutWindow:9132 android.view.ViewRootImpl.performTraversals:3422 android.view.ViewRootImpl.doTraversal:2671 android.view.ViewRootImpl$TraversalRunnable.run:10094 android.view.Choreographer$CallbackRecord.run:1010 android.view.Choreographer.doCallbacks:809 android.view.Choreographer.doFrame:744 android.view.Choreographer$FrameDisplayEventReceiver.run:995
09-16 14:42:04.990 24435 24435 I SurfaceControl: nativeRelease nativeObject s[-5476376674517222432]
09-16 14:42:04.990 24435 24435 I SurfaceControl: nativeRelease nativeObject e[-5476376674517222432]
09-16 14:42:04.991 24435 24435 I ViewRootImpl@26c3634[ScannerActivity]: Relayout returned: old=(0,0,1200,1920) new=(0,0,1200,1920) req=(1200,1920)0 dur=8 res=0x7 s={true -5476376669685279440} ch=true fn=-1
09-16 14:42:04.992 24435 24435 I ViewRootImpl@26c3634[ScannerActivity]: [DP] dp(1) 1 android.view.ViewRootImpl.reportNextDraw:11080 android.view.ViewRootImpl.performTraversals:3917 android.view.ViewRootImpl.doTraversal:2671
09-16 14:42:04.992 24435 24435 I ViewRootImpl@26c3634[ScannerActivity]: [DP] pd() Asnyc report
09-16 14:42:04.994 24435 24435 I ViewRootImpl@26c3634[ScannerActivity]: mAttachInfo.mThreadedRenderer.draw, mView = DecorView@59a77b1[ScannerActivity] w = 1200 h = 1920
09-16 14:42:05.004 24435 24435 I ViewRootImpl@26c3634[ScannerActivity]: [DP] pdf(0) 1 android.view.ViewRootImpl.lambda$performDraw$1$ViewRootImpl:4745 android.view.-$$Lambda$ViewRootImpl$DJd0VUYJgsebcnSohO6h8zc_ONI.run:6 android.os.Handler.handleCallback:938
09-16 14:42:05.004 24435 24435 I ViewRootImpl@26c3634[ScannerActivity]: [DP] rdf()
09-16 14:42:05.008 24435 24435 I ViewRootImpl@26c3634[ScannerActivity]: MSG_RESIZED_REPORT: frame=(0,0,1200,1920) ci=(0,0,0,72) vi=(0,0,0,72) or=1
09-16 14:42:05.009 24435 24435 I ViewRootImpl@26c3634[ScannerActivity]: [DP] dp(1) 1 android.view.ViewRootImpl.reportNextDraw:11080 android.view.ViewRootImpl.access$1300:255 android.view.ViewRootImpl$ViewRootHandler.handleMessage:6209
09-16 14:42:05.020 24435 24435 I SurfaceControl: nativeRelease nativeObject s[-5476376674517169680]
09-16 14:42:05.020 24435 24435 I SurfaceControl: nativeRelease nativeObject e[-5476376674517169680]
09-16 14:42:05.020 24435 24435 I SurfaceControl: assignNativeObject: nativeObject = 0 Surface(name=null)/@0x5baebe8 / android.view.SurfaceControl.readFromParcel:1117 android.view.IWindowSession$Stub$Proxy.relayout:1836 android.view.ViewRootImpl.relayoutWindow:9132 android.view.ViewRootImpl.performTraversals:3422 android.view.ViewRootImpl.doTraversal:2671 android.view.ViewRootImpl$TraversalRunnable.run:10094 android.view.Choreographer$CallbackRecord.run:1010 android.view.Choreographer.doCallbacks:809 android.view.Choreographer.doFrame:744 android.view.Choreographer$FrameDisplayEventReceiver.run:995
09-16 14:42:05.020 24435 24435 I SurfaceControl: nativeRelease nativeObject s[-5476376674517126784]
09-16 14:42:05.020 24435 24435 I SurfaceControl: nativeRelease nativeObject e[-5476376674517126784]
09-16 14:42:05.021 24435 24435 I ViewRootImpl@26c3634[ScannerActivity]: Relayout returned: old=(0,0,1200,1920) new=(0,0,1200,1920) req=(1200,1920)0 dur=7 res=0x1 s={true -5476376669685279440} ch=false fn=3
09-16 14:42:05.021 24435 24435 I ViewRootImpl@26c3634[ScannerActivity]: [DP] pd() Asnyc report
09-16 14:42:05.023 24435 24435 I ViewRootImpl@26c3634[ScannerActivity]: mAttachInfo.mThreadedRenderer.draw, mView = DecorView@59a77b1[ScannerActivity] w = 1200 h = 1920
09-16 14:42:05.036 24435 24435 I ViewRootImpl@26c3634[ScannerActivity]: [DP] pdf(0) 1 android.view.ViewRootImpl.lambda$performDraw$1$ViewRootImpl:4745 android.view.-$$Lambda$ViewRootImpl$DJd0VUYJgsebcnSohO6h8zc_ONI.run:6 android.os.Handler.handleCallback:938
09-16 14:42:05.036 24435 24435 I ViewRootImpl@26c3634[ScannerActivity]: [DP] rdf()
09-16 14:42:05.047 24435 24435 I SurfaceControl: nativeRelease nativeObject s[-5476376674517169680]
09-16 14:42:05.047 24435 24435 I SurfaceControl: nativeRelease nativeObject e[-5476376674517169680]
09-16 14:42:05.057 24435 24435 I ViewRootImpl@26c3634[ScannerActivity]: MSG_WINDOW_FOCUS_CHANGED 1 1
09-16 14:42:05.057 24435 24435 D InputMethodManager: prepareNavigationBarInfo() DecorView@59a77b1[ScannerActivity]
09-16 14:42:05.057 24435 24435 D InputMethodManager: getNavigationBarColor() -16777216
09-16 14:42:05.059 24435 24435 D InputMethodManager: prepareNavigationBarInfo() DecorView@59a77b1[ScannerActivity]
09-16 14:42:05.059 24435 24435 D InputMethodManager: getNavigationBarColor() -16777216
09-16 14:42:05.059 24435 24435 V InputMethodManager: Starting input: tba=no.nordicsemi.android.nrfmeshprovisioner ic=null mNaviBarColor -16777216 mIsGetNaviBarColorSuccess true , NavVisible : true , NavTrans : false
09-16 14:42:05.059 24435 24435 D InputMethodManager: startInputInner - Id : 0
09-16 14:42:05.059 24435 24435 I InputMethodManager: startInputInner - mService.startInputOrWindowGainedFocus
09-16 14:42:05.061 24435 24435 D InputTransport: Input channel constructed: 'ClientS', fd=87
09-16 14:42:05.061 24435 24435 D InputTransport: Input channel destroyed: 'ClientS', fd=84
09-16 14:42:05.767 24435 24435 I ViewRootImpl@26c3634[ScannerActivity]: ViewPostIme pointer 0
09-16 14:42:05.870 24435 24435 I ViewRootImpl@26c3634[ScannerActivity]: ViewPostIme pointer 1
09-16 14:42:05.910 24435 24435 D ScrollView: initGoToTop
09-16 14:42:05.945 24435 24435 I DecorView: [INFO] isPopOver=false, config=true
09-16 14:42:05.945 24435 24435 I DecorView: updateCaptionType >> DecorView@442cc58[], isFloating=false, isApplication=true, hasWindowDecorCaption=false, hasWindowControllerCallback=true
09-16 14:42:05.945 24435 24435 D DecorView: setCaptionType = 0, this = DecorView@442cc58[]
09-16 14:42:05.949 24435 24435 E ActivityThread: Failed to find provider info for no.nordicsemi.android.log
09-16 14:42:05.950 24435 24435 D AA : Connect issued
09-16 14:42:05.951 24435 24435 I BluetoothAdapter: STATE_ON
09-16 14:42:05.951 24435 24435 D BluetoothGatt: connect() - device: C1:70:0D:03:B1:E6, auto: false
09-16 14:42:05.951 24435 24435 I BluetoothAdapter: isSecureModeEnabled
09-16 14:42:05.952 24435 24435 D BluetoothGatt: registerApp()
09-16 14:42:05.952 24435 24435 D BluetoothGatt: registerApp() - UUID=225c397e-b51a-4370-9e1a-030dc0637631
09-16 14:42:05.955 24435 520 D BluetoothGatt: onClientRegistered() - status=0 clientIf=12
09-16 14:42:05.959 24435 24435 D InputTransport: Input channel constructed: 'e12d5e3', fd=89
09-16 14:42:05.960 24435 24435 I ViewRootImpl@b3b69cc[ProvisioningActivity]: setView = com.android.internal.policy.DecorView@442cc58 TM=true
09-16 14:42:05.972 24435 24435 I SurfaceControl: assignNativeObject: nativeObject = 0 Surface(name=null)/@0xf2d57f6 / android.view.SurfaceControl.readFromParcel:1117 android.view.IWindowSession$Stub$Proxy.relayout:1836 android.view.ViewRootImpl.relayoutWindow:9132 android.view.ViewRootImpl.performTraversals:3422 android.view.ViewRootImpl.doTraversal:2671 android.view.ViewRootImpl$TraversalRunnable.run:10094 android.view.Choreographer$CallbackRecord.run:1010 android.view.Choreographer.doCallbacks:809 android.view.Choreographer.doFrame:744 android.view.Choreographer$FrameDisplayEventReceiver.run:995
09-16 14:42:05.972 24435 24435 I ViewRootImpl@b3b69cc[ProvisioningActivity]: Relayout returned: old=(0,0,1200,1920) new=(0,0,1200,1920) req=(1200,1920)0 dur=9 res=0x7 s={true -5476376669685052720} ch=true fn=-1
09-16 14:42:05.973 24435 24435 I ViewRootImpl@b3b69cc[ProvisioningActivity]: [DP] dp(1) 1 android.view.ViewRootImpl.reportNextDraw:11080 android.view.ViewRootImpl.performTraversals:3917 android.view.ViewRootImpl.doTraversal:2671
09-16 14:42:05.973 24435 24435 I ViewRootImpl@b3b69cc[ProvisioningActivity]: [DP] pd() Asnyc report
09-16 14:42:05.974 24435 24435 I ViewRootImpl@b3b69cc[ProvisioningActivity]: mAttachInfo.mThreadedRenderer.draw, mView = DecorView@442cc58[ProvisioningActivity] w = 1200 h = 1920
09-16 14:42:05.982 24435 24435 I ViewRootImpl@b3b69cc[ProvisioningActivity]: [DP] pdf(0) 1 android.view.ViewRootImpl.lambda$performDraw$1$ViewRootImpl:4745 android.view.-$$Lambda$ViewRootImpl$DJd0VUYJgsebcnSohO6h8zc_ONI.run:6 android.os.Handler.handleCallback:938
09-16 14:42:05.982 24435 24435 I ViewRootImpl@b3b69cc[ProvisioningActivity]: [DP] rdf()
09-16 14:42:05.983 24435 24435 I ViewRootImpl@26c3634[ScannerActivity]: MSG_WINDOW_FOCUS_CHANGED 0 1
09-16 14:42:05.990 24435 24435 I SurfaceControl: nativeRelease nativeObject s[-5476376674517118832]
09-16 14:42:05.990 24435 24435 I SurfaceControl: nativeRelease nativeObject e[-5476376674517118832]
09-16 14:42:05.990 24435 24435 I SurfaceControl: nativeRelease nativeObject s[-5476376674517227696]
09-16 14:42:05.990 24435 24435 I SurfaceControl: nativeRelease nativeObject e[-5476376674517227696]
09-16 14:42:05.990 24435 24435 I SurfaceControl: nativeRelease nativeObject s[-5476376674517164864]
09-16 14:42:05.990 24435 24435 I SurfaceControl: nativeRelease nativeObject e[-5476376674517164864]
09-16 14:42:06.012 24435 24435 I ViewRootImpl@b3b69cc[ProvisioningActivity]: MSG_WINDOW_FOCUS_CHANGED 1 1
09-16 14:42:06.012 24435 24435 D InputMethodManager: prepareNavigationBarInfo() DecorView@442cc58[ProvisioningActivity]
09-16 14:42:06.012 24435 24435 D InputMethodManager: getNavigationBarColor() -16777216
09-16 14:42:06.013 24435 24435 D InputMethodManager: prepareNavigationBarInfo() DecorView@442cc58[ProvisioningActivity]
09-16 14:42:06.013 24435 24435 D InputMethodManager: getNavigationBarColor() -16777216
09-16 14:42:06.013 24435 24435 V InputMethodManager: Starting input: tba=no.nordicsemi.android.nrfmeshprovisioner ic=null mNaviBarColor -16777216 mIsGetNaviBarColorSuccess true , NavVisible : true , NavTrans : false
09-16 14:42:06.013 24435 24435 D InputMethodManager: startInputInner - Id : 0
09-16 14:42:06.013 24435 24435 I InputMethodManager: startInputInner - mService.startInputOrWindowGainedFocus
09-16 14:42:06.014 24435 24435 D InputTransport: Input channel constructed: 'ClientS', fd=95
09-16 14:42:06.014 24435 24435 D InputTransport: Input channel destroyed: 'ClientS', fd=87
09-16 14:42:06.028 24435 24435 I SurfaceControl: nativeRelease nativeObject s[-5476376674517166544]
09-16 14:42:06.028 24435 24435 I SurfaceControl: nativeRelease nativeObject e[-5476376674517166544]
09-16 14:42:06.029 24435 24435 I SurfaceControl: nativeRelease nativeObject s[-5476376674517172704]
09-16 14:42:06.029 24435 24435 I SurfaceControl: nativeRelease nativeObject e[-5476376674517172704]
09-16 14:42:06.029 24435 24435 I SurfaceControl: nativeRelease nativeObject s[-5476376674517193536]
09-16 14:42:06.029 24435 24435 I SurfaceControl: nativeRelease nativeObject e[-5476376674517193536]
09-16 14:42:06.371 24435 520 D BluetoothGatt: onClientConnectionState() - status=0 clientIf=12 device=C1:70:0D:03:B1:E6
09-16 14:42:06.372 24435 24435 I BleManager: Connected to C1:70:0D:03:B1:E6
09-16 14:42:06.434 24435 24435 I SurfaceControl: nativeRelease nativeObject s[-5476376674517222432]
09-16 14:42:06.434 24435 24435 I SurfaceControl: nativeRelease nativeObject e[-5476376674517222432]
09-16 14:42:06.434 24435 24435 I SurfaceControl: assignNativeObject: nativeObject = 0 Surface(name=null)/@0x52aaa28 / android.view.SurfaceControl.readFromParcel:1117 android.view.IWindowSession$Stub$Proxy.relayout:1826 android.view.ViewRootImpl.relayoutWindow:9132 android.view.ViewRootImpl.performTraversals:3422 android.view.ViewRootImpl.doTraversal:2671 android.view.ViewRootImpl$TraversalRunnable.run:10094 android.view.Choreographer$CallbackRecord.run:1010 android.view.Choreographer.doCallbacks:809 android.view.Choreographer.doFrame:744 android.view.Choreographer$FrameDisplayEventReceiver.run:995
09-16 14:42:06.434 24435 24435 I SurfaceControl: assignNativeObject: nativeObject = 0 Surface(name=null)/@0x5baebe8 / android.view.SurfaceControl.readFromParcel:1117 android.view.IWindowSession$Stub$Proxy.relayout:1836 android.view.ViewRootImpl.relayoutWindow:9132 android.view.ViewRootImpl.performTraversals:3422 android.view.ViewRootImpl.doTraversal:2671 android.view.ViewRootImpl$TraversalRunnable.run:10094 android.view.Choreographer$CallbackRecord.run:1010 android.view.Choreographer.doCallbacks:809 android.view.Choreographer.doFrame:744 android.view.Choreographer$FrameDisplayEventReceiver.run:995
09-16 14:42:06.435 24435 24435 I ViewRootImpl@26c3634[ScannerActivity]: Relayout returned: old=(0,0,1200,1920) new=(0,0,1200,1920) req=(1200,1920)8 dur=5 res=0x5 s={false 0} ch=true fn=87
09-16 14:42:06.435 24435 24435 I ViewRootImpl@26c3634[ScannerActivity]: stopped(true) old=false
09-16 14:42:06.436 24435 24435 I BluetoothAdapter: STATE_ON
09-16 14:42:06.436 24435 24435 I BluetoothAdapter: STATE_ON
09-16 14:42:06.436 24435 24435 D BluetoothLeScanner: Stop Scan with callback
09-16 14:42:06.449 24435 24435 I SurfaceControl: assignNativeObject: nativeObject = 0 Surface(name=null)/@0x52aaa28 / android.view.SurfaceControl.readFromParcel:1117 android.view.IWindowSession$Stub$Proxy.relayout:1826 android.view.ViewRootImpl.relayoutWindow:9132 android.view.ViewRootImpl.performTraversals:3422 android.view.ViewRootImpl.doTraversal:2671 android.view.ViewRootImpl$TraversalRunnable.run:10094 android.view.Choreographer$CallbackRecord.run:1010 android.view.Choreographer.doCallbacks:809 android.view.Choreographer.doFrame:744 android.view.Choreographer$FrameDisplayEventReceiver.run:995
09-16 14:42:06.450 24435 24435 I SurfaceControl: assignNativeObject: nativeObject = 0 Surface(name=null)/@0x5baebe8 / android.view.SurfaceControl.readFromParcel:1117 android.view.IWindowSession$Stub$Proxy.relayout:1836 android.view.ViewRootImpl.relayoutWindow:9132 android.view.ViewRootImpl.performTraversals:3422 android.view.ViewRootImpl.doTraversal:2671 android.view.ViewRootImpl$TraversalRunnable.run:10094 android.view.Choreographer$CallbackRecord.run:1010 android.view.Choreographer.doCallbacks:809 android.view.Choreographer.doFrame:744 android.view.Choreographer$FrameDisplayEventReceiver.run:995
09-16 14:42:06.450 24435 24435 I ViewRootImpl@26c3634[ScannerActivity]: Relayout returned: old=(0,0,1200,1920) new=(0,0,1200,1920) req=(1200,1920)8 dur=6 res=0x5 s={false 0} ch=false fn=-1
09-16 14:42:06.673 24435 24435 D BluetoothGatt: discoverServices() - device: C1:70:0D:03:B1:E6
09-16 14:42:07.125 24435 520 D BluetoothGatt: onConnectionUpdated() - Device=C1:70:0D:03:B1:E6 interval=156 latency=0 timeout=400 status=0
09-16 14:42:08.744 24435 520 D BluetoothGatt: onConnectionUpdated() - Device=C1:70:0D:03:B1:E6 interval=6 latency=0 timeout=500 status=0
09-16 14:42:08.987 24435 520 D BluetoothGatt: onSearchComplete() = Device=C1:70:0D:03:B1:E6 Status=0
09-16 14:42:08.988 24435 24435 I BleManager: Services discovered
09-16 14:42:08.988 24435 24435 D BluetoothGatt: configureMTU() - device: C1:70:0D:03:B1:E6 mtu: 517
09-16 14:42:09.006 24435 520 D BluetoothGatt: onConfigureMTU() - Device=C1:70:0D:03:B1:E6 mtu=69 status=0
09-16 14:42:09.007 24435 24435 I BleManager: MTU changed to: 69
09-16 14:42:09.007 24435 24435 D BluetoothGatt: setCharacteristicNotification() - uuid: 00002adc-0000-1000-8000-00805f9b34fb enable: true
09-16 14:42:09.022 24435 24435 I BleManager: Data written to descr. 00002902-0000-1000-8000-00805f9b34fb, value: (0x) 01-00
09-16 14:42:09.022 24435 24435 I BleManager: Notifications enabled
09-16 14:42:09.036 24435 24435 D ScrollView: onsize change changed
09-16 14:42:09.051 24435 520 D BluetoothGatt: onConnectionUpdated() - Device=C1:70:0D:03:B1:E6 interval=156 latency=0 timeout=400 status=0
09-16 14:42:10.934 24435 24435 I ViewRootImpl@b3b69cc[ProvisioningActivity]: ViewPostIme pointer 0
09-16 14:42:11.037 24435 24435 I ViewRootImpl@b3b69cc[ProvisioningActivity]: ViewPostIme pointer 1
09-16 14:42:11.062 24435 24435 I BleManager: Data written to 00002adb-0000-1000-8000-00805f9b34fb, value: (0x) 03-00-05
09-16 14:42:11.062 24435 24435 V MeshManagerApi: Provisioning pdu sent: 0x030005
09-16 14:42:11.278 24435 24435 I BleManager: Notification received from 00002adc-0000-1000-8000-00805f9b34fb, value: (0x) 03-01-04-00-01-00-00-00-00-00-00-00-00
09-16 14:42:11.279 24435 24435 V MeshManagerApi: Received provisioning message: 0x03010400010000000000000000
09-16 14:42:11.279 24435 24435 V ProvisioningCapabilities: Number of elements: 4
09-16 14:42:11.279 24435 24435 V AlgorithmType: Supported output oob action type: FIPS P-256 Elliptic Curve
09-16 14:42:11.279 24435 24435 V ProvisioningCapabilities: Public key information available: false
09-16 14:42:11.279 24435 24435 V ProvisioningCapabilities: Static OOB information available: : false
09-16 14:42:11.279 24435 24435 V ProvisioningCapabilities: Output OOB size: 0
09-16 14:42:11.279 24435 24435 V ProvisioningCapabilities: Input OOB size: 0
09-16 14:42:17.867 24435 24435 I ViewRootImpl@b3b69cc[ProvisioningActivity]: ViewPostIme pointer 0
09-16 14:42:18.003 24435 24435 I ViewRootImpl@b3b69cc[ProvisioningActivity]: ViewPostIme pointer 1
09-16 14:42:18.006 24435 24435 V ProvisioningStartState: Provisioning start PDU: 0x03020000000000
09-16 14:42:18.031 24435 24435 I SurfaceControl: nativeRelease nativeObject s[-5476376674517148624]
09-16 14:42:18.031 24435 24435 I SurfaceControl: nativeRelease nativeObject e[-5476376674517148624]
09-16 14:42:18.031 24435 24435 I SurfaceControl: assignNativeObject: nativeObject = 0 Surface(name=null)/@0xf2d57f6 / android.view.SurfaceControl.readFromParcel:1117 android.view.IWindowSession$Stub$Proxy.relayout:1836 android.view.ViewRootImpl.relayoutWindow:9132 android.view.ViewRootImpl.performTraversals:3422 android.view.ViewRootImpl.doTraversal:2671 android.view.ViewRootImpl$TraversalRunnable.run:10094 android.view.Choreographer$CallbackRecord.run:1010 android.view.Choreographer.doCallbacks:809 android.view.Choreographer.doFrame:744 android.view.Choreographer$FrameDisplayEventReceiver.run:995
09-16 14:42:18.032 24435 24435 I SurfaceControl: nativeRelease nativeObject s[-5476376674517227696]
09-16 14:42:18.032 24435 24435 I SurfaceControl: nativeRelease nativeObject e[-5476376674517227696]
09-16 14:42:18.032 24435 24435 I SurfaceControl: nativeRelease nativeObject s[-5476376674517166544]
09-16 14:42:18.032 24435 24435 I SurfaceControl: nativeRelease nativeObject e[-5476376674517166544]
09-16 14:42:18.032 24435 24435 I SurfaceControl: nativeRelease nativeObject s[-5476376674517164864]
09-16 14:42:18.032 24435 24435 I SurfaceControl: nativeRelease nativeObject e[-5476376674517164864]
09-16 14:42:18.032 24435 24435 I ViewRootImpl@b3b69cc[ProvisioningActivity]: Relayout returned: old=(0,0,1200,1920) new=(0,0,1200,1920) req=(1200,1920)0 dur=6 res=0x1 s={true -5476376669685052720} ch=false fn=213
09-16 14:42:18.033 24435 24435 I ViewRootImpl@b3b69cc[ProvisioningActivity]: mAttachInfo.mThreadedRenderer.draw, mView = DecorView@442cc58[ProvisioningActivity] w = 1200 h = 1920
09-16 14:42:18.035 24435 24435 I BleManager: Data written to 00002adb-0000-1000-8000-00805f9b34fb, value: (0x) 03-02-00-00-00-00-00
09-16 14:42:18.035 24435 24435 V MeshManagerApi: Provisioning pdu sent: 0x03020000000000
09-16 14:42:18.037 24435 24435 V ProvisioningPublicKeyState: X: length: 32 F53631975B531BC7466A887A822AFF12CA68B3B6A04DD5C272EED96DE07367FA
09-16 14:42:18.037 24435 24435 V ProvisioningPublicKeyState: Y: length: 32 D161281A3231B8BEC9BFF3E6ECBA7F64BAEFF17DCEEA9B5364F597E9B3E902D5
09-16 14:42:18.037 24435 24435 V ProvisioningPublicKeyState: XY: 0xF53631975B531BC7466A887A822AFF12CA68B3B6A04DD5C272EED96DE07367FAD161281A3231B8BEC9BFF3E6ECBA7F64BAEFF17DCEEA9B5364F597E9B3E902D5
09-16 14:42:18.039 24435 24435 I BleManager: Data written to 00002adb-0000-1000-8000-00805f9b34fb, value: (0x) 03-03-F5-36-31-97-5B-53-1B-C7-46-6A-88-7A-82-2A-FF-12-CA-68-B3-B6-A0-4D-D5-C2-72-EE-D9-6D-E0-73-67-FA-D1-61-28-1A-32-31-B8-BE-C9-BF-F3-E6-EC-BA-7F-64-BA-EF-F1-7D-CE-EA-9B-53-64-F5-97-E9-B3-E9-02-D5
09-16 14:42:18.049 24435 24435 V MeshManagerApi: Provisioning pdu sent: 0x0303F53631975B531BC7466A887A822AFF12CA68B3B6A04DD5C272EED96DE07367FAD161281A3231B8BEC9BFF3E6ECBA7F64BAEFF17DCEEA9B5364F597E9B3E902D5
09-16 14:42:22.205 24435 520 D BluetoothGatt: onClientConnectionState() - status=8 clientIf=12 device=C1:70:0D:03:B1:E6
09-16 14:42:22.206 24435 24435 W BleManager: Error: (0x8): GATT CONN TIMEOUT
09-16 14:42:22.207 24435 24435 I BleManager: Disconnected
09-16 14:42:22.209 24435 24435 D BluetoothGatt: refresh() - device: C1:70:0D:03:B1:E6
09-16 14:42:22.209 24435 24435 I BleManager: Cache refreshed
09-16 14:42:22.210 24435 24435 D BluetoothGatt: close()
09-16 14:42:22.212 24435 24435 D BluetoothGatt: unregisterApp() - mClientIf=12
09-16 14:42:22.215 24435 24435 V s : Disconnected
09-16 14:42:22.243 24435 24435 I ViewRootImpl@26c3634[ScannerActivity]: stopped(false) old=true
09-16 14:42:22.245 24435 24435 I BluetoothAdapter: STATE_ON
09-16 14:42:22.245 24435 24435 I BluetoothAdapter: STATE_ON
09-16 14:42:22.246 24435 24435 I BluetoothAdapter: STATE_ON
09-16 14:42:22.246 24435 24435 I BluetoothAdapter: STATE_ON
09-16 14:42:22.247 24435 24435 I BluetoothAdapter: STATE_ON
09-16 14:42:22.248 24435 24435 I BluetoothAdapter: STATE_ON
09-16 14:42:22.248 24435 24435 I BluetoothAdapter: STATE_ON
09-16 14:42:22.249 24435 24435 D BluetoothLeScanner: Start Scan with callback
09-16 14:42:22.252 24435 520 D BluetoothLeScanner: onScannerRegistered() - status=0 scannerId=10 mScannerId=0
09-16 14:42:22.257 24435 24435 I ViewRootImpl@26c3634[ScannerActivity]: stopped(false) old=false
09-16 14:42:22.273 24435 24435 I SurfaceControl: assignNativeObject: nativeObject = 0 Surface(name=null)/@0x5baebe8 / android.view.SurfaceControl.readFromParcel:1117 android.view.IWindowSession$Stub$Proxy.relayout:1836 android.view.ViewRootImpl.relayoutWindow:9132 android.view.ViewRootImpl.performTraversals:3422 android.view.ViewRootImpl.doTraversal:2671 android.view.ViewRootImpl$TraversalRunnable.run:10094 android.view.Choreographer$CallbackRecord.run:1010 android.view.Choreographer.doCallbacks:809 android.view.Choreographer.doFrame:744 android.view.Choreographer$FrameDisplayEventReceiver.run:995
09-16 14:42:22.273 24435 24435 I ViewRootImpl@26c3634[ScannerActivity]: Relayout returned: old=(0,0,1200,1920) new=(0,0,1200,1920) req=(1200,1920)0 dur=13 res=0x7 s={true -5476376669685017840} ch=true fn=-1
09-16 14:42:22.274 24435 24435 I ViewRootImpl@26c3634[ScannerActivity]: [DP] dp(1) 1 android.view.ViewRootImpl.reportNextDraw:11080 android.view.ViewRootImpl.performTraversals:3917 android.view.ViewRootImpl.doTraversal:2671
09-16 14:42:22.274 24435 24435 I ViewRootImpl@26c3634[ScannerActivity]: [DP] pd() Asnyc report
09-16 14:42:22.275 24435 24435 I ViewRootImpl@26c3634[ScannerActivity]: mAttachInfo.mThreadedRenderer.draw, mView = DecorView@59a77b1[ScannerActivity] w = 1200 h = 1920
09-16 14:42:22.288 24435 24435 I ViewRootImpl@26c3634[ScannerActivity]: [DP] pdf(0) 1 android.view.ViewRootImpl.lambda$performDraw$1$ViewRootImpl:4745 android.view.-$$Lambda$ViewRootImpl$DJd0VUYJgsebcnSohO6h8zc_ONI.run:6 android.os.Handler.handleCallback:938
