09-16 14:14:01.053 24435 24435 I SurfaceControl: assignNativeObject: nativeObject = 0 Surface(name=null)/@0x2b623af / android.view.SurfaceControl.readFromParcel:1117 android.view.IWindowSession$Stub$Proxy.relayout:1836 android.view.ViewRootImpl.relayoutWindow:9132 android.view.ViewRootImpl.performTraversals:3422 android.view.ViewRootImpl.doTraversal:2671 android.view.ViewRootImpl$TraversalRunnable.run:10094 android.view.Choreographer$CallbackRecord.run:1010 android.view.Choreographer.doCallbacks:809 android.view.Choreographer.doFrame:744 android.view.Choreographer$FrameDisplayEventReceiver.run:995
09-16 14:14:01.055 24435 24435 I SurfaceControl: nativeRelease nativeObject s[-5476376674517144480]
09-16 14:14:01.055 24435 24435 I SurfaceControl: nativeRelease nativeObject e[-5476376674517144480]
09-16 14:14:01.055 24435 24435 I ViewRootImpl@c66e18[MainActivity]: Relayout returned: old=(0,0,1200,1920) new=(0,0,1200,1920) req=(1200,1920)0 dur=9 res=0x7 s={true -5476376669684991680} ch=true fn=-1
09-16 14:14:01.056 24435 24435 I ViewRootImpl@c66e18[MainActivity]: [DP] dp(1) 1 android.view.ViewRootImpl.reportNextDraw:11080 android.view.ViewRootImpl.performTraversals:3917 android.view.ViewRootImpl.doTraversal:2671
09-16 14:14:01.056 24435 24435 I ViewRootImpl@c66e18[MainActivity]: [DP] pd() Asnyc report
09-16 14:14:01.057 24435 24435 I ViewRootImpl@c66e18[MainActivity]: mAttachInfo.mThreadedRenderer.draw, mView = DecorView@885d97c[MainActivity] w = 1200 h = 1920
09-16 14:14:01.074 24435 24435 I ViewRootImpl@c66e18[MainActivity]: [DP] pdf(0) 1 android.view.ViewRootImpl.lambda$performDraw$1$ViewRootImpl:4745 android.view.-$$Lambda$ViewRootImpl$DJd0VUYJgsebcnSohO6h8zc_ONI.run:6 android.os.Handler.handleCallback:938
09-16 14:14:01.074 24435 24435 I ViewRootImpl@c66e18[MainActivity]: [DP] rdf()
09-16 14:14:01.075 24435 24435 I ViewRootImpl@c66e18[MainActivity]: MSG_RESIZED_REPORT: frame=(0,0,1200,1920) ci=(0,0,0,72) vi=(0,0,0,72) or=1
09-16 14:14:01.075 24435 24435 I ViewRootImpl@c66e18[MainActivity]: [DP] dp(1) 1 android.view.ViewRootImpl.reportNextDraw:11080 android.view.ViewRootImpl.access$1300:255 android.view.ViewRootImpl$ViewRootHandler.handleMessage:6209
09-16 14:14:01.082 24435 24435 I ViewRootImpl@c66e18[MainActivity]: [DP] pd() Asnyc report
09-16 14:14:01.089 24435 24435 I ViewRootImpl@c66e18[MainActivity]: [DP] pdf(0) 1 android.view.ViewRootImpl.lambda$performDraw$1$ViewRootImpl:4745 android.view.-$$Lambda$ViewRootImpl$DJd0VUYJgsebcnSohO6h8zc_ONI.run:6 android.os.Handler.handleCallback:938
09-16 14:14:01.089 24435 24435 I ViewRootImpl@c66e18[MainActivity]: [DP] rdf()
09-16 14:14:01.093 24435 24435 I SurfaceControl: nativeRelease nativeObject s[-5476376674517170688]
09-16 14:14:01.093 24435 24435 I SurfaceControl: nativeRelease nativeObject e[-5476376674517170688]
09-16 14:14:01.114 24435 24435 I ViewRootImpl@c66e18[MainActivity]: MSG_WINDOW_FOCUS_CHANGED 1 1
09-16 14:14:01.114 24435 24435 D InputMethodManager: prepareNavigationBarInfo() DecorView@885d97c[MainActivity]
09-16 14:14:01.114 24435 24435 D InputMethodManager: getNavigationBarColor() -16777216
09-16 14:14:01.118 24435 24435 D InputMethodManager: prepareNavigationBarInfo() DecorView@885d97c[MainActivity]
09-16 14:14:01.118 24435 24435 D InputMethodManager: getNavigationBarColor() -16777216
09-16 14:14:01.118 24435 24435 V InputMethodManager: Starting input: tba=no.nordicsemi.android.nrfmeshprovisioner ic=null mNaviBarColor -16777216 mIsGetNaviBarColorSuccess true , NavVisible : true , NavTrans : false
09-16 14:14:01.118 24435 24435 D InputMethodManager: startInputInner - Id : 0
09-16 14:14:01.118 24435 24435 I InputMethodManager: startInputInner - mService.startInputOrWindowGainedFocus
09-16 14:14:01.120 24435 24435 D InputTransport: Input channel constructed: 'ClientS', fd=84
09-16 14:14:01.120 24435 24435 D InputTransport: Input channel destroyed: 'ClientS', fd=82
09-16 14:14:31.078 24435 24435 D InputMethodManager: prepareNavigationBarInfo() DecorView@885d97c[MainActivity]
09-16 14:14:31.078 24435 24435 D InputMethodManager: getNavigationBarColor() -16777216
09-16 14:14:31.078 24435 24435 V InputMethodManager: Starting input: tba=no.nordicsemi.android.nrfmeshprovisioner ic=null mNaviBarColor -16777216 mIsGetNaviBarColorSuccess true , NavVisible : true , NavTrans : false
09-16 14:14:31.078 24435 24435 D InputMethodManager: startInputInner - Id : 0
09-16 14:14:31.078 24435 24435 I InputMethodManager: startInputInner - mService.startInputOrWindowGainedFocus
09-16 14:14:31.079 24435 24435 D InputTransport: Input channel constructed: 'ClientS', fd=83
09-16 14:14:31.079 24435 24435 D InputTransport: Input channel destroyed: 'ClientS', fd=84
09-16 14:14:31.427 24435 24435 I ViewRootImpl@c66e18[MainActivity]: stopped(true) old=false
09-16 14:14:31.429 24435 24435 I SurfaceControl: nativeRelease nativeObject s[-5476376674517155456]
09-16 14:14:31.429 24435 24435 I SurfaceControl: nativeRelease nativeObject e[-5476376674517155456]
09-16 14:14:31.450 24435 24435 I SurfaceControl: assignNativeObject: nativeObject = 0 Surface(name=null)/@0x6fc95aa / android.view.SurfaceControl.readFromParcel:1117 android.view.IWindowSession$Stub$Proxy.relayout:1826 android.view.ViewRootImpl.relayoutWindow:9132 android.view.ViewRootImpl.performTraversals:3422 android.view.ViewRootImpl.doTraversal:2671 android.view.ViewRootImpl$TraversalRunnable.run:10094 android.view.Choreographer$CallbackRecord.run:1010 android.view.Choreographer.doCallbacks:809 android.view.Choreographer.doFrame:744 android.view.Choreographer$FrameDisplayEventReceiver.run:995
09-16 14:14:31.450 24435 24435 I SurfaceControl: assignNativeObject: nativeObject = 0 Surface(name=null)/@0x2b623af / android.view.SurfaceControl.readFromParcel:1117 android.view.IWindowSession$Stub$Proxy.relayout:1836 android.view.ViewRootImpl.relayoutWindow:9132 android.view.ViewRootImpl.performTraversals:3422 android.view.ViewRootImpl.doTraversal:2671 android.view.ViewRootImpl$TraversalRunnable.run:10094 android.view.Choreographer$CallbackRecord.run:1010 android.view.Choreographer.doCallbacks:809 android.view.Choreographer.doFrame:744 android.view.Choreographer$FrameDisplayEventReceiver.run:995
09-16 14:14:31.451 24435 24435 I SurfaceControl: nativeRelease nativeObject s[-5476376674517193088]
09-16 14:14:31.451 24435 24435 I SurfaceControl: nativeRelease nativeObject e[-5476376674517193088]
09-16 14:14:31.451 24435 24435 I SurfaceControl: nativeRelease nativeObject s[-5476376674517225680]
09-16 14:14:31.451 24435 24435 I SurfaceControl: nativeRelease nativeObject e[-5476376674517225680]
09-16 14:14:31.451 24435 24435 I SurfaceControl: nativeRelease nativeObject s[-5476376674517203504]
09-16 14:14:31.451 24435 24435 I SurfaceControl: nativeRelease nativeObject e[-5476376674517203504]
09-16 14:14:31.451 24435 24435 I ViewRootImpl@c66e18[MainActivity]: Relayout returned: old=(0,0,1200,1920) new=(0,0,1200,1920) req=(1200,1920)4 dur=6 res=0x5 s={false 0} ch=false fn=-1
09-16 14:14:31.487 24435 24435 I SurfaceControl: assignNativeObject: nativeObject = 0 Surface(name=null)/@0x6fc95aa / android.view.SurfaceControl.readFromParcel:1117 android.view.IWindowSession$Stub$Proxy.relayout:1826 android.view.ViewRootImpl.relayoutWindow:9132 android.view.ViewRootImpl.performTraversals:3422 android.view.ViewRootImpl.doTraversal:2671 android.view.ViewRootImpl$TraversalRunnable.run:10094 android.view.Choreographer$CallbackRecord.run:1010 android.view.Choreographer.doCallbacks:809 android.view.Choreographer.doFrame:744 android.view.Choreographer$FrameDisplayEventReceiver.run:995
09-16 14:14:31.488 24435 24435 I SurfaceControl: assignNativeObject: nativeObject = 0 Surface(name=null)/@0x2b623af / android.view.SurfaceControl.readFromParcel:1117 android.view.IWindowSession$Stub$Proxy.relayout:1836 android.view.ViewRootImpl.relayoutWindow:9132 android.view.ViewRootImpl.performTraversals:3422 android.view.ViewRootImpl.doTraversal:2671 android.view.ViewRootImpl$TraversalRunnable.run:10094 android.view.Choreographer$CallbackRecord.run:1010 android.view.Choreographer.doCallbacks:809 android.view.Choreographer.doFrame:744 android.view.Choreographer$FrameDisplayEventReceiver.run:995
09-16 14:14:31.488 24435 24435 I SurfaceControl: nativeRelease nativeObject s[-5476376674517155456]
09-16 14:14:31.488 24435 24435 I SurfaceControl: nativeRelease nativeObject e[-5476376674517155456]
09-16 14:14:31.488 24435 24435 I SurfaceControl: nativeRelease nativeObject s[-5476376674517166320]
09-16 14:14:31.488 24435 24435 I SurfaceControl: nativeRelease nativeObject e[-5476376674517166320]
09-16 14:14:31.488 24435 24435 I SurfaceControl: nativeRelease nativeObject s[-5476376674517170688]
09-16 14:14:31.488 24435 24435 I SurfaceControl: nativeRelease nativeObject e[-5476376674517170688]
09-16 14:14:31.488 24435 24435 I ViewRootImpl@c66e18[MainActivity]: Relayout returned: old=(0,0,1200,1920) new=(0,0,1200,1920) req=(1200,1920)8 dur=5 res=0x1 s={false 0} ch=false fn=-1
09-16 14:14:31.588 24435 24435 I ViewRootImpl@c66e18[MainActivity]: MSG_WINDOW_FOCUS_CHANGED 0 1
09-16 14:14:31.702 24435 24435 I SurfaceControl: nativeRelease nativeObject s[-5476376674517203504]
09-16 14:14:31.702 24435 24435 I SurfaceControl: nativeRelease nativeObject e[-5476376674517203504]
09-16 14:14:31.702 24435 24435 I SurfaceControl: nativeRelease nativeObject s[-5476376674517193088]
09-16 14:14:31.702 24435 24435 I SurfaceControl: nativeRelease nativeObject e[-5476376674517193088]
09-16 14:14:31.703 24435 24435 I SurfaceControl: nativeRelease nativeObject s[-5476376674517225680]
09-16 14:14:31.703 24435 24435 I SurfaceControl: nativeRelease nativeObject e[-5476376674517225680]
09-16 14:18:35.735 24435 31992 D BluetoothGatt: onClientConnectionState() - status=8 clientIf=9 device=C1:70:0D:03:B1:E6
09-16 14:18:35.737 24435 24435 W BleManager: Error: (0x8): GATT CONN TIMEOUT
09-16 14:18:35.737 24435 24435 I BleManager: Disconnected
09-16 14:18:35.740 24435 24435 D BluetoothGatt: close()
09-16 14:18:35.747 24435 24435 D BluetoothGatt: unregisterApp() - mClientIf=9
09-16 14:18:35.752 24435 24435 V s : Disconnected
09-16 14:19:08.321 24435 24435 I SurfaceControl: assignNativeObject: nativeObject = 0 Surface(name=null)/@0x6fc95aa / android.view.SurfaceControl.readFromParcel:1117 android.view.IWindowSession$Stub$Proxy.relayout:1826 android.view.ViewRootImpl.relayoutWindow:9132 android.view.ViewRootImpl.performTraversals:3422 android.view.ViewRootImpl.doTraversal:2671 android.view.ViewRootImpl$TraversalRunnable.run:10094 android.view.Choreographer$CallbackRecord.run:1010 android.view.Choreographer.doCallbacks:809 android.view.Choreographer.doFrame:744 android.view.Choreographer$FrameDisplayEventReceiver.run:995
09-16 14:19:08.322 24435 24435 I SurfaceControl: assignNativeObject: nativeObject = 0 Surface(name=null)/@0x2b623af / android.view.SurfaceControl.readFromParcel:1117 android.view.IWindowSession$Stub$Proxy.relayout:1836 android.view.ViewRootImpl.relayoutWindow:9132 android.view.ViewRootImpl.performTraversals:3422 android.view.ViewRootImpl.doTraversal:2671 android.view.ViewRootImpl$TraversalRunnable.run:10094 android.view.Choreographer$CallbackRecord.run:1010 android.view.Choreographer.doCallbacks:809 android.view.Choreographer.doFrame:744 android.view.Choreographer$FrameDisplayEventReceiver.run:995
09-16 14:19:08.323 24435 24435 I SurfaceControl: nativeRelease nativeObject s[-5476376674517134624]
09-16 14:19:08.323 24435 24435 I SurfaceControl: nativeRelease nativeObject e[-5476376674517134624]
09-16 14:19:08.323 24435 24435 I ViewRootImpl@c66e18[MainActivity]: Relayout returned: old=(0,0,1200,1920) new=(0,0,1200,1920) req=(1200,1920)4 dur=10 res=0x1 s={false 0} ch=false fn=-1
09-16 14:19:08.324 24435 24435 I ViewRootImpl@c66e18[MainActivity]: stopped(false) old=true
09-16 14:19:08.329 24435 24435 I ViewRootImpl@c66e18[MainActivity]: stopped(false) old=false
09-16 14:19:08.351 24435 24435 I SurfaceControl: assignNativeObject: nativeObject = 0 Surface(name=null)/@0x2b623af / android.view.SurfaceControl.readFromParcel:1117 android.view.IWindowSession$Stub$Proxy.relayout:1836 android.view.ViewRootImpl.relayoutWindow:9132 android.view.ViewRootImpl.performTraversals:3422 android.view.ViewRootImpl.doTraversal:2671 android.view.ViewRootImpl$TraversalRunnable.run:10094 android.view.Choreographer$CallbackRecord.run:1010 android.view.Choreographer.doCallbacks:809 android.view.Choreographer.doFrame:744 android.view.Choreographer$FrameDisplayEventReceiver.run:995
09-16 14:19:08.354 24435 24435 I SurfaceControl: nativeRelease nativeObject s[-5476376674517150528]
09-16 14:19:08.354 24435 24435 I SurfaceControl: nativeRelease nativeObject e[-5476376674517150528]
09-16 14:19:08.354 24435 24435 I ViewRootImpl@c66e18[MainActivity]: Relayout returned: old=(0,0,1200,1920) new=(0,0,1200,1920) req=(1200,1920)0 dur=14 res=0x7 s={true -5476376669684948080} ch=true fn=-1
09-16 14:19:08.355 24435 24435 I ViewRootImpl@c66e18[MainActivity]: [DP] dp(1) 1 android.view.ViewRootImpl.reportNextDraw:11080 android.view.ViewRootImpl.performTraversals:3917 android.view.ViewRootImpl.doTraversal:2671
09-16 14:19:08.355 24435 24435 I ViewRootImpl@c66e18[MainActivity]: [DP] pd() Asnyc report
09-16 14:19:08.357 24435 24435 I ViewRootImpl@c66e18[MainActivity]: mAttachInfo.mThreadedRenderer.draw, mView = DecorView@885d97c[MainActivity] w = 1200 h = 1920
09-16 14:19:08.374 24435 24435 I ViewRootImpl@c66e18[MainActivity]: [DP] pdf(0) 1 android.view.ViewRootImpl.lambda$performDraw$1$ViewRootImpl:4745 android.view.-$$Lambda$ViewRootImpl$DJd0VUYJgsebcnSohO6h8zc_ONI.run:6 android.os.Handler.handleCallback:938
09-16 14:19:08.374 24435 24435 I ViewRootImpl@c66e18[MainActivity]: [DP] rdf()
09-16 14:19:08.376 24435 24435 I ViewRootImpl@c66e18[MainActivity]: MSG_RESIZED_REPORT: frame=(0,0,1200,1920) ci=(0,0,0,72) vi=(0,0,0,72) or=1
09-16 14:19:08.376 24435 24435 I ViewRootImpl@c66e18[MainActivity]: [DP] dp(1) 1 android.view.ViewRootImpl.reportNextDraw:11080 android.view.ViewRootImpl.access$1300:255 android.view.ViewRootImpl$ViewRootHandler.handleMessage:6209
09-16 14:19:08.380 24435 24435 I ViewRootImpl@c66e18[MainActivity]: [DP] pd() Asnyc report
09-16 14:19:08.387 24435 24435 I ViewRootImpl@c66e18[MainActivity]: [DP] pdf(0) 1 android.view.ViewRootImpl.lambda$performDraw$1$ViewRootImpl:4745 android.view.-$$Lambda$ViewRootImpl$DJd0VUYJgsebcnSohO6h8zc_ONI.run:6 android.os.Handler.handleCallback:938
09-16 14:19:08.387 24435 24435 I ViewRootImpl@c66e18[MainActivity]: [DP] rdf()
09-16 14:19:08.398 24435 24435 I SurfaceControl: nativeRelease nativeObject s[-5476376674517151200]
09-16 14:19:08.399 24435 24435 I SurfaceControl: nativeRelease nativeObject e[-5476376674517151200]
09-16 14:19:08.413 24435 24435 I ViewRootImpl@c66e18[MainActivity]: MSG_WINDOW_FOCUS_CHANGED 1 1
09-16 14:19:08.413 24435 24435 D InputMethodManager: prepareNavigationBarInfo() DecorView@885d97c[MainActivity]
09-16 14:19:08.413 24435 24435 D InputMethodManager: getNavigationBarColor() -16777216
09-16 14:19:08.415 24435 24435 D InputMethodManager: prepareNavigationBarInfo() DecorView@885d97c[MainActivity]
09-16 14:19:08.415 24435 24435 D InputMethodManager: getNavigationBarColor() -16777216
09-16 14:19:08.415 24435 24435 V InputMethodManager: Starting input: tba=no.nordicsemi.android.nrfmeshprovisioner ic=null mNaviBarColor -16777216 mIsGetNaviBarColorSuccess true , NavVisible : true , NavTrans : false
09-16 14:19:08.415 24435 24435 D InputMethodManager: startInputInner - Id : 0
09-16 14:19:08.416 24435 24435 I InputMethodManager: startInputInner - mService.startInputOrWindowGainedFocus
09-16 14:19:08.418 24435 24435 D InputTransport: Input channel constructed: 'ClientS', fd=84
09-16 14:19:08.418 24435 24435 D InputTransport: Input channel destroyed: 'ClientS', fd=83
09-16 14:19:09.868 24435 24435 I ViewRootImpl@c66e18[MainActivity]: ViewPostIme pointer 0
09-16 14:19:09.938 24435 24435 I ViewRootImpl@c66e18[MainActivity]: ViewPostIme pointer 1
09-16 14:19:09.993 24435 24435 D skia : approximate: numPoints=39, lengths[0]=0.000000, totalLength=620.200073, segmentPoints[0]=[-197.600006,0.000000]
09-16 14:19:09.993 24435 24435 D skia : approximate: approximation[0]=0.000000, approximation[1]=-197.600006, approximation[2]=0.000000
09-16 14:19:09.993 24435 24435 D skia : approximate: numPoints=39, lengths[38]=620.200073, totalLength=620.200073, segmentPoints[38]=[422.600037,0.000000]
09-16 14:19:09.993 24435 24435 D skia : approximate: approximation[114]=1.000000, approximation[115]=422.600037, approximation[116]=0.000000
09-16 14:19:09.993 24435 24435 D skia : approximate: numPoints=4, lengths[0]=0.000000, totalLength=3.448155, segmentPoints[0]=[0.000000,0.100000]
09-16 14:19:09.993 24435 24435 D skia : approximate: approximation[0]=0.000000, approximation[1]=0.000000, approximation[2]=0.100000
09-16 14:19:09.993 24435 24435 D skia : approximate: numPoints=4, lengths[3]=3.448155, totalLength=3.448155, segmentPoints[3]=[3.000000,0.100000]
09-16 14:19:09.993 24435 24435 D skia : approximate: approximation[9]=1.000000, approximation[10]=3.000000, approximation[11]=0.100000
09-16 14:19:09.994 24435 24435 D skia : approximate: numPoints=35, lengths[0]=0.000000, totalLength=722.199951, segmentPoints[0]=[-522.599976,0.000000]
09-16 14:19:09.994 24435 24435 D skia : approximate: approximation[0]=0.000000, approximation[1]=-522.599976, approximation[2]=0.000000
09-16 14:19:09.994 24435 24435 D skia : approximate: numPoints=35, lengths[34]=722.199951, totalLength=722.199951, segmentPoints[34]=[199.600006,0.000000]
09-16 14:19:09.994 24435 24435 D skia : approximate: approximation[102]=1.000000, approximation[103]=199.600006, approximation[104]=0.000000
09-16 14:19:09.994 24435 24435 D skia : approximate: numPoints=3, lengths[0]=0.000000, totalLength=2.472497, segmentPoints[0]=[0.000000,0.100000]
09-16 14:19:09.994 24435 24435 D skia : approximate: approximation[0]=0.000000, approximation[1]=0.000000, approximation[2]=0.100000
09-16 14:19:09.994 24435 24435 D skia : approximate: numPoints=3, lengths[2]=2.472497, totalLength=2.472497, segmentPoints[2]=[2.000000,0.100000]
09-16 14:19:09.994 24435 24435 D skia : approximate: approximation[6]=1.000000, approximation[7]=2.000000, approximation[8]=0.100000
09-16 14:19:10.030 24435 24435 I DecorView: [INFO] isPopOver=false, config=true
09-16 14:19:10.030 24435 24435 I DecorView: updateCaptionType >> DecorView@18f8409[], isFloating=false, isApplication=true, hasWindowDecorCaption=false, hasWindowControllerCallback=true
09-16 14:19:10.030 24435 24435 D DecorView: setCaptionType = 0, this = DecorView@18f8409[]
09-16 14:19:10.042 24435 24435 D InputTransport: Input channel constructed: '88fb7e3', fd=83
09-16 14:19:10.042 24435 24435 I ViewRootImpl@f1d2a3b[NodeConfigurationActivity]: setView = com.android.internal.policy.DecorView@18f8409 TM=true
09-16 14:19:10.092 24435 24435 I SurfaceControl: assignNativeObject: nativeObject = 0 Surface(name=null)/@0x35fb167 / android.view.SurfaceControl.readFromParcel:1117 android.view.IWindowSession$Stub$Proxy.relayout:1836 android.view.ViewRootImpl.relayoutWindow:9132 android.view.ViewRootImpl.performTraversals:3422 android.view.ViewRootImpl.doTraversal:2671 android.view.ViewRootImpl$TraversalRunnable.run:10094 android.view.Choreographer$CallbackRecord.run:1010 android.view.Choreographer.doCallbacks:809 android.view.Choreographer.doFrame:744 android.view.Choreographer$FrameDisplayEventReceiver.run:995
09-16 14:19:10.092 24435 24435 I ViewRootImpl@f1d2a3b[NodeConfigurationActivity]: Relayout returned: old=(0,0,1200,1920) new=(0,0,1200,1920) req=(1200,1920)0 dur=8 res=0x7 s={true -5476376669685139920} ch=true fn=-1
09-16 14:19:10.099 24435 24435 I ViewRootImpl@f1d2a3b[NodeConfigurationActivity]: [DP] dp(1) 1 android.view.ViewRootImpl.reportNextDraw:11080 android.view.ViewRootImpl.performTraversals:3917 android.view.ViewRootImpl.doTraversal:2671
09-16 14:19:10.099 24435 24435 I ViewRootImpl@f1d2a3b[NodeConfigurationActivity]: [DP] pd() Asnyc report
09-16 14:19:10.100 24435 24435 I ViewRootImpl@f1d2a3b[NodeConfigurationActivity]: mAttachInfo.mThreadedRenderer.draw, mView = DecorView@18f8409[NodeConfigurationActivity] w = 1200 h = 1920
09-16 14:19:10.119 24435 24435 I ViewRootImpl@f1d2a3b[NodeConfigurationActivity]: [DP] pdf(0) 1 android.view.ViewRootImpl.lambda$performDraw$1$ViewRootImpl:4745 android.view.-$$Lambda$ViewRootImpl$DJd0VUYJgsebcnSohO6h8zc_ONI.run:6 android.os.Handler.handleCallback:938
09-16 14:19:10.119 24435 24435 I ViewRootImpl@f1d2a3b[NodeConfigurationActivity]: [DP] rdf()
09-16 14:19:10.121 24435 24435 I ViewRootImpl@c66e18[MainActivity]: MSG_WINDOW_FOCUS_CHANGED 0 1
09-16 14:19:10.127 24435 24435 I SurfaceControl: nativeRelease nativeObject s[-5476376674517122976]
09-16 14:19:10.127 24435 24435 I SurfaceControl: nativeRelease nativeObject e[-5476376674517122976]
09-16 14:19:10.127 24435 24435 I SurfaceControl: nativeRelease nativeObject s[-5476376674517194768]
09-16 14:19:10.127 24435 24435 I SurfaceControl: nativeRelease nativeObject e[-5476376674517194768]
09-16 14:19:10.127 24435 24435 I SurfaceControl: nativeRelease nativeObject s[-5476376674517129920]
09-16 14:19:10.127 24435 24435 I SurfaceControl: nativeRelease nativeObject e[-5476376674517129920]
09-16 14:19:10.148 24435 24435 I ViewRootImpl@f1d2a3b[NodeConfigurationActivity]: MSG_WINDOW_FOCUS_CHANGED 1 1
09-16 14:19:10.148 24435 24435 D InputMethodManager: prepareNavigationBarInfo() DecorView@18f8409[NodeConfigurationActivity]
09-16 14:19:10.148 24435 24435 D InputMethodManager: getNavigationBarColor() -16777216
09-16 14:19:10.149 24435 24435 D InputMethodManager: prepareNavigationBarInfo() DecorView@18f8409[NodeConfigurationActivity]
09-16 14:19:10.149 24435 24435 D InputMethodManager: getNavigationBarColor() -16777216
09-16 14:19:10.149 24435 24435 V InputMethodManager: Starting input: tba=no.nordicsemi.android.nrfmeshprovisioner ic=null mNaviBarColor -16777216 mIsGetNaviBarColorSuccess true , NavVisible : true , NavTrans : false
09-16 14:19:10.149 24435 24435 D InputMethodManager: startInputInner - Id : 0
09-16 14:19:10.149 24435 24435 I InputMethodManager: startInputInner - mService.startInputOrWindowGainedFocus
09-16 14:19:10.151 24435 24435 D InputTransport: Input channel constructed: 'ClientS', fd=95
09-16 14:19:10.151 24435 24435 D InputTransport: Input channel destroyed: 'ClientS', fd=84
09-16 14:19:10.164 24435 24435 I SurfaceControl: nativeRelease nativeObject s[-5476376674517147728]
09-16 14:19:10.164 24435 24435 I SurfaceControl: nativeRelease nativeObject e[-5476376674517147728]
09-16 14:19:10.165 24435 24435 I SurfaceControl: nativeRelease nativeObject s[-5476376674517170240]
09-16 14:19:10.165 24435 24435 I SurfaceControl: nativeRelease nativeObject e[-5476376674517170240]
09-16 14:19:10.165 24435 24435 I SurfaceControl: nativeRelease nativeObject s[-5476376674517173712]
09-16 14:19:10.165 24435 24435 I SurfaceControl: nativeRelease nativeObject e[-5476376674517173712]
09-16 14:19:10.554 24435 24435 I SurfaceControl: nativeRelease nativeObject s[-5476376674517134624]
09-16 14:19:10.554 24435 24435 I SurfaceControl: nativeRelease nativeObject e[-5476376674517134624]
09-16 14:19:10.555 24435 24435 I SurfaceControl: assignNativeObject: nativeObject = 0 Surface(name=null)/@0x6fc95aa / android.view.SurfaceControl.readFromParcel:1117 android.view.IWindowSession$Stub$Proxy.relayout:1826 android.view.ViewRootImpl.relayoutWindow:9132 android.view.ViewRootImpl.performTraversals:3422 android.view.ViewRootImpl.doTraversal:2671 android.view.ViewRootImpl$TraversalRunnable.run:10094 android.view.Choreographer$CallbackRecord.run:1010 android.view.Choreographer.doCallbacks:809 android.view.Choreographer.doFrame:744 android.view.Choreographer$FrameDisplayEventReceiver.run:995
09-16 14:19:10.555 24435 24435 I SurfaceControl: assignNativeObject: nativeObject = 0 Surface(name=null)/@0x2b623af / android.view.SurfaceControl.readFromParcel:1117 android.view.IWindowSession$Stub$Proxy.relayout:1836 android.view.ViewRootImpl.relayoutWindow:9132 android.view.ViewRootImpl.performTraversals:3422 android.view.ViewRootImpl.doTraversal:2671 android.view.ViewRootImpl$TraversalRunnable.run:10094 android.view.Choreographer$CallbackRecord.run:1010 android.view.Choreographer.doCallbacks:809 android.view.Choreographer.doFrame:744 android.view.Choreographer$FrameDisplayEventReceiver.run:995
09-16 14:19:10.556 24435 24435 I ViewRootImpl@c66e18[MainActivity]: Relayout returned: old=(0,0,1200,1920) new=(0,0,1200,1920) req=(1200,1920)8 dur=6 res=0x5 s={false 0} ch=true fn=32
09-16 14:19:10.556 24435 24435 I ViewRootImpl@c66e18[MainActivity]: stopped(true) old=false
09-16 14:19:11.403 24435 24435 I ViewRootImpl@f1d2a3b[NodeConfigurationActivity]: ViewPostIme pointer 0
09-16 14:19:11.486 24435 24435 I ViewRootImpl@f1d2a3b[NodeConfigurationActivity]: ViewPostIme pointer 1
09-16 14:19:11.548 24435 24435 D skia : approximate: numPoints=39, lengths[0]=0.000000, totalLength=620.200073, segmentPoints[0]=[-197.600006,0.000000]
09-16 14:19:11.548 24435 24435 D skia : approximate: approximation[0]=0.000000, approximation[1]=-197.600006, approximation[2]=0.000000
09-16 14:19:11.548 24435 24435 D skia : approximate: numPoints=39, lengths[38]=620.200073, totalLength=620.200073, segmentPoints[38]=[422.600037,0.000000]
09-16 14:19:11.548 24435 24435 D skia : approximate: approximation[114]=1.000000, approximation[115]=422.600037, approximation[116]=0.000000
09-16 14:19:11.549 24435 24435 D skia : approximate: numPoints=4, lengths[0]=0.000000, totalLength=3.448155, segmentPoints[0]=[0.000000,0.100000]
09-16 14:19:11.549 24435 24435 D skia : approximate: approximation[0]=0.000000, approximation[1]=0.000000, approximation[2]=0.100000
09-16 14:19:11.549 24435 24435 D skia : approximate: numPoints=4, lengths[3]=3.448155, totalLength=3.448155, segmentPoints[3]=[3.000000,0.100000]
09-16 14:19:11.549 24435 24435 D skia : approximate: approximation[9]=1.000000, approximation[10]=3.000000, approximation[11]=0.100000
09-16 14:19:11.549 24435 24435 D skia : approximate: numPoints=35, lengths[0]=0.000000, totalLength=722.199951, segmentPoints[0]=[-522.599976,0.000000]
09-16 14:19:11.549 24435 24435 D skia : approximate: approximation[0]=0.000000, approximation[1]=-522.599976, approximation[2]=0.000000
09-16 14:19:11.549 24435 24435 D skia : approximate: numPoints=35, lengths[34]=722.199951, totalLength=722.199951, segmentPoints[34]=[199.600006,0.000000]
09-16 14:19:11.549 24435 24435 D skia : approximate: approximation[102]=1.000000, approximation[103]=199.600006, approximation[104]=0.000000
09-16 14:19:11.549 24435 24435 D skia : approximate: numPoints=3, lengths[0]=0.000000, totalLength=2.472497, segmentPoints[0]=[0.000000,0.100000]
09-16 14:19:11.549 24435 24435 D skia : approximate: approximation[0]=0.000000, approximation[1]=0.000000, approximation[2]=0.100000
09-16 14:19:11.549 24435 24435 D skia : approximate: numPoints=3, lengths[2]=2.472497, totalLength=2.472497, segmentPoints[2]=[2.000000,0.100000]
09-16 14:19:11.549 24435 24435 D skia : approximate: approximation[6]=1.000000, approximation[7]=2.000000, approximation[8]=0.100000
09-16 14:19:11.551 24435 24435 I DecorView: [INFO] isPopOver=false, config=true
09-16 14:19:11.551 24435 24435 I DecorView: updateCaptionType >> DecorView@1222015[], isFloating=false, isApplication=true, hasWindowDecorCaption=false, hasWindowControllerCallback=true
09-16 14:19:11.551 24435 24435 D DecorView: setCaptionType = 0, this = DecorView@1222015[]
09-16 14:19:11.562 24435 24435 D InputTransport: Input channel constructed: 'e732504', fd=82
09-16 14:19:11.562 24435 24435 I ViewRootImpl@f9ac9e8[ScannerActivity]: setView = com.android.internal.policy.DecorView@1222015 TM=true
09-16 14:19:11.573 24435 24435 I SurfaceControl: assignNativeObject: nativeObject = 0 Surface(name=null)/@0x989365c / android.view.SurfaceControl.readFromParcel:1117 android.view.IWindowSession$Stub$Proxy.relayout:1836 android.view.ViewRootImpl.relayoutWindow:9132 android.view.ViewRootImpl.performTraversals:3422 android.view.ViewRootImpl.doTraversal:2671 android.view.ViewRootImpl$TraversalRunnable.run:10094 android.view.Choreographer$CallbackRecord.run:1010 android.view.Choreographer.doCallbacks:809 android.view.Choreographer.doFrame:744 android.view.Choreographer$FrameDisplayEventReceiver.run:995
09-16 14:19:11.573 24435 24435 I ViewRootImpl@f9ac9e8[ScannerActivity]: Relayout returned: old=(0,0,1200,1920) new=(0,0,1200,1920) req=(1200,1920)0 dur=9 res=0x7 s={true -5476376669684860880} ch=true fn=-1
09-16 14:19:11.574 24435 24435 I ViewRootImpl@f9ac9e8[ScannerActivity]: [DP] dp(1) 1 android.view.ViewRootImpl.reportNextDraw:11080 android.view.ViewRootImpl.performTraversals:3917 android.view.ViewRootImpl.doTraversal:2671
09-16 14:19:11.574 24435 24435 I ViewRootImpl@f9ac9e8[ScannerActivity]: [DP] pd() Asnyc report
09-16 14:19:11.575 24435 24435 I ViewRootImpl@f9ac9e8[ScannerActivity]: mAttachInfo.mThreadedRenderer.draw, mView = DecorView@1222015[ScannerActivity] w = 1200 h = 1920
09-16 14:19:11.582 24435 24435 I ViewRootImpl@f9ac9e8[ScannerActivity]: [DP] pdf(0) 1 android.view.ViewRootImpl.lambda$performDraw$1$ViewRootImpl:4745 android.view.-$$Lambda$ViewRootImpl$DJd0VUYJgsebcnSohO6h8zc_ONI.run:6 android.os.Handler.handleCallback:938
09-16 14:19:11.582 24435 24435 I ViewRootImpl@f9ac9e8[ScannerActivity]: [DP] rdf()
09-16 14:19:11.583 24435 24435 I BluetoothAdapter: STATE_ON
09-16 14:19:11.583 24435 24435 I BluetoothAdapter: STATE_ON
09-16 14:19:11.584 24435 24435 I BluetoothAdapter: STATE_ON
09-16 14:19:11.584 24435 24435 I BluetoothAdapter: STATE_ON
09-16 14:19:11.584 24435 24435 I BluetoothAdapter: STATE_ON
09-16 14:19:11.584 24435 24435 I BluetoothAdapter: STATE_ON
09-16 14:19:11.584 24435 24435 I BluetoothAdapter: STATE_ON
09-16 14:19:11.585 24435 24435 D BluetoothLeScanner: Start Scan with callback
09-16 14:19:11.587 24435 31992 D BluetoothLeScanner: onScannerRegistered() - status=0 scannerId=10 mScannerId=0
09-16 14:19:11.591 24435 24435 I ViewRootImpl@f1d2a3b[NodeConfigurationActivity]: MSG_WINDOW_FOCUS_CHANGED 0 1
09-16 14:19:11.601 24435 24435 I SurfaceControl: nativeRelease nativeObject s[-5476376674517245728]
09-16 14:19:11.601 24435 24435 I SurfaceControl: nativeRelease nativeObject e[-5476376674517245728]
09-16 14:19:11.601 24435 24435 I SurfaceControl: nativeRelease nativeObject s[-5476376674517152544]
09-16 14:19:11.601 24435 24435 I SurfaceControl: nativeRelease nativeObject e[-5476376674517152544]
09-16 14:19:11.601 24435 24435 I SurfaceControl: nativeRelease nativeObject s[-5476376674517148176]
09-16 14:19:11.601 24435 24435 I SurfaceControl: nativeRelease nativeObject e[-5476376674517148176]
09-16 14:19:11.613 24435 24435 I ViewRootImpl@f9ac9e8[ScannerActivity]: MSG_WINDOW_FOCUS_CHANGED 1 1
09-16 14:19:11.613 24435 24435 D InputMethodManager: prepareNavigationBarInfo() DecorView@1222015[ScannerActivity]
09-16 14:19:11.613 24435 24435 D InputMethodManager: getNavigationBarColor() -16777216
09-16 14:19:11.614 24435 24435 D InputMethodManager: prepareNavigationBarInfo() DecorView@1222015[ScannerActivity]
09-16 14:19:11.614 24435 24435 D InputMethodManager: getNavigationBarColor() -16777216
09-16 14:19:11.614 24435 24435 V InputMethodManager: Starting input: tba=no.nordicsemi.android.nrfmeshprovisioner ic=null mNaviBarColor -16777216 mIsGetNaviBarColorSuccess true , NavVisible : true , NavTrans : false
09-16 14:19:11.614 24435 24435 D InputMethodManager: startInputInner - Id : 0
09-16 14:19:11.614 24435 24435 I InputMethodManager: startInputInner - mService.startInputOrWindowGainedFocus
09-16 14:19:11.616 24435 24435 D InputTransport: Input channel constructed: 'ClientS', fd=89
09-16 14:19:11.616 24435 24435 D InputTransport: Input channel destroyed: 'ClientS', fd=95
09-16 14:19:11.630 24435 24435 I SurfaceControl: nativeRelease nativeObject s[-5476376674517165424]
09-16 14:19:11.630 24435 24435 I SurfaceControl: nativeRelease nativeObject e[-5476376674517165424]
09-16 14:19:11.631 24435 24435 I SurfaceControl: nativeRelease nativeObject s[-5476376674517185360]
09-16 14:19:11.631 24435 24435 I SurfaceControl: nativeRelease nativeObject e[-5476376674517185360]
09-16 14:19:11.631 24435 24435 I SurfaceControl: nativeRelease nativeObject s[-5476376674517179424]
09-16 14:19:11.631 24435 24435 I SurfaceControl: nativeRelease nativeObject e[-5476376674517179424]
09-16 14:19:12.020 24435 24435 I SurfaceControl: nativeRelease nativeObject s[-5476376674517149520]
09-16 14:19:12.020 24435 24435 I SurfaceControl: nativeRelease nativeObject e[-5476376674517149520]
09-16 14:19:12.020 24435 24435 I SurfaceControl: assignNativeObject: nativeObject = 0 Surface(name=null)/@0x1f07245 / android.view.SurfaceControl.readFromParcel:1117 android.view.IWindowSession$Stub$Proxy.relayout:1826 android.view.ViewRootImpl.relayoutWindow:9132 android.view.ViewRootImpl.performTraversals:3422 android.view.ViewRootImpl.doTraversal:2671 android.view.ViewRootImpl$TraversalRunnable.run:10094 android.view.Choreographer$CallbackRecord.run:1010 android.view.Choreographer.doCallbacks:809 android.view.Choreographer.doFrame:744 android.view.Choreographer$FrameDisplayEventReceiver.run:995
09-16 14:19:12.021 24435 24435 I SurfaceControl: assignNativeObject: nativeObject = 0 Surface(name=null)/@0x35fb167 / android.view.SurfaceControl.readFromParcel:1117 android.view.IWindowSession$Stub$Proxy.relayout:1836 android.view.ViewRootImpl.relayoutWindow:9132 android.view.ViewRootImpl.performTraversals:3422 android.view.ViewRootImpl.doTraversal:2671 android.view.ViewRootImpl$TraversalRunnable.run:10094 android.view.Choreographer$CallbackRecord.run:1010 android.view.Choreographer.doCallbacks:809 android.view.Choreographer.doFrame:744 android.view.Choreographer$FrameDisplayEventReceiver.run:995
09-16 14:19:12.022 24435 24435 I ViewRootImpl@f1d2a3b[NodeConfigurationActivity]: Relayout returned: old=(0,0,1200,1920) new=(0,0,1200,1920) req=(1200,1920)8 dur=6 res=0x5 s={false 0} ch=true fn=35
09-16 14:19:12.022 24435 24435 I ViewRootImpl@f1d2a3b[NodeConfigurationActivity]: stopped(true) old=false
09-16 14:19:12.033 24435 24435 I SurfaceControl: assignNativeObject: nativeObject = 0 Surface(name=null)/@0x1f07245 / android.view.SurfaceControl.readFromParcel:1117 android.view.IWindowSession$Stub$Proxy.relayout:1826 android.view.ViewRootImpl.relayoutWindow:9132 android.view.ViewRootImpl.performTraversals:3422 android.view.ViewRootImpl.doTraversal:2671 android.view.ViewRootImpl$TraversalRunnable.run:10094 android.view.Choreographer$CallbackRecord.run:1010 android.view.Choreographer.doCallbacks:809 android.view.Choreographer.doFrame:744 android.view.Choreographer$FrameDisplayEventReceiver.run:995
09-16 14:19:12.033 24435 24435 I SurfaceControl: assignNativeObject: nativeObject = 0 Surface(name=null)/@0x35fb167 / android.view.SurfaceControl.readFromParcel:1117 android.view.IWindowSession$Stub$Proxy.relayout:1836 android.view.ViewRootImpl.relayoutWindow:9132 android.view.ViewRootImpl.performTraversals:3422 android.view.ViewRootImpl.doTraversal:2671 android.view.ViewRootImpl$TraversalRunnable.run:10094 android.view.Choreographer$CallbackRecord.run:1010 android.view.Choreographer.doCallbacks:809 android.view.Choreographer.doFrame:744 android.view.Choreographer$FrameDisplayEventReceiver.run:995
09-16 14:19:12.034 24435 24435 I ViewRootImpl@f1d2a3b[NodeConfigurationActivity]: Relayout returned: old=(0,0,1200,1920) new=(0,0,1200,1920) req=(1200,1920)8 dur=6 res=0x5 s={false 0} ch=false fn=-1
09-16 14:19:15.302 24435 24435 I ViewRootImpl@f9ac9e8[ScannerActivity]: ViewPostIme pointer 0
09-16 14:19:15.370 24435 24435 I ViewRootImpl@f9ac9e8[ScannerActivity]: ViewPostIme pointer 1
09-16 14:19:15.411 24435 24435 I DecorView: [INFO] isPopOver=false, config=true
09-16 14:19:15.411 24435 24435 I DecorView: updateCaptionType >> DecorView@6e14d22[], isFloating=false, isApplication=true, hasWindowDecorCaption=false, hasWindowControllerCallback=true
09-16 14:19:15.411 24435 24435 D DecorView: setCaptionType = 0, this = DecorView@6e14d22[]
09-16 14:19:15.416 24435 24435 E ActivityThread: Failed to find provider info for no.nordicsemi.android.log
09-16 14:19:15.416 24435 24435 D AA : Connect issued
09-16 14:19:15.418 24435 24435 I BluetoothAdapter: STATE_ON
09-16 14:19:15.419 24435 24435 D BluetoothGatt: connect() - device: C1:70:0D:03:B1:E6, auto: false
09-16 14:19:15.419 24435 24435 I BluetoothAdapter: isSecureModeEnabled
09-16 14:19:15.419 24435 24435 D BluetoothGatt: registerApp()
09-16 14:19:15.419 24435 24435 D BluetoothGatt: registerApp() - UUID=d28bc59d-14de-42c7-8a3f-ecef69cdadbc
09-16 14:19:15.422 24435 31992 D BluetoothGatt: onClientRegistered() - status=0 clientIf=11
09-16 14:19:15.425 24435 24435 D InputTransport: Input channel constructed: '3055cdf', fd=86
09-16 14:19:15.426 24435 24435 I ViewRootImpl@87b601b[ReconnectActivity]: setView = com.android.internal.policy.DecorView@6e14d22 TM=true
09-16 14:19:15.438 24435 24435 I SurfaceControl: assignNativeObject: nativeObject = 0 Surface(name=null)/@0xa0bb793 / android.view.SurfaceControl.readFromParcel:1117 android.view.IWindowSession$Stub$Proxy.relayout:1836 android.view.ViewRootImpl.relayoutWindow:9132 android.view.ViewRootImpl.performTraversals:3422 android.view.ViewRootImpl.doTraversal:2671 android.view.ViewRootImpl$TraversalRunnable.run:10094 android.view.Choreographer$CallbackRecord.run:1010 android.view.Choreographer.doCallbacks:809 android.view.Choreographer.doFrame:744 android.view.Choreographer$FrameDisplayEventReceiver.run:995
09-16 14:19:15.439 24435 24435 I ViewRootImpl@87b601b[ReconnectActivity]: Relayout returned: old=(0,0,1200,1920) new=(0,0,1200,1920) req=(1200,1920)0 dur=9 res=0x7 s={true -5476376669685139920} ch=true fn=-1
09-16 14:19:15.440 24435 24435 I ViewRootImpl@87b601b[ReconnectActivity]: [DP] dp(1) 1 android.view.ViewRootImpl.reportNextDraw:11080 android.view.ViewRootImpl.performTraversals:3917 android.view.ViewRootImpl.doTraversal:2671
09-16 14:19:15.440 24435 24435 I ViewRootImpl@87b601b[ReconnectActivity]: [DP] pd() Asnyc report
09-16 14:19:15.440 24435 24435 I ViewRootImpl@87b601b[ReconnectActivity]: mAttachInfo.mThreadedRenderer.draw, mView = DecorView@6e14d22[ReconnectActivity] w = 1200 h = 1920
09-16 14:19:15.449 24435 24435 I ViewRootImpl@87b601b[ReconnectActivity]: [DP] pdf(0) 1 android.view.ViewRootImpl.lambda$performDraw$1$ViewRootImpl:4745 android.view.-$$Lambda$ViewRootImpl$DJd0VUYJgsebcnSohO6h8zc_ONI.run:6 android.os.Handler.handleCallback:938
09-16 14:19:15.449 24435 24435 I ViewRootImpl@87b601b[ReconnectActivity]: [DP] rdf()
09-16 14:19:15.450 24435 24435 I ViewRootImpl@f9ac9e8[ScannerActivity]: MSG_WINDOW_FOCUS_CHANGED 0 1
09-16 14:19:15.459 24435 24435 I SurfaceControl: nativeRelease nativeObject s[-5476376674517245728]
09-16 14:19:15.459 24435 24435 I SurfaceControl: nativeRelease nativeObject e[-5476376674517245728]
09-16 14:19:15.459 24435 24435 I SurfaceControl: nativeRelease nativeObject s[-5476376674517152544]
09-16 14:19:15.459 24435 24435 I SurfaceControl: nativeRelease nativeObject e[-5476376674517152544]
09-16 14:19:15.459 24435 24435 I SurfaceControl: nativeRelease nativeObject s[-5476376674517148176]
09-16 14:19:15.459 24435 24435 I SurfaceControl: nativeRelease nativeObject e[-5476376674517148176]
09-16 14:19:15.484 24435 24435 I ViewRootImpl@87b601b[ReconnectActivity]: MSG_WINDOW_FOCUS_CHANGED 1 1
09-16 14:19:15.484 24435 24435 D InputMethodManager: prepareNavigationBarInfo() DecorView@6e14d22[ReconnectActivity]
09-16 14:19:15.484 24435 24435 D InputMethodManager: getNavigationBarColor() -16777216
09-16 14:19:15.484 24435 24435 D InputMethodManager: prepareNavigationBarInfo() DecorView@6e14d22[ReconnectActivity]
09-16 14:19:15.484 24435 24435 D InputMethodManager: getNavigationBarColor() -16777216
09-16 14:19:15.484 24435 24435 V InputMethodManager: Starting input: tba=no.nordicsemi.android.nrfmeshprovisioner ic=null mNaviBarColor -16777216 mIsGetNaviBarColorSuccess true , NavVisible : true , NavTrans : false
09-16 14:19:15.485 24435 24435 D InputMethodManager: startInputInner - Id : 0
09-16 14:19:15.485 24435 24435 I InputMethodManager: startInputInner - mService.startInputOrWindowGainedFocus
09-16 14:19:15.486 24435 24435 D InputTransport: Input channel constructed: 'ClientS', fd=97
09-16 14:19:15.486 24435 24435 D InputTransport: Input channel destroyed: 'ClientS', fd=89
09-16 14:19:15.498 24435 24435 I SurfaceControl: nativeRelease nativeObject s[-5476376674517167104]
09-16 14:19:15.498 24435 24435 I SurfaceControl: nativeRelease nativeObject e[-5476376674517167104]
09-16 14:19:15.499 24435 24435 I SurfaceControl: nativeRelease nativeObject s[-5476376674517144480]
09-16 14:19:15.499 24435 24435 I SurfaceControl: nativeRelease nativeObject e[-5476376674517144480]
09-16 14:19:15.499 24435 24435 I SurfaceControl: nativeRelease nativeObject s[-5476376674517162736]
09-16 14:19:15.499 24435 24435 I SurfaceControl: nativeRelease nativeObject e[-5476376674517162736]
09-16 14:19:15.886 24435 24435 I SurfaceControl: nativeRelease nativeObject s[-5476376674517225680]
09-16 14:19:15.886 24435 24435 I SurfaceControl: nativeRelease nativeObject e[-5476376674517225680]
09-16 14:19:15.887 24435 24435 I SurfaceControl: assignNativeObject: nativeObject = 0 Surface(name=null)/@0xb834b06 / android.view.SurfaceControl.readFromParcel:1117 android.view.IWindowSession$Stub$Proxy.relayout:1826 android.view.ViewRootImpl.relayoutWindow:9132 android.view.ViewRootImpl.performTraversals:3422 android.view.ViewRootImpl.doTraversal:2671 android.view.ViewRootImpl$TraversalRunnable.run:10094 android.view.Choreographer$CallbackRecord.run:1010 android.view.Choreographer.doCallbacks:809 android.view.Choreographer.doFrame:744 android.view.Choreographer$FrameDisplayEventReceiver.run:995
09-16 14:19:15.887 24435 24435 I SurfaceControl: assignNativeObject: nativeObject = 0 Surface(name=null)/@0x989365c / android.view.SurfaceControl.readFromParcel:1117 android.view.IWindowSession$Stub$Proxy.relayout:1836 android.view.ViewRootImpl.relayoutWindow:9132 android.view.ViewRootImpl.performTraversals:3422 android.view.ViewRootImpl.doTraversal:2671 android.view.ViewRootImpl$TraversalRunnable.run:10094 android.view.Choreographer$CallbackRecord.run:1010 android.view.Choreographer.doCallbacks:809 android.view.Choreographer.doFrame:744 android.view.Choreographer$FrameDisplayEventReceiver.run:995
09-16 14:19:15.888 24435 24435 I ViewRootImpl@f9ac9e8[ScannerActivity]: Relayout returned: old=(0,0,1200,1920) new=(0,0,1200,1920) req=(1200,1920)8 dur=6 res=0x5 s={false 0} ch=true fn=258
09-16 14:19:15.888 24435 24435 I ViewRootImpl@f9ac9e8[ScannerActivity]: stopped(true) old=false
09-16 14:19:15.889 24435 24435 I BluetoothAdapter: STATE_ON
09-16 14:19:15.889 24435 24435 I BluetoothAdapter: STATE_ON
09-16 14:19:15.889 24435 24435 D BluetoothLeScanner: Stop Scan with callback
09-16 14:19:15.901 24435 24435 I SurfaceControl: assignNativeObject: nativeObject = 0 Surface(name=null)/@0xb834b06 / android.view.SurfaceControl.readFromParcel:1117 android.view.IWindowSession$Stub$Proxy.relayout:1826 android.view.ViewRootImpl.relayoutWindow:9132 android.view.ViewRootImpl.performTraversals:3422 android.view.ViewRootImpl.doTraversal:2671 android.view.ViewRootImpl$TraversalRunnable.run:10094 android.view.Choreographer$CallbackRecord.run:1010 android.view.Choreographer.doCallbacks:809 android.view.Choreographer.doFrame:744 android.view.Choreographer$FrameDisplayEventReceiver.run:995
09-16 14:19:15.901 24435 24435 I SurfaceControl: assignNativeObject: nativeObject = 0 Surface(name=null)/@0x989365c / android.view.SurfaceControl.readFromParcel:1117 android.view.IWindowSession$Stub$Proxy.relayout:1836 android.view.ViewRootImpl.relayoutWindow:9132 android.view.ViewRootImpl.performTraversals:3422 android.view.ViewRootImpl.doTraversal:2671 android.view.ViewRootImpl$TraversalRunnable.run:10094 android.view.Choreographer$CallbackRecord.run:1010 android.view.Choreographer.doCallbacks:809 android.view.Choreographer.doFrame:744 android.view.Choreographer$FrameDisplayEventReceiver.run:995
09-16 14:19:15.902 24435 24435 I ViewRootImpl@f9ac9e8[ScannerActivity]: Relayout returned: old=(0,0,1200,1920) new=(0,0,1200,1920) req=(1200,1920)8 dur=5 res=0x5 s={false 0} ch=false fn=-1
09-16 14:19:20.433 24435 32333 D BluetoothGatt: onClientConnectionState() - status=133 clientIf=11 device=C1:70:0D:03:B1:E6
09-16 14:19:20.434 24435 24435 W BleManager: Error: (0x85): GATT ERROR
09-16 14:19:20.636 24435 24435 D BluetoothGatt: close()
09-16 14:19:20.638 24435 24435 D BluetoothGatt: unregisterApp() - mClientIf=11
09-16 14:19:20.842 24435 24435 I BluetoothAdapter: STATE_ON
09-16 14:19:20.845 24435 24435 D BluetoothGatt: connect() - device: C1:70:0D:03:B1:E6, auto: false
09-16 14:19:20.845 24435 24435 I BluetoothAdapter: isSecureModeEnabled
09-16 14:19:20.846 24435 24435 D BluetoothGatt: registerApp()
09-16 14:19:20.846 24435 24435 D BluetoothGatt: registerApp() - UUID=e3f0216b-c89e-472c-8d87-6b1143c29be8
09-16 14:19:20.850 24435 32333 D BluetoothGatt: onClientRegistered() - status=0 clientIf=10
09-16 14:19:25.863 24435 32333 D BluetoothGatt: onClientConnectionState() - status=133 clientIf=10 device=C1:70:0D:03:B1:E6
09-16 14:19:25.864 24435 24435 W BleManager: Error: (0x85): GATT ERROR
09-16 14:19:26.065 24435 24435 D BluetoothGatt: close()
09-16 14:19:26.068 24435 24435 D BluetoothGatt: unregisterApp() - mClientIf=10
09-16 14:19:26.272 24435 24435 I BluetoothAdapter: STATE_ON
09-16 14:19:26.274 24435 24435 D BluetoothGatt: connect() - device: C1:70:0D:03:B1:E6, auto: false
09-16 14:19:26.274 24435 24435 I BluetoothAdapter: isSecureModeEnabled
09-16 14:19:26.275 24435 24435 D BluetoothGatt: registerApp()
09-16 14:19:26.275 24435 24435 D BluetoothGatt: registerApp() - UUID=57a05233-0173-47ed-89f6-19755bd51118
09-16 14:19:26.282 24435 32333 D BluetoothGatt: onClientRegistered() - status=0 clientIf=10
09-16 14:19:26.751 24435 32333 D BluetoothGatt: onClientConnectionState() - status=0 clientIf=10 device=C1:70:0D:03:B1:E6
09-16 14:19:26.753 24435 24435 I BleManager: Connected to C1:70:0D:03:B1:E6
09-16 14:19:27.054 24435 24435 D BluetoothGatt: discoverServices() - device: C1:70:0D:03:B1:E6
09-16 14:19:27.139 24435 32333 D BluetoothGatt: onConnectionUpdated() - Device=C1:70:0D:03:B1:E6 interval=6 latency=0 timeout=500 status=0
09-16 14:19:27.284 24435 32333 D BluetoothGatt: onPhyUpdate() - status=0 address=C1:70:0D:03:B1:E6 txPhy=2 rxPhy=2
09-16 14:19:27.287 24435 24435 I BleManager: PHY updated (TX: LE 2M, RX: LE 2M)
09-16 14:19:27.541 24435 32333 D BluetoothGatt: onSearchComplete() = Device=C1:70:0D:03:B1:E6 Status=0
09-16 14:19:27.542 24435 24435 I BleManager: Services discovered
09-16 14:19:27.542 24435 24435 D BluetoothGatt: configureMTU() - device: C1:70:0D:03:B1:E6 mtu: 517
09-16 14:19:27.567 24435 32333 D BluetoothGatt: onConfigureMTU() - Device=C1:70:0D:03:B1:E6 mtu=69 status=0
09-16 14:19:27.567 24435 24435 I BleManager: MTU changed to: 69
09-16 14:19:27.567 24435 24435 D BluetoothGatt: setCharacteristicNotification() - uuid: 00002ade-0000-1000-8000-00805f9b34fb enable: true
09-16 14:19:27.582 24435 24435 I BleManager: Data written to descr. 00002902-0000-1000-8000-00805f9b34fb, value: (0x) 01-00
09-16 14:19:27.582 24435 24435 I BleManager: Notifications enabled
09-16 14:19:27.604 24435 24435 I BleManager: Notification received from 00002ade-0000-1000-8000-00805f9b34fb, value: (0x) 01-01-00-35-A5-C5-7D-FF-12-DD-75-00-00-00-00-34-E1-E1-40-46-3A-86-17
09-16 14:19:27.605 24435 24435 I ViewRootImpl@f9ac9e8[ScannerActivity]: stopped(false) old=true
09-16 14:19:27.606 24435 31993 D BluetoothGatt: onConnectionUpdated() - Device=C1:70:0D:03:B1:E6 interval=36 latency=0 timeout=500 status=0
09-16 14:19:27.610 24435 24435 I BluetoothAdapter: STATE_ON
09-16 14:19:27.610 24435 24435 I BluetoothAdapter: STATE_ON
09-16 14:19:27.610 24435 24435 I BluetoothAdapter: STATE_ON
09-16 14:19:27.611 24435 24435 I BluetoothAdapter: STATE_ON
09-16 14:19:27.611 24435 24435 I BluetoothAdapter: STATE_ON
09-16 14:19:27.612 24435 24435 I BluetoothAdapter: STATE_ON
09-16 14:19:27.612 24435 24435 I BluetoothAdapter: STATE_ON
09-16 14:19:27.612 24435 24435 D BluetoothLeScanner: Start Scan with callback
09-16 14:19:27.614 24435 31993 D BluetoothLeScanner: onScannerRegistered() - status=0 scannerId=11 mScannerId=0
09-16 14:19:27.621 24435 24435 D MeshManagerApi: Received mesh beacon: SecureNetworkBeacon { KeyRefreshActive: false, IV Index: IV Index: 0, IV Update Active: false, Authentication Value: 0x34E1E140463A8617}
09-16 14:19:27.621 24435 24435 D MeshManagerApi: Secure Network Beacon authenticated.
09-16 14:19:27.621 24435 24435 D MeshManagerApi: Last IV Index: 0
09-16 14:19:27.632 24435 24435 I SurfaceControl: assignNativeObject: nativeObject = 0 Surface(name=null)/@0x989365c / android.view.SurfaceControl.readFromParcel:1117 android.view.IWindowSession$Stub$Proxy.relayout:1836 android.view.ViewRootImpl.relayoutWindow:9132 android.view.ViewRootImpl.performTraversals:3422 android.view.ViewRootImpl.doTraversal:2671 android.view.ViewRootImpl$TraversalRunnable.run:10094 android.view.Choreographer$CallbackRecord.run:1010 android.view.Choreographer.doCallbacks:809 android.view.Choreographer.doFrame:744 android.view.Choreographer$FrameDisplayEventReceiver.run:995
09-16 14:19:27.632 24435 24435 I ViewRootImpl@f9ac9e8[ScannerActivity]: Relayout returned: old=(0,0,1200,1920) new=(0,0,1200,1920) req=(1200,1920)0 dur=9 res=0x7 s={true -5476376669684860880} ch=true fn=-1
09-16 14:19:27.633 24435 24435 I ViewRootImpl@f9ac9e8[ScannerActivity]: [DP] dp(1) 1 android.view.ViewRootImpl.reportNextDraw:11080 android.view.ViewRootImpl.performTraversals:3917 android.view.ViewRootImpl.doTraversal:2671
09-16 14:19:27.633 24435 24435 I ViewRootImpl@f9ac9e8[ScannerActivity]: [DP] pd() Asnyc report
