09-16 14:12:23.216 24435 24435 I SurfaceControl: assignNativeObject: nativeObject = 0 Surface(name=null)/@0x6fc95aa / android.view.SurfaceControl.readFromParcel:1117 android.view.IWindowSession$Stub$Proxy.relayout:1826 android.view.ViewRootImpl.relayoutWindow:9132 android.view.ViewRootImpl.performTraversals:3422 android.view.ViewRootImpl.doTraversal:2671 android.view.ViewRootImpl$TraversalRunnable.run:10094 android.view.Choreographer$CallbackRecord.run:1010 android.view.Choreographer.doCallbacks:809 android.view.Choreographer.doFrame:744 android.view.Choreographer$FrameDisplayEventReceiver.run:995
09-16 14:12:23.216 24435 24435 I SurfaceControl: assignNativeObject: nativeObject = 0 Surface(name=null)/@0x2b623af / android.view.SurfaceControl.readFromParcel:1117 android.view.IWindowSession$Stub$Proxy.relayout:1836 android.view.ViewRootImpl.relayoutWindow:9132 android.view.ViewRootImpl.performTraversals:3422 android.view.ViewRootImpl.doTraversal:2671 android.view.ViewRootImpl$TraversalRunnable.run:10094 android.view.Choreographer$CallbackRecord.run:1010 android.view.Choreographer.doCallbacks:809 android.view.Choreographer.doFrame:744 android.view.Choreographer$FrameDisplayEventReceiver.run:995
09-16 14:12:23.216 24435 24435 I ViewRootImpl@c66e18[MainActivity]: Relayout returned: old=(0,0,1200,1920) new=(0,0,1200,1920) req=(1200,1920)4 dur=5 res=0x1 s={false 0} ch=false fn=-1
09-16 14:12:23.217 24435 24435 I ViewRootImpl@c66e18[MainActivity]: stopped(false) old=true
09-16 14:12:23.222 24435 24435 I ViewRootImpl@c66e18[MainActivity]: stopped(false) old=false
09-16 14:12:23.240 24435 24435 I SurfaceControl: assignNativeObject: nativeObject = 0 Surface(name=null)/@0x2b623af / android.view.SurfaceControl.readFromParcel:1117 android.view.IWindowSession$Stub$Proxy.relayout:1836 android.view.ViewRootImpl.relayoutWindow:9132 android.view.ViewRootImpl.performTraversals:3422 android.view.ViewRootImpl.doTraversal:2671 android.view.ViewRootImpl$TraversalRunnable.run:10094 android.view.Choreographer$CallbackRecord.run:1010 android.view.Choreographer.doCallbacks:809 android.view.Choreographer.doFrame:744 android.view.Choreographer$FrameDisplayEventReceiver.run:995
09-16 14:12:23.240 24435 24435 I ViewRootImpl@c66e18[MainActivity]: Relayout returned: old=(0,0,1200,1920) new=(0,0,1200,1920) req=(1200,1920)0 dur=12 res=0x7 s={true -5476376669685279440} ch=true fn=-1
09-16 14:12:23.241 24435 24435 I ViewRootImpl@c66e18[MainActivity]: [DP] dp(1) 1 android.view.ViewRootImpl.reportNextDraw:11080 android.view.ViewRootImpl.performTraversals:3917 android.view.ViewRootImpl.doTraversal:2671
09-16 14:12:23.241 24435 24435 I ViewRootImpl@c66e18[MainActivity]: [DP] pd() Asnyc report
09-16 14:12:23.246 24435 24435 I ViewRootImpl@c66e18[MainActivity]: mAttachInfo.mThreadedRenderer.draw, mView = DecorView@885d97c[MainActivity] w = 1200 h = 1920
09-16 14:12:23.259 24435 24435 I ViewRootImpl@c66e18[MainActivity]: [DP] pdf(0) 1 android.view.ViewRootImpl.lambda$performDraw$1$ViewRootImpl:4745 android.view.-$$Lambda$ViewRootImpl$DJd0VUYJgsebcnSohO6h8zc_ONI.run:6 android.os.Handler.handleCallback:938
09-16 14:12:23.259 24435 24435 I ViewRootImpl@c66e18[MainActivity]: [DP] rdf()
09-16 14:12:23.261 24435 24435 I ViewRootImpl@fde6bf[ScannerActivity]: MSG_WINDOW_FOCUS_CHANGED 0 1
09-16 14:12:23.266 24435 24435 I SurfaceControl: nativeRelease nativeObject s[-5476376674517170352]
09-16 14:12:23.266 24435 24435 I SurfaceControl: nativeRelease nativeObject e[-5476376674517170352]
09-16 14:12:23.266 24435 24435 I SurfaceControl: nativeRelease nativeObject s[-5476376674517172368]
09-16 14:12:23.266 24435 24435 I SurfaceControl: nativeRelease nativeObject e[-5476376674517172368]
09-16 14:12:23.266 24435 24435 I SurfaceControl: nativeRelease nativeObject s[-5476376674517171808]
09-16 14:12:23.266 24435 24435 I SurfaceControl: nativeRelease nativeObject e[-5476376674517171808]
09-16 14:12:23.288 24435 24435 I ViewRootImpl@c66e18[MainActivity]: MSG_WINDOW_FOCUS_CHANGED 1 1
09-16 14:12:23.288 24435 24435 D InputMethodManager: prepareNavigationBarInfo() DecorView@885d97c[MainActivity]
09-16 14:12:23.288 24435 24435 D InputMethodManager: getNavigationBarColor() -16777216
09-16 14:12:23.290 24435 24435 D InputMethodManager: prepareNavigationBarInfo() DecorView@885d97c[MainActivity]
09-16 14:12:23.290 24435 24435 D InputMethodManager: getNavigationBarColor() -16777216
09-16 14:12:23.290 24435 24435 V InputMethodManager: Starting input: tba=no.nordicsemi.android.nrfmeshprovisioner ic=null mNaviBarColor -16777216 mIsGetNaviBarColorSuccess true , NavVisible : true , NavTrans : false
09-16 14:12:23.290 24435 24435 D InputMethodManager: startInputInner - Id : 0
09-16 14:12:23.290 24435 24435 I InputMethodManager: startInputInner - mService.startInputOrWindowGainedFocus
09-16 14:12:23.293 24435 24435 D InputTransport: Input channel constructed: 'ClientS', fd=89
09-16 14:12:23.293 24435 24435 D InputTransport: Input channel destroyed: 'ClientS', fd=90
09-16 14:12:23.305 24435 24435 I SurfaceControl: nativeRelease nativeObject s[-5476376674517223216]
09-16 14:12:23.305 24435 24435 I SurfaceControl: nativeRelease nativeObject e[-5476376674517223216]
09-16 14:12:23.307 24435 24435 I SurfaceControl: nativeRelease nativeObject s[-5476376674517185360]
09-16 14:12:23.307 24435 24435 I SurfaceControl: nativeRelease nativeObject e[-5476376674517185360]
09-16 14:12:23.307 24435 24435 I SurfaceControl: nativeRelease nativeObject s[-5476376674517224448]
09-16 14:12:23.307 24435 24435 I SurfaceControl: nativeRelease nativeObject e[-5476376674517224448]
09-16 14:12:23.611 24435 24435 I SurfaceControl: nativeRelease nativeObject s[-5476376674517174384]
09-16 14:12:23.611 24435 24435 I SurfaceControl: nativeRelease nativeObject e[-5476376674517174384]
09-16 14:12:23.611 24435 24435 I SurfaceControl: assignNativeObject: nativeObject = 0 Surface(name=null)/@0x3430bc2 / android.view.SurfaceControl.readFromParcel:1117 android.view.IWindowSession$Stub$Proxy.relayout:1826 android.view.ViewRootImpl.relayoutWindow:9132 android.view.ViewRootImpl.performTraversals:3422 android.view.ViewRootImpl.doTraversal:2671 android.view.ViewRootImpl$TraversalRunnable.run:10094 android.view.Choreographer$CallbackRecord.run:1010 android.view.Choreographer.doCallbacks:809 android.view.Choreographer.doFrame:744 android.view.Choreographer$FrameDisplayEventReceiver.run:995
09-16 14:12:23.612 24435 24435 I SurfaceControl: assignNativeObject: nativeObject = 0 Surface(name=null)/@0xc1e2343 / android.view.SurfaceControl.readFromParcel:1117 android.view.IWindowSession$Stub$Proxy.relayout:1836 android.view.ViewRootImpl.relayoutWindow:9132 android.view.ViewRootImpl.performTraversals:3422 android.view.ViewRootImpl.doTraversal:2671 android.view.ViewRootImpl$TraversalRunnable.run:10094 android.view.Choreographer$CallbackRecord.run:1010 android.view.Choreographer.doCallbacks:809 android.view.Choreographer.doFrame:744 android.view.Choreographer$FrameDisplayEventReceiver.run:995
09-16 14:12:23.613 24435 24435 I ViewRootImpl@fde6bf[ScannerActivity]: Relayout returned: old=(0,0,1200,1920) new=(0,0,1200,1920) req=(1200,1920)8 dur=6 res=0x5 s={false 0} ch=true fn=138
09-16 14:12:23.613 24435 24435 I ViewRootImpl@fde6bf[ScannerActivity]: stopped(true) old=false
09-16 14:12:23.614 24435 24435 I BluetoothAdapter: STATE_ON
09-16 14:12:23.614 24435 24435 I BluetoothAdapter: STATE_ON
09-16 14:12:23.614 24435 24435 D BluetoothLeScanner: Stop Scan with callback
09-16 14:12:23.621 24435 24435 I ViewRootImpl@fde6bf[ScannerActivity]: dispatchDetachedFromWindow
09-16 14:12:23.628 24435 24435 D InputTransport: Input channel destroyed: 'e25c55b', fd=84
09-16 14:12:40.827 24435 24435 I ViewRootImpl@c66e18[MainActivity]: ViewPostIme pointer 0
09-16 14:12:40.896 24435 24435 I ViewRootImpl@c66e18[MainActivity]: ViewPostIme pointer 1
09-16 14:12:40.956 24435 24435 I DecorView: [INFO] isPopOver=false, config=true
09-16 14:12:40.956 24435 24435 I DecorView: updateCaptionType >> DecorView@c9652a9[], isFloating=false, isApplication=true, hasWindowDecorCaption=false, hasWindowControllerCallback=true
09-16 14:12:40.956 24435 24435 D DecorView: setCaptionType = 0, this = DecorView@c9652a9[]
09-16 14:12:40.966 24435 24435 D InputTransport: Input channel constructed: 'd385e30', fd=84
09-16 14:12:40.967 24435 24435 I ViewRootImpl@ccf2d8c[ScannerActivity]: setView = com.android.internal.policy.DecorView@c9652a9 TM=true
09-16 14:12:40.978 24435 24435 I SurfaceControl: assignNativeObject: nativeObject = 0 Surface(name=null)/@0x38669c0 / android.view.SurfaceControl.readFromParcel:1117 android.view.IWindowSession$Stub$Proxy.relayout:1836 android.view.ViewRootImpl.relayoutWindow:9132 android.view.ViewRootImpl.performTraversals:3422 android.view.ViewRootImpl.doTraversal:2671 android.view.ViewRootImpl$TraversalRunnable.run:10094 android.view.Choreographer$CallbackRecord.run:1010 android.view.Choreographer.doCallbacks:809 android.view.Choreographer.doFrame:744 android.view.Choreographer$FrameDisplayEventReceiver.run:995
09-16 14:12:40.979 24435 24435 I ViewRootImpl@ccf2d8c[ScannerActivity]: Relayout returned: old=(0,0,1200,1920) new=(0,0,1200,1920) req=(1200,1920)0 dur=9 res=0x7 s={true -5476376669685122480} ch=true fn=-1
09-16 14:12:40.980 24435 24435 I ViewRootImpl@ccf2d8c[ScannerActivity]: [DP] dp(1) 1 android.view.ViewRootImpl.reportNextDraw:11080 android.view.ViewRootImpl.performTraversals:3917 android.view.ViewRootImpl.doTraversal:2671
09-16 14:12:40.980 24435 24435 I ViewRootImpl@ccf2d8c[ScannerActivity]: [DP] pd() Asnyc report
09-16 14:12:40.980 24435 24435 I ViewRootImpl@ccf2d8c[ScannerActivity]: mAttachInfo.mThreadedRenderer.draw, mView = DecorView@c9652a9[ScannerActivity] w = 1200 h = 1920
09-16 14:12:40.989 24435 24435 I ViewRootImpl@ccf2d8c[ScannerActivity]: [DP] pdf(0) 1 android.view.ViewRootImpl.lambda$performDraw$1$ViewRootImpl:4745 android.view.-$$Lambda$ViewRootImpl$DJd0VUYJgsebcnSohO6h8zc_ONI.run:6 android.os.Handler.handleCallback:938
09-16 14:12:40.989 24435 24435 I ViewRootImpl@ccf2d8c[ScannerActivity]: [DP] rdf()
09-16 14:12:40.990 24435 24435 I BluetoothAdapter: STATE_ON
09-16 14:12:40.990 24435 24435 I BluetoothAdapter: STATE_ON
09-16 14:12:40.991 24435 24435 I BluetoothAdapter: STATE_ON
09-16 14:12:40.991 24435 24435 I BluetoothAdapter: STATE_ON
09-16 14:12:40.991 24435 24435 I BluetoothAdapter: STATE_ON
09-16 14:12:40.991 24435 24435 I BluetoothAdapter: STATE_ON
09-16 14:12:40.991 24435 24435 I BluetoothAdapter: STATE_ON
09-16 14:12:40.992 24435 24435 D BluetoothLeScanner: Start Scan with callback
09-16 14:12:40.993 24435 31992 D BluetoothLeScanner: onScannerRegistered() - status=0 scannerId=9 mScannerId=0
09-16 14:12:40.997 24435 24435 I ViewRootImpl@c66e18[MainActivity]: MSG_WINDOW_FOCUS_CHANGED 0 1
09-16 14:12:41.008 24435 24435 I SurfaceControl: nativeRelease nativeObject s[-5476376674517167216]
09-16 14:12:41.008 24435 24435 I SurfaceControl: nativeRelease nativeObject e[-5476376674517167216]
09-16 14:12:41.008 24435 24435 I SurfaceControl: nativeRelease nativeObject s[-5476376674517168336]
09-16 14:12:41.008 24435 24435 I SurfaceControl: nativeRelease nativeObject e[-5476376674517168336]
09-16 14:12:41.008 24435 24435 I SurfaceControl: nativeRelease nativeObject s[-5476376674517173824]
09-16 14:12:41.008 24435 24435 I SurfaceControl: nativeRelease nativeObject e[-5476376674517173824]
09-16 14:12:41.029 24435 24435 I ViewRootImpl@ccf2d8c[ScannerActivity]: MSG_WINDOW_FOCUS_CHANGED 1 1
09-16 14:12:41.030 24435 24435 D InputMethodManager: prepareNavigationBarInfo() DecorView@c9652a9[ScannerActivity]
09-16 14:12:41.030 24435 24435 D InputMethodManager: getNavigationBarColor() -16777216
09-16 14:12:41.030 24435 24435 D InputMethodManager: prepareNavigationBarInfo() DecorView@c9652a9[ScannerActivity]
09-16 14:12:41.030 24435 24435 D InputMethodManager: getNavigationBarColor() -16777216
09-16 14:12:41.030 24435 24435 V InputMethodManager: Starting input: tba=no.nordicsemi.android.nrfmeshprovisioner ic=null mNaviBarColor -16777216 mIsGetNaviBarColorSuccess true , NavVisible : true , NavTrans : false
09-16 14:12:41.030 24435 24435 D InputMethodManager: startInputInner - Id : 0
09-16 14:12:41.030 24435 24435 I InputMethodManager: startInputInner - mService.startInputOrWindowGainedFocus
09-16 14:12:41.032 24435 24435 D InputTransport: Input channel constructed: 'ClientS', fd=103
09-16 14:12:41.032 24435 24435 D InputTransport: Input channel destroyed: 'ClientS', fd=89
09-16 14:12:41.044 24435 24435 I SurfaceControl: nativeRelease nativeObject s[-5476376674517207200]
09-16 14:12:41.044 24435 24435 I SurfaceControl: nativeRelease nativeObject e[-5476376674517207200]
09-16 14:12:41.046 24435 24435 I SurfaceControl: nativeRelease nativeObject s[-5476376674517184912]
09-16 14:12:41.046 24435 24435 I SurfaceControl: nativeRelease nativeObject e[-5476376674517184912]
09-16 14:12:41.046 24435 24435 I SurfaceControl: nativeRelease nativeObject s[-5476376674517170912]
09-16 14:12:41.046 24435 24435 I SurfaceControl: nativeRelease nativeObject e[-5476376674517170912]
09-16 14:12:41.416 24435 24435 I SurfaceControl: nativeRelease nativeObject s[-5476376674517192752]
09-16 14:12:41.416 24435 24435 I SurfaceControl: nativeRelease nativeObject e[-5476376674517192752]
09-16 14:12:41.417 24435 24435 I SurfaceControl: assignNativeObject: nativeObject = 0 Surface(name=null)/@0x6fc95aa / android.view.SurfaceControl.readFromParcel:1117 android.view.IWindowSession$Stub$Proxy.relayout:1826 android.view.ViewRootImpl.relayoutWindow:9132 android.view.ViewRootImpl.performTraversals:3422 android.view.ViewRootImpl.doTraversal:2671 android.view.ViewRootImpl$TraversalRunnable.run:10094 android.view.Choreographer$CallbackRecord.run:1010 android.view.Choreographer.doCallbacks:809 android.view.Choreographer.doFrame:744 android.view.Choreographer$FrameDisplayEventReceiver.run:995
09-16 14:12:41.417 24435 24435 I SurfaceControl: assignNativeObject: nativeObject = 0 Surface(name=null)/@0x2b623af / android.view.SurfaceControl.readFromParcel:1117 android.view.IWindowSession$Stub$Proxy.relayout:1836 android.view.ViewRootImpl.relayoutWindow:9132 android.view.ViewRootImpl.performTraversals:3422 android.view.ViewRootImpl.doTraversal:2671 android.view.ViewRootImpl$TraversalRunnable.run:10094 android.view.Choreographer$CallbackRecord.run:1010 android.view.Choreographer.doCallbacks:809 android.view.Choreographer.doFrame:744 android.view.Choreographer$FrameDisplayEventReceiver.run:995
09-16 14:12:41.418 24435 24435 I ViewRootImpl@c66e18[MainActivity]: Relayout returned: old=(0,0,1200,1920) new=(0,0,1200,1920) req=(1200,1920)8 dur=6 res=0x5 s={false 0} ch=true fn=27
09-16 14:12:41.418 24435 24435 I ViewRootImpl@c66e18[MainActivity]: stopped(true) old=false
09-16 14:12:42.843 24435 24435 I ViewRootImpl@ccf2d8c[ScannerActivity]: ViewPostIme pointer 0
09-16 14:12:42.928 24435 24435 I ViewRootImpl@ccf2d8c[ScannerActivity]: ViewPostIme pointer 1
09-16 14:12:42.965 24435 24435 D ScrollView: initGoToTop
09-16 14:12:42.991 24435 24435 I DecorView: [INFO] isPopOver=false, config=true
09-16 14:12:42.992 24435 24435 I DecorView: updateCaptionType >> DecorView@f3bd7df[], isFloating=false, isApplication=true, hasWindowDecorCaption=false, hasWindowControllerCallback=true
09-16 14:12:42.992 24435 24435 D DecorView: setCaptionType = 0, this = DecorView@f3bd7df[]
09-16 14:12:42.996 24435 24435 E ActivityThread: Failed to find provider info for no.nordicsemi.android.log
09-16 14:12:42.996 24435 24435 D AA : Connect issued
09-16 14:12:42.997 24435 24435 I BluetoothAdapter: STATE_ON
09-16 14:12:42.998 24435 24435 D BluetoothGatt: connect() - device: C1:70:0D:03:B1:E6, auto: false
09-16 14:12:42.998 24435 24435 I BluetoothAdapter: isSecureModeEnabled
09-16 14:12:42.998 24435 24435 D BluetoothGatt: registerApp()
09-16 14:12:42.998 24435 24435 D BluetoothGatt: registerApp() - UUID=1d5b7c36-4b39-461e-a5eb-f7d4d1b7b8cf
09-16 14:12:43.001 24435 31992 D BluetoothGatt: onClientRegistered() - status=0 clientIf=11
09-16 14:12:43.006 24435 24435 D InputTransport: Input channel constructed: 'ab24ef9', fd=83
09-16 14:12:43.007 24435 24435 I ViewRootImpl@4ce0e1d[ProvisioningActivity]: setView = com.android.internal.policy.DecorView@f3bd7df TM=true
09-16 14:12:43.028 24435 24435 I SurfaceControl: assignNativeObject: nativeObject = 0 Surface(name=null)/@0xc01e3d5 / android.view.SurfaceControl.readFromParcel:1117 android.view.IWindowSession$Stub$Proxy.relayout:1836 android.view.ViewRootImpl.relayoutWindow:9132 android.view.ViewRootImpl.performTraversals:3422 android.view.ViewRootImpl.doTraversal:2671 android.view.ViewRootImpl$TraversalRunnable.run:10094 android.view.Choreographer$CallbackRecord.run:1010 android.view.Choreographer.doCallbacks:809 android.view.Choreographer.doFrame:744 android.view.Choreographer$FrameDisplayEventReceiver.run:995
09-16 14:12:43.028 24435 24435 I ViewRootImpl@4ce0e1d[ProvisioningActivity]: Relayout returned: old=(0,0,1200,1920) new=(0,0,1200,1920) req=(1200,1920)0 dur=7 res=0x7 s={true -5476376669685279440} ch=true fn=-1
09-16 14:12:43.029 24435 24435 I ViewRootImpl@4ce0e1d[ProvisioningActivity]: [DP] dp(1) 1 android.view.ViewRootImpl.reportNextDraw:11080 android.view.ViewRootImpl.performTraversals:3917 android.view.ViewRootImpl.doTraversal:2671
09-16 14:12:43.029 24435 24435 I ViewRootImpl@4ce0e1d[ProvisioningActivity]: [DP] pd() Asnyc report
09-16 14:12:43.030 24435 24435 I ViewRootImpl@4ce0e1d[ProvisioningActivity]: mAttachInfo.mThreadedRenderer.draw, mView = DecorView@f3bd7df[ProvisioningActivity] w = 1200 h = 1920
09-16 14:12:43.037 24435 24435 I ViewRootImpl@4ce0e1d[ProvisioningActivity]: [DP] pdf(0) 1 android.view.ViewRootImpl.lambda$performDraw$1$ViewRootImpl:4745 android.view.-$$Lambda$ViewRootImpl$DJd0VUYJgsebcnSohO6h8zc_ONI.run:6 android.os.Handler.handleCallback:938
09-16 14:12:43.037 24435 24435 I ViewRootImpl@4ce0e1d[ProvisioningActivity]: [DP] rdf()
09-16 14:12:43.038 24435 24435 I ViewRootImpl@ccf2d8c[ScannerActivity]: MSG_WINDOW_FOCUS_CHANGED 0 1
09-16 14:12:43.045 24435 24435 I SurfaceControl: nativeRelease nativeObject s[-5476376674517234864]
09-16 14:12:43.045 24435 24435 I SurfaceControl: nativeRelease nativeObject e[-5476376674517234864]
09-16 14:12:43.045 24435 24435 I SurfaceControl: nativeRelease nativeObject s[-5476376674517174944]
09-16 14:12:43.045 24435 24435 I SurfaceControl: nativeRelease nativeObject e[-5476376674517174944]
09-16 14:12:43.045 24435 24435 I SurfaceControl: nativeRelease nativeObject s[-5476376674517223552]
09-16 14:12:43.045 24435 24435 I SurfaceControl: nativeRelease nativeObject e[-5476376674517223552]
09-16 14:12:43.057 24435 24435 I ViewRootImpl@4ce0e1d[ProvisioningActivity]: MSG_WINDOW_FOCUS_CHANGED 1 1
09-16 14:12:43.057 24435 24435 D InputMethodManager: prepareNavigationBarInfo() DecorView@f3bd7df[ProvisioningActivity]
09-16 14:12:43.058 24435 24435 D InputMethodManager: getNavigationBarColor() -16777216
09-16 14:12:43.059 24435 24435 D InputMethodManager: prepareNavigationBarInfo() DecorView@f3bd7df[ProvisioningActivity]
09-16 14:12:43.059 24435 24435 D InputMethodManager: getNavigationBarColor() -16777216
09-16 14:12:43.059 24435 24435 V InputMethodManager: Starting input: tba=no.nordicsemi.android.nrfmeshprovisioner ic=null mNaviBarColor -16777216 mIsGetNaviBarColorSuccess true , NavVisible : true , NavTrans : false
09-16 14:12:43.059 24435 24435 D InputMethodManager: startInputInner - Id : 0
09-16 14:12:43.059 24435 24435 I InputMethodManager: startInputInner - mService.startInputOrWindowGainedFocus
09-16 14:12:43.062 24435 24435 D InputTransport: Input channel constructed: 'ClientS', fd=91
09-16 14:12:43.062 24435 24435 D InputTransport: Input channel destroyed: 'ClientS', fd=103
09-16 14:12:43.088 24435 24435 I SurfaceControl: nativeRelease nativeObject s[-5476376674517242704]
09-16 14:12:43.088 24435 24435 I SurfaceControl: nativeRelease nativeObject e[-5476376674517242704]
09-16 14:12:43.089 24435 24435 I SurfaceControl: nativeRelease nativeObject s[-5476376674517160608]
09-16 14:12:43.089 24435 24435 I SurfaceControl: nativeRelease nativeObject e[-5476376674517160608]
09-16 14:12:43.089 24435 24435 I SurfaceControl: nativeRelease nativeObject s[-5476376674517165200]
09-16 14:12:43.089 24435 24435 I SurfaceControl: nativeRelease nativeObject e[-5476376674517165200]
09-16 14:12:43.461 24435 24435 I SurfaceControl: nativeRelease nativeObject s[-5476376674517175056]
09-16 14:12:43.461 24435 24435 I SurfaceControl: nativeRelease nativeObject e[-5476376674517175056]
09-16 14:12:43.462 24435 24435 I SurfaceControl: assignNativeObject: nativeObject = 0 Surface(name=null)/@0x93800cb / android.view.SurfaceControl.readFromParcel:1117 android.view.IWindowSession$Stub$Proxy.relayout:1826 android.view.ViewRootImpl.relayoutWindow:9132 android.view.ViewRootImpl.performTraversals:3422 android.view.ViewRootImpl.doTraversal:2671 android.view.ViewRootImpl$TraversalRunnable.run:10094 android.view.Choreographer$CallbackRecord.run:1010 android.view.Choreographer.doCallbacks:809 android.view.Choreographer.doFrame:744 android.view.Choreographer$FrameDisplayEventReceiver.run:995
09-16 14:12:43.462 24435 24435 I SurfaceControl: assignNativeObject: nativeObject = 0 Surface(name=null)/@0x38669c0 / android.view.SurfaceControl.readFromParcel:1117 android.view.IWindowSession$Stub$Proxy.relayout:1836 android.view.ViewRootImpl.relayoutWindow:9132 android.view.ViewRootImpl.performTraversals:3422 android.view.ViewRootImpl.doTraversal:2671 android.view.ViewRootImpl$TraversalRunnable.run:10094 android.view.Choreographer$CallbackRecord.run:1010 android.view.Choreographer.doCallbacks:809 android.view.Choreographer.doFrame:744 android.view.Choreographer$FrameDisplayEventReceiver.run:995
09-16 14:12:43.463 24435 24435 I ViewRootImpl@ccf2d8c[ScannerActivity]: Relayout returned: old=(0,0,1200,1920) new=(0,0,1200,1920) req=(1200,1920)8 dur=6 res=0x5 s={false 0} ch=true fn=149
09-16 14:12:43.463 24435 24435 I ViewRootImpl@ccf2d8c[ScannerActivity]: stopped(true) old=false
09-16 14:12:43.464 24435 24435 I BluetoothAdapter: STATE_ON
09-16 14:12:43.464 24435 24435 I BluetoothAdapter: STATE_ON
09-16 14:12:43.464 24435 24435 D BluetoothLeScanner: Stop Scan with callback
09-16 14:12:43.477 24435 24435 I SurfaceControl: assignNativeObject: nativeObject = 0 Surface(name=null)/@0x93800cb / android.view.SurfaceControl.readFromParcel:1117 android.view.IWindowSession$Stub$Proxy.relayout:1826 android.view.ViewRootImpl.relayoutWindow:9132 android.view.ViewRootImpl.performTraversals:3422 android.view.ViewRootImpl.doTraversal:2671 android.view.ViewRootImpl$TraversalRunnable.run:10094 android.view.Choreographer$CallbackRecord.run:1010 android.view.Choreographer.doCallbacks:809 android.view.Choreographer.doFrame:744 android.view.Choreographer$FrameDisplayEventReceiver.run:995
09-16 14:12:43.477 24435 24435 I SurfaceControl: assignNativeObject: nativeObject = 0 Surface(name=null)/@0x38669c0 / android.view.SurfaceControl.readFromParcel:1117 android.view.IWindowSession$Stub$Proxy.relayout:1836 android.view.ViewRootImpl.relayoutWindow:9132 android.view.ViewRootImpl.performTraversals:3422 android.view.ViewRootImpl.doTraversal:2671 android.view.ViewRootImpl$TraversalRunnable.run:10094 android.view.Choreographer$CallbackRecord.run:1010 android.view.Choreographer.doCallbacks:809 android.view.Choreographer.doFrame:744 android.view.Choreographer$FrameDisplayEventReceiver.run:995
09-16 14:12:43.478 24435 24435 I ViewRootImpl@ccf2d8c[ScannerActivity]: Relayout returned: old=(0,0,1200,1920) new=(0,0,1200,1920) req=(1200,1920)8 dur=6 res=0x5 s={false 0} ch=false fn=-1
09-16 14:12:45.241 24435 24435 I ViewRootImpl@4ce0e1d[ProvisioningActivity]: ViewPostIme key 0
09-16 14:12:45.301 24435 24435 I ViewRootImpl@4ce0e1d[ProvisioningActivity]: ViewPostIme key 1
09-16 14:12:46.031 24435 32333 D BluetoothGatt: onClientConnectionState() - status=0 clientIf=11 device=C1:70:0D:03:B1:E6
09-16 14:12:46.032 24435 24435 I BleManager: Connected to C1:70:0D:03:B1:E6
09-16 14:12:46.333 24435 24435 D BluetoothGatt: discoverServices() - device: C1:70:0D:03:B1:E6
09-16 14:12:46.423 24435 32333 D BluetoothGatt: onConnectionUpdated() - Device=C1:70:0D:03:B1:E6 interval=6 latency=0 timeout=500 status=0
09-16 14:12:46.797 24435 32333 D BluetoothGatt: onSearchComplete() = Device=C1:70:0D:03:B1:E6 Status=0
09-16 14:12:46.797 24435 24435 I BleManager: Services discovered
09-16 14:12:46.798 24435 24435 D BluetoothGatt: configureMTU() - device: C1:70:0D:03:B1:E6 mtu: 517
09-16 14:12:46.823 24435 32333 D BluetoothGatt: onConfigureMTU() - Device=C1:70:0D:03:B1:E6 mtu=69 status=0
09-16 14:12:46.823 24435 24435 I BleManager: MTU changed to: 69
09-16 14:12:46.824 24435 24435 D BluetoothGatt: setCharacteristicNotification() - uuid: 00002adc-0000-1000-8000-00805f9b34fb enable: true
09-16 14:12:46.844 24435 24435 I BleManager: Data written to descr. 00002902-0000-1000-8000-00805f9b34fb, value: (0x) 01-00
09-16 14:12:46.845 24435 24435 I BleManager: Notifications enabled
09-16 14:12:46.859 24435 32333 D BluetoothGatt: onConnectionUpdated() - Device=C1:70:0D:03:B1:E6 interval=36 latency=0 timeout=500 status=0
09-16 14:12:46.867 24435 24435 D ScrollView: onsize change changed
09-16 14:12:51.197 24435 32333 D BluetoothGatt: onConnectionUpdated() - Device=C1:70:0D:03:B1:E6 interval=30 latency=0 timeout=42 status=0
09-16 14:12:54.727 24435 24435 I ViewRootImpl@4ce0e1d[ProvisioningActivity]: ViewPostIme pointer 0
09-16 14:12:54.844 24435 24435 I ViewRootImpl@4ce0e1d[ProvisioningActivity]: ViewPostIme pointer 1
09-16 14:12:54.854 24435 24435 I BleManager: Data written to 00002adb-0000-1000-8000-00805f9b34fb, value: (0x) 03-00-05
09-16 14:12:54.854 24435 24435 V MeshManagerApi: Provisioning pdu sent: 0x030005
09-16 14:12:54.936 24435 24435 I BleManager: Notification received from 00002adc-0000-1000-8000-00805f9b34fb, value: (0x) 03-01-04-00-01-00-00-01-00-01-01-00-01
09-16 14:12:54.937 24435 24435 V MeshManagerApi: Received provisioning message: 0x03010400010000010001010001
09-16 14:12:54.937 24435 24435 V ProvisioningCapabilities: Number of elements: 4
09-16 14:12:54.937 24435 24435 V AlgorithmType: Supported output oob action type: FIPS P-256 Elliptic Curve
09-16 14:12:54.937 24435 24435 V ProvisioningCapabilities: Public key information available: false
09-16 14:12:54.937 24435 24435 V ProvisioningCapabilities: Static OOB information available: : false
09-16 14:12:54.937 24435 24435 V ProvisioningCapabilities: Output OOB size: 1
09-16 14:12:54.937 24435 24435 V OutputOOBAction: Supported output oob action type: Blink
09-16 14:12:54.937 24435 24435 V ProvisioningCapabilities: Input OOB size: 1
09-16 14:12:54.937 24435 24435 V InputOOBAction: Input oob action type value: Push
09-16 14:13:02.660 24435 24435 I ViewRootImpl@4ce0e1d[ProvisioningActivity]: ViewPostIme pointer 0
09-16 14:13:02.763 24435 24435 I ViewRootImpl@4ce0e1d[ProvisioningActivity]: ViewPostIme pointer 1
09-16 14:13:02.774 24435 24435 D ScrollView: initGoToTop
09-16 14:13:02.793 24435 24435 I Dialog : mIsSamsungBasicInteraction = false, isMetaDataInActivity = false
09-16 14:13:02.796 24435 24435 I DecorView: [INFO] isPopOver=false, config=false
09-16 14:13:02.796 24435 24435 I DecorView: updateCaptionType >> DecorView@70329db[], isFloating=true, isApplication=true, hasWindowDecorCaption=false, hasWindowControllerCallback=false
09-16 14:13:02.796 24435 24435 D DecorView: setCaptionType = 0, this = DecorView@70329db[]
09-16 14:13:02.802 24435 24435 D ScrollView: initGoToTop
09-16 14:13:02.818 24435 24435 D InputTransport: Input channel constructed: '775fb40', fd=82
09-16 14:13:02.819 24435 24435 I ViewRootImpl@45e3fcb[ProvisioningActivity]: setView = com.android.internal.policy.DecorView@70329db TM=true
09-16 14:13:02.838 24435 24435 I SurfaceControl: assignNativeObject: nativeObject = 0 Surface(name=null)/@0xced25fd / android.view.SurfaceControl.readFromParcel:1117 android.view.IWindowSession$Stub$Proxy.relayout:1836 android.view.ViewRootImpl.relayoutWindow:9132 android.view.ViewRootImpl.performTraversals:3422 android.view.ViewRootImpl.doTraversal:2671 android.view.ViewRootImpl$TraversalRunnable.run:10094 android.view.Choreographer$CallbackRecord.run:1010 android.view.Choreographer.doCallbacks:809 android.view.Choreographer.doFrame:744 android.view.Choreographer$FrameDisplayEventReceiver.run:995
09-16 14:13:02.840 24435 24435 I ViewRootImpl@45e3fcb[ProvisioningActivity]: Relayout returned: old=(0,36,1200,1848) new=(168,772,1032,1111) req=(864,339)0 dur=11 res=0x7 s={true -5476376669685009120} ch=true fn=-1
09-16 14:13:02.843 24435 24435 D ScrollView: onsize change changed
09-16 14:13:02.843 24435 24435 D ScrollView: onsize change changed
09-16 14:13:02.844 24435 24435 I ViewRootImpl@45e3fcb[ProvisioningActivity]: [DP] dp(1) 1 android.view.ViewRootImpl.reportNextDraw:11080 android.view.ViewRootImpl.performTraversals:3917 android.view.ViewRootImpl.doTraversal:2671
09-16 14:13:02.844 24435 24435 I ViewRootImpl@45e3fcb[ProvisioningActivity]: [DP] pd() Asnyc report
09-16 14:13:02.844 24435 24435 I ViewRootImpl@45e3fcb[ProvisioningActivity]: mAttachInfo.mThreadedRenderer.draw, mView = DecorView@70329db[ProvisioningActivity] w = 864 h = 339
09-16 14:13:02.846 24435 31994 I meshprovisione: Waiting for a blocking GC ProfileSaver
09-16 14:13:02.851 24435 24435 I ViewRootImpl@45e3fcb[ProvisioningActivity]: [DP] pdf(0) 1 android.view.ViewRootImpl.lambda$performDraw$1$ViewRootImpl:4745 android.view.-$$Lambda$ViewRootImpl$DJd0VUYJgsebcnSohO6h8zc_ONI.run:6 android.os.Handler.handleCallback:938
09-16 14:13:02.851 24435 24435 I ViewRootImpl@45e3fcb[ProvisioningActivity]: [DP] rdf()
09-16 14:13:02.852 24435 24435 I SurfaceControl: nativeRelease nativeObject s[-5476376674517188720]
09-16 14:13:02.852 24435 24435 I SurfaceControl: nativeRelease nativeObject e[-5476376674517188720]
09-16 14:13:02.852 24435 24435 I SurfaceControl: nativeRelease nativeObject s[-5476376674517167664]
09-16 14:13:02.852 24435 24435 I SurfaceControl: nativeRelease nativeObject e[-5476376674517167664]
09-16 14:13:02.852 24435 24435 I SurfaceControl: nativeRelease nativeObject s[-5476376674517195888]
09-16 14:13:02.852 24435 24435 I SurfaceControl: nativeRelease nativeObject e[-5476376674517195888]
09-16 14:13:02.853 24435 24435 I SurfaceControl: nativeRelease nativeObject s[-5476376674517234864]
09-16 14:13:02.853 24435 24435 I SurfaceControl: nativeRelease nativeObject e[-5476376674517234864]
09-16 14:13:02.853 24435 24435 I SurfaceControl: nativeRelease nativeObject s[-5476376674517174944]
09-16 14:13:02.853 24435 24435 I SurfaceControl: nativeRelease nativeObject e[-5476376674517174944]
09-16 14:13:02.856 24435 24435 I ViewRootImpl@4ce0e1d[ProvisioningActivity]: MSG_WINDOW_FOCUS_CHANGED 0 1
09-16 14:13:02.871 24435 24435 I ViewRootImpl@45e3fcb[ProvisioningActivity]: MSG_WINDOW_FOCUS_CHANGED 1 1
09-16 14:13:02.880 24435 31994 I meshprovisione: WaitForGcToComplete blocked ProfileSaver on HeapTrim for 33.299ms
09-16 14:13:04.293 24435 24435 I ViewRootImpl@45e3fcb[ProvisioningActivity]: ViewPostIme pointer 0
09-16 14:13:04.379 24435 24435 I ViewRootImpl@45e3fcb[ProvisioningActivity]: ViewPostIme pointer 1
09-16 14:13:04.390 24435 24435 V ProvisioningStartState: Provisioning start PDU: 0x03020000000000
09-16 14:13:04.396 24435 31999 D OpenGLRenderer: endAllActiveAnimators on 0xb400006eab403840 (RippleDrawable) with handle 0xb400006dbb316170
09-16 14:13:04.396 24435 24435 I ViewRootImpl@45e3fcb[ProvisioningActivity]: dispatchDetachedFromWindow
09-16 14:13:04.396 24435 24435 I SurfaceControl: nativeRelease nativeObject s[-5476376674517154336]
09-16 14:13:04.396 24435 24435 I SurfaceControl: nativeRelease nativeObject e[-5476376674517154336]
09-16 14:13:04.410 24435 24435 D InputTransport: Input channel destroyed: '775fb40', fd=82
09-16 14:13:04.430 24435 24435 I SurfaceControl: nativeRelease nativeObject s[-5476376674517165648]
09-16 14:13:04.430 24435 24435 I SurfaceControl: nativeRelease nativeObject e[-5476376674517165648]
09-16 14:13:04.430 24435 24435 I SurfaceControl: assignNativeObject: nativeObject = 0 Surface(name=null)/@0xc01e3d5 / android.view.SurfaceControl.readFromParcel:1117 android.view.IWindowSession$Stub$Proxy.relayout:1836 android.view.ViewRootImpl.relayoutWindow:9132 android.view.ViewRootImpl.performTraversals:3422 android.view.ViewRootImpl.doTraversal:2671 android.view.ViewRootImpl$TraversalRunnable.run:10094 android.view.Choreographer$CallbackRecord.run:1010 android.view.Choreographer.doCallbacks:809 android.view.Choreographer.doFrame:744 android.view.Choreographer$FrameDisplayEventReceiver.run:995
09-16 14:13:04.431 24435 24435 I SurfaceControl: nativeRelease nativeObject s[-5476376674517158256]
09-16 14:13:04.431 24435 24435 I SurfaceControl: nativeRelease nativeObject e[-5476376674517158256]
09-16 14:13:04.432 24435 24435 I ViewRootImpl@4ce0e1d[ProvisioningActivity]: Relayout returned: old=(0,0,1200,1920) new=(0,0,1200,1920) req=(1200,1920)0 dur=7 res=0x1 s={true -5476376669685279440} ch=false fn=282
09-16 14:13:04.432 24435 24435 I ViewRootImpl@4ce0e1d[ProvisioningActivity]: mAttachInfo.mThreadedRenderer.draw, mView = DecorView@f3bd7df[ProvisioningActivity] w = 1200 h = 1920
09-16 14:13:04.434 24435 24435 I BleManager: Data written to 00002adb-0000-1000-8000-00805f9b34fb, value: (0x) 03-02-00-00-00-00-00
09-16 14:13:04.434 24435 24435 I SurfaceControl: nativeRelease nativeObject s[-5476376674517184688]
09-16 14:13:04.434 24435 24435 I SurfaceControl: nativeRelease nativeObject e[-5476376674517184688]
09-16 14:13:04.434 24435 24435 I SurfaceControl: nativeRelease nativeObject s[-5476376674517168000]
09-16 14:13:04.434 24435 24435 I SurfaceControl: nativeRelease nativeObject e[-5476376674517168000]
09-16 14:13:04.435 24435 24435 I SurfaceControl: nativeRelease nativeObject s[-5476376674517165648]
09-16 14:13:04.435 24435 24435 I SurfaceControl: nativeRelease nativeObject e[-5476376674517165648]
09-16 14:13:04.435 24435 24435 I SurfaceControl: nativeRelease nativeObject s[-5476376674517194880]
09-16 14:13:04.435 24435 24435 I SurfaceControl: nativeRelease nativeObject e[-5476376674517194880]
09-16 14:13:04.435 24435 24435 I SurfaceControl: nativeRelease nativeObject s[-5476376674517196784]
09-16 14:13:04.435 24435 24435 I SurfaceControl: nativeRelease nativeObject e[-5476376674517196784]
09-16 14:13:04.436 24435 24435 V MeshManagerApi: Provisioning pdu sent: 0x03020000000000
09-16 14:13:04.477 24435 24435 V ProvisioningPublicKeyState: X: length: 32 9B6D3B73850F8AA40BA06358CAF69DE17832E8A0BD9874061ABF0586212CABCA
09-16 14:13:04.477 24435 24435 V ProvisioningPublicKeyState: Y: length: 32 1DECA7A4BDA4A01EDAAF91E634687BE76C6175CB81A0DFF8FA154F4260FE60C3
09-16 14:13:04.477 24435 24435 V ProvisioningPublicKeyState: XY: 0x9B6D3B73850F8AA40BA06358CAF69DE17832E8A0BD9874061ABF0586212CABCA1DECA7A4BDA4A01EDAAF91E634687BE76C6175CB81A0DFF8FA154F4260FE60C3
09-16 14:13:04.481 24435 24435 I ViewRootImpl@4ce0e1d[ProvisioningActivity]: MSG_WINDOW_FOCUS_CHANGED 1 1
09-16 14:13:04.481 24435 24435 D InputMethodManager: prepareNavigationBarInfo() DecorView@f3bd7df[ProvisioningActivity]
09-16 14:13:04.481 24435 24435 D InputMethodManager: getNavigationBarColor() -16777216
09-16 14:13:04.482 24435 24435 D InputMethodManager: prepareNavigationBarInfo() DecorView@f3bd7df[ProvisioningActivity]
09-16 14:13:04.482 24435 24435 D InputMethodManager: getNavigationBarColor() -16777216
09-16 14:13:04.482 24435 24435 V InputMethodManager: Starting input: tba=no.nordicsemi.android.nrfmeshprovisioner ic=null mNaviBarColor -16777216 mIsGetNaviBarColorSuccess true , NavVisible : true , NavTrans : false
09-16 14:13:04.482 24435 24435 D InputMethodManager: startInputInner - Id : 0
09-16 14:13:04.482 24435 24435 I InputMethodManager: startInputInner - mService.startInputOrWindowGainedFocus
09-16 14:13:04.483 24435 24435 D InputTransport: Input channel constructed: 'ClientS', fd=86
09-16 14:13:04.484 24435 24435 D InputTransport: Input channel destroyed: 'ClientS', fd=91
09-16 14:13:04.484 24435 24435 I BleManager: Data written to 00002adb-0000-1000-8000-00805f9b34fb, value: (0x) 03-03-9B-6D-3B-73-85-0F-8A-A4-0B-A0-63-58-CA-F6-9D-E1-78-32-E8-A0-BD-98-74-06-1A-BF-05-86-21-2C-AB-CA-1D-EC-A7-A4-BD-A4-A0-1E-DA-AF-91-E6-34-68-7B-E7-6C-61-75-CB-81-A0-DF-F8-FA-15-4F-42-60-FE-60-C3
09-16 14:13:04.490 24435 24435 V MeshManagerApi: Provisioning pdu sent: 0x03039B6D3B73850F8AA40BA06358CAF69DE17832E8A0BD9874061ABF0586212CABCA1DECA7A4BDA4A01EDAAF91E634687BE76C6175CB81A0DFF8FA154F4260FE60C3
09-16 14:13:04.538 24435 24435 I BleManager: Notification received from 00002adc-0000-1000-8000-00805f9b34fb, value: (0x) 03-03-8C-7B-B5-C4-EF-34-9B-39-E2-E0-35-2A-7A-B2-B0-3F-C4-63-6C-2E-D2-63-01-C4-42-2B-21-5E-D9-93-96-79-72-0F-4D-D4-74-AF-5B-16-F7-5F-BC-A6-43-A7-E3-E4-B0-52-73-92-C0-DF-30-C6-3A-D1-76-9A-50-CF-41-C8
09-16 14:13:04.538 24435 24435 V MeshManagerApi: Received provisioning message: 0x03038C7BB5C4EF349B39E2E0352A7AB2B03FC4636C2ED26301C4422B215ED9939679720F4DD474AF5B16F75FBCA643A7E3E4B0527392C0DF30C63AD1769A50CF41C8
09-16 14:13:04.538 24435 24435 V ProvisioningPublicKeyState: Provisionee X: 720F4DD474AF5B16F75FBCA643A7E3E4B0527392C0DF30C63AD1769A50CF41C8
09-16 14:13:04.538 24435 24435 V ProvisioningPublicKeyState: Provisionee Y: 8C7BB5C4EF349B39E2E0352A7AB2B03FC4636C2ED26301C4422B215ED9939679
09-16 14:13:04.542 24435 24435 V ProvisioningPublicKeyState: ECDH Secret: D64D381B9CE6C0F164CB2D9E2C9DA4081F19D880B77181E1F5462A9FA7AA8708
09-16 14:13:04.543 24435 24435 V ProvisioningConfirmationState: Confirmation inputs: 05040001000001000101000100000000009B6D3B73850F8AA40BA06358CAF69DE17832E8A0BD9874061ABF0586212CABCA1DECA7A4BDA4A01EDAAF91E634687BE76C6175CB81A0DFF8FA154F4260FE60C38C7BB5C4EF349B39E2E0352A7AB2B03FC4636C2ED26301C4422B215ED9939679720F4DD474AF5B16F75FBCA643A7E3E4B0527392C0DF30C63AD1769A50CF41C8
09-16 14:13:04.543 24435 24435 V ProvisioningConfirmationState: Confirmation salt: 62225F1C61F22BC192614AE6A5D291A3
09-16 14:13:04.543 24435 24435 V ProvisioningConfirmationState: Confirmation key: 1FF403F19407BAD2759FCA1B8605F593
09-16 14:13:04.543 24435 24435 V ProvisioningConfirmationState: Provisioner random: 382687F4BE933C3879C09F7A2DE367BC
09-16 14:13:04.543 24435 24435 V ProvisioningConfirmationState: Authentication value: 00000000000000000000000000000000
09-16 14:13:04.543 24435 24435 V ProvisioningConfirmationState: Provisioning confirmation: 030545C43F94067FA1B52A5C888B6BF6F02B
09-16 14:13:04.546 24435 24435 I BleManager: Data written to 00002adb-0000-1000-8000-00805f9b34fb, value: (0x) 03-05-45-C4-3F-94-06-7F-A1-B5-2A-5C-88-8B-6B-F6-F0-2B
09-16 14:13:04.559 24435 24435 V MeshManagerApi: Provisioning pdu sent: 0x030545C43F94067FA1B52A5C888B6BF6F02B
09-16 14:13:04.611 24435 24435 I BleManager: Notification received from 00002adc-0000-1000-8000-00805f9b34fb, value: (0x) 03-05-00-7C-24-5D-15-EF-F8-27-A3-56-F1-58-6C-0F-81-50
09-16 14:13:04.611 24435 24435 V MeshManagerApi: Received provisioning message: 0x0305007C245D15EFF827A356F1586C0F8150
09-16 14:13:04.611 24435 24435 V ProvisioningRandomConfirmationState: Provisioner random PDU: 0306382687F4BE933C3879C09F7A2DE367BC
09-16 14:13:04.627 24435 24435 I BleManager: Data written to 00002adb-0000-1000-8000-00805f9b34fb, value: (0x) 03-06-38-26-87-F4-BE-93-3C-38-79-C0-9F-7A-2D-E3-67-BC
09-16 14:13:04.627 24435 24435 V MeshManagerApi: Provisioning pdu sent: 0x0306382687F4BE933C3879C09F7A2DE367BC
09-16 14:13:04.686 24435 24435 I BleManager: Notification received from 00002adc-0000-1000-8000-00805f9b34fb, value: (0x) 03-06-3C-6E-9D-7D-1F-86-EB-1C-53-54-45-66-7E-41-90-80
09-16 14:13:04.687 24435 24435 V MeshManagerApi: Received provisioning message: 0x03063C6E9D7D1F86EB1C535445667E419080
09-16 14:13:04.687 24435 24435 V ProvisioningRandomConfirmationState: Confirmation inputs: 05040001000001000101000100000000009B6D3B73850F8AA40BA06358CAF69DE17832E8A0BD9874061ABF0586212CABCA1DECA7A4BDA4A01EDAAF91E634687BE76C6175CB81A0DFF8FA154F4260FE60C38C7BB5C4EF349B39E2E0352A7AB2B03FC4636C2ED26301C4422B215ED9939679720F4DD474AF5B16F75FBCA643A7E3E4B0527392C0DF30C63AD1769A50CF41C8
09-16 14:13:04.687 24435 24435 V ProvisioningRandomConfirmationState: Confirmation salt: 62225F1C61F22BC192614AE6A5D291A3
09-16 14:13:04.687 24435 24435 V ProvisioningRandomConfirmationState: Confirmation key: 1FF403F19407BAD2759FCA1B8605F593
09-16 14:13:04.687 24435 24435 V ProvisioningRandomConfirmationState: Authentication value: 00000000000000000000000000000000
09-16 14:13:04.687 24435 24435 V ProvisioningDataState: Provisioning salt: C486CF12A9B8D3CE0C449F3212865CF7
09-16 14:13:04.687 24435 24435 V ProvisioningDataState: Session key: 8D66425C345146CA3EF01448D70AD05B
09-16 14:13:04.687 24435 24435 V ProvisioningDataState: Session nonce: FE2157A8721B77FAB9DB6DD8F4
09-16 14:13:04.687 24435 24435 V ProvisioningDataState: Device key: 94D98154E54DBADC71725C6E76681D58
09-16 14:13:04.687 24435 24435 V ProvisioningDataState: Network key: CEA35479257B02F70ABD98C4DC6B3A62
09-16 14:13:04.687 24435 24435 V ProvisioningDataState: Key index: 0000
09-16 14:13:04.687 24435 24435 V ProvisioningDataState: Flags: 00
09-16 14:13:04.687 24435 24435 V ProvisioningDataState: IV index: 00000000
09-16 14:13:04.687 24435 24435 V ProvisioningDataState: Unicast address: 0002
09-16 14:13:04.687 24435 24435 V ProvisioningDataState: Provisioning data: CEA35479257B02F70ABD98C4DC6B3A62000000000000000002
09-16 14:13:04.688 24435 24435 V ProvisioningDataState: Encrypted provisioning data: 6AB82496BD894E05FC96CDB222FE853A83997A88EEE125A0DBCA6945DC707714EC
09-16 14:13:04.688 24435 24435 V ProvisioningDataState: Prov Data: 03076AB82496BD894E05FC96CDB222FE853A83997A88EEE125A0DBCA6945DC707714EC
09-16 14:13:04.690 24435 24435 I BleManager: Data written to 00002adb-0000-1000-8000-00805f9b34fb, value: (0x) 03-07-6A-B8-24-96-BD-89-4E-05-FC-96-CD-B2-22-FE-85-3A-83-99-7A-88-EE-E1-25-A0-DB-CA-69-45-DC-70-77-14-EC
09-16 14:13:04.714 24435 24435 V MeshManagerApi: Provisioning pdu sent: 0x03076AB82496BD894E05FC96CDB222FE853A83997A88EEE125A0DBCA6945DC707714EC
09-16 14:13:04.836 24435 24435 I BleManager: Notification received from 00002adc-0000-1000-8000-00805f9b34fb, value: (0x) 03-08
09-16 14:13:04.836 24435 24435 V MeshManagerApi: Received provisioning message: 0x0308
09-16 14:13:04.837 24435 24435 D BluetoothGatt: cancelOpen() - device: C1:70:0D:03:B1:E6
09-16 14:13:04.843 24435 31992 D BluetoothGatt: onClientConnectionState() - status=0 clientIf=11 device=C1:70:0D:03:B1:E6
09-16 14:13:04.843 24435 24435 V s : Disconnecting...
09-16 14:13:04.857 24435 24435 I SurfaceControl: nativeRelease nativeObject s[-5476376674517166432]
09-16 14:13:04.857 24435 24435 I SurfaceControl: nativeRelease nativeObject e[-5476376674517166432]
09-16 14:13:04.858 24435 24435 I SurfaceControl: assignNativeObject: nativeObject = 0 Surface(name=null)/@0xc01e3d5 / android.view.SurfaceControl.readFromParcel:1117 android.view.IWindowSession$Stub$Proxy.relayout:1836 android.view.ViewRootImpl.relayoutWindow:9132 android.view.ViewRootImpl.performTraversals:3422 android.view.ViewRootImpl.doTraversal:2671 android.view.ViewRootImpl$TraversalRunnable.run:10094 android.view.Choreographer$CallbackRecord.run:1010 android.view.Choreographer.doCallbacks:809 android.view.Choreographer.doFrame:744 android.view.Choreographer$FrameDisplayEventReceiver.run:995
09-16 14:13:04.858 24435 24435 I SurfaceControl: nativeRelease nativeObject s[-5476376674517154336]
09-16 14:13:04.858 24435 24435 I SurfaceControl: nativeRelease nativeObject e[-5476376674517154336]
09-16 14:13:04.858 24435 24435 I SurfaceControl: nativeRelease nativeObject s[-5476376674517154000]
09-16 14:13:04.858 24435 24435 I SurfaceControl: nativeRelease nativeObject e[-5476376674517154000]
09-16 14:13:04.858 24435 24435 I SurfaceControl: nativeRelease nativeObject s[-5476376674517203392]
09-16 14:13:04.858 24435 24435 I SurfaceControl: nativeRelease nativeObject e[-5476376674517203392]
09-16 14:13:04.858 24435 24435 I ViewRootImpl@4ce0e1d[ProvisioningActivity]: Relayout returned: old=(0,0,1200,1920) new=(0,0,1200,1920) req=(1200,1920)0 dur=5 res=0x1 s={true -5476376669685279440} ch=false fn=287
09-16 14:13:04.858 24435 24435 I ViewRootImpl@4ce0e1d[ProvisioningActivity]: mAttachInfo.mThreadedRenderer.draw, mView = DecorView@f3bd7df[ProvisioningActivity] w = 1200 h = 1920
09-16 14:13:04.860 24435 24435 I BleManager: Disconnected
09-16 14:13:04.861 24435 24435 D BluetoothGatt: refresh() - device: C1:70:0D:03:B1:E6
09-16 14:13:04.862 24435 24435 I BleManager: Cache refreshed
09-16 14:13:04.862 24435 24435 D BluetoothGatt: close()
09-16 14:13:04.863 24435 24435 D BluetoothGatt: unregisterApp() - mClientIf=11
09-16 14:13:04.870 24435 24435 V s : Disconnected
09-16 14:13:05.844 24435 24435 I BluetoothAdapter: STATE_ON
09-16 14:13:05.844 24435 24435 I BluetoothAdapter: STATE_ON
09-16 14:13:05.844 24435 24435 I BluetoothAdapter: STATE_ON
09-16 14:13:05.845 24435 24435 I BluetoothAdapter: STATE_ON
09-16 14:13:05.845 24435 24435 I BluetoothAdapter: STATE_ON
09-16 14:13:05.846 24435 24435 I BluetoothAdapter: STATE_ON
09-16 14:13:05.846 24435 24435 I BluetoothAdapter: STATE_ON
09-16 14:13:05.847 24435 24435 D BluetoothLeScanner: Start Scan with callback
09-16 14:13:05.860 24435 31992 D BluetoothLeScanner: onScannerRegistered() - status=0 scannerId=9 mScannerId=0
09-16 14:13:05.865 24435 24435 V s : Scan started
09-16 14:13:05.970 24435 24435 I BluetoothAdapter: STATE_ON
09-16 14:13:05.970 24435 24435 I BluetoothAdapter: STATE_ON
09-16 14:13:05.970 24435 24435 D BluetoothLeScanner: Stop Scan with callback
09-16 14:13:07.978 24435 24435 I BluetoothAdapter: STATE_ON
09-16 14:13:07.980 24435 24435 D BluetoothGatt: connect() - device: C1:70:0D:03:B1:E6, auto: false
09-16 14:13:07.980 24435 24435 I BluetoothAdapter: isSecureModeEnabled
09-16 14:13:07.981 24435 24435 D BluetoothGatt: registerApp()
09-16 14:13:07.981 24435 24435 D BluetoothGatt: registerApp() - UUID=63b08895-91a2-453e-991d-aa8adcbaaaa3
09-16 14:13:07.986 24435 31992 D BluetoothGatt: onClientRegistered() - status=0 clientIf=9
09-16 14:13:08.667 24435 31992 D BluetoothGatt: onClientConnectionState() - status=0 clientIf=9 device=C1:70:0D:03:B1:E6
09-16 14:13:08.669 24435 24435 I BleManager: Connected to C1:70:0D:03:B1:E6
09-16 14:13:08.970 24435 24435 D BluetoothGatt: discoverServices() - device: C1:70:0D:03:B1:E6
09-16 14:13:09.105 24435 31992 D BluetoothGatt: onConnectionUpdated() - Device=C1:70:0D:03:B1:E6 interval=6 latency=0 timeout=500 status=0
09-16 14:13:09.493 24435 31992 D BluetoothGatt: onSearchComplete() = Device=C1:70:0D:03:B1:E6 Status=0
09-16 14:13:09.493 24435 24435 I BleManager: Services discovered
09-16 14:13:09.494 24435 24435 D BluetoothGatt: configureMTU() - device: C1:70:0D:03:B1:E6 mtu: 517
09-16 14:13:09.516 24435 31992 D BluetoothGatt: onConfigureMTU() - Device=C1:70:0D:03:B1:E6 mtu=69 status=0
09-16 14:13:09.516 24435 24435 I BleManager: MTU changed to: 69
09-16 14:13:09.517 24435 24435 D BluetoothGatt: setCharacteristicNotification() - uuid: 00002ade-0000-1000-8000-00805f9b34fb enable: true
09-16 14:13:09.532 24435 24435 I BleManager: Data written to descr. 00002902-0000-1000-8000-00805f9b34fb, value: (0x) 01-00
09-16 14:13:09.532 24435 24435 I BleManager: Notifications enabled
09-16 14:13:09.554 24435 31992 D BluetoothGatt: onConnectionUpdated() - Device=C1:70:0D:03:B1:E6 interval=36 latency=0 timeout=500 status=0
09-16 14:13:09.570 24435 24435 I SurfaceControl: nativeRelease nativeObject s[-5476376674517225680]
09-16 14:13:09.570 24435 24435 I SurfaceControl: nativeRelease nativeObject e[-5476376674517225680]
09-16 14:13:09.570 24435 24435 I SurfaceControl: assignNativeObject: nativeObject = 0 Surface(name=null)/@0xc01e3d5 / android.view.SurfaceControl.readFromParcel:1117 android.view.IWindowSession$Stub$Proxy.relayout:1836 android.view.ViewRootImpl.relayoutWindow:9132 android.view.ViewRootImpl.performTraversals:3422 android.view.ViewRootImpl.doTraversal:2671 android.view.ViewRootImpl$TraversalRunnable.run:10094 android.view.Choreographer$CallbackRecord.run:1010 android.view.Choreographer.doCallbacks:809 android.view.Choreographer.doFrame:744 android.view.Choreographer$FrameDisplayEventReceiver.run:995
09-16 14:13:09.571 24435 24435 I SurfaceControl: nativeRelease nativeObject s[-5476376674517166432]
09-16 14:13:09.571 24435 24435 I SurfaceControl: nativeRelease nativeObject e[-5476376674517166432]
09-16 14:13:09.571 24435 24435 I SurfaceControl: nativeRelease nativeObject s[-5476376674517154560]
09-16 14:13:09.571 24435 24435 I SurfaceControl: nativeRelease nativeObject e[-5476376674517154560]
09-16 14:13:09.571 24435 24435 I SurfaceControl: nativeRelease nativeObject s[-5476376674517193200]
09-16 14:13:09.571 24435 24435 I SurfaceControl: nativeRelease nativeObject e[-5476376674517193200]
09-16 14:13:09.571 24435 24435 I ViewRootImpl@4ce0e1d[ProvisioningActivity]: Relayout returned: old=(0,0,1200,1920) new=(0,0,1200,1920) req=(1200,1920)0 dur=6 res=0x1 s={true -5476376669685279440} ch=false fn=568
09-16 14:13:09.571 24435 24435 I ViewRootImpl@4ce0e1d[ProvisioningActivity]: mAttachInfo.mThreadedRenderer.draw, mView = DecorView@f3bd7df[ProvisioningActivity] w = 1200 h = 1920
09-16 14:13:09.574 24435 24435 I BleManager: Notification received from 00002ade-0000-1000-8000-00805f9b34fb, value: (0x) 01-01-00-35-A5-C5-7D-FF-12-DD-75-00-00-00-00-34-E1-E1-40-46-3A-86-17
09-16 14:13:09.591 24435 24435 D MeshManagerApi: Received mesh beacon: SecureNetworkBeacon { KeyRefreshActive: false, IV Index: IV Index: 0, IV Update Active: false, Authentication Value: 0x34E1E140463A8617}
09-16 14:13:09.591 24435 24435 D MeshManagerApi: Secure Network Beacon authenticated.
09-16 14:13:09.591 24435 24435 D MeshManagerApi: Last IV Index: 0
09-16 14:13:11.536 24435 24435 V MeshTransport: Src address: 0001
09-16 14:13:11.536 24435 24435 V MeshTransport: Dst address: 0002
09-16 14:13:11.536 24435 24435 V MeshTransport: Key: 94D98154E54DBADC71725C6E76681D58
