09-16 14:30:19.094 24435 24435 I SurfaceControl: assignNativeObject: nativeObject = 0 Surface(name=null)/@0xeca3c23 / android.view.SurfaceControl.readFromParcel:1117 android.view.IWindowSession$Stub$Proxy.relayout:1836 android.view.ViewRootImpl.relayoutWindow:9132 android.view.ViewRootImpl.performTraversals:3422 android.view.ViewRootImpl.doTraversal:2671 android.view.ViewRootImpl$TraversalRunnable.run:10094 android.view.Choreographer$CallbackRecord.run:1010 android.view.Choreographer.doCallbacks:809 android.view.Choreographer.doFrame:744 android.view.Choreographer$FrameDisplayEventReceiver.run:995
09-16 14:30:19.094 24435 24435 I ViewRootImpl@41622ab[ProvisioningActivity]: Relayout returned: old=(0,0,1200,1920) new=(0,0,1200,1920) req=(1200,1920)0 dur=8 res=0x7 s={true -5476376669684756240} ch=true fn=-1
09-16 14:30:19.095 24435 24435 I ViewRootImpl@41622ab[ProvisioningActivity]: [DP] dp(1) 1 android.view.ViewRootImpl.reportNextDraw:11080 android.view.ViewRootImpl.performTraversals:3917 android.view.ViewRootImpl.doTraversal:2671
09-16 14:30:19.095 24435 24435 I ViewRootImpl@41622ab[ProvisioningActivity]: [DP] pd() Asnyc report
09-16 14:30:19.096 24435 24435 I ViewRootImpl@41622ab[ProvisioningActivity]: mAttachInfo.mThreadedRenderer.draw, mView = DecorView@aa760a7[ProvisioningActivity] w = 1200 h = 1920
09-16 14:30:19.105 24435 24435 I ViewRootImpl@41622ab[ProvisioningActivity]: [DP] pdf(0) 1 android.view.ViewRootImpl.lambda$performDraw$1$ViewRootImpl:4745 android.view.-$$Lambda$ViewRootImpl$DJd0VUYJgsebcnSohO6h8zc_ONI.run:6 android.os.Handler.handleCallback:938
09-16 14:30:19.105 24435 24435 I ViewRootImpl@41622ab[ProvisioningActivity]: [DP] rdf()
09-16 14:30:19.105 24435 24435 I ViewRootImpl@290a936[ScannerActivity]: MSG_WINDOW_FOCUS_CHANGED 0 1
09-16 14:30:19.112 24435 24435 I SurfaceControl: nativeRelease nativeObject s[-5476376674517157024]
09-16 14:30:19.112 24435 24435 I SurfaceControl: nativeRelease nativeObject e[-5476376674517157024]
09-16 14:30:19.112 24435 24435 I SurfaceControl: nativeRelease nativeObject s[-5476376674517239904]
09-16 14:30:19.112 24435 24435 I SurfaceControl: nativeRelease nativeObject e[-5476376674517239904]
09-16 14:30:19.112 24435 24435 I SurfaceControl: nativeRelease nativeObject s[-5476376674517131040]
09-16 14:30:19.112 24435 24435 I SurfaceControl: nativeRelease nativeObject e[-5476376674517131040]
09-16 14:30:19.136 24435 24435 I ViewRootImpl@41622ab[ProvisioningActivity]: MSG_WINDOW_FOCUS_CHANGED 1 1
09-16 14:30:19.136 24435 24435 D InputMethodManager: prepareNavigationBarInfo() DecorView@aa760a7[ProvisioningActivity]
09-16 14:30:19.136 24435 24435 D InputMethodManager: getNavigationBarColor() -16777216
09-16 14:30:19.137 24435 24435 D InputMethodManager: prepareNavigationBarInfo() DecorView@aa760a7[ProvisioningActivity]
09-16 14:30:19.137 24435 24435 D InputMethodManager: getNavigationBarColor() -16777216
09-16 14:30:19.137 24435 24435 V InputMethodManager: Starting input: tba=no.nordicsemi.android.nrfmeshprovisioner ic=null mNaviBarColor -16777216 mIsGetNaviBarColorSuccess true , NavVisible : true , NavTrans : false
09-16 14:30:19.137 24435 24435 D InputMethodManager: startInputInner - Id : 0
09-16 14:30:19.137 24435 24435 I InputMethodManager: startInputInner - mService.startInputOrWindowGainedFocus
09-16 14:30:19.138 24435 24435 D InputTransport: Input channel constructed: 'ClientS', fd=97
09-16 14:30:19.138 24435 24435 D InputTransport: Input channel destroyed: 'ClientS', fd=86
09-16 14:30:19.152 24435 24435 I SurfaceControl: nativeRelease nativeObject s[-5476376674517126224]
09-16 14:30:19.152 24435 24435 I SurfaceControl: nativeRelease nativeObject e[-5476376674517126224]
09-16 14:30:19.153 24435 24435 I SurfaceControl: nativeRelease nativeObject s[-5476376674517126336]
09-16 14:30:19.153 24435 24435 I SurfaceControl: nativeRelease nativeObject e[-5476376674517126336]
09-16 14:30:19.153 24435 24435 I SurfaceControl: nativeRelease nativeObject s[-5476376674517155344]
09-16 14:30:19.153 24435 24435 I SurfaceControl: nativeRelease nativeObject e[-5476376674517155344]
09-16 14:30:19.543 24435 24435 I SurfaceControl: nativeRelease nativeObject s[-5476376674517202384]
09-16 14:30:19.543 24435 24435 I SurfaceControl: nativeRelease nativeObject e[-5476376674517202384]
09-16 14:30:19.544 24435 24435 I SurfaceControl: assignNativeObject: nativeObject = 0 Surface(name=null)/@0xb738517 / android.view.SurfaceControl.readFromParcel:1117 android.view.IWindowSession$Stub$Proxy.relayout:1826 android.view.ViewRootImpl.relayoutWindow:9132 android.view.ViewRootImpl.performTraversals:3422 android.view.ViewRootImpl.doTraversal:2671 android.view.ViewRootImpl$TraversalRunnable.run:10094 android.view.Choreographer$CallbackRecord.run:1010 android.view.Choreographer.doCallbacks:809 android.view.Choreographer.doFrame:744 android.view.Choreographer$FrameDisplayEventReceiver.run:995
09-16 14:30:19.544 24435 24435 I SurfaceControl: assignNativeObject: nativeObject = 0 Surface(name=null)/@0xa3ebca / android.view.SurfaceControl.readFromParcel:1117 android.view.IWindowSession$Stub$Proxy.relayout:1836 android.view.ViewRootImpl.relayoutWindow:9132 android.view.ViewRootImpl.performTraversals:3422 android.view.ViewRootImpl.doTraversal:2671 android.view.ViewRootImpl$TraversalRunnable.run:10094 android.view.Choreographer$CallbackRecord.run:1010 android.view.Choreographer.doCallbacks:809 android.view.Choreographer.doFrame:744 android.view.Choreographer$FrameDisplayEventReceiver.run:995
09-16 14:30:19.544 24435 24435 I ViewRootImpl@290a936[ScannerActivity]: Relayout returned: old=(0,0,1200,1920) new=(0,0,1200,1920) req=(1200,1920)8 dur=7 res=0x5 s={false 0} ch=true fn=90
09-16 14:30:19.545 24435 24435 I ViewRootImpl@290a936[ScannerActivity]: stopped(true) old=false
09-16 14:30:19.545 24435 24435 I BluetoothAdapter: STATE_ON
09-16 14:30:19.545 24435 24435 I BluetoothAdapter: STATE_ON
09-16 14:30:19.546 24435 24435 D BluetoothLeScanner: Stop Scan with callback
09-16 14:30:19.557 24435 24435 I SurfaceControl: assignNativeObject: nativeObject = 0 Surface(name=null)/@0xb738517 / android.view.SurfaceControl.readFromParcel:1117 android.view.IWindowSession$Stub$Proxy.relayout:1826 android.view.ViewRootImpl.relayoutWindow:9132 android.view.ViewRootImpl.performTraversals:3422 android.view.ViewRootImpl.doTraversal:2671 android.view.ViewRootImpl$TraversalRunnable.run:10094 android.view.Choreographer$CallbackRecord.run:1010 android.view.Choreographer.doCallbacks:809 android.view.Choreographer.doFrame:744 android.view.Choreographer$FrameDisplayEventReceiver.run:995
09-16 14:30:19.557 24435 24435 I SurfaceControl: assignNativeObject: nativeObject = 0 Surface(name=null)/@0xa3ebca / android.view.SurfaceControl.readFromParcel:1117 android.view.IWindowSession$Stub$Proxy.relayout:1836 android.view.ViewRootImpl.relayoutWindow:9132 android.view.ViewRootImpl.performTraversals:3422 android.view.ViewRootImpl.doTraversal:2671 android.view.ViewRootImpl$TraversalRunnable.run:10094 android.view.Choreographer$CallbackRecord.run:1010 android.view.Choreographer.doCallbacks:809 android.view.Choreographer.doFrame:744 android.view.Choreographer$FrameDisplayEventReceiver.run:995
09-16 14:30:19.558 24435 24435 I ViewRootImpl@290a936[ScannerActivity]: Relayout returned: old=(0,0,1200,1920) new=(0,0,1200,1920) req=(1200,1920)8 dur=5 res=0x5 s={false 0} ch=false fn=-1
09-16 14:30:20.238 24435 31992 D BluetoothGatt: onClientConnectionState() - status=0 clientIf=12 device=C1:70:0D:03:B1:E6
09-16 14:30:20.240 24435 24435 I BleManager: Connected to C1:70:0D:03:B1:E6
09-16 14:30:20.541 24435 24435 D BluetoothGatt: discoverServices() - device: C1:70:0D:03:B1:E6
09-16 14:30:20.987 24435 31992 D BluetoothGatt: onConnectionUpdated() - Device=C1:70:0D:03:B1:E6 interval=60 latency=0 timeout=400 status=0
09-16 14:30:21.661 24435 31992 D BluetoothGatt: onConnectionUpdated() - Device=C1:70:0D:03:B1:E6 interval=6 latency=0 timeout=500 status=0
09-16 14:30:21.783 24435 31992 D BluetoothGatt: onSearchComplete() = Device=C1:70:0D:03:B1:E6 Status=0
09-16 14:30:21.783 24435 24435 I BleManager: Services discovered
09-16 14:30:21.784 24435 24435 D BluetoothGatt: configureMTU() - device: C1:70:0D:03:B1:E6 mtu: 517
09-16 14:30:21.803 24435 31992 D BluetoothGatt: onConfigureMTU() - Device=C1:70:0D:03:B1:E6 mtu=69 status=0
09-16 14:30:21.803 24435 24435 I BleManager: MTU changed to: 69
09-16 14:30:21.803 24435 24435 D BluetoothGatt: setCharacteristicNotification() - uuid: 00002adc-0000-1000-8000-00805f9b34fb enable: true
09-16 14:30:21.825 24435 24435 I BleManager: Data written to descr. 00002902-0000-1000-8000-00805f9b34fb, value: (0x) 01-00
09-16 14:30:21.825 24435 24435 I BleManager: Notifications enabled
09-16 14:30:21.843 24435 24435 D ScrollView: onsize change changed
09-16 14:30:21.847 24435 31992 D BluetoothGatt: onConnectionUpdated() - Device=C1:70:0D:03:B1:E6 interval=60 latency=0 timeout=400 status=0
09-16 14:30:22.575 24435 24435 I ViewRootImpl@41622ab[ProvisioningActivity]: ViewPostIme pointer 0
09-16 14:30:22.694 24435 24435 I ViewRootImpl@41622ab[ProvisioningActivity]: ViewPostIme pointer 1
09-16 14:30:22.703 24435 24435 I BleManager: Data written to 00002adb-0000-1000-8000-00805f9b34fb, value: (0x) 03-00-05
09-16 14:30:22.703 24435 24435 V MeshManagerApi: Provisioning pdu sent: 0x030005
09-16 14:30:22.785 24435 24435 I BleManager: Notification received from 00002adc-0000-1000-8000-00805f9b34fb, value: (0x) 03-01-04-00-01-00-00-00-00-00-00-00-00
09-16 14:30:22.786 24435 24435 V MeshManagerApi: Received provisioning message: 0x03010400010000000000000000
09-16 14:30:22.786 24435 24435 V ProvisioningCapabilities: Number of elements: 4
09-16 14:30:22.786 24435 24435 V AlgorithmType: Supported output oob action type: FIPS P-256 Elliptic Curve
09-16 14:30:22.786 24435 24435 V ProvisioningCapabilities: Public key information available: false
09-16 14:30:22.786 24435 24435 V ProvisioningCapabilities: Static OOB information available: : false
09-16 14:30:22.786 24435 24435 V ProvisioningCapabilities: Output OOB size: 0
09-16 14:30:22.786 24435 24435 V ProvisioningCapabilities: Input OOB size: 0
09-16 14:30:23.956 24435 24435 I SurfaceControl: nativeRelease nativeObject s[-5476376674517179648]
09-16 14:30:23.956 24435 24435 I SurfaceControl: nativeRelease nativeObject e[-5476376674517179648]
09-16 14:30:23.956 24435 24435 I SurfaceControl: nativeRelease nativeObject s[-5476376674517133840]
09-16 14:30:23.956 24435 24435 I SurfaceControl: nativeRelease nativeObject e[-5476376674517133840]
09-16 14:30:23.956 24435 24435 I SurfaceControl: nativeRelease nativeObject s[-5476376674517129360]
09-16 14:30:23.956 24435 24435 I SurfaceControl: nativeRelease nativeObject e[-5476376674517129360]
09-16 14:30:23.969 24435 24435 I ViewRootImpl@41622ab[ProvisioningActivity]: MSG_WINDOW_FOCUS_CHANGED 0 1
09-16 14:30:27.182 24435 24435 I ViewRootImpl@41622ab[ProvisioningActivity]: MSG_RESIZED_REPORT: frame=(0,0,1200,1920) ci=(0,0,0,72) vi=(0,0,0,72) or=1
09-16 14:30:27.182 24435 24435 I ViewRootImpl@41622ab[ProvisioningActivity]: [DP] dp(1) 1 android.view.ViewRootImpl.reportNextDraw:11080 android.view.ViewRootImpl.access$1300:255 android.view.ViewRootImpl$ViewRootHandler.handleMessage:6209
09-16 14:30:27.194 24435 24435 I SurfaceControl: nativeRelease nativeObject s[-5476376674517156352]
09-16 14:30:27.194 24435 24435 I SurfaceControl: nativeRelease nativeObject e[-5476376674517156352]
09-16 14:30:27.195 24435 24435 I SurfaceControl: assignNativeObject: nativeObject = 0 Surface(name=null)/@0xeca3c23 / android.view.SurfaceControl.readFromParcel:1117 android.view.IWindowSession$Stub$Proxy.relayout:1836 android.view.ViewRootImpl.relayoutWindow:9132 android.view.ViewRootImpl.performTraversals:3422 android.view.ViewRootImpl.doTraversal:2671 android.view.ViewRootImpl$TraversalRunnable.run:10094 android.view.Choreographer$CallbackRecord.run:1010 android.view.Choreographer.doCallbacks:809 android.view.Choreographer.doFrame:744 android.view.Choreographer$FrameDisplayEventReceiver.run:995
09-16 14:30:27.195 24435 24435 I SurfaceControl: nativeRelease nativeObject s[-5476376674517148512]
09-16 14:30:27.195 24435 24435 I SurfaceControl: nativeRelease nativeObject e[-5476376674517148512]
09-16 14:30:27.196 24435 24435 I ViewRootImpl@41622ab[ProvisioningActivity]: Relayout returned: old=(0,0,1200,1920) new=(0,0,1200,1920) req=(1200,1920)0 dur=11 res=0x1 s={true -5476376669684756240} ch=false fn=191
09-16 14:30:27.197 24435 24435 I ViewRootImpl@41622ab[ProvisioningActivity]: [DP] pd() Asnyc report
09-16 14:30:27.200 24435 24435 I ViewRootImpl@41622ab[ProvisioningActivity]: mAttachInfo.mThreadedRenderer.draw, mView = DecorView@aa760a7[ProvisioningActivity] w = 1200 h = 1920
09-16 14:30:27.211 24435 24435 I ViewRootImpl@41622ab[ProvisioningActivity]: [DP] pdf(0) 1 android.view.ViewRootImpl.lambda$performDraw$1$ViewRootImpl:4745 android.view.-$$Lambda$ViewRootImpl$DJd0VUYJgsebcnSohO6h8zc_ONI.run:6 android.os.Handler.handleCallback:938
09-16 14:30:27.211 24435 24435 I ViewRootImpl@41622ab[ProvisioningActivity]: [DP] rdf()
09-16 14:30:27.214 24435 24435 I SurfaceControl: nativeRelease nativeObject s[-5476376674517156352]
09-16 14:30:27.214 24435 24435 I SurfaceControl: nativeRelease nativeObject e[-5476376674517156352]
09-16 14:30:27.214 24435 24435 I SurfaceControl: nativeRelease nativeObject s[-5476376674517179648]
09-16 14:30:27.214 24435 24435 I SurfaceControl: nativeRelease nativeObject e[-5476376674517179648]
09-16 14:30:27.214 24435 24435 I SurfaceControl: nativeRelease nativeObject s[-5476376674517133840]
09-16 14:30:27.214 24435 24435 I SurfaceControl: nativeRelease nativeObject e[-5476376674517133840]
09-16 14:30:27.214 24435 24435 I ViewRootImpl@41622ab[ProvisioningActivity]: MSG_WINDOW_FOCUS_CHANGED 1 1
09-16 14:30:27.214 24435 24435 D InputMethodManager: prepareNavigationBarInfo() DecorView@aa760a7[ProvisioningActivity]
09-16 14:30:27.214 24435 24435 D InputMethodManager: getNavigationBarColor() -16777216
09-16 14:30:27.215 24435 24435 D InputMethodManager: prepareNavigationBarInfo() DecorView@aa760a7[ProvisioningActivity]
09-16 14:30:27.215 24435 24435 D InputMethodManager: getNavigationBarColor() -16777216
09-16 14:30:27.215 24435 24435 V InputMethodManager: Starting input: tba=no.nordicsemi.android.nrfmeshprovisioner ic=null mNaviBarColor -16777216 mIsGetNaviBarColorSuccess true , NavVisible : true , NavTrans : false
09-16 14:30:27.215 24435 24435 D InputMethodManager: startInputInner - Id : 0
09-16 14:30:27.215 24435 24435 I InputMethodManager: startInputInner - mService.startInputOrWindowGainedFocus
09-16 14:30:27.218 24435 24435 D InputTransport: Input channel constructed: 'ClientS', fd=84
09-16 14:30:27.218 24435 24435 D InputTransport: Input channel destroyed: 'ClientS', fd=97
09-16 14:30:28.525 24435 24435 I ViewRootImpl@41622ab[ProvisioningActivity]: ViewPostIme pointer 0
09-16 14:30:28.627 24435 24435 I ViewRootImpl@41622ab[ProvisioningActivity]: ViewPostIme pointer 1
09-16 14:30:28.638 24435 24435 V ProvisioningStartState: Provisioning start PDU: 0x03020000000000
09-16 14:30:28.669 24435 24435 I SurfaceControl: nativeRelease nativeObject s[-5476376674517129360]
09-16 14:30:28.669 24435 24435 I SurfaceControl: nativeRelease nativeObject e[-5476376674517129360]
09-16 14:30:28.669 24435 24435 I SurfaceControl: assignNativeObject: nativeObject = 0 Surface(name=null)/@0xeca3c23 / android.view.SurfaceControl.readFromParcel:1117 android.view.IWindowSession$Stub$Proxy.relayout:1836 android.view.ViewRootImpl.relayoutWindow:9132 android.view.ViewRootImpl.performTraversals:3422 android.view.ViewRootImpl.doTraversal:2671 android.view.ViewRootImpl$TraversalRunnable.run:10094 android.view.Choreographer$CallbackRecord.run:1010 android.view.Choreographer.doCallbacks:809 android.view.Choreographer.doFrame:744 android.view.Choreographer$FrameDisplayEventReceiver.run:995
09-16 14:30:28.670 24435 24435 I SurfaceControl: nativeRelease nativeObject s[-5476376674517147168]
09-16 14:30:28.670 24435 24435 I SurfaceControl: nativeRelease nativeObject e[-5476376674517147168]
09-16 14:30:28.670 24435 24435 I SurfaceControl: nativeRelease nativeObject s[-5476376674517175168]
09-16 14:30:28.670 24435 24435 I SurfaceControl: nativeRelease nativeObject e[-5476376674517175168]
09-16 14:30:28.670 24435 24435 I SurfaceControl: nativeRelease nativeObject s[-5476376674517204512]
09-16 14:30:28.670 24435 24435 I SurfaceControl: nativeRelease nativeObject e[-5476376674517204512]
09-16 14:30:28.670 24435 24435 I ViewRootImpl@41622ab[ProvisioningActivity]: Relayout returned: old=(0,0,1200,1920) new=(0,0,1200,1920) req=(1200,1920)0 dur=7 res=0x1 s={true -5476376669684756240} ch=false fn=195
09-16 14:30:28.670 24435 24435 I ViewRootImpl@41622ab[ProvisioningActivity]: mAttachInfo.mThreadedRenderer.draw, mView = DecorView@aa760a7[ProvisioningActivity] w = 1200 h = 1920
09-16 14:30:28.672 24435 24435 I BleManager: Data written to 00002adb-0000-1000-8000-00805f9b34fb, value: (0x) 03-02-00-00-00-00-00
09-16 14:30:28.672 24435 24435 V MeshManagerApi: Provisioning pdu sent: 0x03020000000000
09-16 14:30:28.675 24435 24435 V ProvisioningPublicKeyState: X: length: 32 A99E189DC23EAEA50A03DBB92A68A3A032203FFB614C70BF630CCB5209820CD0
09-16 14:30:28.675 24435 24435 V ProvisioningPublicKeyState: Y: length: 32 A56A9CDF7C91BC24BB5BD4371485F72B413F69AD815AC5B2AECA1F1D0891F6A3
09-16 14:30:28.675 24435 24435 V ProvisioningPublicKeyState: XY: 0xA99E189DC23EAEA50A03DBB92A68A3A032203FFB614C70BF630CCB5209820CD0A56A9CDF7C91BC24BB5BD4371485F72B413F69AD815AC5B2AECA1F1D0891F6A3
09-16 14:30:28.677 24435 24435 I BleManager: Data written to 00002adb-0000-1000-8000-00805f9b34fb, value: (0x) 03-03-A9-9E-18-9D-C2-3E-AE-A5-0A-03-DB-B9-2A-68-A3-A0-32-20-3F-FB-61-4C-70-BF-63-0C-CB-52-09-82-0C-D0-A5-6A-9C-DF-7C-91-BC-24-BB-5B-D4-37-14-85-F7-2B-41-3F-69-AD-81-5A-C5-B2-AE-CA-1F-1D-08-91-F6-A3
09-16 14:30:28.688 24435 24435 V MeshManagerApi: Provisioning pdu sent: 0x0303A99E189DC23EAEA50A03DBB92A68A3A032203FFB614C70BF630CCB5209820CD0A56A9CDF7C91BC24BB5BD4371485F72B413F69AD815AC5B2AECA1F1D0891F6A3
09-16 14:30:29.271 24435 24435 I SurfaceControl: nativeRelease nativeObject s[-5476376674517129360]
09-16 14:30:29.271 24435 24435 I SurfaceControl: nativeRelease nativeObject e[-5476376674517129360]
09-16 14:30:29.271 24435 24435 I SurfaceControl: nativeRelease nativeObject s[-5476376674517115696]
09-16 14:30:29.271 24435 24435 I SurfaceControl: nativeRelease nativeObject e[-5476376674517115696]
09-16 14:30:29.271 24435 24435 I SurfaceControl: nativeRelease nativeObject s[-5476376674517180544]
09-16 14:30:29.271 24435 24435 I SurfaceControl: nativeRelease nativeObject e[-5476376674517180544]
09-16 14:30:29.287 24435 24435 I ViewRootImpl@41622ab[ProvisioningActivity]: MSG_WINDOW_FOCUS_CHANGED 0 1
09-16 14:30:30.603 24435 24435 I SurfaceControl: nativeRelease nativeObject s[-5476376674517115808]
09-16 14:30:30.603 24435 24435 I SurfaceControl: nativeRelease nativeObject e[-5476376674517115808]
09-16 14:30:30.653 24435 24435 I SurfaceControl: nativeRelease nativeObject s[-5476376674517180544]
09-16 14:30:30.653 24435 24435 I SurfaceControl: nativeRelease nativeObject e[-5476376674517180544]
09-16 14:30:30.653 24435 24435 I SurfaceControl: nativeRelease nativeObject s[-5476376674517129360]
09-16 14:30:30.653 24435 24435 I SurfaceControl: nativeRelease nativeObject e[-5476376674517129360]
09-16 14:30:30.653 24435 24435 I SurfaceControl: nativeRelease nativeObject s[-5476376674517115696]
09-16 14:30:30.653 24435 24435 I SurfaceControl: nativeRelease nativeObject e[-5476376674517115696]
09-16 14:30:30.726 24435 24435 D InputTransport: Input channel destroyed: 'ClientS', fd=84
09-16 14:30:30.735 24435 24435 I SurfaceControl: nativeRelease nativeObject s[-5476376674517115808]
09-16 14:30:30.735 24435 24435 I SurfaceControl: nativeRelease nativeObject e[-5476376674517115808]
09-16 14:30:31.128 24435 24435 I SurfaceControl: nativeRelease nativeObject s[-5476376674517129584]
09-16 14:30:31.128 24435 24435 I SurfaceControl: nativeRelease nativeObject e[-5476376674517129584]
09-16 14:30:31.128 24435 24435 I SurfaceControl: assignNativeObject: nativeObject = 0 Surface(name=null)/@0x8ba8fa7 / android.view.SurfaceControl.readFromParcel:1117 android.view.IWindowSession$Stub$Proxy.relayout:1826 android.view.ViewRootImpl.relayoutWindow:9132 android.view.ViewRootImpl.performTraversals:3422 android.view.ViewRootImpl.doTraversal:2671 android.view.ViewRootImpl$TraversalRunnable.run:10094 android.view.Choreographer$CallbackRecord.run:1010 android.view.Choreographer.doCallbacks:809 android.view.Choreographer.doFrame:744 android.view.Choreographer$FrameDisplayEventReceiver.run:995
09-16 14:30:31.128 24435 24435 I SurfaceControl: assignNativeObject: nativeObject = 0 Surface(name=null)/@0xeca3c23 / android.view.SurfaceControl.readFromParcel:1117 android.view.IWindowSession$Stub$Proxy.relayout:1836 android.view.ViewRootImpl.relayoutWindow:9132 android.view.ViewRootImpl.performTraversals:3422 android.view.ViewRootImpl.doTraversal:2671 android.view.ViewRootImpl$TraversalRunnable.run:10094 android.view.Choreographer$CallbackRecord.run:1010 android.view.Choreographer.doCallbacks:809 android.view.Choreographer.doFrame:744 android.view.Choreographer$FrameDisplayEventReceiver.run:995
09-16 14:30:31.129 24435 24435 I ViewRootImpl@41622ab[ProvisioningActivity]: Relayout returned: old=(0,0,1200,1920) new=(0,0,1200,1920) req=(1200,1920)8 dur=6 res=0x5 s={false 0} ch=true fn=198
09-16 14:30:31.130 24435 24435 I ViewRootImpl@41622ab[ProvisioningActivity]: stopped(true) old=false
09-16 14:30:31.139 24435 24435 I SurfaceControl: assignNativeObject: nativeObject = 0 Surface(name=null)/@0x8ba8fa7 / android.view.SurfaceControl.readFromParcel:1117 android.view.IWindowSession$Stub$Proxy.relayout:1826 android.view.ViewRootImpl.relayoutWindow:9132 android.view.ViewRootImpl.performTraversals:3422 android.view.ViewRootImpl.doTraversal:2671 android.view.ViewRootImpl$TraversalRunnable.run:10094 android.view.Choreographer$CallbackRecord.run:1010 android.view.Choreographer.doCallbacks:809 android.view.Choreographer.doFrame:744 android.view.Choreographer$FrameDisplayEventReceiver.run:995
09-16 14:30:31.139 24435 24435 I SurfaceControl: assignNativeObject: nativeObject = 0 Surface(name=null)/@0xeca3c23 / android.view.SurfaceControl.readFromParcel:1117 android.view.IWindowSession$Stub$Proxy.relayout:1836 android.view.ViewRootImpl.relayoutWindow:9132 android.view.ViewRootImpl.performTraversals:3422 android.view.ViewRootImpl.doTraversal:2671 android.view.ViewRootImpl$TraversalRunnable.run:10094 android.view.Choreographer$CallbackRecord.run:1010 android.view.Choreographer.doCallbacks:809 android.view.Choreographer.doFrame:744 android.view.Choreographer$FrameDisplayEventReceiver.run:995
09-16 14:30:31.140 24435 24435 I ViewRootImpl@41622ab[ProvisioningActivity]: Relayout returned: old=(0,0,1200,1920) new=(0,0,1200,1920) req=(1200,1920)8 dur=6 res=0x5 s={false 0} ch=false fn=-1
09-16 14:30:32.767 24435 31992 D BluetoothGatt: onClientConnectionState() - status=8 clientIf=12 device=C1:70:0D:03:B1:E6
09-16 14:30:32.768 24435 24435 W BleManager: Error: (0x8): GATT CONN TIMEOUT
09-16 14:30:32.768 24435 24435 I BleManager: Disconnected
09-16 14:30:32.770 24435 24435 D BluetoothGatt: refresh() - device: C1:70:0D:03:B1:E6
09-16 14:30:32.770 24435 24435 I BleManager: Cache refreshed
09-16 14:30:32.770 24435 24435 D BluetoothGatt: close()
09-16 14:30:32.775 24435 24435 D BluetoothGatt: unregisterApp() - mClientIf=12
09-16 14:30:32.778 24435 24435 V s : Disconnected
09-16 14:40:25.268 24435 24435 I SurfaceControl: assignNativeObject: nativeObject = 0 Surface(name=null)/@0x8ba8fa7 / android.view.SurfaceControl.readFromParcel:1117 android.view.IWindowSession$Stub$Proxy.relayout:1826 android.view.ViewRootImpl.relayoutWindow:9132 android.view.ViewRootImpl.performTraversals:3422 android.view.ViewRootImpl.doTraversal:2671 android.view.ViewRootImpl$TraversalRunnable.run:10094 android.view.Choreographer$CallbackRecord.run:1010 android.view.Choreographer.doCallbacks:809 android.view.Choreographer.doFrame:744 android.view.Choreographer$FrameDisplayEventReceiver.run:995
09-16 14:40:25.268 24435 24435 I SurfaceControl: assignNativeObject: nativeObject = 0 Surface(name=null)/@0xeca3c23 / android.view.SurfaceControl.readFromParcel:1117 android.view.IWindowSession$Stub$Proxy.relayout:1836 android.view.ViewRootImpl.relayoutWindow:9132 android.view.ViewRootImpl.performTraversals:3422 android.view.ViewRootImpl.doTraversal:2671 android.view.ViewRootImpl$TraversalRunnable.run:10094 android.view.Choreographer$CallbackRecord.run:1010 android.view.Choreographer.doCallbacks:809 android.view.Choreographer.doFrame:744 android.view.Choreographer$FrameDisplayEventReceiver.run:995
09-16 14:40:25.270 24435 24435 I ViewRootImpl@41622ab[ProvisioningActivity]: Relayout returned: old=(0,0,1200,1920) new=(0,0,1200,1920) req=(1200,1920)4 dur=9 res=0x1 s={false 0} ch=false fn=-1
09-16 14:40:25.270 24435 24435 I ViewRootImpl@41622ab[ProvisioningActivity]: stopped(false) old=true
09-16 14:40:25.300 24435 24435 I SurfaceControl: assignNativeObject: nativeObject = 0 Surface(name=null)/@0xeca3c23 / android.view.SurfaceControl.readFromParcel:1117 android.view.IWindowSession$Stub$Proxy.relayout:1836 android.view.ViewRootImpl.relayoutWindow:9132 android.view.ViewRootImpl.performTraversals:3422 android.view.ViewRootImpl.doTraversal:2671 android.view.ViewRootImpl$TraversalRunnable.run:10094 android.view.Choreographer$CallbackRecord.run:1010 android.view.Choreographer.doCallbacks:809 android.view.Choreographer.doFrame:744 android.view.Choreographer$FrameDisplayEventReceiver.run:995
09-16 14:40:25.301 24435 24435 I ViewRootImpl@41622ab[ProvisioningActivity]: Relayout returned: old=(0,0,1200,1920) new=(0,0,1200,1920) req=(1200,1920)0 dur=9 res=0x7 s={true -5476376669685279440} ch=true fn=-1
09-16 14:40:25.302 24435 24435 I ViewRootImpl@41622ab[ProvisioningActivity]: [DP] dp(1) 1 android.view.ViewRootImpl.reportNextDraw:11080 android.view.ViewRootImpl.performTraversals:3917 android.view.ViewRootImpl.doTraversal:2671
09-16 14:40:25.302 24435 24435 I ViewRootImpl@41622ab[ProvisioningActivity]: [DP] pd() Asnyc report
09-16 14:40:25.320 24435 24435 I ViewRootImpl@41622ab[ProvisioningActivity]: mAttachInfo.mThreadedRenderer.draw, mView = DecorView@aa760a7[ProvisioningActivity] w = 1200 h = 1920
09-16 14:40:25.347 24435 24435 I ViewRootImpl@41622ab[ProvisioningActivity]: [DP] pdf(0) 1 android.view.ViewRootImpl.lambda$performDraw$1$ViewRootImpl:4745 android.view.-$$Lambda$ViewRootImpl$DJd0VUYJgsebcnSohO6h8zc_ONI.run:6 android.os.Handler.handleCallback:938
09-16 14:40:25.347 24435 24435 I ViewRootImpl@41622ab[ProvisioningActivity]: [DP] rdf()
09-16 14:40:25.369 24435 24435 I ViewRootImpl@290a936[ScannerActivity]: stopped(false) old=true
09-16 14:40:25.375 24435 24435 I BluetoothAdapter: STATE_ON
09-16 14:40:25.376 24435 24435 I BluetoothAdapter: STATE_ON
09-16 14:40:25.376 24435 24435 I BluetoothAdapter: STATE_ON
09-16 14:40:25.377 24435 24435 I BluetoothAdapter: STATE_ON
09-16 14:40:25.378 24435 24435 I BluetoothAdapter: STATE_ON
09-16 14:40:25.379 24435 24435 I BluetoothAdapter: STATE_ON
09-16 14:40:25.379 24435 24435 I BluetoothAdapter: STATE_ON
09-16 14:40:25.379 24435 24435 D BluetoothLeScanner: Start Scan with callback
09-16 14:40:25.381 24435 31992 D BluetoothLeScanner: onScannerRegistered() - status=0 scannerId=11 mScannerId=0
09-16 14:40:25.386 24435 24435 I ViewRootImpl@290a936[ScannerActivity]: stopped(false) old=false
09-16 14:40:25.401 24435 24435 I SurfaceControl: assignNativeObject: nativeObject = 0 Surface(name=null)/@0xa3ebca / android.view.SurfaceControl.readFromParcel:1117 android.view.IWindowSession$Stub$Proxy.relayout:1836 android.view.ViewRootImpl.relayoutWindow:9132 android.view.ViewRootImpl.performTraversals:3422 android.view.ViewRootImpl.doTraversal:2671 android.view.ViewRootImpl$TraversalRunnable.run:10094 android.view.Choreographer$CallbackRecord.run:1010 android.view.Choreographer.doCallbacks:809 android.view.Choreographer.doFrame:744 android.view.Choreographer$FrameDisplayEventReceiver.run:995
09-16 14:40:25.401 24435 24435 I ViewRootImpl@290a936[ScannerActivity]: Relayout returned: old=(0,0,1200,1920) new=(0,0,1200,1920) req=(1200,1920)0 dur=11 res=0x7 s={true -5476376669684826000} ch=true fn=-1
09-16 14:40:25.405 24435 24435 I ViewRootImpl@290a936[ScannerActivity]: [DP] dp(1) 1 android.view.ViewRootImpl.reportNextDraw:11080 android.view.ViewRootImpl.performTraversals:3917 android.view.ViewRootImpl.doTraversal:2671
09-16 14:40:25.405 24435 24435 I ViewRootImpl@290a936[ScannerActivity]: [DP] pd() Asnyc report
09-16 14:40:25.407 24435 24435 I ViewRootImpl@290a936[ScannerActivity]: mAttachInfo.mThreadedRenderer.draw, mView = DecorView@6f0e4ba[ScannerActivity] w = 1200 h = 1920
09-16 14:40:25.440 24435 24435 I ViewRootImpl@290a936[ScannerActivity]: [DP] pdf(0) 1 android.view.ViewRootImpl.lambda$performDraw$1$ViewRootImpl:4745 android.view.-$$Lambda$ViewRootImpl$DJd0VUYJgsebcnSohO6h8zc_ONI.run:6 android.os.Handler.handleCallback:938
09-16 14:40:25.440 24435 24435 I ViewRootImpl@290a936[ScannerActivity]: [DP] rdf()
09-16 14:40:25.458 24435 24435 I ViewRootImpl@290a936[ScannerActivity]: MSG_WINDOW_FOCUS_CHANGED 1 1
09-16 14:40:25.459 24435 24435 D InputMethodManager: prepareNavigationBarInfo() DecorView@6f0e4ba[ScannerActivity]
09-16 14:40:25.459 24435 24435 D InputMethodManager: getNavigationBarColor() -16777216
09-16 14:40:25.461 24435 24435 D InputMethodManager: prepareNavigationBarInfo() DecorView@6f0e4ba[ScannerActivity]
09-16 14:40:25.461 24435 24435 D InputMethodManager: getNavigationBarColor() -16777216
09-16 14:40:25.461 24435 24435 V InputMethodManager: Starting input: tba=no.nordicsemi.android.nrfmeshprovisioner ic=null mNaviBarColor -16777216 mIsGetNaviBarColorSuccess true , NavVisible : true , NavTrans : false
09-16 14:40:25.461 24435 24435 D InputMethodManager: startInputInner - Id : 0
09-16 14:40:25.461 24435 24435 I InputMethodManager: startInputInner - mService.startInputOrWindowGainedFocus
09-16 14:40:25.465 24435 24435 D InputTransport: Input channel constructed: 'ClientS', fd=93
09-16 14:40:25.475 24435 24435 I SurfaceControl: nativeRelease nativeObject s[-5476376674517239904]
09-16 14:40:25.475 24435 24435 I SurfaceControl: nativeRelease nativeObject e[-5476376674517239904]
09-16 14:40:25.475 24435 24435 I SurfaceControl: nativeRelease nativeObject s[-5476376674517140112]
09-16 14:40:25.475 24435 24435 I SurfaceControl: nativeRelease nativeObject e[-5476376674517140112]
09-16 14:40:25.727 24435 24435 I SurfaceControl: nativeRelease nativeObject s[-5476376674517135968]
09-16 14:40:25.727 24435 24435 I SurfaceControl: nativeRelease nativeObject e[-5476376674517135968]
09-16 14:40:25.728 24435 24435 I SurfaceControl: assignNativeObject: nativeObject = 0 Surface(name=null)/@0x8ba8fa7 / android.view.SurfaceControl.readFromParcel:1117 android.view.IWindowSession$Stub$Proxy.relayout:1826 android.view.ViewRootImpl.relayoutWindow:9132 android.view.ViewRootImpl.performTraversals:3422 android.view.ViewRootImpl.doTraversal:2671 android.view.ViewRootImpl$TraversalRunnable.run:10094 android.view.Choreographer$CallbackRecord.run:1010 android.view.Choreographer.doCallbacks:809 android.view.Choreographer.doFrame:744 android.view.Choreographer$FrameDisplayEventReceiver.run:995
09-16 14:40:25.728 24435 24435 I SurfaceControl: assignNativeObject: nativeObject = 0 Surface(name=null)/@0xeca3c23 / android.view.SurfaceControl.readFromParcel:1117 android.view.IWindowSession$Stub$Proxy.relayout:1836 android.view.ViewRootImpl.relayoutWindow:9132 android.view.ViewRootImpl.performTraversals:3422 android.view.ViewRootImpl.doTraversal:2671 android.view.ViewRootImpl$TraversalRunnable.run:10094 android.view.Choreographer$CallbackRecord.run:1010 android.view.Choreographer.doCallbacks:809 android.view.Choreographer.doFrame:744 android.view.Choreographer$FrameDisplayEventReceiver.run:995
09-16 14:40:25.729 24435 24435 I ViewRootImpl@41622ab[ProvisioningActivity]: Relayout returned: old=(0,0,1200,1920) new=(0,0,1200,1920) req=(1200,1920)8 dur=9 res=0x5 s={false 0} ch=true fn=2
09-16 14:40:25.769 24435 24435 I ViewRootImpl@41622ab[ProvisioningActivity]: stopped(true) old=false
09-16 14:40:25.784 24435 24435 I ViewRootImpl@41622ab[ProvisioningActivity]: dispatchDetachedFromWindow
09-16 14:40:25.791 24435 24435 D InputTransport: Input channel destroyed: '9dff1df', fd=83
09-16 14:40:26.218 24435 24435 I ViewRootImpl@290a936[ScannerActivity]: ViewPostIme key 0
09-16 14:40:26.301 24435 24435 I ViewRootImpl@290a936[ScannerActivity]: ViewPostIme key 1
09-16 14:40:26.324 24435 24435 I ViewRootImpl@c66e18[MainActivity]: stopped(false) old=true
09-16 14:40:26.333 24435 24435 I ViewRootImpl@c66e18[MainActivity]: stopped(false) old=false
09-16 14:40:26.363 24435 24435 I SurfaceControl: assignNativeObject: nativeObject = 0 Surface(name=null)/@0x2b623af / android.view.SurfaceControl.readFromParcel:1117 android.view.IWindowSession$Stub$Proxy.relayout:1836 android.view.ViewRootImpl.relayoutWindow:9132 android.view.ViewRootImpl.performTraversals:3422 android.view.ViewRootImpl.doTraversal:2671 android.view.ViewRootImpl$TraversalRunnable.run:10094 android.view.Choreographer$CallbackRecord.run:1010 android.view.Choreographer.doCallbacks:809 android.view.Choreographer.doFrame:744 android.view.Choreographer$FrameDisplayEventReceiver.run:995
09-16 14:40:26.364 24435 24435 I ViewRootImpl@c66e18[MainActivity]: Relayout returned: old=(0,0,1200,1920) new=(0,0,1200,1920) req=(1200,1920)0 dur=13 res=0x7 s={true -5476376669685279440} ch=true fn=-1
09-16 14:40:26.365 24435 24435 I ViewRootImpl@c66e18[MainActivity]: [DP] dp(1) 1 android.view.ViewRootImpl.reportNextDraw:11080 android.view.ViewRootImpl.performTraversals:3917 android.view.ViewRootImpl.doTraversal:2671
09-16 14:40:26.365 24435 24435 I ViewRootImpl@c66e18[MainActivity]: [DP] pd() Asnyc report
09-16 14:40:26.365 24435 24435 I ViewRootImpl@c66e18[MainActivity]: mAttachInfo.mThreadedRenderer.draw, mView = DecorView@885d97c[MainActivity] w = 1200 h = 1920
09-16 14:40:26.384 24435 24435 I ViewRootImpl@c66e18[MainActivity]: [DP] pdf(0) 1 android.view.ViewRootImpl.lambda$performDraw$1$ViewRootImpl:4745 android.view.-$$Lambda$ViewRootImpl$DJd0VUYJgsebcnSohO6h8zc_ONI.run:6 android.os.Handler.handleCallback:938
09-16 14:40:26.384 24435 24435 I ViewRootImpl@c66e18[MainActivity]: [DP] rdf()
09-16 14:40:26.386 24435 24435 I SurfaceControl: nativeRelease nativeObject s[-5476376674517189056]
09-16 14:40:26.386 24435 24435 I SurfaceControl: nativeRelease nativeObject e[-5476376674517189056]
09-16 14:40:26.386 24435 24435 I SurfaceControl: nativeRelease nativeObject s[-5476376674517161392]
09-16 14:40:26.386 24435 24435 I SurfaceControl: nativeRelease nativeObject e[-5476376674517161392]
09-16 14:40:26.386 24435 24435 I SurfaceControl: nativeRelease nativeObject s[-5476376674517227024]
09-16 14:40:26.386 24435 24435 I SurfaceControl: nativeRelease nativeObject e[-5476376674517227024]
09-16 14:40:26.387 24435 24435 I ViewRootImpl@290a936[ScannerActivity]: MSG_WINDOW_FOCUS_CHANGED 0 1
09-16 14:40:26.408 24435 24435 I ViewRootImpl@c66e18[MainActivity]: MSG_WINDOW_FOCUS_CHANGED 1 1
09-16 14:40:26.408 24435 24435 D InputMethodManager: prepareNavigationBarInfo() DecorView@885d97c[MainActivity]
09-16 14:40:26.408 24435 24435 D InputMethodManager: getNavigationBarColor() -16777216
09-16 14:40:26.411 24435 24435 D InputMethodManager: prepareNavigationBarInfo() DecorView@885d97c[MainActivity]
09-16 14:40:26.411 24435 24435 D InputMethodManager: getNavigationBarColor() -16777216
09-16 14:40:26.411 24435 24435 V InputMethodManager: Starting input: tba=no.nordicsemi.android.nrfmeshprovisioner ic=null mNaviBarColor -16777216 mIsGetNaviBarColorSuccess true , NavVisible : true , NavTrans : false
09-16 14:40:26.411 24435 24435 D InputMethodManager: startInputInner - Id : 0
09-16 14:40:26.411 24435 24435 I InputMethodManager: startInputInner - mService.startInputOrWindowGainedFocus
09-16 14:40:26.413 24435 24435 D InputTransport: Input channel constructed: 'ClientS', fd=90
09-16 14:40:26.413 24435 24435 D InputTransport: Input channel destroyed: 'ClientS', fd=93
09-16 14:40:26.423 24435 24435 I SurfaceControl: nativeRelease nativeObject s[-5476376674517192304]
09-16 14:40:26.423 24435 24435 I SurfaceControl: nativeRelease nativeObject e[-5476376674517192304]
09-16 14:40:26.424 24435 24435 I SurfaceControl: nativeRelease nativeObject s[-5476376674517185584]
09-16 14:40:26.424 24435 24435 I SurfaceControl: nativeRelease nativeObject e[-5476376674517185584]
09-16 14:40:26.424 24435 24435 I SurfaceControl: nativeRelease nativeObject s[-5476376674517124208]
09-16 14:40:26.425 24435 24435 I SurfaceControl: nativeRelease nativeObject e[-5476376674517124208]
09-16 14:40:26.731 24435 24435 I SurfaceControl: nativeRelease nativeObject s[-5476376674517209328]
09-16 14:40:26.731 24435 24435 I SurfaceControl: nativeRelease nativeObject e[-5476376674517209328]
09-16 14:40:26.732 24435 24435 I SurfaceControl: assignNativeObject: nativeObject = 0 Surface(name=null)/@0xb738517 / android.view.SurfaceControl.readFromParcel:1117 android.view.IWindowSession$Stub$Proxy.relayout:1826 android.view.ViewRootImpl.relayoutWindow:9132 android.view.ViewRootImpl.performTraversals:3422 android.view.ViewRootImpl.doTraversal:2671 android.view.ViewRootImpl$TraversalRunnable.run:10094 android.view.Choreographer$CallbackRecord.run:1010 android.view.Choreographer.doCallbacks:809 android.view.Choreographer.doFrame:744 android.view.Choreographer$FrameDisplayEventReceiver.run:995
09-16 14:40:26.732 24435 24435 I SurfaceControl: assignNativeObject: nativeObject = 0 Surface(name=null)/@0xa3ebca / android.view.SurfaceControl.readFromParcel:1117 android.view.IWindowSession$Stub$Proxy.relayout:1836 android.view.ViewRootImpl.relayoutWindow:9132 android.view.ViewRootImpl.performTraversals:3422 android.view.ViewRootImpl.doTraversal:2671 android.view.ViewRootImpl$TraversalRunnable.run:10094 android.view.Choreographer$CallbackRecord.run:1010 android.view.Choreographer.doCallbacks:809 android.view.Choreographer.doFrame:744 android.view.Choreographer$FrameDisplayEventReceiver.run:995
09-16 14:40:26.733 24435 24435 I ViewRootImpl@290a936[ScannerActivity]: Relayout returned: old=(0,0,1200,1920) new=(0,0,1200,1920) req=(1200,1920)8 dur=7 res=0x5 s={false 0} ch=true fn=78
09-16 14:40:26.733 24435 24435 I ViewRootImpl@290a936[ScannerActivity]: stopped(true) old=false
09-16 14:40:26.734 24435 24435 I BluetoothAdapter: STATE_ON
09-16 14:40:26.734 24435 24435 I BluetoothAdapter: STATE_ON
09-16 14:40:26.734 24435 24435 D BluetoothLeScanner: Stop Scan with callback
09-16 14:40:26.744 24435 24435 I ViewRootImpl@290a936[ScannerActivity]: dispatchDetachedFromWindow
09-16 14:40:26.752 24435 24435 D InputTransport: Input channel destroyed: 'f93ef24', fd=87
09-16 14:40:27.930 24435 24435 I ViewRootImpl@c66e18[MainActivity]: ViewPostIme pointer 0
09-16 14:40:28.033 24435 24435 I ViewRootImpl@c66e18[MainActivity]: ViewPostIme pointer 1
09-16 14:40:28.107 24435 24435 I DecorView: [INFO] isPopOver=false, config=true
09-16 14:40:28.107 24435 24435 I DecorView: updateCaptionType >> DecorView@59a77b1[], isFloating=false, isApplication=true, hasWindowDecorCaption=false, hasWindowControllerCallback=true
09-16 14:40:28.107 24435 24435 D DecorView: setCaptionType = 0, this = DecorView@59a77b1[]
09-16 14:40:28.122 24435 24435 D InputTransport: Input channel constructed: 'e97c976', fd=82
09-16 14:40:28.123 24435 24435 I ViewRootImpl@26c3634[ScannerActivity]: setView = com.android.internal.policy.DecorView@59a77b1 TM=true
09-16 14:40:28.133 24435 24435 I SurfaceControl: assignNativeObject: nativeObject = 0 Surface(name=null)/@0x5baebe8 / android.view.SurfaceControl.readFromParcel:1117 android.view.IWindowSession$Stub$Proxy.relayout:1836 android.view.ViewRootImpl.relayoutWindow:9132 android.view.ViewRootImpl.performTraversals:3422 android.view.ViewRootImpl.doTraversal:2671 android.view.ViewRootImpl$TraversalRunnable.run:10094 android.view.Choreographer$CallbackRecord.run:1010 android.view.Choreographer.doCallbacks:809 android.view.Choreographer.doFrame:744 android.view.Choreographer$FrameDisplayEventReceiver.run:995
09-16 14:40:28.134 24435 24435 I ViewRootImpl@26c3634[ScannerActivity]: Relayout returned: old=(0,0,1200,1920) new=(0,0,1200,1920) req=(1200,1920)0 dur=8 res=0x7 s={true -5476376669684913200} ch=true fn=-1
09-16 14:40:28.135 24435 24435 I ViewRootImpl@26c3634[ScannerActivity]: [DP] dp(1) 1 android.view.ViewRootImpl.reportNextDraw:11080 android.view.ViewRootImpl.performTraversals:3917 android.view.ViewRootImpl.doTraversal:2671
09-16 14:40:28.135 24435 24435 I ViewRootImpl@26c3634[ScannerActivity]: [DP] pd() Asnyc report
09-16 14:40:28.135 24435 24435 I ViewRootImpl@26c3634[ScannerActivity]: mAttachInfo.mThreadedRenderer.draw, mView = DecorView@59a77b1[ScannerActivity] w = 1200 h = 1920
09-16 14:40:28.142 24435 24435 I ViewRootImpl@26c3634[ScannerActivity]: [DP] pdf(0) 1 android.view.ViewRootImpl.lambda$performDraw$1$ViewRootImpl:4745 android.view.-$$Lambda$ViewRootImpl$DJd0VUYJgsebcnSohO6h8zc_ONI.run:6 android.os.Handler.handleCallback:938
09-16 14:40:28.142 24435 24435 I ViewRootImpl@26c3634[ScannerActivity]: [DP] rdf()
09-16 14:40:28.143 24435 24435 I BluetoothAdapter: STATE_ON
09-16 14:40:28.143 24435 24435 I BluetoothAdapter: STATE_ON
09-16 14:40:28.143 24435 24435 I BluetoothAdapter: STATE_ON
09-16 14:40:28.143 24435 24435 I BluetoothAdapter: STATE_ON
09-16 14:40:28.143 24435 24435 I BluetoothAdapter: STATE_ON
09-16 14:40:28.144 24435 24435 I BluetoothAdapter: STATE_ON
09-16 14:40:28.144 24435 24435 I BluetoothAdapter: STATE_ON
09-16 14:40:28.144 24435 24435 D BluetoothLeScanner: Start Scan with callback
09-16 14:40:28.147 24435 31992 D BluetoothLeScanner: onScannerRegistered() - status=0 scannerId=11 mScannerId=0
09-16 14:40:28.151 24435 24435 I ViewRootImpl@c66e18[MainActivity]: MSG_WINDOW_FOCUS_CHANGED 0 1
09-16 14:40:28.163 24435 24435 I SurfaceControl: nativeRelease nativeObject s[-5476376674517146832]
09-16 14:40:28.163 24435 24435 I SurfaceControl: nativeRelease nativeObject e[-5476376674517146832]
09-16 14:40:28.163 24435 24435 I SurfaceControl: nativeRelease nativeObject s[-5476376674517168896]
09-16 14:40:28.163 24435 24435 I SurfaceControl: nativeRelease nativeObject e[-5476376674517168896]
09-16 14:40:28.163 24435 24435 I SurfaceControl: nativeRelease nativeObject s[-5476376674517147168]
09-16 14:40:28.163 24435 24435 I SurfaceControl: nativeRelease nativeObject e[-5476376674517147168]
09-16 14:40:28.175 24435 24435 I ViewRootImpl@26c3634[ScannerActivity]: MSG_WINDOW_FOCUS_CHANGED 1 1
09-16 14:40:28.176 24435 24435 D InputMethodManager: prepareNavigationBarInfo() DecorView@59a77b1[ScannerActivity]
09-16 14:40:28.176 24435 24435 D InputMethodManager: getNavigationBarColor() -16777216
09-16 14:40:28.176 24435 24435 D InputMethodManager: prepareNavigationBarInfo() DecorView@59a77b1[ScannerActivity]
09-16 14:40:28.176 24435 24435 D InputMethodManager: getNavigationBarColor() -16777216
09-16 14:40:28.176 24435 24435 V InputMethodManager: Starting input: tba=no.nordicsemi.android.nrfmeshprovisioner ic=null mNaviBarColor -16777216 mIsGetNaviBarColorSuccess true , NavVisible : true , NavTrans : false
09-16 14:40:28.176 24435 24435 D InputMethodManager: startInputInner - Id : 0
09-16 14:40:28.176 24435 24435 I InputMethodManager: startInputInner - mService.startInputOrWindowGainedFocus
09-16 14:40:28.178 24435 24435 D InputTransport: Input channel constructed: 'ClientS', fd=108
09-16 14:40:28.178 24435 24435 D InputTransport: Input channel destroyed: 'ClientS', fd=90
09-16 14:40:28.191 24435 24435 I SurfaceControl: nativeRelease nativeObject s[-5476376674517160720]
09-16 14:40:28.191 24435 24435 I SurfaceControl: nativeRelease nativeObject e[-5476376674517160720]
09-16 14:40:28.191 24435 24435 I SurfaceControl: nativeRelease nativeObject s[-5476376674517155344]
09-16 14:40:28.191 24435 24435 I SurfaceControl: nativeRelease nativeObject e[-5476376674517155344]
09-16 14:40:28.191 24435 24435 I SurfaceControl: nativeRelease nativeObject s[-5476376674517131600]
09-16 14:40:28.191 24435 24435 I SurfaceControl: nativeRelease nativeObject e[-5476376674517131600]
09-16 14:40:28.581 24435 24435 I SurfaceControl: nativeRelease nativeObject s[-5476376674517135968]
09-16 14:40:28.581 24435 24435 I SurfaceControl: nativeRelease nativeObject e[-5476376674517135968]
09-16 14:40:28.581 24435 24435 I SurfaceControl: assignNativeObject: nativeObject = 0 Surface(name=null)/@0x6fc95aa / android.view.SurfaceControl.readFromParcel:1117 android.view.IWindowSession$Stub$Proxy.relayout:1826 android.view.ViewRootImpl.relayoutWindow:9132 android.view.ViewRootImpl.performTraversals:3422 android.view.ViewRootImpl.doTraversal:2671 android.view.ViewRootImpl$TraversalRunnable.run:10094 android.view.Choreographer$CallbackRecord.run:1010 android.view.Choreographer.doCallbacks:809 android.view.Choreographer.doFrame:744 android.view.Choreographer$FrameDisplayEventReceiver.run:995
09-16 14:40:28.581 24435 24435 I SurfaceControl: assignNativeObject: nativeObject = 0 Surface(name=null)/@0x2b623af / android.view.SurfaceControl.readFromParcel:1117 android.view.IWindowSession$Stub$Proxy.relayout:1836 android.view.ViewRootImpl.relayoutWindow:9132 android.view.ViewRootImpl.performTraversals:3422 android.view.ViewRootImpl.doTraversal:2671 android.view.ViewRootImpl$TraversalRunnable.run:10094 android.view.Choreographer$CallbackRecord.run:1010 android.view.Choreographer.doCallbacks:809 android.view.Choreographer.doFrame:744 android.view.Choreographer$FrameDisplayEventReceiver.run:995
09-16 14:40:28.582 24435 24435 I ViewRootImpl@c66e18[MainActivity]: Relayout returned: old=(0,0,1200,1920) new=(0,0,1200,1920) req=(1200,1920)8 dur=7 res=0x5 s={false 0} ch=true fn=27
09-16 14:40:28.582 24435 24435 I ViewRootImpl@c66e18[MainActivity]: stopped(true) old=false
09-16 14:40:28.764 24435 24435 I ViewRootImpl@26c3634[ScannerActivity]: ViewPostIme pointer 0
09-16 14:40:28.847 24435 24435 I ViewRootImpl@26c3634[ScannerActivity]: ViewPostIme pointer 1
09-16 14:40:28.886 24435 24435 D ScrollView: initGoToTop
09-16 14:40:28.921 24435 24435 I DecorView: [INFO] isPopOver=false, config=true
09-16 14:40:28.921 24435 24435 I DecorView: updateCaptionType >> DecorView@4d4e898[], isFloating=false, isApplication=true, hasWindowDecorCaption=false, hasWindowControllerCallback=true
09-16 14:40:28.921 24435 24435 D DecorView: setCaptionType = 0, this = DecorView@4d4e898[]
09-16 14:40:28.927 24435 24435 E ActivityThread: Failed to find provider info for no.nordicsemi.android.log
09-16 14:40:28.927 24435 24435 D AA : Connect issued
09-16 14:40:28.928 24435 24435 I BluetoothAdapter: STATE_ON
09-16 14:40:28.930 24435 24435 D BluetoothGatt: connect() - device: C1:70:0D:03:B1:E6, auto: false
09-16 14:40:28.930 24435 24435 I BluetoothAdapter: isSecureModeEnabled
09-16 14:40:28.932 24435 24435 D BluetoothGatt: registerApp()
09-16 14:40:28.932 24435 24435 D BluetoothGatt: registerApp() - UUID=39aee368-61b0-44f5-acad-0664e751e6d2
09-16 14:40:28.941 24435 31992 D BluetoothGatt: onClientRegistered() - status=0 clientIf=12
09-16 14:40:28.943 24435 24435 D InputTransport: Input channel constructed: '468779d', fd=84
09-16 14:40:28.943 24435 24435 I ViewRootImpl@d46b15e[ProvisioningActivity]: setView = com.android.internal.policy.DecorView@4d4e898 TM=true
09-16 14:40:28.966 24435 24435 I SurfaceControl: assignNativeObject: nativeObject = 0 Surface(name=null)/@0xf0653d1 / android.view.SurfaceControl.readFromParcel:1117 android.view.IWindowSession$Stub$Proxy.relayout:1836 android.view.ViewRootImpl.relayoutWindow:9132 android.view.ViewRootImpl.performTraversals:3422 android.view.ViewRootImpl.doTraversal:2671 android.view.ViewRootImpl$TraversalRunnable.run:10094 android.view.Choreographer$CallbackRecord.run:1010 android.view.Choreographer.doCallbacks:809 android.view.Choreographer.doFrame:744 android.view.Choreographer$FrameDisplayEventReceiver.run:995
09-16 14:40:28.967 24435 24435 I ViewRootImpl@d46b15e[ProvisioningActivity]: Relayout returned: old=(0,0,1200,1920) new=(0,0,1200,1920) req=(1200,1920)0 dur=9 res=0x7 s={true -5476376669685279440} ch=true fn=-1
09-16 14:40:28.968 24435 24435 I ViewRootImpl@d46b15e[ProvisioningActivity]: [DP] dp(1) 1 android.view.ViewRootImpl.reportNextDraw:11080 android.view.ViewRootImpl.performTraversals:3917 android.view.ViewRootImpl.doTraversal:2671
09-16 14:40:28.968 24435 24435 I ViewRootImpl@d46b15e[ProvisioningActivity]: [DP] pd() Asnyc report
09-16 14:40:28.969 24435 24435 I ViewRootImpl@d46b15e[ProvisioningActivity]: mAttachInfo.mThreadedRenderer.draw, mView = DecorView@4d4e898[ProvisioningActivity] w = 1200 h = 1920
09-16 14:40:28.978 24435 24435 I ViewRootImpl@d46b15e[ProvisioningActivity]: [DP] pdf(0) 1 android.view.ViewRootImpl.lambda$performDraw$1$ViewRootImpl:4745 android.view.-$$Lambda$ViewRootImpl$DJd0VUYJgsebcnSohO6h8zc_ONI.run:6 android.os.Handler.handleCallback:938
09-16 14:40:28.978 24435 24435 I ViewRootImpl@d46b15e[ProvisioningActivity]: [DP] rdf()
09-16 14:40:28.979 24435 24435 I ViewRootImpl@26c3634[ScannerActivity]: MSG_WINDOW_FOCUS_CHANGED 0 1
09-16 14:40:28.987 24435 24435 I SurfaceControl: nativeRelease nativeObject s[-5476376674517165760]
09-16 14:40:28.987 24435 24435 I SurfaceControl: nativeRelease nativeObject e[-5476376674517165760]
09-16 14:40:28.987 24435 24435 I SurfaceControl: nativeRelease nativeObject s[-5476376674517131712]
09-16 14:40:28.987 24435 24435 I SurfaceControl: nativeRelease nativeObject e[-5476376674517131712]
09-16 14:40:28.987 24435 24435 I SurfaceControl: nativeRelease nativeObject s[-5476376674517184016]
09-16 14:40:28.987 24435 24435 I SurfaceControl: nativeRelease nativeObject e[-5476376674517184016]
