09-16 14:11:28.962 24435 24435 I SurfaceControl: assignNativeObject: nativeObject = 0 Surface(name=null)/@0x2b809c8 / android.view.SurfaceControl.readFromParcel:1117 android.view.IWindowSession$Stub$Proxy.relayout:1836 android.view.ViewRootImpl.relayoutWindow:9132 android.view.ViewRootImpl.performTraversals:3422 android.view.ViewRootImpl.doTraversal:2671 android.view.ViewRootImpl$TraversalRunnable.run:10094 android.view.Choreographer$CallbackRecord.run:1010 android.view.Choreographer.doCallbacks:809 android.view.Choreographer.doFrame:744 android.view.Choreographer$FrameDisplayEventReceiver.run:995
09-16 14:11:28.963 24435 24435 I SurfaceControl: nativeRelease nativeObject s[-5476376674517246400]
09-16 14:11:28.963 24435 24435 I SurfaceControl: nativeRelease nativeObject e[-5476376674517246400]
09-16 14:11:28.964 24435 24435 I ViewRootImpl@1c9e214[ScannerActivity]: Relayout returned: old=(0,0,1200,1920) new=(0,0,1200,1920) req=(1200,1920)0 dur=6 res=0x1 s={true -5476376669685096320} ch=false fn=3
09-16 14:11:28.964 24435 24435 I ViewRootImpl@1c9e214[ScannerActivity]: [DP] pd() Asnyc report
09-16 14:11:28.967 24435 24435 I ViewRootImpl@1c9e214[ScannerActivity]: mAttachInfo.mThreadedRenderer.draw, mView = DecorView@ac8d038[ScannerActivity] w = 1200 h = 1920
09-16 14:11:28.981 24435 24435 I ViewRootImpl@1c9e214[ScannerActivity]: [DP] pdf(0) 1 android.view.ViewRootImpl.lambda$performDraw$1$ViewRootImpl:4745 android.view.-$$Lambda$ViewRootImpl$DJd0VUYJgsebcnSohO6h8zc_ONI.run:6 android.os.Handler.handleCallback:938
09-16 14:11:28.981 24435 24435 I ViewRootImpl@1c9e214[ScannerActivity]: [DP] rdf()
09-16 14:11:28.985 24435 24435 I SurfaceControl: nativeRelease nativeObject s[-5476376674517217280]
09-16 14:11:28.985 24435 24435 I SurfaceControl: nativeRelease nativeObject e[-5476376674517217280]
09-16 14:11:28.995 24435 24435 I ViewRootImpl@1c9e214[ScannerActivity]: MSG_WINDOW_FOCUS_CHANGED 1 1
09-16 14:11:28.995 24435 24435 D InputMethodManager: prepareNavigationBarInfo() DecorView@ac8d038[ScannerActivity]
09-16 14:11:28.995 24435 24435 D InputMethodManager: getNavigationBarColor() -16777216
09-16 14:11:28.997 24435 24435 D InputMethodManager: prepareNavigationBarInfo() DecorView@ac8d038[ScannerActivity]
09-16 14:11:28.997 24435 24435 D InputMethodManager: getNavigationBarColor() -16777216
09-16 14:11:28.997 24435 24435 V InputMethodManager: Starting input: tba=no.nordicsemi.android.nrfmeshprovisioner ic=null mNaviBarColor -16777216 mIsGetNaviBarColorSuccess true , NavVisible : true , NavTrans : false
09-16 14:11:28.997 24435 24435 D InputMethodManager: startInputInner - Id : 0
09-16 14:11:28.997 24435 24435 I InputMethodManager: startInputInner - mService.startInputOrWindowGainedFocus
09-16 14:11:28.998 24435 24435 D InputTransport: Input channel constructed: 'ClientS', fd=86
09-16 14:11:28.998 24435 24435 D InputTransport: Input channel destroyed: 'ClientS', fd=82
09-16 14:11:31.471 24435 24435 I ViewRootImpl@1c9e214[ScannerActivity]: ViewPostIme key 0
09-16 14:11:31.567 24435 24435 I ViewRootImpl@1c9e214[ScannerActivity]: ViewPostIme key 1
09-16 14:11:31.591 24435 24435 I ViewRootImpl@c66e18[MainActivity]: stopped(false) old=true
09-16 14:11:31.593 24435 24435 I ViewRootImpl@c66e18[MainActivity]: stopped(false) old=false
09-16 14:11:31.618 24435 24435 I SurfaceControl: assignNativeObject: nativeObject = 0 Surface(name=null)/@0x2b623af / android.view.SurfaceControl.readFromParcel:1117 android.view.IWindowSession$Stub$Proxy.relayout:1836 android.view.ViewRootImpl.relayoutWindow:9132 android.view.ViewRootImpl.performTraversals:3422 android.view.ViewRootImpl.doTraversal:2671 android.view.ViewRootImpl$TraversalRunnable.run:10094 android.view.Choreographer$CallbackRecord.run:1010 android.view.Choreographer.doCallbacks:809 android.view.Choreographer.doFrame:744 android.view.Choreographer$FrameDisplayEventReceiver.run:995
09-16 14:11:31.619 24435 24435 I ViewRootImpl@c66e18[MainActivity]: Relayout returned: old=(0,0,1200,1920) new=(0,0,1200,1920) req=(1200,1920)0 dur=13 res=0x7 s={true -5476376669685279440} ch=true fn=-1
09-16 14:11:31.619 24435 24435 I ViewRootImpl@c66e18[MainActivity]: [DP] dp(1) 1 android.view.ViewRootImpl.reportNextDraw:11080 android.view.ViewRootImpl.performTraversals:3917 android.view.ViewRootImpl.doTraversal:2671
09-16 14:11:31.619 24435 24435 I ViewRootImpl@c66e18[MainActivity]: [DP] pd() Asnyc report
09-16 14:11:31.621 24435 24435 I ViewRootImpl@c66e18[MainActivity]: mAttachInfo.mThreadedRenderer.draw, mView = DecorView@885d97c[MainActivity] w = 1200 h = 1920
09-16 14:11:31.636 24435 24435 I ViewRootImpl@c66e18[MainActivity]: [DP] pdf(0) 1 android.view.ViewRootImpl.lambda$performDraw$1$ViewRootImpl:4745 android.view.-$$Lambda$ViewRootImpl$DJd0VUYJgsebcnSohO6h8zc_ONI.run:6 android.os.Handler.handleCallback:938
09-16 14:11:31.636 24435 24435 I ViewRootImpl@c66e18[MainActivity]: [DP] rdf()
09-16 14:11:31.637 24435 24435 I SurfaceControl: nativeRelease nativeObject s[-5476376674517218064]
09-16 14:11:31.638 24435 24435 I SurfaceControl: nativeRelease nativeObject e[-5476376674517218064]
09-16 14:11:31.638 24435 24435 I SurfaceControl: nativeRelease nativeObject s[-5476376674517216832]
09-16 14:11:31.638 24435 24435 I SurfaceControl: nativeRelease nativeObject e[-5476376674517216832]
09-16 14:11:31.638 24435 24435 I SurfaceControl: nativeRelease nativeObject s[-5476376674517241024]
09-16 14:11:31.638 24435 24435 I SurfaceControl: nativeRelease nativeObject e[-5476376674517241024]
09-16 14:11:31.640 24435 24435 I ViewRootImpl@1c9e214[ScannerActivity]: MSG_WINDOW_FOCUS_CHANGED 0 1
09-16 14:11:31.657 24435 24435 I ViewRootImpl@c66e18[MainActivity]: MSG_WINDOW_FOCUS_CHANGED 1 1
09-16 14:11:31.657 24435 24435 D InputMethodManager: prepareNavigationBarInfo() DecorView@885d97c[MainActivity]
09-16 14:11:31.657 24435 24435 D InputMethodManager: getNavigationBarColor() -16777216
09-16 14:11:31.660 24435 24435 D InputMethodManager: prepareNavigationBarInfo() DecorView@885d97c[MainActivity]
09-16 14:11:31.660 24435 24435 D InputMethodManager: getNavigationBarColor() -16777216
09-16 14:11:31.660 24435 24435 V InputMethodManager: Starting input: tba=no.nordicsemi.android.nrfmeshprovisioner ic=null mNaviBarColor -16777216 mIsGetNaviBarColorSuccess true , NavVisible : true , NavTrans : false
09-16 14:11:31.660 24435 24435 D InputMethodManager: startInputInner - Id : 0
09-16 14:11:31.660 24435 24435 I InputMethodManager: startInputInner - mService.startInputOrWindowGainedFocus
09-16 14:11:31.662 24435 24435 D InputTransport: Input channel constructed: 'ClientS', fd=89
09-16 14:11:31.662 24435 24435 D InputTransport: Input channel destroyed: 'ClientS', fd=86
09-16 14:11:31.673 24435 24435 I SurfaceControl: nativeRelease nativeObject s[-5476376674517208432]
09-16 14:11:31.673 24435 24435 I SurfaceControl: nativeRelease nativeObject e[-5476376674517208432]
09-16 14:11:31.675 24435 24435 I SurfaceControl: nativeRelease nativeObject s[-5476376674517227360]
09-16 14:11:31.675 24435 24435 I SurfaceControl: nativeRelease nativeObject e[-5476376674517227360]
09-16 14:11:31.675 24435 24435 I SurfaceControl: nativeRelease nativeObject s[-5476376674517207424]
09-16 14:11:31.675 24435 24435 I SurfaceControl: nativeRelease nativeObject e[-5476376674517207424]
09-16 14:11:31.979 24435 24435 I SurfaceControl: nativeRelease nativeObject s[-5476376674517244608]
09-16 14:11:31.979 24435 24435 I SurfaceControl: nativeRelease nativeObject e[-5476376674517244608]
09-16 14:11:31.980 24435 24435 I SurfaceControl: assignNativeObject: nativeObject = 0 Surface(name=null)/@0xefbaeaf / android.view.SurfaceControl.readFromParcel:1117 android.view.IWindowSession$Stub$Proxy.relayout:1826 android.view.ViewRootImpl.relayoutWindow:9132 android.view.ViewRootImpl.performTraversals:3422 android.view.ViewRootImpl.doTraversal:2671 android.view.ViewRootImpl$TraversalRunnable.run:10094 android.view.Choreographer$CallbackRecord.run:1010 android.view.Choreographer.doCallbacks:809 android.view.Choreographer.doFrame:744 android.view.Choreographer$FrameDisplayEventReceiver.run:995
09-16 14:11:31.980 24435 24435 I SurfaceControl: assignNativeObject: nativeObject = 0 Surface(name=null)/@0x2b809c8 / android.view.SurfaceControl.readFromParcel:1117 android.view.IWindowSession$Stub$Proxy.relayout:1836 android.view.ViewRootImpl.relayoutWindow:9132 android.view.ViewRootImpl.performTraversals:3422 android.view.ViewRootImpl.doTraversal:2671 android.view.ViewRootImpl$TraversalRunnable.run:10094 android.view.Choreographer$CallbackRecord.run:1010 android.view.Choreographer.doCallbacks:809 android.view.Choreographer.doFrame:744 android.view.Choreographer$FrameDisplayEventReceiver.run:995
09-16 14:11:31.981 24435 24435 I ViewRootImpl@1c9e214[ScannerActivity]: Relayout returned: old=(0,0,1200,1920) new=(0,0,1200,1920) req=(1200,1920)8 dur=6 res=0x5 s={false 0} ch=true fn=182
09-16 14:11:31.981 24435 24435 I ViewRootImpl@1c9e214[ScannerActivity]: stopped(true) old=false
09-16 14:11:31.982 24435 24435 I BluetoothAdapter: STATE_ON
09-16 14:11:31.982 24435 24435 I BluetoothAdapter: STATE_ON
09-16 14:11:31.982 24435 24435 D BluetoothLeScanner: Stop Scan with callback
09-16 14:11:31.991 24435 24435 I ViewRootImpl@1c9e214[ScannerActivity]: dispatchDetachedFromWindow
09-16 14:11:31.997 24435 24435 D InputTransport: Input channel destroyed: 'f7d9a60', fd=84
09-16 14:11:33.879 24435 24435 I ViewRootImpl@c66e18[MainActivity]: ViewPostIme pointer 0
09-16 14:11:33.948 24435 24435 I ViewRootImpl@c66e18[MainActivity]: ViewPostIme pointer 1
09-16 14:11:36.562 24435 24435 I ViewRootImpl@c66e18[MainActivity]: ViewPostIme pointer 0
09-16 14:11:36.648 24435 24435 I ViewRootImpl@c66e18[MainActivity]: ViewPostIme pointer 1
09-16 14:11:37.945 24435 24435 I ViewRootImpl@c66e18[MainActivity]: ViewPostIme pointer 0
09-16 14:11:38.031 24435 24435 I ViewRootImpl@c66e18[MainActivity]: ViewPostIme pointer 1
09-16 14:11:38.094 24435 24435 I DecorView: [INFO] isPopOver=false, config=true
09-16 14:11:38.094 24435 24435 I DecorView: updateCaptionType >> DecorView@3889a30[], isFloating=false, isApplication=true, hasWindowDecorCaption=false, hasWindowControllerCallback=true
09-16 14:11:38.094 24435 24435 D DecorView: setCaptionType = 0, this = DecorView@3889a30[]
09-16 14:11:38.105 24435 24435 D InputTransport: Input channel constructed: 'e25c55b', fd=84
09-16 14:11:38.106 24435 24435 I ViewRootImpl@fde6bf[ScannerActivity]: setView = com.android.internal.policy.DecorView@3889a30 TM=true
09-16 14:11:38.117 24435 24435 I SurfaceControl: assignNativeObject: nativeObject = 0 Surface(name=null)/@0xc1e2343 / android.view.SurfaceControl.readFromParcel:1117 android.view.IWindowSession$Stub$Proxy.relayout:1836 android.view.ViewRootImpl.relayoutWindow:9132 android.view.ViewRootImpl.performTraversals:3422 android.view.ViewRootImpl.doTraversal:2671 android.view.ViewRootImpl$TraversalRunnable.run:10094 android.view.Choreographer$CallbackRecord.run:1010 android.view.Choreographer.doCallbacks:809 android.view.Choreographer.doFrame:744 android.view.Choreographer$FrameDisplayEventReceiver.run:995
09-16 14:11:38.117 24435 24435 I ViewRootImpl@fde6bf[ScannerActivity]: Relayout returned: old=(0,0,1200,1920) new=(0,0,1200,1920) req=(1200,1920)0 dur=9 res=0x7 s={true -5476376669685096320} ch=true fn=-1
09-16 14:11:38.118 24435 24435 I ViewRootImpl@fde6bf[ScannerActivity]: [DP] dp(1) 1 android.view.ViewRootImpl.reportNextDraw:11080 android.view.ViewRootImpl.performTraversals:3917 android.view.ViewRootImpl.doTraversal:2671
09-16 14:11:38.118 24435 24435 I ViewRootImpl@fde6bf[ScannerActivity]: [DP] pd() Asnyc report
09-16 14:11:38.119 24435 24435 I ViewRootImpl@fde6bf[ScannerActivity]: mAttachInfo.mThreadedRenderer.draw, mView = DecorView@3889a30[ScannerActivity] w = 1200 h = 1920
09-16 14:11:38.130 24435 24435 I ViewRootImpl@fde6bf[ScannerActivity]: [DP] pdf(0) 1 android.view.ViewRootImpl.lambda$performDraw$1$ViewRootImpl:4745 android.view.-$$Lambda$ViewRootImpl$DJd0VUYJgsebcnSohO6h8zc_ONI.run:6 android.os.Handler.handleCallback:938
09-16 14:11:38.130 24435 24435 I ViewRootImpl@fde6bf[ScannerActivity]: [DP] rdf()
09-16 14:11:38.131 24435 24435 I BluetoothAdapter: STATE_ON
09-16 14:11:38.131 24435 24435 I BluetoothAdapter: STATE_ON
09-16 14:11:38.132 24435 24435 I BluetoothAdapter: STATE_ON
09-16 14:11:38.132 24435 24435 I BluetoothAdapter: STATE_ON
09-16 14:11:38.132 24435 24435 I BluetoothAdapter: STATE_ON
09-16 14:11:38.132 24435 24435 I BluetoothAdapter: STATE_ON
09-16 14:11:38.132 24435 24435 I BluetoothAdapter: STATE_ON
09-16 14:11:38.133 24435 24435 D BluetoothLeScanner: Start Scan with callback
09-16 14:11:38.135 24435 31992 D BluetoothLeScanner: onScannerRegistered() - status=0 scannerId=9 mScannerId=0
09-16 14:11:38.139 24435 24435 I ViewRootImpl@c66e18[MainActivity]: MSG_WINDOW_FOCUS_CHANGED 0 1
09-16 14:11:38.152 24435 24435 I SurfaceControl: nativeRelease nativeObject s[-5476376674517202832]
09-16 14:11:38.152 24435 24435 I SurfaceControl: nativeRelease nativeObject e[-5476376674517202832]
09-16 14:11:38.152 24435 24435 I SurfaceControl: nativeRelease nativeObject s[-5476376674517223216]
09-16 14:11:38.152 24435 24435 I SurfaceControl: nativeRelease nativeObject e[-5476376674517223216]
09-16 14:11:38.152 24435 24435 I SurfaceControl: nativeRelease nativeObject s[-5476376674517207648]
09-16 14:11:38.152 24435 24435 I SurfaceControl: nativeRelease nativeObject e[-5476376674517207648]
09-16 14:11:38.159 24435 24435 I ViewRootImpl@fde6bf[ScannerActivity]: MSG_WINDOW_FOCUS_CHANGED 1 1
09-16 14:11:38.159 24435 24435 D InputMethodManager: prepareNavigationBarInfo() DecorView@3889a30[ScannerActivity]
09-16 14:11:38.159 24435 24435 D InputMethodManager: getNavigationBarColor() -16777216
09-16 14:11:38.160 24435 24435 D InputMethodManager: prepareNavigationBarInfo() DecorView@3889a30[ScannerActivity]
09-16 14:11:38.160 24435 24435 D InputMethodManager: getNavigationBarColor() -16777216
09-16 14:11:38.160 24435 24435 V InputMethodManager: Starting input: tba=no.nordicsemi.android.nrfmeshprovisioner ic=null mNaviBarColor -16777216 mIsGetNaviBarColorSuccess true , NavVisible : true , NavTrans : false
09-16 14:11:38.160 24435 24435 D InputMethodManager: startInputInner - Id : 0
09-16 14:11:38.160 24435 24435 I InputMethodManager: startInputInner - mService.startInputOrWindowGainedFocus
09-16 14:11:38.162 24435 24435 D InputTransport: Input channel constructed: 'ClientS', fd=90
09-16 14:11:38.162 24435 24435 D InputTransport: Input channel destroyed: 'ClientS', fd=89
09-16 14:11:38.177 24435 24435 I SurfaceControl: nativeRelease nativeObject s[-5476376674517194432]
09-16 14:11:38.177 24435 24435 I SurfaceControl: nativeRelease nativeObject e[-5476376674517194432]
09-16 14:11:38.178 24435 24435 I SurfaceControl: nativeRelease nativeObject s[-5476376674517243936]
09-16 14:11:38.178 24435 24435 I SurfaceControl: nativeRelease nativeObject e[-5476376674517243936]
09-16 14:11:38.178 24435 24435 I SurfaceControl: nativeRelease nativeObject s[-5476376674517234864]
09-16 14:11:38.178 24435 24435 I SurfaceControl: nativeRelease nativeObject e[-5476376674517234864]
09-16 14:11:38.579 24435 24435 I SurfaceControl: nativeRelease nativeObject s[-5476376674517228032]
09-16 14:11:38.579 24435 24435 I SurfaceControl: nativeRelease nativeObject e[-5476376674517228032]
09-16 14:11:38.579 24435 24435 I SurfaceControl: assignNativeObject: nativeObject = 0 Surface(name=null)/@0x6fc95aa / android.view.SurfaceControl.readFromParcel:1117 android.view.IWindowSession$Stub$Proxy.relayout:1826 android.view.ViewRootImpl.relayoutWindow:9132 android.view.ViewRootImpl.performTraversals:3422 android.view.ViewRootImpl.doTraversal:2671 android.view.ViewRootImpl$TraversalRunnable.run:10094 android.view.Choreographer$CallbackRecord.run:1010 android.view.Choreographer.doCallbacks:809 android.view.Choreographer.doFrame:744 android.view.Choreographer$FrameDisplayEventReceiver.run:995
09-16 14:11:38.579 24435 24435 I SurfaceControl: assignNativeObject: nativeObject = 0 Surface(name=null)/@0x2b623af / android.view.SurfaceControl.readFromParcel:1117 android.view.IWindowSession$Stub$Proxy.relayout:1836 android.view.ViewRootImpl.relayoutWindow:9132 android.view.ViewRootImpl.performTraversals:3422 android.view.ViewRootImpl.doTraversal:2671 android.view.ViewRootImpl$TraversalRunnable.run:10094 android.view.Choreographer$CallbackRecord.run:1010 android.view.Choreographer.doCallbacks:809 android.view.Choreographer.doFrame:744 android.view.Choreographer$FrameDisplayEventReceiver.run:995
09-16 14:11:38.580 24435 24435 I ViewRootImpl@c66e18[MainActivity]: Relayout returned: old=(0,0,1200,1920) new=(0,0,1200,1920) req=(1200,1920)8 dur=7 res=0x5 s={false 0} ch=true fn=74
09-16 14:11:38.581 24435 24435 I ViewRootImpl@c66e18[MainActivity]: stopped(true) old=false
09-16 14:11:42.211 24435 24435 I ViewRootImpl@fde6bf[ScannerActivity]: ViewPostIme pointer 0
09-16 14:11:42.314 24435 24435 I ViewRootImpl@fde6bf[ScannerActivity]: ViewPostIme pointer 1
09-16 14:11:42.358 24435 24435 D ScrollView: initGoToTop
09-16 14:11:42.386 24435 24435 I DecorView: [INFO] isPopOver=false, config=true
09-16 14:11:42.386 24435 24435 I DecorView: updateCaptionType >> DecorView@815774e[], isFloating=false, isApplication=true, hasWindowDecorCaption=false, hasWindowControllerCallback=true
09-16 14:11:42.386 24435 24435 D DecorView: setCaptionType = 0, this = DecorView@815774e[]
09-16 14:11:42.392 24435 24435 E ActivityThread: Failed to find provider info for no.nordicsemi.android.log
09-16 14:11:42.392 24435 24435 D AA : Connect issued
09-16 14:11:42.394 24435 24435 I BluetoothAdapter: STATE_ON
09-16 14:11:42.397 24435 24435 D BluetoothGatt: connect() - device: C1:70:0D:03:B1:E6, auto: false
09-16 14:11:42.397 24435 24435 I BluetoothAdapter: isSecureModeEnabled
09-16 14:11:42.400 24435 24435 D BluetoothGatt: registerApp()
09-16 14:11:42.400 24435 24435 D BluetoothGatt: registerApp() - UUID=d3f2a367-50a4-4927-b6dc-ba6d52c033ab
09-16 14:11:42.406 24435 31992 D BluetoothGatt: onClientRegistered() - status=0 clientIf=11
09-16 14:11:42.410 24435 24435 D InputTransport: Input channel constructed: 'e0fc65d', fd=86
09-16 14:11:42.410 24435 24435 I ViewRootImpl@4de06b0[ProvisioningActivity]: setView = com.android.internal.policy.DecorView@815774e TM=true
09-16 14:11:42.432 24435 24435 I SurfaceControl: assignNativeObject: nativeObject = 0 Surface(name=null)/@0x59e946b / android.view.SurfaceControl.readFromParcel:1117 android.view.IWindowSession$Stub$Proxy.relayout:1836 android.view.ViewRootImpl.relayoutWindow:9132 android.view.ViewRootImpl.performTraversals:3422 android.view.ViewRootImpl.doTraversal:2671 android.view.ViewRootImpl$TraversalRunnable.run:10094 android.view.Choreographer$CallbackRecord.run:1010 android.view.Choreographer.doCallbacks:809 android.view.Choreographer.doFrame:744 android.view.Choreographer$FrameDisplayEventReceiver.run:995
09-16 14:11:42.433 24435 24435 I ViewRootImpl@4de06b0[ProvisioningActivity]: Relayout returned: old=(0,0,1200,1920) new=(0,0,1200,1920) req=(1200,1920)0 dur=9 res=0x7 s={true -5476376669685279440} ch=true fn=-1
09-16 14:11:42.434 24435 24435 I ViewRootImpl@4de06b0[ProvisioningActivity]: [DP] dp(1) 1 android.view.ViewRootImpl.reportNextDraw:11080 android.view.ViewRootImpl.performTraversals:3917 android.view.ViewRootImpl.doTraversal:2671
09-16 14:11:42.434 24435 24435 I ViewRootImpl@4de06b0[ProvisioningActivity]: [DP] pd() Asnyc report
09-16 14:11:42.435 24435 24435 I ViewRootImpl@4de06b0[ProvisioningActivity]: mAttachInfo.mThreadedRenderer.draw, mView = DecorView@815774e[ProvisioningActivity] w = 1200 h = 1920
09-16 14:11:42.444 24435 24435 I ViewRootImpl@4de06b0[ProvisioningActivity]: [DP] pdf(0) 1 android.view.ViewRootImpl.lambda$performDraw$1$ViewRootImpl:4745 android.view.-$$Lambda$ViewRootImpl$DJd0VUYJgsebcnSohO6h8zc_ONI.run:6 android.os.Handler.handleCallback:938
09-16 14:11:42.444 24435 24435 I ViewRootImpl@4de06b0[ProvisioningActivity]: [DP] rdf()
09-16 14:11:42.445 24435 24435 I ViewRootImpl@fde6bf[ScannerActivity]: MSG_WINDOW_FOCUS_CHANGED 0 1
09-16 14:11:42.452 24435 24435 I SurfaceControl: nativeRelease nativeObject s[-5476376674517202832]
09-16 14:11:42.452 24435 24435 I SurfaceControl: nativeRelease nativeObject e[-5476376674517202832]
09-16 14:11:42.452 24435 24435 I SurfaceControl: nativeRelease nativeObject s[-5476376674517223216]
09-16 14:11:42.452 24435 24435 I SurfaceControl: nativeRelease nativeObject e[-5476376674517223216]
09-16 14:11:42.452 24435 24435 I SurfaceControl: nativeRelease nativeObject s[-5476376674517207648]
09-16 14:11:42.452 24435 24435 I SurfaceControl: nativeRelease nativeObject e[-5476376674517207648]
09-16 14:11:42.472 24435 24435 I ViewRootImpl@4de06b0[ProvisioningActivity]: MSG_WINDOW_FOCUS_CHANGED 1 1
09-16 14:11:42.472 24435 24435 D InputMethodManager: prepareNavigationBarInfo() DecorView@815774e[ProvisioningActivity]
09-16 14:11:42.472 24435 24435 D InputMethodManager: getNavigationBarColor() -16777216
09-16 14:11:42.474 24435 24435 D InputMethodManager: prepareNavigationBarInfo() DecorView@815774e[ProvisioningActivity]
09-16 14:11:42.474 24435 24435 D InputMethodManager: getNavigationBarColor() -16777216
09-16 14:11:42.474 24435 24435 V InputMethodManager: Starting input: tba=no.nordicsemi.android.nrfmeshprovisioner ic=null mNaviBarColor -16777216 mIsGetNaviBarColorSuccess true , NavVisible : true , NavTrans : false
09-16 14:11:42.474 24435 24435 D InputMethodManager: startInputInner - Id : 0
09-16 14:11:42.474 24435 24435 I InputMethodManager: startInputInner - mService.startInputOrWindowGainedFocus
09-16 14:11:42.476 24435 24435 D InputTransport: Input channel constructed: 'ClientS', fd=91
09-16 14:11:42.476 24435 24435 D InputTransport: Input channel destroyed: 'ClientS', fd=90
09-16 14:11:42.490 24435 24435 I SurfaceControl: nativeRelease nativeObject s[-5476376674517193200]
09-16 14:11:42.490 24435 24435 I SurfaceControl: nativeRelease nativeObject e[-5476376674517193200]
09-16 14:11:42.492 24435 24435 I SurfaceControl: nativeRelease nativeObject s[-5476376674517185360]
09-16 14:11:42.492 24435 24435 I SurfaceControl: nativeRelease nativeObject e[-5476376674517185360]
09-16 14:11:42.492 24435 24435 I SurfaceControl: nativeRelease nativeObject s[-5476376674517196112]
09-16 14:11:42.492 24435 24435 I SurfaceControl: nativeRelease nativeObject e[-5476376674517196112]
09-16 14:11:42.879 24435 24435 I SurfaceControl: nativeRelease nativeObject s[-5476376674517224448]
09-16 14:11:42.879 24435 24435 I SurfaceControl: nativeRelease nativeObject e[-5476376674517224448]
09-16 14:11:42.880 24435 24435 I SurfaceControl: assignNativeObject: nativeObject = 0 Surface(name=null)/@0x3430bc2 / android.view.SurfaceControl.readFromParcel:1117 android.view.IWindowSession$Stub$Proxy.relayout:1826 android.view.ViewRootImpl.relayoutWindow:9132 android.view.ViewRootImpl.performTraversals:3422 android.view.ViewRootImpl.doTraversal:2671 android.view.ViewRootImpl$TraversalRunnable.run:10094 android.view.Choreographer$CallbackRecord.run:1010 android.view.Choreographer.doCallbacks:809 android.view.Choreographer.doFrame:744 android.view.Choreographer$FrameDisplayEventReceiver.run:995
09-16 14:11:42.880 24435 24435 I SurfaceControl: assignNativeObject: nativeObject = 0 Surface(name=null)/@0xc1e2343 / android.view.SurfaceControl.readFromParcel:1117 android.view.IWindowSession$Stub$Proxy.relayout:1836 android.view.ViewRootImpl.relayoutWindow:9132 android.view.ViewRootImpl.performTraversals:3422 android.view.ViewRootImpl.doTraversal:2671 android.view.ViewRootImpl$TraversalRunnable.run:10094 android.view.Choreographer$CallbackRecord.run:1010 android.view.Choreographer.doCallbacks:809 android.view.Choreographer.doFrame:744 android.view.Choreographer$FrameDisplayEventReceiver.run:995
09-16 14:11:42.881 24435 24435 I ViewRootImpl@fde6bf[ScannerActivity]: Relayout returned: old=(0,0,1200,1920) new=(0,0,1200,1920) req=(1200,1920)8 dur=7 res=0x5 s={false 0} ch=true fn=285
09-16 14:11:42.881 24435 24435 I ViewRootImpl@fde6bf[ScannerActivity]: stopped(true) old=false
09-16 14:11:42.882 24435 24435 I BluetoothAdapter: STATE_ON
09-16 14:11:42.882 24435 24435 I BluetoothAdapter: STATE_ON
09-16 14:11:42.882 24435 24435 D BluetoothLeScanner: Stop Scan with callback
09-16 14:11:42.894 24435 24435 I SurfaceControl: assignNativeObject: nativeObject = 0 Surface(name=null)/@0x3430bc2 / android.view.SurfaceControl.readFromParcel:1117 android.view.IWindowSession$Stub$Proxy.relayout:1826 android.view.ViewRootImpl.relayoutWindow:9132 android.view.ViewRootImpl.performTraversals:3422 android.view.ViewRootImpl.doTraversal:2671 android.view.ViewRootImpl$TraversalRunnable.run:10094 android.view.Choreographer$CallbackRecord.run:1010 android.view.Choreographer.doCallbacks:809 android.view.Choreographer.doFrame:744 android.view.Choreographer$FrameDisplayEventReceiver.run:995
09-16 14:11:42.895 24435 24435 I SurfaceControl: assignNativeObject: nativeObject = 0 Surface(name=null)/@0xc1e2343 / android.view.SurfaceControl.readFromParcel:1117 android.view.IWindowSession$Stub$Proxy.relayout:1836 android.view.ViewRootImpl.relayoutWindow:9132 android.view.ViewRootImpl.performTraversals:3422 android.view.ViewRootImpl.doTraversal:2671 android.view.ViewRootImpl$TraversalRunnable.run:10094 android.view.Choreographer$CallbackRecord.run:1010 android.view.Choreographer.doCallbacks:809 android.view.Choreographer.doFrame:744 android.view.Choreographer$FrameDisplayEventReceiver.run:995
09-16 14:11:42.895 24435 24435 I ViewRootImpl@fde6bf[ScannerActivity]: Relayout returned: old=(0,0,1200,1920) new=(0,0,1200,1920) req=(1200,1920)8 dur=8 res=0x5 s={false 0} ch=false fn=-1
09-16 14:11:43.088 24435 31992 D BluetoothGatt: onClientConnectionState() - status=0 clientIf=11 device=C1:70:0D:03:B1:E6
09-16 14:11:43.091 24435 24435 I BleManager: Connected to C1:70:0D:03:B1:E6
09-16 14:11:43.394 24435 24435 D BluetoothGatt: discoverServices() - device: C1:70:0D:03:B1:E6
09-16 14:11:43.472 24435 31992 D BluetoothGatt: onConnectionUpdated() - Device=C1:70:0D:03:B1:E6 interval=6 latency=0 timeout=500 status=0
09-16 14:11:43.845 24435 31992 D BluetoothGatt: onSearchComplete() = Device=C1:70:0D:03:B1:E6 Status=0
09-16 14:11:43.846 24435 24435 I BleManager: Services discovered
09-16 14:11:43.847 24435 24435 D BluetoothGatt: configureMTU() - device: C1:70:0D:03:B1:E6 mtu: 517
09-16 14:11:43.867 24435 31992 D BluetoothGatt: onConfigureMTU() - Device=C1:70:0D:03:B1:E6 mtu=69 status=0
09-16 14:11:43.867 24435 24435 I BleManager: MTU changed to: 69
09-16 14:11:43.868 24435 24435 D BluetoothGatt: setCharacteristicNotification() - uuid: 00002adc-0000-1000-8000-00805f9b34fb enable: true
09-16 14:11:43.891 24435 24435 I BleManager: Data written to descr. 00002902-0000-1000-8000-00805f9b34fb, value: (0x) 01-00
09-16 14:11:43.891 24435 24435 I BleManager: Notifications enabled
09-16 14:11:43.905 24435 31992 D BluetoothGatt: onConnectionUpdated() - Device=C1:70:0D:03:B1:E6 interval=36 latency=0 timeout=500 status=0
09-16 14:11:43.919 24435 24435 D ScrollView: onsize change changed
09-16 14:11:47.645 24435 24435 I ViewRootImpl@4de06b0[ProvisioningActivity]: ViewPostIme pointer 0
09-16 14:11:47.731 24435 24435 I ViewRootImpl@4de06b0[ProvisioningActivity]: ViewPostIme pointer 1
09-16 14:11:47.747 24435 24435 I BleManager: Data written to 00002adb-0000-1000-8000-00805f9b34fb, value: (0x) 03-00-05
09-16 14:11:47.747 24435 24435 V MeshManagerApi: Provisioning pdu sent: 0x030005
09-16 14:11:47.880 24435 24435 I BleManager: Notification received from 00002adc-0000-1000-8000-00805f9b34fb, value: (0x) 03-01-04-00-01-00-00-01-00-01-01-00-01
09-16 14:11:47.881 24435 24435 V MeshManagerApi: Received provisioning message: 0x03010400010000010001010001
09-16 14:11:47.881 24435 24435 V ProvisioningCapabilities: Number of elements: 4
09-16 14:11:47.882 24435 24435 V AlgorithmType: Supported output oob action type: FIPS P-256 Elliptic Curve
09-16 14:11:47.882 24435 24435 V ProvisioningCapabilities: Public key information available: false
09-16 14:11:47.882 24435 24435 V ProvisioningCapabilities: Static OOB information available: : false
09-16 14:11:47.882 24435 24435 V ProvisioningCapabilities: Output OOB size: 1
09-16 14:11:47.882 24435 24435 V OutputOOBAction: Supported output oob action type: Blink
09-16 14:11:47.882 24435 24435 V ProvisioningCapabilities: Input OOB size: 1
09-16 14:11:47.883 24435 24435 V InputOOBAction: Input oob action type value: Push
09-16 14:11:48.242 24435 31992 D BluetoothGatt: onConnectionUpdated() - Device=C1:70:0D:03:B1:E6 interval=30 latency=0 timeout=42 status=0
09-16 14:11:53.944 24435 24435 I ViewRootImpl@4de06b0[ProvisioningActivity]: ViewPostIme pointer 0
09-16 14:11:54.064 24435 24435 I ViewRootImpl@4de06b0[ProvisioningActivity]: ViewPostIme pointer 1
09-16 14:11:54.070 24435 24435 D ScrollView: initGoToTop
09-16 14:11:54.103 24435 24435 I Dialog : mIsSamsungBasicInteraction = false, isMetaDataInActivity = false
09-16 14:11:54.106 24435 24435 I DecorView: [INFO] isPopOver=false, config=false
09-16 14:11:54.106 24435 24435 I DecorView: updateCaptionType >> DecorView@c09bc06[], isFloating=true, isApplication=true, hasWindowDecorCaption=false, hasWindowControllerCallback=false
09-16 14:11:54.106 24435 24435 D DecorView: setCaptionType = 0, this = DecorView@c09bc06[]
09-16 14:11:54.116 24435 24435 D ScrollView: initGoToTop
09-16 14:11:54.132 24435 24435 D InputTransport: Input channel constructed: 'dd47b78', fd=83
09-16 14:11:54.132 24435 24435 I ViewRootImpl@4f2dc53[ProvisioningActivity]: setView = com.android.internal.policy.DecorView@c09bc06 TM=true
09-16 14:11:54.156 24435 24435 I SurfaceControl: assignNativeObject: nativeObject = 0 Surface(name=null)/@0xab36ebc / android.view.SurfaceControl.readFromParcel:1117 android.view.IWindowSession$Stub$Proxy.relayout:1836 android.view.ViewRootImpl.relayoutWindow:9132 android.view.ViewRootImpl.performTraversals:3422 android.view.ViewRootImpl.doTraversal:2671 android.view.ViewRootImpl$TraversalRunnable.run:10094 android.view.Choreographer$CallbackRecord.run:1010 android.view.Choreographer.doCallbacks:809 android.view.Choreographer.doFrame:744 android.view.Choreographer$FrameDisplayEventReceiver.run:995
09-16 14:11:54.157 24435 24435 I ViewRootImpl@4f2dc53[ProvisioningActivity]: Relayout returned: old=(0,36,1200,1848) new=(168,772,1032,1111) req=(864,339)0 dur=11 res=0x7 s={true -5476376669685035280} ch=true fn=-1
09-16 14:11:54.161 24435 24435 D ScrollView: onsize change changed
09-16 14:11:54.161 24435 24435 D ScrollView: onsize change changed
09-16 14:11:54.162 24435 24435 I ViewRootImpl@4f2dc53[ProvisioningActivity]: [DP] dp(1) 1 android.view.ViewRootImpl.reportNextDraw:11080 android.view.ViewRootImpl.performTraversals:3917 android.view.ViewRootImpl.doTraversal:2671
09-16 14:11:54.162 24435 24435 I ViewRootImpl@4f2dc53[ProvisioningActivity]: [DP] pd() Asnyc report
09-16 14:11:54.163 24435 24435 I ViewRootImpl@4f2dc53[ProvisioningActivity]: mAttachInfo.mThreadedRenderer.draw, mView = DecorView@c09bc06[ProvisioningActivity] w = 864 h = 339
09-16 14:11:54.171 24435 24435 I ViewRootImpl@4f2dc53[ProvisioningActivity]: [DP] pdf(0) 1 android.view.ViewRootImpl.lambda$performDraw$1$ViewRootImpl:4745 android.view.-$$Lambda$ViewRootImpl$DJd0VUYJgsebcnSohO6h8zc_ONI.run:6 android.os.Handler.handleCallback:938
09-16 14:11:54.171 24435 24435 I ViewRootImpl@4f2dc53[ProvisioningActivity]: [DP] rdf()
09-16 14:11:54.178 24435 24435 I SurfaceControl: nativeRelease nativeObject s[-5476376674517180432]
09-16 14:11:54.178 24435 24435 I SurfaceControl: nativeRelease nativeObject e[-5476376674517180432]
09-16 14:11:54.179 24435 24435 I SurfaceControl: nativeRelease nativeObject s[-5476376674517181440]
09-16 14:11:54.179 24435 24435 I SurfaceControl: nativeRelease nativeObject e[-5476376674517181440]
09-16 14:11:54.179 24435 24435 I SurfaceControl: nativeRelease nativeObject s[-5476376674517219184]
09-16 14:11:54.179 24435 24435 I SurfaceControl: nativeRelease nativeObject e[-5476376674517219184]
09-16 14:11:54.179 24435 24435 I SurfaceControl: nativeRelease nativeObject s[-5476376674517184800]
09-16 14:11:54.179 24435 24435 I SurfaceControl: nativeRelease nativeObject e[-5476376674517184800]
09-16 14:11:54.179 24435 24435 I SurfaceControl: nativeRelease nativeObject s[-5476376674517217952]
09-16 14:11:54.179 24435 24435 I SurfaceControl: nativeRelease nativeObject e[-5476376674517217952]
09-16 14:11:54.180 24435 24435 I ViewRootImpl@4de06b0[ProvisioningActivity]: MSG_WINDOW_FOCUS_CHANGED 0 1
09-16 14:11:54.190 24435 24435 I ViewRootImpl@4f2dc53[ProvisioningActivity]: MSG_WINDOW_FOCUS_CHANGED 1 1
09-16 14:11:55.911 24435 24435 I ViewRootImpl@4f2dc53[ProvisioningActivity]: ViewPostIme pointer 0
09-16 14:11:56.131 24435 24435 I ViewRootImpl@4f2dc53[ProvisioningActivity]: ViewPostIme pointer 1
09-16 14:11:56.135 24435 24435 I ViewRootImpl@4f2dc53[ProvisioningActivity]: dispatchDetachedFromWindow
09-16 14:11:56.135 24435 24435 I SurfaceControl: nativeRelease nativeObject s[-5476376674517178976]
09-16 14:11:56.135 24435 24435 I SurfaceControl: nativeRelease nativeObject e[-5476376674517178976]
09-16 14:11:56.150 24435 24435 W InputEventReceiver: Attempted to finish an input event but the input event receiver has already been disposed.
09-16 14:11:56.150 24435 24435 D InputTransport: Input channel destroyed: 'dd47b78', fd=83
09-16 14:11:56.150 24435 24435 I SurfaceControl: nativeRelease nativeObject s[-5476376674517181664]
09-16 14:11:56.150 24435 24435 I SurfaceControl: nativeRelease nativeObject e[-5476376674517181664]
09-16 14:11:56.150 24435 24435 I SurfaceControl: nativeRelease nativeObject s[-5476376674517209328]
09-16 14:11:56.150 24435 24435 I SurfaceControl: nativeRelease nativeObject e[-5476376674517209328]
09-16 14:11:56.151 24435 24435 I SurfaceControl: nativeRelease nativeObject s[-5476376674517189504]
09-16 14:11:56.151 24435 24435 I SurfaceControl: nativeRelease nativeObject e[-5476376674517189504]
09-16 14:11:56.172 24435 24435 I ViewRootImpl@4de06b0[ProvisioningActivity]: MSG_WINDOW_FOCUS_CHANGED 1 1
09-16 14:11:56.172 24435 24435 D InputMethodManager: prepareNavigationBarInfo() DecorView@815774e[ProvisioningActivity]
09-16 14:11:56.172 24435 24435 D InputMethodManager: getNavigationBarColor() -16777216
09-16 14:11:56.174 24435 24435 D InputMethodManager: prepareNavigationBarInfo() DecorView@815774e[ProvisioningActivity]
09-16 14:11:56.174 24435 24435 D InputMethodManager: getNavigationBarColor() -16777216
09-16 14:11:56.174 24435 24435 V InputMethodManager: Starting input: tba=no.nordicsemi.android.nrfmeshprovisioner ic=null mNaviBarColor -16777216 mIsGetNaviBarColorSuccess true , NavVisible : true , NavTrans : false
09-16 14:11:56.174 24435 24435 D InputMethodManager: startInputInner - Id : 0
09-16 14:11:56.174 24435 24435 I InputMethodManager: startInputInner - mService.startInputOrWindowGainedFocus
09-16 14:11:56.176 24435 24435 D InputTransport: Input channel constructed: 'ClientS', fd=83
09-16 14:11:56.177 24435 24435 D InputTransport: Input channel destroyed: 'ClientS', fd=91
09-16 14:11:56.211 24435 24435 I ViewRootImpl@4de06b0[ProvisioningActivity]: ViewPostIme pointer 0
09-16 14:11:56.262 24435 24435 I ViewRootImpl@4de06b0[ProvisioningActivity]: ViewPostIme pointer 1
09-16 14:12:18.827 24435 24435 I ViewRootImpl@4de06b0[ProvisioningActivity]: ViewPostIme pointer 0
09-16 14:12:18.897 24435 24435 I ViewRootImpl@4de06b0[ProvisioningActivity]: ViewPostIme pointer 1
09-16 14:12:18.910 24435 24435 D ScrollView: initGoToTop
09-16 14:12:18.928 24435 24435 I Dialog : mIsSamsungBasicInteraction = false, isMetaDataInActivity = false
09-16 14:12:18.930 24435 24435 I DecorView: [INFO] isPopOver=false, config=false
09-16 14:12:18.930 24435 24435 I DecorView: updateCaptionType >> DecorView@d5ab4bb[], isFloating=true, isApplication=true, hasWindowDecorCaption=false, hasWindowControllerCallback=false
09-16 14:12:18.930 24435 24435 D DecorView: setCaptionType = 0, this = DecorView@d5ab4bb[]
09-16 14:12:18.935 24435 24435 D ScrollView: initGoToTop
09-16 14:12:18.951 24435 24435 D InputTransport: Input channel constructed: '4bb65b9', fd=87
09-16 14:12:18.951 24435 24435 I ViewRootImpl@3adecfa[ProvisioningActivity]: setView = com.android.internal.policy.DecorView@d5ab4bb TM=true
09-16 14:12:18.970 24435 24435 I SurfaceControl: assignNativeObject: nativeObject = 0 Surface(name=null)/@0x75ddec6 / android.view.SurfaceControl.readFromParcel:1117 android.view.IWindowSession$Stub$Proxy.relayout:1836 android.view.ViewRootImpl.relayoutWindow:9132 android.view.ViewRootImpl.performTraversals:3422 android.view.ViewRootImpl.doTraversal:2671 android.view.ViewRootImpl$TraversalRunnable.run:10094 android.view.Choreographer$CallbackRecord.run:1010 android.view.Choreographer.doCallbacks:809 android.view.Choreographer.doFrame:744 android.view.Choreographer$FrameDisplayEventReceiver.run:995
09-16 14:12:18.972 24435 24435 I ViewRootImpl@3adecfa[ProvisioningActivity]: Relayout returned: old=(0,36,1200,1848) new=(168,772,1032,1111) req=(864,339)0 dur=10 res=0x7 s={true -5476376669685253280} ch=true fn=-1
09-16 14:12:18.975 24435 24435 D ScrollView: onsize change changed
09-16 14:12:18.975 24435 24435 D ScrollView: onsize change changed
09-16 14:12:18.975 24435 24435 I ViewRootImpl@3adecfa[ProvisioningActivity]: [DP] dp(1) 1 android.view.ViewRootImpl.reportNextDraw:11080 android.view.ViewRootImpl.performTraversals:3917 android.view.ViewRootImpl.doTraversal:2671
09-16 14:12:18.976 24435 24435 I ViewRootImpl@3adecfa[ProvisioningActivity]: [DP] pd() Asnyc report
09-16 14:12:18.981 24435 24435 I ViewRootImpl@3adecfa[ProvisioningActivity]: mAttachInfo.mThreadedRenderer.draw, mView = DecorView@d5ab4bb[ProvisioningActivity] w = 864 h = 339
09-16 14:12:18.989 24435 24435 I ViewRootImpl@3adecfa[ProvisioningActivity]: [DP] pdf(0) 1 android.view.ViewRootImpl.lambda$performDraw$1$ViewRootImpl:4745 android.view.-$$Lambda$ViewRootImpl$DJd0VUYJgsebcnSohO6h8zc_ONI.run:6 android.os.Handler.handleCallback:938
09-16 14:12:18.989 24435 24435 I ViewRootImpl@3adecfa[ProvisioningActivity]: [DP] rdf()
09-16 14:12:18.995 24435 24435 I SurfaceControl: nativeRelease nativeObject s[-5476376674517217952]
09-16 14:12:18.995 24435 24435 I SurfaceControl: nativeRelease nativeObject e[-5476376674517217952]
09-16 14:12:18.995 24435 24435 I SurfaceControl: nativeRelease nativeObject s[-5476376674517182784]
09-16 14:12:18.995 24435 24435 I SurfaceControl: nativeRelease nativeObject e[-5476376674517182784]
09-16 14:12:18.995 24435 24435 I SurfaceControl: nativeRelease nativeObject s[-5476376674517179760]
09-16 14:12:18.995 24435 24435 I SurfaceControl: nativeRelease nativeObject e[-5476376674517179760]
09-16 14:12:18.995 24435 24435 I SurfaceControl: nativeRelease nativeObject s[-5476376674517168672]
09-16 14:12:18.995 24435 24435 I SurfaceControl: nativeRelease nativeObject e[-5476376674517168672]
09-16 14:12:18.995 24435 24435 I SurfaceControl: nativeRelease nativeObject s[-5476376674517169120]
09-16 14:12:18.995 24435 24435 I SurfaceControl: nativeRelease nativeObject e[-5476376674517169120]
09-16 14:12:18.996 24435 24435 I ViewRootImpl@4de06b0[ProvisioningActivity]: MSG_WINDOW_FOCUS_CHANGED 0 1
09-16 14:12:19.005 24435 24435 I ViewRootImpl@3adecfa[ProvisioningActivity]: MSG_WINDOW_FOCUS_CHANGED 1 1
09-16 14:12:20.279 24435 24435 I ViewRootImpl@3adecfa[ProvisioningActivity]: ViewPostIme pointer 0
09-16 14:12:20.347 24435 24435 I ViewRootImpl@3adecfa[ProvisioningActivity]: ViewPostIme pointer 1
09-16 14:12:20.365 24435 31999 D OpenGLRenderer: endAllActiveAnimators on 0xb400006eab39db90 (RippleDrawable) with handle 0xb400006dbb311640
09-16 14:12:20.366 24435 24435 I ViewRootImpl@3adecfa[ProvisioningActivity]: dispatchDetachedFromWindow
09-16 14:12:20.366 24435 24435 I SurfaceControl: nativeRelease nativeObject s[-5476376674517170128]
09-16 14:12:20.366 24435 24435 I SurfaceControl: nativeRelease nativeObject e[-5476376674517170128]
09-16 14:12:20.379 24435 24435 D InputTransport: Input channel destroyed: '4bb65b9', fd=87
09-16 14:12:20.379 24435 24435 I SurfaceControl: nativeRelease nativeObject s[-5476376674517168560]
09-16 14:12:20.379 24435 24435 I SurfaceControl: nativeRelease nativeObject e[-5476376674517168560]
09-16 14:12:20.380 24435 24435 I SurfaceControl: nativeRelease nativeObject s[-5476376674517174384]
09-16 14:12:20.380 24435 24435 I SurfaceControl: nativeRelease nativeObject e[-5476376674517174384]
09-16 14:12:20.380 24435 24435 I SurfaceControl: nativeRelease nativeObject s[-5476376674517183568]
09-16 14:12:20.380 24435 24435 I SurfaceControl: nativeRelease nativeObject e[-5476376674517183568]
09-16 14:12:20.405 24435 24435 I ViewRootImpl@4de06b0[ProvisioningActivity]: MSG_WINDOW_FOCUS_CHANGED 1 1
09-16 14:12:20.405 24435 24435 D InputMethodManager: prepareNavigationBarInfo() DecorView@815774e[ProvisioningActivity]
09-16 14:12:20.405 24435 24435 D InputMethodManager: getNavigationBarColor() -16777216
09-16 14:12:20.407 24435 24435 D InputMethodManager: prepareNavigationBarInfo() DecorView@815774e[ProvisioningActivity]
09-16 14:12:20.407 24435 24435 D InputMethodManager: getNavigationBarColor() -16777216
09-16 14:12:20.407 24435 24435 V InputMethodManager: Starting input: tba=no.nordicsemi.android.nrfmeshprovisioner ic=null mNaviBarColor -16777216 mIsGetNaviBarColorSuccess true , NavVisible : true , NavTrans : false
09-16 14:12:20.407 24435 24435 D InputMethodManager: startInputInner - Id : 0
09-16 14:12:20.407 24435 24435 I InputMethodManager: startInputInner - mService.startInputOrWindowGainedFocus
09-16 14:12:20.409 24435 24435 D InputTransport: Input channel constructed: 'ClientS', fd=87
09-16 14:12:20.409 24435 24435 D InputTransport: Input channel destroyed: 'ClientS', fd=83
09-16 14:12:21.128 24435 24435 I ViewRootImpl@4de06b0[ProvisioningActivity]: ViewPostIme pointer 0
09-16 14:12:21.212 24435 24435 I ViewRootImpl@4de06b0[ProvisioningActivity]: ViewPostIme pointer 1
09-16 14:12:21.229 24435 24435 D BluetoothGatt: cancelOpen() - device: C1:70:0D:03:B1:E6
09-16 14:12:21.235 24435 31992 D BluetoothGatt: onClientConnectionState() - status=0 clientIf=11 device=C1:70:0D:03:B1:E6
09-16 14:12:21.249 24435 24435 V s : Disconnecting...
09-16 14:12:21.250 24435 24435 I BleManager: Disconnected
09-16 14:12:21.259 24435 24435 D BluetoothGatt: refresh() - device: C1:70:0D:03:B1:E6
09-16 14:12:21.260 24435 24435 I BleManager: Cache refreshed
09-16 14:12:21.260 24435 24435 D BluetoothGatt: close()
09-16 14:12:21.262 24435 24435 D BluetoothGatt: unregisterApp() - mClientIf=11
09-16 14:12:21.267 24435 24435 I ViewRootImpl@fde6bf[ScannerActivity]: stopped(false) old=true
09-16 14:12:21.268 24435 24435 I BluetoothAdapter: STATE_ON
09-16 14:12:21.268 24435 24435 I BluetoothAdapter: STATE_ON
09-16 14:12:21.268 24435 24435 I BluetoothAdapter: STATE_ON
09-16 14:12:21.268 24435 24435 I BluetoothAdapter: STATE_ON
09-16 14:12:21.269 24435 24435 I BluetoothAdapter: STATE_ON
09-16 14:12:21.269 24435 24435 I BluetoothAdapter: STATE_ON
09-16 14:12:21.269 24435 24435 I BluetoothAdapter: STATE_ON
09-16 14:12:21.270 24435 24435 D BluetoothLeScanner: Start Scan with callback
09-16 14:12:21.272 24435 31992 D BluetoothLeScanner: onScannerRegistered() - status=0 scannerId=9 mScannerId=0
09-16 14:12:21.276 24435 24435 I ViewRootImpl@fde6bf[ScannerActivity]: stopped(false) old=false
09-16 14:12:21.294 24435 24435 I SurfaceControl: assignNativeObject: nativeObject = 0 Surface(name=null)/@0xc1e2343 / android.view.SurfaceControl.readFromParcel:1117 android.view.IWindowSession$Stub$Proxy.relayout:1836 android.view.ViewRootImpl.relayoutWindow:9132 android.view.ViewRootImpl.performTraversals:3422 android.view.ViewRootImpl.doTraversal:2671 android.view.ViewRootImpl$TraversalRunnable.run:10094 android.view.Choreographer$CallbackRecord.run:1010 android.view.Choreographer.doCallbacks:809 android.view.Choreographer.doFrame:744 android.view.Choreographer$FrameDisplayEventReceiver.run:995
09-16 14:12:21.294 24435 24435 I ViewRootImpl@fde6bf[ScannerActivity]: Relayout returned: old=(0,0,1200,1920) new=(0,0,1200,1920) req=(1200,1920)0 dur=15 res=0x7 s={true -5476376669685253280} ch=true fn=-1
09-16 14:12:21.296 24435 24435 I ViewRootImpl@fde6bf[ScannerActivity]: [DP] dp(1) 1 android.view.ViewRootImpl.reportNextDraw:11080 android.view.ViewRootImpl.performTraversals:3917 android.view.ViewRootImpl.doTraversal:2671
09-16 14:12:21.296 24435 24435 I ViewRootImpl@fde6bf[ScannerActivity]: [DP] pd() Asnyc report
09-16 14:12:21.296 24435 24435 I ViewRootImpl@fde6bf[ScannerActivity]: mAttachInfo.mThreadedRenderer.draw, mView = DecorView@3889a30[ScannerActivity] w = 1200 h = 1920
09-16 14:12:21.315 24435 24435 I ViewRootImpl@fde6bf[ScannerActivity]: [DP] pdf(0) 1 android.view.ViewRootImpl.lambda$performDraw$1$ViewRootImpl:4745 android.view.-$$Lambda$ViewRootImpl$DJd0VUYJgsebcnSohO6h8zc_ONI.run:6 android.os.Handler.handleCallback:938
09-16 14:12:21.315 24435 24435 I ViewRootImpl@fde6bf[ScannerActivity]: [DP] rdf()
09-16 14:12:21.316 24435 24435 V s : Disconnected
09-16 14:12:21.317 24435 24435 I ViewRootImpl@4de06b0[ProvisioningActivity]: MSG_WINDOW_FOCUS_CHANGED 0 1
09-16 14:12:21.324 24435 24435 I SurfaceControl: nativeRelease nativeObject s[-5476376674517169120]
09-16 14:12:21.324 24435 24435 I SurfaceControl: nativeRelease nativeObject e[-5476376674517169120]
09-16 14:12:21.324 24435 24435 I SurfaceControl: nativeRelease nativeObject s[-5476376674517182000]
09-16 14:12:21.324 24435 24435 I SurfaceControl: nativeRelease nativeObject e[-5476376674517182000]
09-16 14:12:21.324 24435 24435 I SurfaceControl: nativeRelease nativeObject s[-5476376674517226800]
09-16 14:12:21.324 24435 24435 I SurfaceControl: nativeRelease nativeObject e[-5476376674517226800]
09-16 14:12:21.338 24435 24435 I ViewRootImpl@fde6bf[ScannerActivity]: MSG_WINDOW_FOCUS_CHANGED 1 1
09-16 14:12:21.339 24435 24435 D InputMethodManager: prepareNavigationBarInfo() DecorView@3889a30[ScannerActivity]
09-16 14:12:21.339 24435 24435 D InputMethodManager: getNavigationBarColor() -16777216
09-16 14:12:21.340 24435 24435 D InputMethodManager: prepareNavigationBarInfo() DecorView@3889a30[ScannerActivity]
09-16 14:12:21.340 24435 24435 D InputMethodManager: getNavigationBarColor() -16777216
09-16 14:12:21.340 24435 24435 V InputMethodManager: Starting input: tba=no.nordicsemi.android.nrfmeshprovisioner ic=null mNaviBarColor -16777216 mIsGetNaviBarColorSuccess true , NavVisible : true , NavTrans : false
09-16 14:12:21.340 24435 24435 D InputMethodManager: startInputInner - Id : 0
09-16 14:12:21.340 24435 24435 I InputMethodManager: startInputInner - mService.startInputOrWindowGainedFocus
09-16 14:12:21.343 24435 24435 D InputTransport: Input channel constructed: 'ClientS', fd=90
09-16 14:12:21.343 24435 24435 D InputTransport: Input channel destroyed: 'ClientS', fd=87
09-16 14:12:21.356 24435 24435 I SurfaceControl: nativeRelease nativeObject s[-5476376674517170128]
09-16 14:12:21.356 24435 24435 I SurfaceControl: nativeRelease nativeObject e[-5476376674517170128]
09-16 14:12:21.356 24435 24435 I SurfaceControl: nativeRelease nativeObject s[-5476376674517168560]
09-16 14:12:21.356 24435 24435 I SurfaceControl: nativeRelease nativeObject e[-5476376674517168560]
09-16 14:12:21.356 24435 24435 I SurfaceControl: nativeRelease nativeObject s[-5476376674517185808]
09-16 14:12:21.356 24435 24435 I SurfaceControl: nativeRelease nativeObject e[-5476376674517185808]
09-16 14:12:21.662 24435 24435 I SurfaceControl: nativeRelease nativeObject s[-5476376674517182336]
09-16 14:12:21.662 24435 24435 I SurfaceControl: nativeRelease nativeObject e[-5476376674517182336]
09-16 14:12:21.662 24435 24435 I SurfaceControl: assignNativeObject: nativeObject = 0 Surface(name=null)/@0xb50f6d6 / android.view.SurfaceControl.readFromParcel:1117 android.view.IWindowSession$Stub$Proxy.relayout:1826 android.view.ViewRootImpl.relayoutWindow:9132 android.view.ViewRootImpl.performTraversals:3422 android.view.ViewRootImpl.doTraversal:2671 android.view.ViewRootImpl$TraversalRunnable.run:10094 android.view.Choreographer$CallbackRecord.run:1010 android.view.Choreographer.doCallbacks:809 android.view.Choreographer.doFrame:744 android.view.Choreographer$FrameDisplayEventReceiver.run:995
09-16 14:12:21.663 24435 24435 I SurfaceControl: assignNativeObject: nativeObject = 0 Surface(name=null)/@0x59e946b / android.view.SurfaceControl.readFromParcel:1117 android.view.IWindowSession$Stub$Proxy.relayout:1836 android.view.ViewRootImpl.relayoutWindow:9132 android.view.ViewRootImpl.performTraversals:3422 android.view.ViewRootImpl.doTraversal:2671 android.view.ViewRootImpl$TraversalRunnable.run:10094 android.view.Choreographer$CallbackRecord.run:1010 android.view.Choreographer.doCallbacks:809 android.view.Choreographer.doFrame:744 android.view.Choreographer$FrameDisplayEventReceiver.run:995
09-16 14:12:21.663 24435 24435 I ViewRootImpl@4de06b0[ProvisioningActivity]: Relayout returned: old=(0,0,1200,1920) new=(0,0,1200,1920) req=(1200,1920)8 dur=7 res=0x5 s={false 0} ch=true fn=194
09-16 14:12:21.664 24435 24435 I ViewRootImpl@4de06b0[ProvisioningActivity]: stopped(true) old=false
09-16 14:12:21.668 24435 24435 I ViewRootImpl@4de06b0[ProvisioningActivity]: dispatchDetachedFromWindow
09-16 14:12:21.674 24435 24435 D InputTransport: Input channel destroyed: 'e0fc65d', fd=86
09-16 14:12:23.094 24435 24435 I ViewRootImpl@fde6bf[ScannerActivity]: ViewPostIme pointer 0
09-16 14:12:23.178 24435 24435 I ViewRootImpl@fde6bf[ScannerActivity]: ViewPostIme pointer 1
