09-16 14:55:12.373 24435 24435 I SurfaceControl: nativeRelease nativeObject e[-5476376674517157136]
09-16 14:55:12.373 24435 24435 I SurfaceControl: nativeRelease nativeObject s[-5476376674517149408]
09-16 14:55:12.373 24435 24435 I SurfaceControl: nativeRelease nativeObject e[-5476376674517149408]
09-16 14:55:12.373 24435 24435 I ViewRootImpl@c66e18[MainActivity]: Relayout returned: old=(0,0,1200,1920) new=(0,0,1200,1920) req=(1200,1920)4 dur=7 res=0x5 s={false 0} ch=false fn=-1
09-16 14:55:12.412 24435 24435 I SurfaceControl: assignNativeObject: nativeObject = 0 Surface(name=null)/@0x6fc95aa / android.view.SurfaceControl.readFromParcel:1117 android.view.IWindowSession$Stub$Proxy.relayout:1826 android.view.ViewRootImpl.relayoutWindow:9132 android.view.ViewRootImpl.performTraversals:3422 android.view.ViewRootImpl.doTraversal:2671 android.view.ViewRootImpl$TraversalRunnable.run:10094 android.view.Choreographer$CallbackRecord.run:1010 android.view.Choreographer.doCallbacks:809 android.view.Choreographer.doFrame:744 android.view.Choreographer$FrameDisplayEventReceiver.run:995
09-16 14:55:12.413 24435 24435 I SurfaceControl: assignNativeObject: nativeObject = 0 Surface(name=null)/@0x2b623af / android.view.SurfaceControl.readFromParcel:1117 android.view.IWindowSession$Stub$Proxy.relayout:1836 android.view.ViewRootImpl.relayoutWindow:9132 android.view.ViewRootImpl.performTraversals:3422 android.view.ViewRootImpl.doTraversal:2671 android.view.ViewRootImpl$TraversalRunnable.run:10094 android.view.Choreographer$CallbackRecord.run:1010 android.view.Choreographer.doCallbacks:809 android.view.Choreographer.doFrame:744 android.view.Choreographer$FrameDisplayEventReceiver.run:995
09-16 14:55:12.413 24435 24435 I SurfaceControl: nativeRelease nativeObject s[-5476376674517126560]
09-16 14:55:12.413 24435 24435 I SurfaceControl: nativeRelease nativeObject e[-5476376674517126560]
09-16 14:55:12.413 24435 24435 I SurfaceControl: nativeRelease nativeObject s[-5476376674517127120]
09-16 14:55:12.413 24435 24435 I SurfaceControl: nativeRelease nativeObject e[-5476376674517127120]
09-16 14:55:12.413 24435 24435 I SurfaceControl: nativeRelease nativeObject s[-5476376674517135408]
09-16 14:55:12.413 24435 24435 I SurfaceControl: nativeRelease nativeObject e[-5476376674517135408]
09-16 14:55:12.414 24435 24435 I ViewRootImpl@c66e18[MainActivity]: Relayout returned: old=(0,0,1200,1920) new=(0,0,1200,1920) req=(1200,1920)8 dur=5 res=0x1 s={false 0} ch=false fn=-1
09-16 14:55:12.508 24435 24435 I ViewRootImpl@c66e18[MainActivity]: MSG_WINDOW_FOCUS_CHANGED 0 1
09-16 14:55:12.635 24435 24435 I SurfaceControl: nativeRelease nativeObject s[-5476376674517149408]
09-16 14:55:12.635 24435 24435 I SurfaceControl: nativeRelease nativeObject e[-5476376674517149408]
09-16 14:55:12.635 24435 24435 I SurfaceControl: nativeRelease nativeObject s[-5476376674517178864]
09-16 14:55:12.635 24435 24435 I SurfaceControl: nativeRelease nativeObject e[-5476376674517178864]
09-16 14:55:12.635 24435 24435 I SurfaceControl: nativeRelease nativeObject s[-5476376674517157136]
09-16 14:55:12.635 24435 24435 I SurfaceControl: nativeRelease nativeObject e[-5476376674517157136]
09-16 14:55:17.478 24435 31989 W System : A resource failed to call release.
09-16 14:55:17.478 24435 31989 I SurfaceControl: nativeRelease nativeObject s[-5476376674517136640]
09-16 14:55:17.478 24435 31989 I SurfaceControl: nativeRelease nativeObject e[-5476376674517136640]
09-16 14:55:48.325 24435 32627 D BluetoothGatt: onClientConnectionState() - status=8 clientIf=12 device=C1:70:0D:03:B1:E6
09-16 14:55:48.327 24435 24435 W BleManager: Error: (0x8): GATT CONN TIMEOUT
09-16 14:55:48.327 24435 24435 I BleManager: Disconnected
09-16 14:55:48.329 24435 24435 D BluetoothGatt: close()
09-16 14:55:48.331 24435 24435 D BluetoothGatt: unregisterApp() - mClientIf=12
09-16 14:55:48.336 24435 24435 V s : Disconnected
09-16 14:58:42.819 24435 24435 I SurfaceControl: assignNativeObject: nativeObject = 0 Surface(name=null)/@0x6fc95aa / android.view.SurfaceControl.readFromParcel:1117 android.view.IWindowSession$Stub$Proxy.relayout:1826 android.view.ViewRootImpl.relayoutWindow:9132 android.view.ViewRootImpl.performTraversals:3422 android.view.ViewRootImpl.doTraversal:2671 android.view.ViewRootImpl$TraversalRunnable.run:10094 android.view.Choreographer$CallbackRecord.run:1010 android.view.Choreographer.doCallbacks:809 android.view.Choreographer.doFrame:744 android.view.Choreographer$FrameDisplayEventReceiver.run:995
09-16 14:58:42.819 24435 24435 I SurfaceControl: assignNativeObject: nativeObject = 0 Surface(name=null)/@0x2b623af / android.view.SurfaceControl.readFromParcel:1117 android.view.IWindowSession$Stub$Proxy.relayout:1836 android.view.ViewRootImpl.relayoutWindow:9132 android.view.ViewRootImpl.performTraversals:3422 android.view.ViewRootImpl.doTraversal:2671 android.view.ViewRootImpl$TraversalRunnable.run:10094 android.view.Choreographer$CallbackRecord.run:1010 android.view.Choreographer.doCallbacks:809 android.view.Choreographer.doFrame:744 android.view.Choreographer$FrameDisplayEventReceiver.run:995
09-16 14:58:42.820 24435 24435 I SurfaceControl: nativeRelease nativeObject s[-5476376674517243600]
09-16 14:58:42.820 24435 24435 I SurfaceControl: nativeRelease nativeObject e[-5476376674517243600]
09-16 14:58:42.820 24435 24435 I ViewRootImpl@c66e18[MainActivity]: Relayout returned: old=(0,0,1200,1920) new=(0,0,1200,1920) req=(1200,1920)4 dur=10 res=0x1 s={false 0} ch=false fn=-1
09-16 14:58:42.820 24435 24435 I ViewRootImpl@c66e18[MainActivity]: stopped(false) old=true
09-16 14:58:42.826 24435 24435 I ViewRootImpl@c66e18[MainActivity]: stopped(false) old=false
09-16 14:58:42.846 24435 24435 I SurfaceControl: assignNativeObject: nativeObject = 0 Surface(name=null)/@0x2b623af / android.view.SurfaceControl.readFromParcel:1117 android.view.IWindowSession$Stub$Proxy.relayout:1836 android.view.ViewRootImpl.relayoutWindow:9132 android.view.ViewRootImpl.performTraversals:3422 android.view.ViewRootImpl.doTraversal:2671 android.view.ViewRootImpl$TraversalRunnable.run:10094 android.view.Choreographer$CallbackRecord.run:1010 android.view.Choreographer.doCallbacks:809 android.view.Choreographer.doFrame:744 android.view.Choreographer$FrameDisplayEventReceiver.run:995
09-16 14:58:42.847 24435 24435 I SurfaceControl: nativeRelease nativeObject s[-5476376674517157136]
09-16 14:58:42.847 24435 24435 I SurfaceControl: nativeRelease nativeObject e[-5476376674517157136]
09-16 14:58:42.847 24435 24435 I ViewRootImpl@c66e18[MainActivity]: Relayout returned: old=(0,0,1200,1920) new=(0,0,1200,1920) req=(1200,1920)0 dur=15 res=0x7 s={true -5476376669685244560} ch=true fn=-1
09-16 14:58:42.848 24435 24435 I ViewRootImpl@c66e18[MainActivity]: [DP] dp(1) 1 android.view.ViewRootImpl.reportNextDraw:11080 android.view.ViewRootImpl.performTraversals:3917 android.view.ViewRootImpl.doTraversal:2671
09-16 14:58:42.848 24435 24435 I ViewRootImpl@c66e18[MainActivity]: [DP] pd() Asnyc report
09-16 14:58:42.849 24435 24435 I ViewRootImpl@c66e18[MainActivity]: mAttachInfo.mThreadedRenderer.draw, mView = DecorView@885d97c[MainActivity] w = 1200 h = 1920
09-16 14:58:42.862 24435 24435 I ViewRootImpl@c66e18[MainActivity]: [DP] pdf(0) 1 android.view.ViewRootImpl.lambda$performDraw$1$ViewRootImpl:4745 android.view.-$$Lambda$ViewRootImpl$DJd0VUYJgsebcnSohO6h8zc_ONI.run:6 android.os.Handler.handleCallback:938
09-16 14:58:42.862 24435 24435 I ViewRootImpl@c66e18[MainActivity]: [DP] rdf()
09-16 14:58:42.870 24435 24435 I ViewRootImpl@c66e18[MainActivity]: MSG_RESIZED_REPORT: frame=(0,0,1200,1920) ci=(0,0,0,72) vi=(0,0,0,72) or=1
09-16 14:58:42.870 24435 24435 I ViewRootImpl@c66e18[MainActivity]: [DP] dp(1) 1 android.view.ViewRootImpl.reportNextDraw:11080 android.view.ViewRootImpl.access$1300:255 android.view.ViewRootImpl$ViewRootHandler.handleMessage:6209
09-16 14:58:42.878 24435 24435 I ViewRootImpl@c66e18[MainActivity]: [DP] pd() Asnyc report
09-16 14:58:42.885 24435 24435 I ViewRootImpl@c66e18[MainActivity]: [DP] pdf(0) 1 android.view.ViewRootImpl.lambda$performDraw$1$ViewRootImpl:4745 android.view.-$$Lambda$ViewRootImpl$DJd0VUYJgsebcnSohO6h8zc_ONI.run:6 android.os.Handler.handleCallback:938
09-16 14:58:42.885 24435 24435 I ViewRootImpl@c66e18[MainActivity]: [DP] rdf()
09-16 14:58:42.895 24435 24435 I SurfaceControl: nativeRelease nativeObject s[-5476376674517178864]
09-16 14:58:42.895 24435 24435 I SurfaceControl: nativeRelease nativeObject e[-5476376674517178864]
09-16 14:58:42.913 24435 24435 I ViewRootImpl@c66e18[MainActivity]: MSG_WINDOW_FOCUS_CHANGED 1 1
09-16 14:58:42.913 24435 24435 D InputMethodManager: prepareNavigationBarInfo() DecorView@885d97c[MainActivity]
09-16 14:58:42.913 24435 24435 D InputMethodManager: getNavigationBarColor() -16777216
09-16 14:58:42.917 24435 24435 D InputMethodManager: prepareNavigationBarInfo() DecorView@885d97c[MainActivity]
09-16 14:58:42.917 24435 24435 D InputMethodManager: getNavigationBarColor() -16777216
09-16 14:58:42.917 24435 24435 V InputMethodManager: Starting input: tba=no.nordicsemi.android.nrfmeshprovisioner ic=null mNaviBarColor -16777216 mIsGetNaviBarColorSuccess true , NavVisible : true , NavTrans : false
09-16 14:58:42.917 24435 24435 D InputMethodManager: startInputInner - Id : 0
09-16 14:58:42.917 24435 24435 I InputMethodManager: startInputInner - mService.startInputOrWindowGainedFocus
09-16 14:58:42.919 24435 24435 D InputTransport: Input channel constructed: 'ClientS', fd=83
09-16 14:58:42.919 24435 24435 D InputTransport: Input channel destroyed: 'ClientS', fd=84
09-16 14:58:44.566 24435 24435 I ViewRootImpl@c66e18[MainActivity]: ViewPostIme pointer 0
09-16 14:58:44.636 24435 24435 I ViewRootImpl@c66e18[MainActivity]: ViewPostIme pointer 1
09-16 14:58:44.690 24435 24435 D skia : approximate: numPoints=39, lengths[0]=0.000000, totalLength=620.200073, segmentPoints[0]=[-197.600006,0.000000]
09-16 14:58:44.690 24435 24435 D skia : approximate: approximation[0]=0.000000, approximation[1]=-197.600006, approximation[2]=0.000000
09-16 14:58:44.690 24435 24435 D skia : approximate: numPoints=39, lengths[38]=620.200073, totalLength=620.200073, segmentPoints[38]=[422.600037,0.000000]
09-16 14:58:44.690 24435 24435 D skia : approximate: approximation[114]=1.000000, approximation[115]=422.600037, approximation[116]=0.000000
09-16 14:58:44.690 24435 24435 D skia : approximate: numPoints=4, lengths[0]=0.000000, totalLength=3.448155, segmentPoints[0]=[0.000000,0.100000]
09-16 14:58:44.690 24435 24435 D skia : approximate: approximation[0]=0.000000, approximation[1]=0.000000, approximation[2]=0.100000
09-16 14:58:44.690 24435 24435 D skia : approximate: numPoints=4, lengths[3]=3.448155, totalLength=3.448155, segmentPoints[3]=[3.000000,0.100000]
09-16 14:58:44.690 24435 24435 D skia : approximate: approximation[9]=1.000000, approximation[10]=3.000000, approximation[11]=0.100000
09-16 14:58:44.691 24435 24435 D skia : approximate: numPoints=35, lengths[0]=0.000000, totalLength=722.199951, segmentPoints[0]=[-522.599976,0.000000]
09-16 14:58:44.691 24435 24435 D skia : approximate: approximation[0]=0.000000, approximation[1]=-522.599976, approximation[2]=0.000000
09-16 14:58:44.691 24435 24435 D skia : approximate: numPoints=35, lengths[34]=722.199951, totalLength=722.199951, segmentPoints[34]=[199.600006,0.000000]
09-16 14:58:44.691 24435 24435 D skia : approximate: approximation[102]=1.000000, approximation[103]=199.600006, approximation[104]=0.000000
09-16 14:58:44.692 24435 24435 D skia : approximate: numPoints=3, lengths[0]=0.000000, totalLength=2.472497, segmentPoints[0]=[0.000000,0.100000]
09-16 14:58:44.692 24435 24435 D skia : approximate: approximation[0]=0.000000, approximation[1]=0.000000, approximation[2]=0.100000
09-16 14:58:44.692 24435 24435 D skia : approximate: numPoints=3, lengths[2]=2.472497, totalLength=2.472497, segmentPoints[2]=[2.000000,0.100000]
09-16 14:58:44.692 24435 24435 D skia : approximate: approximation[6]=1.000000, approximation[7]=2.000000, approximation[8]=0.100000
09-16 14:58:44.706 24435 24435 D skia : approximate: numPoints=39, lengths[0]=0.000000, totalLength=620.200073, segmentPoints[0]=[-197.600006,0.000000]
09-16 14:58:44.706 24435 24435 D skia : approximate: approximation[0]=0.000000, approximation[1]=-197.600006, approximation[2]=0.000000
09-16 14:58:44.706 24435 24435 D skia : approximate: numPoints=39, lengths[38]=620.200073, totalLength=620.200073, segmentPoints[38]=[422.600037,0.000000]
09-16 14:58:44.706 24435 24435 D skia : approximate: approximation[114]=1.000000, approximation[115]=422.600037, approximation[116]=0.000000
09-16 14:58:44.706 24435 24435 D skia : approximate: numPoints=4, lengths[0]=0.000000, totalLength=3.448155, segmentPoints[0]=[0.000000,0.100000]
09-16 14:58:44.706 24435 24435 D skia : approximate: approximation[0]=0.000000, approximation[1]=0.000000, approximation[2]=0.100000
09-16 14:58:44.706 24435 24435 D skia : approximate: numPoints=4, lengths[3]=3.448155, totalLength=3.448155, segmentPoints[3]=[3.000000,0.100000]
09-16 14:58:44.706 24435 24435 D skia : approximate: approximation[9]=1.000000, approximation[10]=3.000000, approximation[11]=0.100000
09-16 14:58:44.707 24435 24435 D skia : approximate: numPoints=35, lengths[0]=0.000000, totalLength=722.199951, segmentPoints[0]=[-522.599976,0.000000]
09-16 14:58:44.707 24435 24435 D skia : approximate: approximation[0]=0.000000, approximation[1]=-522.599976, approximation[2]=0.000000
09-16 14:58:44.707 24435 24435 D skia : approximate: numPoints=35, lengths[34]=722.199951, totalLength=722.199951, segmentPoints[34]=[199.600006,0.000000]
09-16 14:58:44.707 24435 24435 D skia : approximate: approximation[102]=1.000000, approximation[103]=199.600006, approximation[104]=0.000000
09-16 14:58:44.707 24435 24435 D skia : approximate: numPoints=3, lengths[0]=0.000000, totalLength=2.472497, segmentPoints[0]=[0.000000,0.100000]
09-16 14:58:44.707 24435 24435 D skia : approximate: approximation[0]=0.000000, approximation[1]=0.000000, approximation[2]=0.100000
09-16 14:58:44.707 24435 24435 D skia : approximate: numPoints=3, lengths[2]=2.472497, totalLength=2.472497, segmentPoints[2]=[2.000000,0.100000]
09-16 14:58:44.707 24435 24435 D skia : approximate: approximation[6]=1.000000, approximation[7]=2.000000, approximation[8]=0.100000
09-16 14:58:44.709 24435 24435 I DecorView: [INFO] isPopOver=false, config=true
09-16 14:58:44.709 24435 24435 I DecorView: updateCaptionType >> DecorView@f09dfc5[], isFloating=false, isApplication=true, hasWindowDecorCaption=false, hasWindowControllerCallback=true
09-16 14:58:44.709 24435 24435 D DecorView: setCaptionType = 0, this = DecorView@f09dfc5[]
09-16 14:58:44.720 24435 24435 D InputTransport: Input channel constructed: '7414275', fd=86
09-16 14:58:44.720 24435 24435 I ViewRootImpl@ea8eeb1[ScannerActivity]: setView = com.android.internal.policy.DecorView@f09dfc5 TM=true
09-16 14:58:44.732 24435 24435 I SurfaceControl: assignNativeObject: nativeObject = 0 Surface(name=null)/@0x6230115 / android.view.SurfaceControl.readFromParcel:1117 android.view.IWindowSession$Stub$Proxy.relayout:1836 android.view.ViewRootImpl.relayoutWindow:9132 android.view.ViewRootImpl.performTraversals:3422 android.view.ViewRootImpl.doTraversal:2671 android.view.ViewRootImpl$TraversalRunnable.run:10094 android.view.Choreographer$CallbackRecord.run:1010 android.view.Choreographer.doCallbacks:809 android.view.Choreographer.doFrame:744 android.view.Choreographer$FrameDisplayEventReceiver.run:995
09-16 14:58:44.732 24435 24435 I ViewRootImpl@ea8eeb1[ScannerActivity]: Relayout returned: old=(0,0,1200,1920) new=(0,0,1200,1920) req=(1200,1920)0 dur=9 res=0x7 s={true -5476376669684974240} ch=true fn=-1
09-16 14:58:44.733 24435 24435 I ViewRootImpl@ea8eeb1[ScannerActivity]: [DP] dp(1) 1 android.view.ViewRootImpl.reportNextDraw:11080 android.view.ViewRootImpl.performTraversals:3917 android.view.ViewRootImpl.doTraversal:2671
09-16 14:58:44.733 24435 24435 I ViewRootImpl@ea8eeb1[ScannerActivity]: [DP] pd() Asnyc report
09-16 14:58:44.734 24435 24435 I ViewRootImpl@ea8eeb1[ScannerActivity]: mAttachInfo.mThreadedRenderer.draw, mView = DecorView@f09dfc5[ScannerActivity] w = 1200 h = 1920
09-16 14:58:44.742 24435 24435 I ViewRootImpl@ea8eeb1[ScannerActivity]: [DP] pdf(0) 1 android.view.ViewRootImpl.lambda$performDraw$1$ViewRootImpl:4745 android.view.-$$Lambda$ViewRootImpl$DJd0VUYJgsebcnSohO6h8zc_ONI.run:6 android.os.Handler.handleCallback:938
09-16 14:58:44.742 24435 24435 I ViewRootImpl@ea8eeb1[ScannerActivity]: [DP] rdf()
09-16 14:58:44.743 24435 24435 I BluetoothAdapter: STATE_ON
09-16 14:58:44.743 24435 24435 I BluetoothAdapter: STATE_ON
09-16 14:58:44.744 24435 24435 I BluetoothAdapter: STATE_ON
09-16 14:58:44.744 24435 24435 I BluetoothAdapter: STATE_ON
09-16 14:58:44.744 24435 24435 I BluetoothAdapter: STATE_ON
09-16 14:58:44.744 24435 24435 I BluetoothAdapter: STATE_ON
09-16 14:58:44.744 24435 24435 I BluetoothAdapter: STATE_ON
09-16 14:58:44.745 24435 24435 D BluetoothLeScanner: Start Scan with callback
09-16 14:58:44.747 24435 520 D BluetoothLeScanner: onScannerRegistered() - status=0 scannerId=11 mScannerId=0
09-16 14:58:44.752 24435 24435 I ViewRootImpl@c66e18[MainActivity]: MSG_WINDOW_FOCUS_CHANGED 0 1
09-16 14:58:44.764 24435 24435 I SurfaceControl: nativeRelease nativeObject s[-5476376674517199920]
09-16 14:58:44.764 24435 24435 I SurfaceControl: nativeRelease nativeObject e[-5476376674517199920]
09-16 14:58:44.764 24435 24435 I SurfaceControl: nativeRelease nativeObject s[-5476376674517134848]
09-16 14:58:44.764 24435 24435 I SurfaceControl: nativeRelease nativeObject e[-5476376674517134848]
09-16 14:58:44.764 24435 24435 I SurfaceControl: nativeRelease nativeObject s[-5476376674517197904]
09-16 14:58:44.764 24435 24435 I SurfaceControl: nativeRelease nativeObject e[-5476376674517197904]
09-16 14:58:44.770 24435 24435 I ViewRootImpl@ea8eeb1[ScannerActivity]: MSG_WINDOW_FOCUS_CHANGED 1 1
09-16 14:58:44.770 24435 24435 D InputMethodManager: prepareNavigationBarInfo() DecorView@f09dfc5[ScannerActivity]
09-16 14:58:44.770 24435 24435 D InputMethodManager: getNavigationBarColor() -16777216
09-16 14:58:44.771 24435 24435 D InputMethodManager: prepareNavigationBarInfo() DecorView@f09dfc5[ScannerActivity]
09-16 14:58:44.771 24435 24435 D InputMethodManager: getNavigationBarColor() -16777216
09-16 14:58:44.771 24435 24435 V InputMethodManager: Starting input: tba=no.nordicsemi.android.nrfmeshprovisioner ic=null mNaviBarColor -16777216 mIsGetNaviBarColorSuccess true , NavVisible : true , NavTrans : false
09-16 14:58:44.771 24435 24435 D InputMethodManager: startInputInner - Id : 0
09-16 14:58:44.771 24435 24435 I InputMethodManager: startInputInner - mService.startInputOrWindowGainedFocus
09-16 14:58:44.772 24435 24435 D InputTransport: Input channel constructed: 'ClientS', fd=92
09-16 14:58:44.772 24435 24435 D InputTransport: Input channel destroyed: 'ClientS', fd=83
09-16 14:58:44.782 24435 24435 I SurfaceControl: nativeRelease nativeObject s[-5476376674517130592]
09-16 14:58:44.782 24435 24435 I SurfaceControl: nativeRelease nativeObject e[-5476376674517130592]
09-16 14:58:44.782 24435 24435 I SurfaceControl: nativeRelease nativeObject s[-5476376674517165760]
09-16 14:58:44.782 24435 24435 I SurfaceControl: nativeRelease nativeObject e[-5476376674517165760]
09-16 14:58:44.783 24435 24435 I SurfaceControl: nativeRelease nativeObject s[-5476376674517118496]
09-16 14:58:44.783 24435 24435 I SurfaceControl: nativeRelease nativeObject e[-5476376674517118496]
09-16 14:58:45.170 24435 24435 I ViewRootImpl@c66e18[MainActivity]: stopped(true) old=false
09-16 14:58:45.172 24435 24435 I SurfaceControl: nativeRelease nativeObject s[-5476376674517243600]
09-16 14:58:45.172 24435 24435 I SurfaceControl: nativeRelease nativeObject e[-5476376674517243600]
09-16 14:58:45.184 24435 24435 I SurfaceControl: assignNativeObject: nativeObject = 0 Surface(name=null)/@0x6fc95aa / android.view.SurfaceControl.readFromParcel:1117 android.view.IWindowSession$Stub$Proxy.relayout:1826 android.view.ViewRootImpl.relayoutWindow:9132 android.view.ViewRootImpl.performTraversals:3422 android.view.ViewRootImpl.doTraversal:2671 android.view.ViewRootImpl$TraversalRunnable.run:10094 android.view.Choreographer$CallbackRecord.run:1010 android.view.Choreographer.doCallbacks:809 android.view.Choreographer.doFrame:744 android.view.Choreographer$FrameDisplayEventReceiver.run:995
09-16 14:58:45.185 24435 24435 I SurfaceControl: assignNativeObject: nativeObject = 0 Surface(name=null)/@0x2b623af / android.view.SurfaceControl.readFromParcel:1117 android.view.IWindowSession$Stub$Proxy.relayout:1836 android.view.ViewRootImpl.relayoutWindow:9132 android.view.ViewRootImpl.performTraversals:3422 android.view.ViewRootImpl.doTraversal:2671 android.view.ViewRootImpl$TraversalRunnable.run:10094 android.view.Choreographer$CallbackRecord.run:1010 android.view.Choreographer.doCallbacks:809 android.view.Choreographer.doFrame:744 android.view.Choreographer$FrameDisplayEventReceiver.run:995
09-16 14:58:45.185 24435 24435 I ViewRootImpl@c66e18[MainActivity]: Relayout returned: old=(0,0,1200,1920) new=(0,0,1200,1920) req=(1200,1920)8 dur=6 res=0x5 s={false 0} ch=false fn=-1
09-16 14:58:46.533 24435 24435 I ViewRootImpl@ea8eeb1[ScannerActivity]: ViewPostIme pointer 0
09-16 14:58:46.585 24435 24435 I ViewRootImpl@ea8eeb1[ScannerActivity]: ViewPostIme pointer 1
09-16 14:58:46.623 24435 24435 D ScrollView: initGoToTop
09-16 14:58:46.657 24435 24435 I DecorView: [INFO] isPopOver=false, config=true
09-16 14:58:46.657 24435 24435 I DecorView: updateCaptionType >> DecorView@91489a4[], isFloating=false, isApplication=true, hasWindowDecorCaption=false, hasWindowControllerCallback=true
09-16 14:58:46.657 24435 24435 D DecorView: setCaptionType = 0, this = DecorView@91489a4[]
09-16 14:58:46.662 24435 24435 E ActivityThread: Failed to find provider info for no.nordicsemi.android.log
09-16 14:58:46.662 24435 24435 D AA : Connect issued
09-16 14:58:46.663 24435 24435 I BluetoothAdapter: STATE_ON
09-16 14:58:46.664 24435 24435 D BluetoothGatt: connect() - device: C1:70:0D:03:B1:E6, auto: false
09-16 14:58:46.664 24435 24435 I BluetoothAdapter: isSecureModeEnabled
09-16 14:58:46.665 24435 24435 D BluetoothGatt: registerApp()
09-16 14:58:46.665 24435 24435 D BluetoothGatt: registerApp() - UUID=c17006ec-86c1-4d9a-b90f-50c8e4346ec4
09-16 14:58:46.668 24435 32627 D BluetoothGatt: onClientRegistered() - status=0 clientIf=12
09-16 14:58:46.673 24435 24435 D InputTransport: Input channel constructed: 'b0d87c5', fd=87
09-16 14:58:46.674 24435 24435 I ViewRootImpl@4def13b[ProvisioningActivity]: setView = com.android.internal.policy.DecorView@91489a4 TM=true
09-16 14:58:46.688 24435 24435 I SurfaceControl: assignNativeObject: nativeObject = 0 Surface(name=null)/@0x76d6270 / android.view.SurfaceControl.readFromParcel:1117 android.view.IWindowSession$Stub$Proxy.relayout:1836 android.view.ViewRootImpl.relayoutWindow:9132 android.view.ViewRootImpl.performTraversals:3422 android.view.ViewRootImpl.doTraversal:2671 android.view.ViewRootImpl$TraversalRunnable.run:10094 android.view.Choreographer$CallbackRecord.run:1010 android.view.Choreographer.doCallbacks:809 android.view.Choreographer.doFrame:744 android.view.Choreographer$FrameDisplayEventReceiver.run:995
09-16 14:58:46.688 24435 24435 I ViewRootImpl@4def13b[ProvisioningActivity]: Relayout returned: old=(0,0,1200,1920) new=(0,0,1200,1920) req=(1200,1920)0 dur=10 res=0x7 s={true -5476376669685052720} ch=true fn=-1
09-16 14:58:46.689 24435 24435 I ViewRootImpl@4def13b[ProvisioningActivity]: [DP] dp(1) 1 android.view.ViewRootImpl.reportNextDraw:11080 android.view.ViewRootImpl.performTraversals:3917 android.view.ViewRootImpl.doTraversal:2671
09-16 14:58:46.689 24435 24435 I ViewRootImpl@4def13b[ProvisioningActivity]: [DP] pd() Asnyc report
09-16 14:58:46.690 24435 24435 I ViewRootImpl@4def13b[ProvisioningActivity]: mAttachInfo.mThreadedRenderer.draw, mView = DecorView@91489a4[ProvisioningActivity] w = 1200 h = 1920
09-16 14:58:46.699 24435 24435 I ViewRootImpl@4def13b[ProvisioningActivity]: [DP] pdf(0) 1 android.view.ViewRootImpl.lambda$performDraw$1$ViewRootImpl:4745 android.view.-$$Lambda$ViewRootImpl$DJd0VUYJgsebcnSohO6h8zc_ONI.run:6 android.os.Handler.handleCallback:938
09-16 14:58:46.699 24435 24435 I ViewRootImpl@4def13b[ProvisioningActivity]: [DP] rdf()
09-16 14:58:46.700 24435 24435 I ViewRootImpl@ea8eeb1[ScannerActivity]: MSG_WINDOW_FOCUS_CHANGED 0 1
09-16 14:58:46.707 24435 24435 I SurfaceControl: nativeRelease nativeObject s[-5476376674517171248]
09-16 14:58:46.707 24435 24435 I SurfaceControl: nativeRelease nativeObject e[-5476376674517171248]
09-16 14:58:46.707 24435 24435 I SurfaceControl: nativeRelease nativeObject s[-5476376674517184240]
09-16 14:58:46.707 24435 24435 I SurfaceControl: nativeRelease nativeObject e[-5476376674517184240]
09-16 14:58:46.707 24435 24435 I SurfaceControl: nativeRelease nativeObject s[-5476376674517111216]
09-16 14:58:46.707 24435 24435 I SurfaceControl: nativeRelease nativeObject e[-5476376674517111216]
09-16 14:58:46.727 24435 24435 I ViewRootImpl@4def13b[ProvisioningActivity]: MSG_WINDOW_FOCUS_CHANGED 1 1
09-16 14:58:46.727 24435 24435 D InputMethodManager: prepareNavigationBarInfo() DecorView@91489a4[ProvisioningActivity]
09-16 14:58:46.727 24435 24435 D InputMethodManager: getNavigationBarColor() -16777216
09-16 14:58:46.729 24435 24435 D InputMethodManager: prepareNavigationBarInfo() DecorView@91489a4[ProvisioningActivity]
09-16 14:58:46.729 24435 24435 D InputMethodManager: getNavigationBarColor() -16777216
09-16 14:58:46.729 24435 24435 V InputMethodManager: Starting input: tba=no.nordicsemi.android.nrfmeshprovisioner ic=null mNaviBarColor -16777216 mIsGetNaviBarColorSuccess true , NavVisible : true , NavTrans : false
09-16 14:58:46.729 24435 24435 D InputMethodManager: startInputInner - Id : 0
09-16 14:58:46.729 24435 24435 I InputMethodManager: startInputInner - mService.startInputOrWindowGainedFocus
09-16 14:58:46.731 24435 24435 D InputTransport: Input channel constructed: 'ClientS', fd=108
09-16 14:58:46.731 24435 24435 D InputTransport: Input channel destroyed: 'ClientS', fd=92
09-16 14:58:46.745 24435 24435 I SurfaceControl: nativeRelease nativeObject s[-5476376674517195552]
09-16 14:58:46.745 24435 24435 I SurfaceControl: nativeRelease nativeObject e[-5476376674517195552]
09-16 14:58:46.745 24435 24435 I SurfaceControl: nativeRelease nativeObject s[-5476376674517159040]
09-16 14:58:46.745 24435 24435 I SurfaceControl: nativeRelease nativeObject e[-5476376674517159040]
09-16 14:58:46.745 24435 24435 I SurfaceControl: nativeRelease nativeObject s[-5476376674517130368]
09-16 14:58:46.745 24435 24435 I SurfaceControl: nativeRelease nativeObject e[-5476376674517130368]
09-16 14:58:47.134 24435 24435 I SurfaceControl: nativeRelease nativeObject s[-5476376674517116480]
09-16 14:58:47.134 24435 24435 I SurfaceControl: nativeRelease nativeObject e[-5476376674517116480]
09-16 14:58:47.135 24435 24435 I SurfaceControl: assignNativeObject: nativeObject = 0 Surface(name=null)/@0xd00f1e8 / android.view.SurfaceControl.readFromParcel:1117 android.view.IWindowSession$Stub$Proxy.relayout:1826 android.view.ViewRootImpl.relayoutWindow:9132 android.view.ViewRootImpl.performTraversals:3422 android.view.ViewRootImpl.doTraversal:2671 android.view.ViewRootImpl$TraversalRunnable.run:10094 android.view.Choreographer$CallbackRecord.run:1010 android.view.Choreographer.doCallbacks:809 android.view.Choreographer.doFrame:744 android.view.Choreographer$FrameDisplayEventReceiver.run:995
09-16 14:58:47.135 24435 24435 I SurfaceControl: assignNativeObject: nativeObject = 0 Surface(name=null)/@0x6230115 / android.view.SurfaceControl.readFromParcel:1117 android.view.IWindowSession$Stub$Proxy.relayout:1836 android.view.ViewRootImpl.relayoutWindow:9132 android.view.ViewRootImpl.performTraversals:3422 android.view.ViewRootImpl.doTraversal:2671 android.view.ViewRootImpl$TraversalRunnable.run:10094 android.view.Choreographer$CallbackRecord.run:1010 android.view.Choreographer.doCallbacks:809 android.view.Choreographer.doFrame:744 android.view.Choreographer$FrameDisplayEventReceiver.run:995
09-16 14:58:47.136 24435 24435 I ViewRootImpl@ea8eeb1[ScannerActivity]: Relayout returned: old=(0,0,1200,1920) new=(0,0,1200,1920) req=(1200,1920)8 dur=7 res=0x5 s={false 0} ch=true fn=144
09-16 14:58:47.136 24435 24435 I ViewRootImpl@ea8eeb1[ScannerActivity]: stopped(true) old=false
09-16 14:58:47.137 24435 24435 I BluetoothAdapter: STATE_ON
09-16 14:58:47.137 24435 24435 I BluetoothAdapter: STATE_ON
09-16 14:58:47.137 24435 24435 D BluetoothLeScanner: Stop Scan with callback
09-16 14:58:47.149 24435 24435 I SurfaceControl: assignNativeObject: nativeObject = 0 Surface(name=null)/@0xd00f1e8 / android.view.SurfaceControl.readFromParcel:1117 android.view.IWindowSession$Stub$Proxy.relayout:1826 android.view.ViewRootImpl.relayoutWindow:9132 android.view.ViewRootImpl.performTraversals:3422 android.view.ViewRootImpl.doTraversal:2671 android.view.ViewRootImpl$TraversalRunnable.run:10094 android.view.Choreographer$CallbackRecord.run:1010 android.view.Choreographer.doCallbacks:809 android.view.Choreographer.doFrame:744 android.view.Choreographer$FrameDisplayEventReceiver.run:995
09-16 14:58:47.149 24435 24435 I SurfaceControl: assignNativeObject: nativeObject = 0 Surface(name=null)/@0x6230115 / android.view.SurfaceControl.readFromParcel:1117 android.view.IWindowSession$Stub$Proxy.relayout:1836 android.view.ViewRootImpl.relayoutWindow:9132 android.view.ViewRootImpl.performTraversals:3422 android.view.ViewRootImpl.doTraversal:2671 android.view.ViewRootImpl$TraversalRunnable.run:10094 android.view.Choreographer$CallbackRecord.run:1010 android.view.Choreographer.doCallbacks:809 android.view.Choreographer.doFrame:744 android.view.Choreographer$FrameDisplayEventReceiver.run:995
09-16 14:58:47.150 24435 24435 I ViewRootImpl@ea8eeb1[ScannerActivity]: Relayout returned: old=(0,0,1200,1920) new=(0,0,1200,1920) req=(1200,1920)8 dur=6 res=0x5 s={false 0} ch=false fn=-1
09-16 14:58:47.575 24435 32627 D BluetoothGatt: onClientConnectionState() - status=0 clientIf=12 device=C1:70:0D:03:B1:E6
09-16 14:58:47.577 24435 24435 I BleManager: Connected to C1:70:0D:03:B1:E6
09-16 14:58:47.879 24435 24435 D BluetoothGatt: discoverServices() - device: C1:70:0D:03:B1:E6
09-16 14:58:48.324 24435 32627 D BluetoothGatt: onConnectionUpdated() - Device=C1:70:0D:03:B1:E6 interval=156 latency=0 timeout=400 status=0
09-16 14:58:50.064 24435 32627 D BluetoothGatt: onConnectionUpdated() - Device=C1:70:0D:03:B1:E6 interval=6 latency=0 timeout=500 status=0
09-16 14:58:50.318 24435 32627 D BluetoothGatt: onSearchComplete() = Device=C1:70:0D:03:B1:E6 Status=0
09-16 14:58:50.318 24435 24435 I BleManager: Services discovered
09-16 14:58:50.319 24435 24435 D BluetoothGatt: configureMTU() - device: C1:70:0D:03:B1:E6 mtu: 517
09-16 14:58:50.333 24435 32627 D BluetoothGatt: onConfigureMTU() - Device=C1:70:0D:03:B1:E6 mtu=69 status=0
09-16 14:58:50.333 24435 24435 I BleManager: MTU changed to: 69
09-16 14:58:50.333 24435 24435 D BluetoothGatt: setCharacteristicNotification() - uuid: 00002adc-0000-1000-8000-00805f9b34fb enable: true
09-16 14:58:50.349 24435 24435 I BleManager: Data written to descr. 00002902-0000-1000-8000-00805f9b34fb, value: (0x) 01-00
09-16 14:58:50.349 24435 24435 I BleManager: Notifications enabled
09-16 14:58:50.369 24435 24435 D ScrollView: onsize change changed
09-16 14:58:50.378 24435 32627 D BluetoothGatt: onConnectionUpdated() - Device=C1:70:0D:03:B1:E6 interval=156 latency=0 timeout=400 status=0
09-16 14:59:02.017 24435 24435 I ViewRootImpl@4def13b[ProvisioningActivity]: ViewPostIme pointer 0
09-16 14:59:02.117 24435 24435 I ViewRootImpl@4def13b[ProvisioningActivity]: ViewPostIme pointer 1
09-16 14:59:02.131 24435 24435 D BluetoothGatt: cancelOpen() - device: C1:70:0D:03:B1:E6
09-16 14:59:02.137 24435 32627 D BluetoothGatt: onClientConnectionState() - status=0 clientIf=12 device=C1:70:0D:03:B1:E6
09-16 14:59:02.154 24435 24435 V s : Disconnecting...
09-16 14:59:02.154 24435 24435 I BleManager: Disconnected
09-16 14:59:02.156 24435 24435 D BluetoothGatt: refresh() - device: C1:70:0D:03:B1:E6
09-16 14:59:02.157 24435 24435 I BleManager: Cache refreshed
09-16 14:59:02.157 24435 24435 D BluetoothGatt: close()
09-16 14:59:02.163 24435 24435 D BluetoothGatt: unregisterApp() - mClientIf=12
09-16 14:59:02.167 24435 24435 I ViewRootImpl@ea8eeb1[ScannerActivity]: stopped(false) old=true
09-16 14:59:02.168 24435 24435 I BluetoothAdapter: STATE_ON
09-16 14:59:02.168 24435 24435 I BluetoothAdapter: STATE_ON
09-16 14:59:02.169 24435 24435 I BluetoothAdapter: STATE_ON
09-16 14:59:02.169 24435 24435 I BluetoothAdapter: STATE_ON
09-16 14:59:02.169 24435 24435 I BluetoothAdapter: STATE_ON
09-16 14:59:02.170 24435 24435 I BluetoothAdapter: STATE_ON
09-16 14:59:02.170 24435 24435 I BluetoothAdapter: STATE_ON
09-16 14:59:02.170 24435 24435 D BluetoothLeScanner: Start Scan with callback
09-16 14:59:02.172 24435 520 D BluetoothLeScanner: onScannerRegistered() - status=0 scannerId=11 mScannerId=0
09-16 14:59:02.176 24435 24435 I ViewRootImpl@ea8eeb1[ScannerActivity]: stopped(false) old=false
09-16 14:59:02.178 24435 24435 V s : Disconnected
09-16 14:59:02.178 24435 24435 I ViewRootImpl@4def13b[ProvisioningActivity]: MSG_WINDOW_FOCUS_CHANGED 0 1
09-16 14:59:02.195 24435 24435 I SurfaceControl: assignNativeObject: nativeObject = 0 Surface(name=null)/@0x6230115 / android.view.SurfaceControl.readFromParcel:1117 android.view.IWindowSession$Stub$Proxy.relayout:1836 android.view.ViewRootImpl.relayoutWindow:9132 android.view.ViewRootImpl.performTraversals:3422 android.view.ViewRootImpl.doTraversal:2671 android.view.ViewRootImpl$TraversalRunnable.run:10094 android.view.Choreographer$CallbackRecord.run:1010 android.view.Choreographer.doCallbacks:809 android.view.Choreographer.doFrame:744 android.view.Choreographer$FrameDisplayEventReceiver.run:995
09-16 14:59:02.196 24435 24435 I ViewRootImpl@ea8eeb1[ScannerActivity]: Relayout returned: old=(0,0,1200,1920) new=(0,0,1200,1920) req=(1200,1920)0 dur=14 res=0x7 s={true -5476376669685148640} ch=true fn=-1
09-16 14:59:02.196 24435 24435 I ViewRootImpl@ea8eeb1[ScannerActivity]: [DP] dp(1) 1 android.view.ViewRootImpl.reportNextDraw:11080 android.view.ViewRootImpl.performTraversals:3917 android.view.ViewRootImpl.doTraversal:2671
09-16 14:59:02.196 24435 24435 I ViewRootImpl@ea8eeb1[ScannerActivity]: [DP] pd() Asnyc report
09-16 14:59:02.197 24435 24435 I ViewRootImpl@ea8eeb1[ScannerActivity]: mAttachInfo.mThreadedRenderer.draw, mView = DecorView@f09dfc5[ScannerActivity] w = 1200 h = 1920
09-16 14:59:02.208 24435 24435 I ViewRootImpl@ea8eeb1[ScannerActivity]: [DP] pdf(0) 1 android.view.ViewRootImpl.lambda$performDraw$1$ViewRootImpl:4745 android.view.-$$Lambda$ViewRootImpl$DJd0VUYJgsebcnSohO6h8zc_ONI.run:6 android.os.Handler.handleCallback:938
09-16 14:59:02.208 24435 24435 I ViewRootImpl@ea8eeb1[ScannerActivity]: [DP] rdf()
09-16 14:59:02.225 24435 24435 I SurfaceControl: nativeRelease nativeObject s[-5476376674517152880]
09-16 14:59:02.225 24435 24435 I SurfaceControl: nativeRelease nativeObject e[-5476376674517152880]
09-16 14:59:02.225 24435 24435 I SurfaceControl: nativeRelease nativeObject s[-5476376674517206640]
09-16 14:59:02.225 24435 24435 I SurfaceControl: nativeRelease nativeObject e[-5476376674517206640]
09-16 14:59:02.225 24435 24435 I SurfaceControl: nativeRelease nativeObject s[-5476376674517158480]
09-16 14:59:02.225 24435 24435 I SurfaceControl: nativeRelease nativeObject e[-5476376674517158480]
09-16 14:59:02.230 24435 24435 I ViewRootImpl@ea8eeb1[ScannerActivity]: MSG_WINDOW_FOCUS_CHANGED 1 1
09-16 14:59:02.230 24435 24435 D InputMethodManager: prepareNavigationBarInfo() DecorView@f09dfc5[ScannerActivity]
09-16 14:59:02.230 24435 24435 D InputMethodManager: getNavigationBarColor() -16777216
09-16 14:59:02.231 24435 24435 D InputMethodManager: prepareNavigationBarInfo() DecorView@f09dfc5[ScannerActivity]
09-16 14:59:02.231 24435 24435 D InputMethodManager: getNavigationBarColor() -16777216
09-16 14:59:02.231 24435 24435 V InputMethodManager: Starting input: tba=no.nordicsemi.android.nrfmeshprovisioner ic=null mNaviBarColor -16777216 mIsGetNaviBarColorSuccess true , NavVisible : true , NavTrans : false
09-16 14:59:02.231 24435 24435 D InputMethodManager: startInputInner - Id : 0
09-16 14:59:02.231 24435 24435 I InputMethodManager: startInputInner - mService.startInputOrWindowGainedFocus
09-16 14:59:02.233 24435 24435 D InputTransport: Input channel constructed: 'ClientS', fd=109
09-16 14:59:02.233 24435 24435 D InputTransport: Input channel destroyed: 'ClientS', fd=108
09-16 14:59:02.244 24435 24435 I SurfaceControl: nativeRelease nativeObject s[-5476376674517150752]
09-16 14:59:02.244 24435 24435 I SurfaceControl: nativeRelease nativeObject e[-5476376674517150752]
09-16 14:59:02.245 24435 24435 I SurfaceControl: nativeRelease nativeObject s[-5476376674517244272]
09-16 14:59:02.245 24435 24435 I SurfaceControl: nativeRelease nativeObject e[-5476376674517244272]
09-16 14:59:02.245 24435 24435 I SurfaceControl: nativeRelease nativeObject s[-5476376674517161504]
09-16 14:59:02.245 24435 24435 I SurfaceControl: nativeRelease nativeObject e[-5476376674517161504]
09-16 14:59:02.552 24435 24435 I SurfaceControl: nativeRelease nativeObject s[-5476376674517114576]
09-16 14:59:02.552 24435 24435 I SurfaceControl: nativeRelease nativeObject e[-5476376674517114576]
09-16 14:59:02.552 24435 24435 I SurfaceControl: assignNativeObject: nativeObject = 0 Surface(name=null)/@0x878688f / android.view.SurfaceControl.readFromParcel:1117 android.view.IWindowSession$Stub$Proxy.relayout:1826 android.view.ViewRootImpl.relayoutWindow:9132 android.view.ViewRootImpl.performTraversals:3422 android.view.ViewRootImpl.doTraversal:2671 android.view.ViewRootImpl$TraversalRunnable.run:10094 android.view.Choreographer$CallbackRecord.run:1010 android.view.Choreographer.doCallbacks:809 android.view.Choreographer.doFrame:744 android.view.Choreographer$FrameDisplayEventReceiver.run:995
09-16 14:59:02.553 24435 24435 I SurfaceControl: assignNativeObject: nativeObject = 0 Surface(name=null)/@0x76d6270 / android.view.SurfaceControl.readFromParcel:1117 android.view.IWindowSession$Stub$Proxy.relayout:1836 android.view.ViewRootImpl.relayoutWindow:9132 android.view.ViewRootImpl.performTraversals:3422 android.view.ViewRootImpl.doTraversal:2671 android.view.ViewRootImpl$TraversalRunnable.run:10094 android.view.Choreographer$CallbackRecord.run:1010 android.view.Choreographer.doCallbacks:809 android.view.Choreographer.doFrame:744 android.view.Choreographer$FrameDisplayEventReceiver.run:995
09-16 14:59:02.553 24435 24435 I ViewRootImpl@4def13b[ProvisioningActivity]: Relayout returned: old=(0,0,1200,1920) new=(0,0,1200,1920) req=(1200,1920)8 dur=7 res=0x5 s={false 0} ch=true fn=246
09-16 14:59:02.554 24435 24435 I ViewRootImpl@4def13b[ProvisioningActivity]: stopped(true) old=false
09-16 14:59:02.557 24435 24435 I ViewRootImpl@4def13b[ProvisioningActivity]: dispatchDetachedFromWindow
09-16 14:59:02.563 24435 24435 D InputTransport: Input channel destroyed: 'b0d87c5', fd=87
09-16 14:59:10.749 24435 24435 I ViewRootImpl@ea8eeb1[ScannerActivity]: ViewPostIme pointer 0
09-16 14:59:10.817 24435 24435 I ViewRootImpl@ea8eeb1[ScannerActivity]: ViewPostIme pointer 1
09-16 14:59:10.856 24435 24435 I SurfaceControl: assignNativeObject: nativeObject = 0 Surface(name=null)/@0x6fc95aa / android.view.SurfaceControl.readFromParcel:1117 android.view.IWindowSession$Stub$Proxy.relayout:1826 android.view.ViewRootImpl.relayoutWindow:9132 android.view.ViewRootImpl.performTraversals:3422 android.view.ViewRootImpl.doTraversal:2671 android.view.ViewRootImpl$TraversalRunnable.run:10094 android.view.Choreographer$CallbackRecord.run:1010 android.view.Choreographer.doCallbacks:809 android.view.Choreographer.doFrame:744 android.view.Choreographer$FrameDisplayEventReceiver.run:995
09-16 14:59:10.857 24435 24435 I SurfaceControl: assignNativeObject: nativeObject = 0 Surface(name=null)/@0x2b623af / android.view.SurfaceControl.readFromParcel:1117 android.view.IWindowSession$Stub$Proxy.relayout:1836 android.view.ViewRootImpl.relayoutWindow:9132 android.view.ViewRootImpl.performTraversals:3422 android.view.ViewRootImpl.doTraversal:2671 android.view.ViewRootImpl$TraversalRunnable.run:10094 android.view.Choreographer$CallbackRecord.run:1010 android.view.Choreographer.doCallbacks:809 android.view.Choreographer.doFrame:744 android.view.Choreographer$FrameDisplayEventReceiver.run:995
09-16 14:59:10.858 24435 24435 I ViewRootImpl@c66e18[MainActivity]: Relayout returned: old=(0,0,1200,1920) new=(0,0,1200,1920) req=(1200,1920)4 dur=5 res=0x1 s={false 0} ch=false fn=-1
09-16 14:59:10.858 24435 24435 I ViewRootImpl@c66e18[MainActivity]: stopped(false) old=true
09-16 14:59:10.861 24435 24435 I ViewRootImpl@c66e18[MainActivity]: stopped(false) old=false
09-16 14:59:10.878 24435 24435 I SurfaceControl: assignNativeObject: nativeObject = 0 Surface(name=null)/@0x2b623af / android.view.SurfaceControl.readFromParcel:1117 android.view.IWindowSession$Stub$Proxy.relayout:1836 android.view.ViewRootImpl.relayoutWindow:9132 android.view.ViewRootImpl.performTraversals:3422 android.view.ViewRootImpl.doTraversal:2671 android.view.ViewRootImpl$TraversalRunnable.run:10094 android.view.Choreographer$CallbackRecord.run:1010 android.view.Choreographer.doCallbacks:809 android.view.Choreographer.doFrame:744 android.view.Choreographer$FrameDisplayEventReceiver.run:995
09-16 14:59:10.879 24435 24435 I ViewRootImpl@c66e18[MainActivity]: Relayout returned: old=(0,0,1200,1920) new=(0,0,1200,1920) req=(1200,1920)0 dur=11 res=0x7 s={true -5476376669685052720} ch=true fn=-1
09-16 14:59:10.879 24435 24435 I ViewRootImpl@c66e18[MainActivity]: [DP] dp(1) 1 android.view.ViewRootImpl.reportNextDraw:11080 android.view.ViewRootImpl.performTraversals:3917 android.view.ViewRootImpl.doTraversal:2671
09-16 14:59:10.879 24435 24435 I ViewRootImpl@c66e18[MainActivity]: [DP] pd() Asnyc report
09-16 14:59:10.883 24435 24435 I ViewRootImpl@c66e18[MainActivity]: mAttachInfo.mThreadedRenderer.draw, mView = DecorView@885d97c[MainActivity] w = 1200 h = 1920
09-16 14:59:10.895 24435 24435 I ViewRootImpl@c66e18[MainActivity]: [DP] pdf(0) 1 android.view.ViewRootImpl.lambda$performDraw$1$ViewRootImpl:4745 android.view.-$$Lambda$ViewRootImpl$DJd0VUYJgsebcnSohO6h8zc_ONI.run:6 android.os.Handler.handleCallback:938
09-16 14:59:10.895 24435 24435 I ViewRootImpl@c66e18[MainActivity]: [DP] rdf()
09-16 14:59:10.897 24435 24435 I ViewRootImpl@ea8eeb1[ScannerActivity]: MSG_WINDOW_FOCUS_CHANGED 0 1
09-16 14:59:10.900 24435 24435 I SurfaceControl: nativeRelease nativeObject s[-5476376674517152880]
09-16 14:59:10.900 24435 24435 I SurfaceControl: nativeRelease nativeObject e[-5476376674517152880]
09-16 14:59:10.900 24435 24435 I SurfaceControl: nativeRelease nativeObject s[-5476376674517206640]
09-16 14:59:10.900 24435 24435 I SurfaceControl: nativeRelease nativeObject e[-5476376674517206640]
09-16 14:59:10.900 24435 24435 I SurfaceControl: nativeRelease nativeObject s[-5476376674517158480]
09-16 14:59:10.900 24435 24435 I SurfaceControl: nativeRelease nativeObject e[-5476376674517158480]
09-16 14:59:10.926 24435 24435 I ViewRootImpl@c66e18[MainActivity]: MSG_WINDOW_FOCUS_CHANGED 1 1
09-16 14:59:10.927 24435 24435 D InputMethodManager: prepareNavigationBarInfo() DecorView@885d97c[MainActivity]
09-16 14:59:10.927 24435 24435 D InputMethodManager: getNavigationBarColor() -16777216
09-16 14:59:10.928 24435 24435 D InputMethodManager: prepareNavigationBarInfo() DecorView@885d97c[MainActivity]
09-16 14:59:10.928 24435 24435 D InputMethodManager: getNavigationBarColor() -16777216
09-16 14:59:10.928 24435 24435 V InputMethodManager: Starting input: tba=no.nordicsemi.android.nrfmeshprovisioner ic=null mNaviBarColor -16777216 mIsGetNaviBarColorSuccess true , NavVisible : true , NavTrans : false
09-16 14:59:10.928 24435 24435 D InputMethodManager: startInputInner - Id : 0
09-16 14:59:10.928 24435 24435 I InputMethodManager: startInputInner - mService.startInputOrWindowGainedFocus
09-16 14:59:10.930 24435 24435 D InputTransport: Input channel constructed: 'ClientS', fd=87
09-16 14:59:10.930 24435 24435 D InputTransport: Input channel destroyed: 'ClientS', fd=109
09-16 14:59:10.944 24435 24435 I SurfaceControl: nativeRelease nativeObject s[-5476376674517130480]
09-16 14:59:10.944 24435 24435 I SurfaceControl: nativeRelease nativeObject e[-5476376674517130480]
09-16 14:59:10.946 24435 24435 I SurfaceControl: nativeRelease nativeObject s[-5476376674517142912]
09-16 14:59:10.946 24435 24435 I SurfaceControl: nativeRelease nativeObject e[-5476376674517142912]
09-16 14:59:10.946 24435 24435 I SurfaceControl: nativeRelease nativeObject s[-5476376674517136640]
09-16 14:59:10.946 24435 24435 I SurfaceControl: nativeRelease nativeObject e[-5476376674517136640]
09-16 14:59:11.233 24435 24435 I SurfaceControl: nativeRelease nativeObject s[-5476376674517185808]
09-16 14:59:11.233 24435 24435 I SurfaceControl: nativeRelease nativeObject e[-5476376674517185808]
09-16 14:59:11.234 24435 24435 I SurfaceControl: assignNativeObject: nativeObject = 0 Surface(name=null)/@0xd00f1e8 / android.view.SurfaceControl.readFromParcel:1117 android.view.IWindowSession$Stub$Proxy.relayout:1826 android.view.ViewRootImpl.relayoutWindow:9132 android.view.ViewRootImpl.performTraversals:3422 android.view.ViewRootImpl.doTraversal:2671 android.view.ViewRootImpl$TraversalRunnable.run:10094 android.view.Choreographer$CallbackRecord.run:1010 android.view.Choreographer.doCallbacks:809 android.view.Choreographer.doFrame:744 android.view.Choreographer$FrameDisplayEventReceiver.run:995
09-16 14:59:11.234 24435 24435 I SurfaceControl: assignNativeObject: nativeObject = 0 Surface(name=null)/@0x6230115 / android.view.SurfaceControl.readFromParcel:1117 android.view.IWindowSession$Stub$Proxy.relayout:1836 android.view.ViewRootImpl.relayoutWindow:9132 android.view.ViewRootImpl.performTraversals:3422 android.view.ViewRootImpl.doTraversal:2671 android.view.ViewRootImpl$TraversalRunnable.run:10094 android.view.Choreographer$CallbackRecord.run:1010 android.view.Choreographer.doCallbacks:809 android.view.Choreographer.doFrame:744 android.view.Choreographer$FrameDisplayEventReceiver.run:995
09-16 14:59:11.235 24435 24435 I ViewRootImpl@ea8eeb1[ScannerActivity]: Relayout returned: old=(0,0,1200,1920) new=(0,0,1200,1920) req=(1200,1920)8 dur=6 res=0x5 s={false 0} ch=true fn=542
09-16 14:59:11.235 24435 24435 I ViewRootImpl@ea8eeb1[ScannerActivity]: stopped(true) old=false
09-16 14:59:11.236 24435 24435 I BluetoothAdapter: STATE_ON
09-16 14:59:11.236 24435 24435 I BluetoothAdapter: STATE_ON
09-16 14:59:11.236 24435 24435 D BluetoothLeScanner: Stop Scan with callback
09-16 14:59:11.243 24435 24435 I ViewRootImpl@ea8eeb1[ScannerActivity]: dispatchDetachedFromWindow
09-16 14:59:11.249 24435 24435 D InputTransport: Input channel destroyed: '7414275', fd=86
09-16 14:59:11.616 24435 24435 I ViewRootImpl@c66e18[MainActivity]: ViewPostIme pointer 0
09-16 14:59:11.667 24435 24435 I ViewRootImpl@c66e18[MainActivity]: ViewPostIme pointer 1
09-16 14:59:11.751 24435 24435 I DecorView: [INFO] isPopOver=false, config=true
09-16 14:59:11.751 24435 24435 I DecorView: updateCaptionType >> DecorView@3faf1e6[], isFloating=false, isApplication=true, hasWindowDecorCaption=false, hasWindowControllerCallback=true
09-16 14:59:11.751 24435 24435 D DecorView: setCaptionType = 0, this = DecorView@3faf1e6[]
09-16 14:59:11.761 24435 24435 D InputTransport: Input channel constructed: '7cb446c', fd=83
09-16 14:59:11.762 24435 24435 I ViewRootImpl@f073022[NodeConfigurationActivity]: setView = com.android.internal.policy.DecorView@3faf1e6 TM=true
09-16 14:59:11.793 24435 24435 I SurfaceControl: assignNativeObject: nativeObject = 0 Surface(name=null)/@0x155060a / android.view.SurfaceControl.readFromParcel:1117 android.view.IWindowSession$Stub$Proxy.relayout:1836 android.view.ViewRootImpl.relayoutWindow:9132 android.view.ViewRootImpl.performTraversals:3422 android.view.ViewRootImpl.doTraversal:2671 android.view.ViewRootImpl$TraversalRunnable.run:10094 android.view.Choreographer$CallbackRecord.run:1010 android.view.Choreographer.doCallbacks:809 android.view.Choreographer.doFrame:744 android.view.Choreographer$FrameDisplayEventReceiver.run:995
09-16 14:59:11.793 24435 24435 I ViewRootImpl@f073022[NodeConfigurationActivity]: Relayout returned: old=(0,0,1200,1920) new=(0,0,1200,1920) req=(1200,1920)0 dur=9 res=0x7 s={true -5476376669685218400} ch=true fn=-1
09-16 14:59:11.800 24435 24435 I ViewRootImpl@f073022[NodeConfigurationActivity]: [DP] dp(1) 1 android.view.ViewRootImpl.reportNextDraw:11080 android.view.ViewRootImpl.performTraversals:3917 android.view.ViewRootImpl.doTraversal:2671
09-16 14:59:11.801 24435 24435 I ViewRootImpl@f073022[NodeConfigurationActivity]: [DP] pd() Asnyc report
09-16 14:59:11.801 24435 24435 I ViewRootImpl@f073022[NodeConfigurationActivity]: mAttachInfo.mThreadedRenderer.draw, mView = DecorView@3faf1e6[NodeConfigurationActivity] w = 1200 h = 1920
09-16 14:59:11.821 24435 24435 I ViewRootImpl@f073022[NodeConfigurationActivity]: [DP] pdf(0) 1 android.view.ViewRootImpl.lambda$performDraw$1$ViewRootImpl:4745 android.view.-$$Lambda$ViewRootImpl$DJd0VUYJgsebcnSohO6h8zc_ONI.run:6 android.os.Handler.handleCallback:938
09-16 14:59:11.821 24435 24435 I ViewRootImpl@f073022[NodeConfigurationActivity]: [DP] rdf()
09-16 14:59:11.824 24435 24435 I ViewRootImpl@c66e18[MainActivity]: MSG_WINDOW_FOCUS_CHANGED 0 1
09-16 14:59:11.833 24435 24435 I SurfaceControl: nativeRelease nativeObject s[-5476376674517152880]
09-16 14:59:11.833 24435 24435 I SurfaceControl: nativeRelease nativeObject e[-5476376674517152880]
09-16 14:59:11.833 24435 24435 I SurfaceControl: nativeRelease nativeObject s[-5476376674517206640]
