09-16 14:19:54.955 24435 24435 I ViewRootImpl@716106[ProvisioningActivity]: MSG_WINDOW_FOCUS_CHANGED 0 1
09-16 14:19:54.963 24435 24435 I ViewRootImpl@36170b1[ProvisioningActivity]: MSG_WINDOW_FOCUS_CHANGED 1 1
09-16 14:19:56.852 24435 24435 I ViewRootImpl@36170b1[ProvisioningActivity]: ViewPostIme pointer 0
09-16 14:19:56.936 24435 24435 I ViewRootImpl@36170b1[ProvisioningActivity]: ViewPostIme pointer 1
09-16 14:19:56.947 24435 24435 V ProvisioningStartState: Provisioning start PDU: 0x03020000000000
09-16 14:19:56.953 24435 31999 D OpenGLRenderer: endAllActiveAnimators on 0xb400006eab41ba80 (RippleDrawable) with handle 0xb400006dbb32be30
09-16 14:19:56.954 24435 24435 I ViewRootImpl@36170b1[ProvisioningActivity]: dispatchDetachedFromWindow
09-16 14:19:56.954 24435 24435 I SurfaceControl: nativeRelease nativeObject s[-5476376674517136416]
09-16 14:19:56.954 24435 24435 I SurfaceControl: nativeRelease nativeObject e[-5476376674517136416]
09-16 14:19:56.967 24435 24435 D InputTransport: Input channel destroyed: '5911243', fd=86
09-16 14:19:56.985 24435 24435 I SurfaceControl: nativeRelease nativeObject s[-5476376674517225008]
09-16 14:19:56.985 24435 24435 I SurfaceControl: nativeRelease nativeObject e[-5476376674517225008]
09-16 14:19:56.985 24435 24435 I SurfaceControl: assignNativeObject: nativeObject = 0 Surface(name=null)/@0x3a7f4bf / android.view.SurfaceControl.readFromParcel:1117 android.view.IWindowSession$Stub$Proxy.relayout:1836 android.view.ViewRootImpl.relayoutWindow:9132 android.view.ViewRootImpl.performTraversals:3422 android.view.ViewRootImpl.doTraversal:2671 android.view.ViewRootImpl$TraversalRunnable.run:10094 android.view.Choreographer$CallbackRecord.run:1010 android.view.Choreographer.doCallbacks:809 android.view.Choreographer.doFrame:744 android.view.Choreographer$FrameDisplayEventReceiver.run:995
09-16 14:19:56.986 24435 24435 I SurfaceControl: nativeRelease nativeObject s[-5476376674517164416]
09-16 14:19:56.986 24435 24435 I SurfaceControl: nativeRelease nativeObject e[-5476376674517164416]
09-16 14:19:56.989 24435 24435 I ViewRootImpl@716106[ProvisioningActivity]: Relayout returned: old=(0,0,1200,1920) new=(0,0,1200,1920) req=(1200,1920)0 dur=6 res=0x1 s={true -5476376669684843440} ch=false fn=162
09-16 14:19:56.989 24435 24435 I ViewRootImpl@716106[ProvisioningActivity]: mAttachInfo.mThreadedRenderer.draw, mView = DecorView@6d5e983[ProvisioningActivity] w = 1200 h = 1920
09-16 14:19:56.991 24435 24435 I BleManager: Data written to 00002adb-0000-1000-8000-00805f9b34fb, value: (0x) 03-02-00-00-00-00-00
09-16 14:19:56.992 24435 24435 I SurfaceControl: nativeRelease nativeObject s[-5476376674517225008]
09-16 14:19:56.992 24435 24435 I SurfaceControl: nativeRelease nativeObject e[-5476376674517225008]
09-16 14:19:56.992 24435 24435 I SurfaceControl: nativeRelease nativeObject s[-5476376674517180656]
09-16 14:19:56.992 24435 24435 I SurfaceControl: nativeRelease nativeObject e[-5476376674517180656]
09-16 14:19:56.992 24435 24435 I SurfaceControl: nativeRelease nativeObject s[-5476376674517181552]
09-16 14:19:56.992 24435 24435 I SurfaceControl: nativeRelease nativeObject e[-5476376674517181552]
09-16 14:19:56.992 24435 24435 I SurfaceControl: nativeRelease nativeObject s[-5476376674517159376]
09-16 14:19:56.992 24435 24435 I SurfaceControl: nativeRelease nativeObject e[-5476376674517159376]
09-16 14:19:56.992 24435 24435 I SurfaceControl: nativeRelease nativeObject s[-5476376674517168224]
09-16 14:19:56.992 24435 24435 I SurfaceControl: nativeRelease nativeObject e[-5476376674517168224]
09-16 14:19:56.994 24435 24435 V MeshManagerApi: Provisioning pdu sent: 0x03020000000000
09-16 14:19:56.995 24435 24435 V ProvisioningPublicKeyState: X: length: 32 5B42A600D350359C36F9C502F70B6235C2EFA90AD7373D26F3CC537FB2BA734D
09-16 14:19:56.995 24435 24435 V ProvisioningPublicKeyState: Y: length: 32 2065EC200DDF24CA361B723AA7B9963DA09C243E3DFC87F82B520028ABDF52BE
09-16 14:19:56.996 24435 24435 V ProvisioningPublicKeyState: XY: 0x5B42A600D350359C36F9C502F70B6235C2EFA90AD7373D26F3CC537FB2BA734D2065EC200DDF24CA361B723AA7B9963DA09C243E3DFC87F82B520028ABDF52BE
09-16 14:19:56.999 24435 24435 I ViewRootImpl@716106[ProvisioningActivity]: MSG_WINDOW_FOCUS_CHANGED 1 1
09-16 14:19:57.000 24435 24435 D InputMethodManager: prepareNavigationBarInfo() DecorView@6d5e983[ProvisioningActivity]
09-16 14:19:57.000 24435 24435 D InputMethodManager: getNavigationBarColor() -16777216
09-16 14:19:57.000 24435 24435 D InputMethodManager: prepareNavigationBarInfo() DecorView@6d5e983[ProvisioningActivity]
09-16 14:19:57.000 24435 24435 D InputMethodManager: getNavigationBarColor() -16777216
09-16 14:19:57.000 24435 24435 V InputMethodManager: Starting input: tba=no.nordicsemi.android.nrfmeshprovisioner ic=null mNaviBarColor -16777216 mIsGetNaviBarColorSuccess true , NavVisible : true , NavTrans : false
09-16 14:19:57.000 24435 24435 D InputMethodManager: startInputInner - Id : 0
09-16 14:19:57.000 24435 24435 I InputMethodManager: startInputInner - mService.startInputOrWindowGainedFocus
09-16 14:19:57.002 24435 24435 D InputTransport: Input channel constructed: 'ClientS', fd=87
09-16 14:19:57.002 24435 24435 D InputTransport: Input channel destroyed: 'ClientS', fd=91
09-16 14:19:57.002 24435 24435 I BleManager: Data written to 00002adb-0000-1000-8000-00805f9b34fb, value: (0x) 03-03-5B-42-A6-00-D3-50-35-9C-36-F9-C5-02-F7-0B-62-35-C2-EF-A9-0A-D7-37-3D-26-F3-CC-53-7F-B2-BA-73-4D-20-65-EC-20-0D-DF-24-CA-36-1B-72-3A-A7-B9-96-3D-A0-9C-24-3E-3D-FC-87-F8-2B-52-00-28-AB-DF-52-BE
09-16 14:19:57.015 24435 24435 V MeshManagerApi: Provisioning pdu sent: 0x03035B42A600D350359C36F9C502F70B6235C2EFA90AD7373D26F3CC537FB2BA734D2065EC200DDF24CA361B723AA7B9963DA09C243E3DFC87F82B520028ABDF52BE
09-16 14:19:57.217 24435 24435 I BleManager: Notification received from 00002adc-0000-1000-8000-00805f9b34fb, value: (0x) 03-03-E6-E8-2C-F0-E4-6F-D2-E9-A3-BB-F6-E1-9A-AD-26-A2-38-00-61-82-3B-93-99-AE-45-29-77-46-41-F8-CB-79-8B-67-6C-1E-BB-9D-25-F2-F5-94-D8-53-6B-1A-6B-0A-33-3B-B5-F9-7C-DF-B9-5B-D0-4B-32-7F-79-82-48-F7
09-16 14:19:57.217 24435 24435 V MeshManagerApi: Received provisioning message: 0x0303E6E82CF0E46FD2E9A3BBF6E19AAD26A2380061823B9399AE4529774641F8CB798B676C1EBB9D25F2F594D8536B1A6B0A333BB5F97CDFB95BD04B327F798248F7
09-16 14:19:57.217 24435 24435 V ProvisioningPublicKeyState: Provisionee X: 8B676C1EBB9D25F2F594D8536B1A6B0A333BB5F97CDFB95BD04B327F798248F7
09-16 14:19:57.217 24435 24435 V ProvisioningPublicKeyState: Provisionee Y: E6E82CF0E46FD2E9A3BBF6E19AAD26A2380061823B9399AE4529774641F8CB79
09-16 14:19:57.219 24435 24435 V ProvisioningPublicKeyState: ECDH Secret: A249FA67833A87919F59314EEE6C5E1F14C0FFB1AA6FB4208885B4D516039AE1
09-16 14:19:57.219 24435 24435 V ProvisioningConfirmationState: Confirmation inputs: 05040001000001000101000100000000005B42A600D350359C36F9C502F70B6235C2EFA90AD7373D26F3CC537FB2BA734D2065EC200DDF24CA361B723AA7B9963DA09C243E3DFC87F82B520028ABDF52BEE6E82CF0E46FD2E9A3BBF6E19AAD26A2380061823B9399AE4529774641F8CB798B676C1EBB9D25F2F594D8536B1A6B0A333BB5F97CDFB95BD04B327F798248F7
09-16 14:19:57.219 24435 24435 V ProvisioningConfirmationState: Confirmation salt: 5863753D62728148CD379860980557D0
09-16 14:19:57.219 24435 24435 V ProvisioningConfirmationState: Confirmation key: 3066FC7267F82E7444BFEC28C0F58221
09-16 14:19:57.219 24435 24435 V ProvisioningConfirmationState: Provisioner random: 1E05E85B43A18B6CA5F8435FB0B3D9A6
09-16 14:19:57.219 24435 24435 V ProvisioningConfirmationState: Authentication value: 00000000000000000000000000000000
09-16 14:19:57.219 24435 24435 V ProvisioningConfirmationState: Provisioning confirmation: 03050D69DB4EF5F88B332B4FE950B3684716
09-16 14:19:57.222 24435 24435 I BleManager: Data written to 00002adb-0000-1000-8000-00805f9b34fb, value: (0x) 03-05-0D-69-DB-4E-F5-F8-8B-33-2B-4F-E9-50-B3-68-47-16
09-16 14:19:57.233 24435 24435 V MeshManagerApi: Provisioning pdu sent: 0x03050D69DB4EF5F88B332B4FE950B3684716
09-16 14:19:57.290 24435 24435 I BleManager: Notification received from 00002adc-0000-1000-8000-00805f9b34fb, value: (0x) 03-05-8C-92-D2-D3-9D-32-47-DA-F8-A1-18-C3-04-D9-B1-97
09-16 14:19:57.290 24435 24435 V MeshManagerApi: Received provisioning message: 0x03058C92D2D39D3247DAF8A118C304D9B197
09-16 14:19:57.290 24435 24435 V ProvisioningRandomConfirmationState: Provisioner random PDU: 03061E05E85B43A18B6CA5F8435FB0B3D9A6
09-16 14:19:57.292 24435 24435 I BleManager: Data written to 00002adb-0000-1000-8000-00805f9b34fb, value: (0x) 03-06-1E-05-E8-5B-43-A1-8B-6C-A5-F8-43-5F-B0-B3-D9-A6
09-16 14:19:57.302 24435 24435 V MeshManagerApi: Provisioning pdu sent: 0x03061E05E85B43A18B6CA5F8435FB0B3D9A6
09-16 14:19:57.367 24435 24435 I BleManager: Notification received from 00002adc-0000-1000-8000-00805f9b34fb, value: (0x) 03-06-F5-F3-25-03-8F-14-98-A3-56-4F-D3-B8-2D-C6-D8-43
09-16 14:19:57.367 24435 24435 V MeshManagerApi: Received provisioning message: 0x0306F5F325038F1498A3564FD3B82DC6D843
09-16 14:19:57.367 24435 24435 V ProvisioningRandomConfirmationState: Confirmation inputs: 05040001000001000101000100000000005B42A600D350359C36F9C502F70B6235C2EFA90AD7373D26F3CC537FB2BA734D2065EC200DDF24CA361B723AA7B9963DA09C243E3DFC87F82B520028ABDF52BEE6E82CF0E46FD2E9A3BBF6E19AAD26A2380061823B9399AE4529774641F8CB798B676C1EBB9D25F2F594D8536B1A6B0A333BB5F97CDFB95BD04B327F798248F7
09-16 14:19:57.367 24435 24435 V ProvisioningRandomConfirmationState: Confirmation salt: 5863753D62728148CD379860980557D0
09-16 14:19:57.367 24435 24435 V ProvisioningRandomConfirmationState: Confirmation key: 3066FC7267F82E7444BFEC28C0F58221
09-16 14:19:57.367 24435 24435 V ProvisioningRandomConfirmationState: Authentication value: 00000000000000000000000000000000
09-16 14:19:57.367 24435 24435 V ProvisioningDataState: Provisioning salt: 7B75D0A39858F8C64030F0068A53A1EF
09-16 14:19:57.367 24435 24435 V ProvisioningDataState: Session key: 7590EBF60841092A04698F9F01B869F6
09-16 14:19:57.368 24435 24435 V ProvisioningDataState: Session nonce: E92FFC15C6F61821386596168D
09-16 14:19:57.368 24435 24435 V ProvisioningDataState: Device key: 32D249BE5ACFC11880E0C27F310C1F07
09-16 14:19:57.368 24435 24435 V ProvisioningDataState: Network key: CEA35479257B02F70ABD98C4DC6B3A62
09-16 14:19:57.368 24435 24435 V ProvisioningDataState: Key index: 0000
09-16 14:19:57.368 24435 24435 V ProvisioningDataState: Flags: 00
09-16 14:19:57.368 24435 24435 V ProvisioningDataState: IV index: 00000000
09-16 14:19:57.368 24435 24435 V ProvisioningDataState: Unicast address: 0006
09-16 14:19:57.368 24435 24435 V ProvisioningDataState: Provisioning data: CEA35479257B02F70ABD98C4DC6B3A62000000000000000006
09-16 14:19:57.368 24435 24435 V ProvisioningDataState: Encrypted provisioning data: 8B89800777448CF4C55AD50166D7B129F4CBEFC8DD0C735EF73292426947CDDAD3
09-16 14:19:57.368 24435 24435 V ProvisioningDataState: Prov Data: 03078B89800777448CF4C55AD50166D7B129F4CBEFC8DD0C735EF73292426947CDDAD3
09-16 14:19:57.371 24435 24435 I BleManager: Data written to 00002adb-0000-1000-8000-00805f9b34fb, value: (0x) 03-07-8B-89-80-07-77-44-8C-F4-C5-5A-D5-01-66-D7-B1-29-F4-CB-EF-C8-DD-0C-73-5E-F7-32-92-42-69-47-CD-DA-D3
09-16 14:19:57.387 24435 24435 V MeshManagerApi: Provisioning pdu sent: 0x03078B89800777448CF4C55AD50166D7B129F4CBEFC8DD0C735EF73292426947CDDAD3
09-16 14:19:57.478 24435 24435 I BleManager: Notification received from 00002adc-0000-1000-8000-00805f9b34fb, value: (0x) 03-08
09-16 14:19:57.478 24435 24435 V MeshManagerApi: Received provisioning message: 0x0308
09-16 14:19:57.479 24435 24435 D BluetoothGatt: cancelOpen() - device: C1:70:0D:03:B1:E6
09-16 14:19:57.486 24435 32333 D BluetoothGatt: onClientConnectionState() - status=0 clientIf=11 device=C1:70:0D:03:B1:E6
09-16 14:19:57.486 24435 24435 V s : Disconnecting...
09-16 14:19:57.500 24435 24435 I SurfaceControl: nativeRelease nativeObject s[-5476376674517183120]
09-16 14:19:57.500 24435 24435 I SurfaceControl: nativeRelease nativeObject e[-5476376674517183120]
09-16 14:19:57.501 24435 24435 I SurfaceControl: assignNativeObject: nativeObject = 0 Surface(name=null)/@0x3a7f4bf / android.view.SurfaceControl.readFromParcel:1117 android.view.IWindowSession$Stub$Proxy.relayout:1836 android.view.ViewRootImpl.relayoutWindow:9132 android.view.ViewRootImpl.performTraversals:3422 android.view.ViewRootImpl.doTraversal:2671 android.view.ViewRootImpl$TraversalRunnable.run:10094 android.view.Choreographer$CallbackRecord.run:1010 android.view.Choreographer.doCallbacks:809 android.view.Choreographer.doFrame:744 android.view.Choreographer$FrameDisplayEventReceiver.run:995
09-16 14:19:57.501 24435 24435 I SurfaceControl: nativeRelease nativeObject s[-5476376674517142576]
09-16 14:19:57.501 24435 24435 I SurfaceControl: nativeRelease nativeObject e[-5476376674517142576]
09-16 14:19:57.501 24435 24435 I SurfaceControl: nativeRelease nativeObject s[-5476376674517247632]
09-16 14:19:57.501 24435 24435 I SurfaceControl: nativeRelease nativeObject e[-5476376674517247632]
09-16 14:19:57.501 24435 24435 I SurfaceControl: nativeRelease nativeObject s[-5476376674517130032]
09-16 14:19:57.501 24435 24435 I SurfaceControl: nativeRelease nativeObject e[-5476376674517130032]
09-16 14:19:57.501 24435 24435 I ViewRootImpl@716106[ProvisioningActivity]: Relayout returned: old=(0,0,1200,1920) new=(0,0,1200,1920) req=(1200,1920)0 dur=7 res=0x1 s={true -5476376669684843440} ch=false fn=167
09-16 14:19:57.501 24435 24435 I ViewRootImpl@716106[ProvisioningActivity]: mAttachInfo.mThreadedRenderer.draw, mView = DecorView@6d5e983[ProvisioningActivity] w = 1200 h = 1920
09-16 14:19:57.503 24435 24435 I BleManager: Disconnected
09-16 14:19:57.504 24435 24435 D BluetoothGatt: refresh() - device: C1:70:0D:03:B1:E6
09-16 14:19:57.505 24435 24435 I BleManager: Cache refreshed
09-16 14:19:57.506 24435 24435 D BluetoothGatt: close()
09-16 14:19:57.508 24435 24435 D BluetoothGatt: unregisterApp() - mClientIf=11
09-16 14:19:57.512 24435 24435 V s : Disconnected
09-16 14:19:58.486 24435 24435 I BluetoothAdapter: STATE_ON
09-16 14:19:58.486 24435 24435 I BluetoothAdapter: STATE_ON
09-16 14:19:58.487 24435 24435 I BluetoothAdapter: STATE_ON
09-16 14:19:58.487 24435 24435 I BluetoothAdapter: STATE_ON
09-16 14:19:58.488 24435 24435 I BluetoothAdapter: STATE_ON
09-16 14:19:58.488 24435 24435 I BluetoothAdapter: STATE_ON
09-16 14:19:58.488 24435 24435 I BluetoothAdapter: STATE_ON
09-16 14:19:58.489 24435 24435 D BluetoothLeScanner: Start Scan with callback
09-16 14:19:58.492 24435 32333 D BluetoothLeScanner: onScannerRegistered() - status=0 scannerId=10 mScannerId=0
09-16 14:19:58.498 24435 24435 V s : Scan started
09-16 14:19:58.636 24435 24435 I BluetoothAdapter: STATE_ON
09-16 14:19:58.636 24435 24435 I BluetoothAdapter: STATE_ON
09-16 14:19:58.636 24435 24435 D BluetoothLeScanner: Stop Scan with callback
09-16 14:20:00.644 24435 24435 I BluetoothAdapter: STATE_ON
09-16 14:20:00.646 24435 24435 D BluetoothGatt: connect() - device: C1:70:0D:03:B1:E6, auto: false
09-16 14:20:00.647 24435 24435 I BluetoothAdapter: isSecureModeEnabled
09-16 14:20:00.648 24435 24435 D BluetoothGatt: registerApp()
09-16 14:20:00.648 24435 24435 D BluetoothGatt: registerApp() - UUID=bc1ef97a-a8fa-4cc9-95e5-499e47096a26
09-16 14:20:00.653 24435 32333 D BluetoothGatt: onClientRegistered() - status=0 clientIf=10
09-16 14:20:01.129 24435 32333 D BluetoothGatt: onClientConnectionState() - status=0 clientIf=10 device=C1:70:0D:03:B1:E6
09-16 14:20:01.131 24435 24435 I BleManager: Connected to C1:70:0D:03:B1:E6
09-16 14:20:01.433 24435 24435 D BluetoothGatt: discoverServices() - device: C1:70:0D:03:B1:E6
09-16 14:20:01.521 24435 32333 D BluetoothGatt: onConnectionUpdated() - Device=C1:70:0D:03:B1:E6 interval=6 latency=0 timeout=500 status=0
09-16 14:20:01.663 24435 32333 D BluetoothGatt: onPhyUpdate() - status=0 address=C1:70:0D:03:B1:E6 txPhy=2 rxPhy=2
09-16 14:20:01.665 24435 24435 I BleManager: PHY updated (TX: LE 2M, RX: LE 2M)
09-16 14:20:01.920 24435 32333 D BluetoothGatt: onSearchComplete() = Device=C1:70:0D:03:B1:E6 Status=0
09-16 14:20:01.921 24435 24435 I BleManager: Services discovered
09-16 14:20:01.922 24435 24435 D BluetoothGatt: configureMTU() - device: C1:70:0D:03:B1:E6 mtu: 517
09-16 14:20:01.947 24435 32333 D BluetoothGatt: onConfigureMTU() - Device=C1:70:0D:03:B1:E6 mtu=69 status=0
09-16 14:20:01.947 24435 24435 I BleManager: MTU changed to: 69
09-16 14:20:01.947 24435 24435 D BluetoothGatt: setCharacteristicNotification() - uuid: 00002ade-0000-1000-8000-00805f9b34fb enable: true
09-16 14:20:01.961 24435 24435 I BleManager: Data written to descr. 00002902-0000-1000-8000-00805f9b34fb, value: (0x) 01-00
09-16 14:20:01.961 24435 24435 I BleManager: Notifications enabled
09-16 14:20:01.985 24435 32333 D BluetoothGatt: onConnectionUpdated() - Device=C1:70:0D:03:B1:E6 interval=36 latency=0 timeout=500 status=0
09-16 14:20:02.009 24435 24435 I SurfaceControl: nativeRelease nativeObject s[-5476376674517177408]
09-16 14:20:02.009 24435 24435 I SurfaceControl: nativeRelease nativeObject e[-5476376674517177408]
09-16 14:20:02.009 24435 24435 I SurfaceControl: assignNativeObject: nativeObject = 0 Surface(name=null)/@0x3a7f4bf / android.view.SurfaceControl.readFromParcel:1117 android.view.IWindowSession$Stub$Proxy.relayout:1836 android.view.ViewRootImpl.relayoutWindow:9132 android.view.ViewRootImpl.performTraversals:3422 android.view.ViewRootImpl.doTraversal:2671 android.view.ViewRootImpl$TraversalRunnable.run:10094 android.view.Choreographer$CallbackRecord.run:1010 android.view.Choreographer.doCallbacks:809 android.view.Choreographer.doFrame:744 android.view.Choreographer$FrameDisplayEventReceiver.run:995
09-16 14:20:02.009 24435 24435 I SurfaceControl: nativeRelease nativeObject s[-5476376674517183120]
09-16 14:20:02.009 24435 24435 I SurfaceControl: nativeRelease nativeObject e[-5476376674517183120]
09-16 14:20:02.009 24435 24435 I SurfaceControl: nativeRelease nativeObject s[-5476376674517184464]
09-16 14:20:02.009 24435 24435 I SurfaceControl: nativeRelease nativeObject e[-5476376674517184464]
09-16 14:20:02.009 24435 24435 I SurfaceControl: nativeRelease nativeObject s[-5476376674517176960]
09-16 14:20:02.009 24435 24435 I SurfaceControl: nativeRelease nativeObject e[-5476376674517176960]
09-16 14:20:02.009 24435 24435 I ViewRootImpl@716106[ProvisioningActivity]: Relayout returned: old=(0,0,1200,1920) new=(0,0,1200,1920) req=(1200,1920)0 dur=8 res=0x1 s={true -5476376669684843440} ch=false fn=437
09-16 14:20:02.010 24435 24435 I ViewRootImpl@716106[ProvisioningActivity]: mAttachInfo.mThreadedRenderer.draw, mView = DecorView@6d5e983[ProvisioningActivity] w = 1200 h = 1920
09-16 14:20:02.013 24435 24435 I BleManager: Notification received from 00002ade-0000-1000-8000-00805f9b34fb, value: (0x) 01-01-00-35-A5-C5-7D-FF-12-DD-75-00-00-00-00-34-E1-E1-40-46-3A-86-17
09-16 14:20:02.028 24435 24435 D MeshManagerApi: Received mesh beacon: SecureNetworkBeacon { KeyRefreshActive: false, IV Index: IV Index: 0, IV Update Active: false, Authentication Value: 0x34E1E140463A8617}
09-16 14:20:02.028 24435 24435 D MeshManagerApi: Secure Network Beacon authenticated.
09-16 14:20:02.028 24435 24435 D MeshManagerApi: Last IV Index: 0
09-16 14:20:03.965 24435 24435 V MeshTransport: Src address: 0001
09-16 14:20:03.965 24435 24435 V MeshTransport: Dst address: 0006
09-16 14:20:03.965 24435 24435 V MeshTransport: Key: 32D249BE5ACFC11880E0C27F310C1F07
09-16 14:20:03.965 24435 24435 V MeshTransport: akf: 0
09-16 14:20:03.965 24435 24435 V MeshTransport: aid: 0
09-16 14:20:03.965 24435 24435 V MeshTransport: aszmic: 0
09-16 14:20:03.965 24435 24435 V MeshTransport: Sequence number: 9
09-16 14:20:03.965 24435 24435 V MeshTransport: Access message opcode: 8008
09-16 14:20:03.965 24435 24435 V MeshTransport: Access message parameters: FF
09-16 14:20:03.965 24435 24435 V AccessLayer: Created Access PDU 8008FF
09-16 14:20:03.965 24435 24435 V UpperTransportLayer: Device nonce: 02000000090001000600000000
09-16 14:20:03.965 24435 24435 V UpperTransportLayer: Encrypted upper transport pdu: 8D8B6103DBDD7C
09-16 14:20:03.965 24435 24435 V LowerTransportLayer: Unsegmented Lower transport access PDU 008D8B6103DBDD7C
09-16 14:20:03.965 24435 24435 V NetworkLayer: Encryption key: C567138FA20533CCBAEFCB7241900645
09-16 14:20:03.965 24435 24435 V NetworkLayer: Privacy key: 2EAF5558B0FE90E4C6CF2078E7818A29
09-16 14:20:03.965 24435 24435 V NetworkLayer: Sequence Number: 000009
09-16 14:20:03.965 24435 24435 V NetworkLayer: Encrypted Network payload: 593543B8AB960002D9D27118FF08
09-16 14:20:03.968 24435 24435 I BleManager: Data written to 00002add-0000-1000-8000-00805f9b34fb, value: (0x) 00-46-E3-C2-2B-77-C2-69-59-35-43-B8-AB-96-00-02-D9-D2-71-18-FF-08
09-16 14:20:03.990 24435 24435 V MeshManagerApi: MeshNetwork pdu sent: 0x0046E3C22B77C269593543B8AB960002D9D27118FF08
09-16 14:20:04.130 24435 24435 I BleManager: Notification received from 00002ade-0000-1000-8000-00805f9b34fb, value: (0x) 00-46-29-C3-C2-AE-0F-AC-C2-66-CF-A9-D1-E7-29-A5-8C-62-FD-9C-52-19-F5-2B-DB-B5-33-EC-7B-06
09-16 14:20:04.130 24435 24435 V MeshManagerApi: Received network pdu: 0x004629C3C2AE0FACC266CFA9D1E729A58C62FD9C5219F52BDBB533EC7B06
09-16 14:20:04.130 24435 24435 V BaseMeshMessageHandler: Sequence number of received Network PDU: 0
09-16 14:20:04.131 24435 24435 V NetworkLayer: TTL for received message: 7
09-16 14:20:04.131 24435 24435 V NetworkLayer: Dst: 0x0001
09-16 14:20:04.131 24435 24435 V NetworkLayer: Received a segmented access message from: 0006
09-16 14:20:04.131 24435 24435 V LowerTransportLayer: SEG O: 0
09-16 14:20:04.131 24435 24435 V LowerTransportLayer: SEG N: 3
09-16 14:20:04.131 24435 24435 V LowerTransportLayer: Current SeqAuth value 0
09-16 14:20:04.131 24435 24435 V LowerTransportLayer: Starting incomplete timer for src: 0006
09-16 14:20:04.131 24435 24435 V BlockAcknowledgementMessage: Block ack value: 1
09-16 14:20:04.131 24435 24435 V LowerTransportLayer: TTL: 5
09-16 14:20:04.131 24435 24435 V LowerTransportLayer: Duration: 400
09-16 14:20:04.131 24435 24435 V DefaultNoOperationMessageState: Message reassembly may not be completed yet!
09-16 14:20:04.265 24435 24435 I BleManager: Notification received from 00002ade-0000-1000-8000-00805f9b34fb, value: (0x) 00-46-A5-0B-30-A3-CB-01-0C-04-4B-5C-5C-95-9C-3A-F0-A1-55-7C-D8-A0-03-48-61-35-1A-70-4A-64
09-16 14:20:04.265 24435 24435 V MeshManagerApi: Received network pdu: 0x0046A50B30A3CB010C044B5C5C959C3AF0A1557CD8A0034861351A704A64
09-16 14:20:04.265 24435 24435 V BaseMeshMessageHandler: Sequence number of received Network PDU: 1
09-16 14:20:04.265 24435 24435 V NetworkLayer: TTL for received message: 7
09-16 14:20:04.266 24435 24435 V NetworkLayer: Dst: 0x0001
09-16 14:20:04.266 24435 24435 V NetworkLayer: Received a segmented access message from: 0006
09-16 14:20:04.266 24435 24435 V LowerTransportLayer: SEG O: 1
09-16 14:20:04.266 24435 24435 V LowerTransportLayer: SEG N: 3
09-16 14:20:04.266 24435 24435 V LowerTransportLayer: Last SeqAuth value 0
09-16 14:20:04.266 24435 24435 V LowerTransportLayer: Current SeqAuth value 0
09-16 14:20:04.266 24435 24435 V LowerTransportLayer: Received segment message count: 2
09-16 14:20:04.266 24435 24435 V BlockAcknowledgementMessage: Block ack value: 3
09-16 14:20:04.266 24435 24435 V LowerTransportLayer: Restarting incomplete timer for src: 0006
09-16 14:20:04.266 24435 24435 V DefaultNoOperationMessageState: Message reassembly may not be completed yet!
09-16 14:20:04.445 24435 24435 I BleManager: Notification received from 00002ade-0000-1000-8000-00805f9b34fb, value: (0x) 00-46-12-EA-69-07-47-09-22-2B-B3-D8-84-A9-53-56-29-F5-8E-FB-FB-4D-7A-F2-24-CD-4F-A7-6E-49
09-16 14:20:04.445 24435 24435 V MeshManagerApi: Received network pdu: 0x004612EA69074709222BB3D884A9535629F58EFBFB4D7AF224CD4FA76E49
09-16 14:20:04.445 24435 24435 V BaseMeshMessageHandler: Sequence number of received Network PDU: 2
09-16 14:20:04.445 24435 24435 V NetworkLayer: TTL for received message: 7
09-16 14:20:04.446 24435 24435 V NetworkLayer: Dst: 0x0001
09-16 14:20:04.446 24435 24435 V NetworkLayer: Received a segmented access message from: 0006
09-16 14:20:04.446 24435 24435 V LowerTransportLayer: SEG O: 2
09-16 14:20:04.446 24435 24435 V LowerTransportLayer: SEG N: 3
09-16 14:20:04.446 24435 24435 V LowerTransportLayer: Last SeqAuth value 0
09-16 14:20:04.446 24435 24435 V LowerTransportLayer: Current SeqAuth value 0
09-16 14:20:04.446 24435 24435 V LowerTransportLayer: Received segment message count: 3
09-16 14:20:04.446 24435 24435 V BlockAcknowledgementMessage: Block ack value: 7
09-16 14:20:04.446 24435 24435 V LowerTransportLayer: Restarting incomplete timer for src: 0006
09-16 14:20:04.446 24435 24435 V DefaultNoOperationMessageState: Message reassembly may not be completed yet!
09-16 14:20:04.531 24435 24435 V LowerTransportLayer: Acknowledgement timer expiring
09-16 14:20:04.531 24435 24435 V BlockAcknowledgementMessage: Block ack: 7
09-16 14:20:04.531 24435 24435 V BlockAcknowledgementMessage: bit count: 3
09-16 14:20:04.531 24435 24435 V LowerTransportLayer: Block acknowledgement payload: 000000000007
09-16 14:20:04.531 24435 24435 V LowerTransportLayer: Creating unsegmented transport control
09-16 14:20:04.532 24435 24435 V LowerTransportLayer: Unsegmented Lower transport control PDU 00000000000007
09-16 14:20:04.532 24435 24435 V NetworkLayer: Encryption key: C567138FA20533CCBAEFCB7241900645
09-16 14:20:04.532 24435 24435 V NetworkLayer: Privacy key: 2EAF5558B0FE90E4C6CF2078E7818A29
09-16 14:20:04.532 24435 24435 V NetworkLayer: Sequence Number: 00000A
09-16 14:20:04.532 24435 24435 V NetworkLayer: Encrypted Network payload: 525090D32AE2B8B1CB59C539DA3B068A03
09-16 14:20:04.532 24435 24435 V MeshMessageState: Sending acknowledgement: 00468BF679AA2AF9525090D32AE2B8B1CB59C539DA3B068A03
09-16 14:20:04.534 24435 24435 I BleManager: Data written to 00002add-0000-1000-8000-00805f9b34fb, value: (0x) 00-46-8B-F6-79-AA-2A-F9-52-50-90-D3-2A-E2-B8-B1-CB-59-C5-39-DA-3B-06-8A-03
09-16 14:20:04.558 24435 24435 V MeshManagerApi: MeshNetwork pdu sent: 0x00468BF679AA2AF9525090D32AE2B8B1CB59C539DA3B068A03
09-16 14:20:04.580 24435 24435 I BleManager: Notification received from 00002ade-0000-1000-8000-00805f9b34fb, value: (0x) 00-46-2F-81-55-FA-D8-11-A7-C8-E9-82-1C-B3-07-EB-AE-4B-CE-AC-6A-5E-B0-FA-86-9B-F1-20-D7-C1
09-16 14:20:04.580 24435 24435 V MeshManagerApi: Received network pdu: 0x00462F8155FAD811A7C8E9821CB307EBAE4BCEAC6A5EB0FA869BF120D7C1
09-16 14:20:04.581 24435 24435 V BaseMeshMessageHandler: Sequence number of received Network PDU: 3
09-16 14:20:04.581 24435 24435 V NetworkLayer: TTL for received message: 7
09-16 14:20:04.581 24435 24435 V NetworkLayer: Dst: 0x0001
09-16 14:20:04.581 24435 24435 V NetworkLayer: Received a segmented access message from: 0006
09-16 14:20:04.581 24435 24435 V LowerTransportLayer: SEG O: 3
09-16 14:20:04.581 24435 24435 V LowerTransportLayer: SEG N: 3
09-16 14:20:04.581 24435 24435 V LowerTransportLayer: Last SeqAuth value 0
09-16 14:20:04.581 24435 24435 V LowerTransportLayer: Current SeqAuth value 0
09-16 14:20:04.581 24435 24435 V LowerTransportLayer: Received segment message count: 4
09-16 14:20:04.581 24435 24435 V BlockAcknowledgementMessage: Block ack value: f
09-16 14:20:04.581 24435 24435 V BlockAcknowledgementMessage: Block ack: 15
09-16 14:20:04.581 24435 24435 V BlockAcknowledgementMessage: bit count: 3
09-16 14:20:04.581 24435 24435 V LowerTransportLayer: Block acknowledgement payload: 00000000000F
09-16 14:20:04.581 24435 24435 V LowerTransportLayer: Creating unsegmented transport control
09-16 14:20:04.581 24435 24435 V LowerTransportLayer: Unsegmented Lower transport control PDU 0000000000000F
09-16 14:20:04.581 24435 24435 V NetworkLayer: Encryption key: C567138FA20533CCBAEFCB7241900645
09-16 14:20:04.581 24435 24435 V NetworkLayer: Privacy key: 2EAF5558B0FE90E4C6CF2078E7818A29
09-16 14:20:04.581 24435 24435 V NetworkLayer: Sequence Number: 00000B
09-16 14:20:04.581 24435 24435 V NetworkLayer: Encrypted Network payload: 20CD5DE42E05D17B3F3835972DD7D1C939
09-16 14:20:04.581 24435 24435 V MeshMessageState: Sending acknowledgement: 0046F3D8B15E50C420CD5DE42E05D17B3F3835972DD7D1C939
09-16 14:20:04.583 24435 24435 V AccessLayer: Received Access PDU 02005900000000000A00070001000300000002000010020001000010030001000010040001000010
09-16 14:20:04.583 24435 24435 V ConfigCompositionDataStatus: Company identifier: 0059
09-16 14:20:04.583 24435 24435 V ConfigCompositionDataStatus: Product identifier: 0000
09-16 14:20:04.583 24435 24435 V ConfigCompositionDataStatus: Version identifier: 0000
09-16 14:20:04.583 24435 24435 V ConfigCompositionDataStatus: crpl: 000A
09-16 14:20:04.583 24435 24435 V ConfigCompositionDataStatus: Features: 0007
09-16 14:20:04.583 24435 24435 V ConfigCompositionDataStatus: Relay feature: true
09-16 14:20:04.583 24435 24435 V ConfigCompositionDataStatus: Proxy feature: true
09-16 14:20:04.583 24435 24435 V ConfigCompositionDataStatus: Friend feature: true
09-16 14:20:04.583 24435 24435 V ConfigCompositionDataStatus: Low power feature: false
09-16 14:20:04.583 24435 24435 V ConfigCompositionDataStatus: Location identifier: 0001
09-16 14:20:04.583 24435 24435 V ConfigCompositionDataStatus: Number of sig models: 0003
09-16 14:20:04.583 24435 24435 V ConfigCompositionDataStatus: Number of vendor models: 0000
09-16 14:20:04.583 24435 24435 V ConfigCompositionDataStatus: Sig model ID 0 : 0000
09-16 14:20:04.583 24435 24435 V ConfigCompositionDataStatus: Sig model ID 1 : 0002
09-16 14:20:04.583 24435 24435 V ConfigCompositionDataStatus: Sig model ID 2 : 1000
09-16 14:20:04.583 24435 24435 V ConfigCompositionDataStatus: Location identifier: 0002
09-16 14:20:04.583 24435 24435 V ConfigCompositionDataStatus: Number of sig models: 0001
09-16 14:20:04.583 24435 24435 V ConfigCompositionDataStatus: Number of vendor models: 0000
09-16 14:20:04.583 24435 24435 V ConfigCompositionDataStatus: Sig model ID 0 : 1000
09-16 14:20:04.583 24435 24435 V ConfigCompositionDataStatus: Location identifier: 0003
09-16 14:20:04.583 24435 24435 V ConfigCompositionDataStatus: Number of sig models: 0001
09-16 14:20:04.583 24435 24435 V ConfigCompositionDataStatus: Number of vendor models: 0000
09-16 14:20:04.583 24435 24435 V ConfigCompositionDataStatus: Sig model ID 0 : 1000
09-16 14:20:04.583 24435 24435 V ConfigCompositionDataStatus: Location identifier: 0004
09-16 14:20:04.583 24435 24435 V ConfigCompositionDataStatus: Number of sig models: 0001
09-16 14:20:04.583 24435 24435 V ConfigCompositionDataStatus: Number of vendor models: 0000
09-16 14:20:04.583 24435 24435 V ConfigCompositionDataStatus: Sig model ID 0 : 1000
09-16 14:20:04.583 24435 24435 V ConfigCompositionDataStatus: Number of elements: 4
09-16 14:20:04.585 24435 24435 I BleManager: Data written to 00002add-0000-1000-8000-00805f9b34fb, value: (0x) 00-46-F3-D8-B1-5E-50-C4-20-CD-5D-E4-2E-05-D1-7B-3F-38-35-97-2D-D7-D1-C9-39
09-16 14:20:04.611 24435 24435 V MeshManagerApi: MeshNetwork pdu sent: 0x0046F3D8B15E50C420CD5DE42E05D17B3F3835972DD7D1C939
09-16 14:20:05.085 24435 24435 V MeshTransport: Src address: 0001
09-16 14:20:05.085 24435 24435 V MeshTransport: Dst address: 0006
09-16 14:20:05.085 24435 24435 V MeshTransport: Key: 32D249BE5ACFC11880E0C27F310C1F07
09-16 14:20:05.085 24435 24435 V MeshTransport: akf: 0
09-16 14:20:05.085 24435 24435 V MeshTransport: aid: 0
09-16 14:20:05.085 24435 24435 V MeshTransport: aszmic: 0
09-16 14:20:05.085 24435 24435 V MeshTransport: Sequence number: 12
09-16 14:20:05.085 24435 24435 V MeshTransport: Access message opcode: 800c
09-16 14:20:05.085 24435 24435 V MeshTransport: Access message parameters:
09-16 14:20:05.085 24435 24435 V AccessLayer: Created Access PDU 800C
09-16 14:20:05.085 24435 24435 V UpperTransportLayer: Device nonce: 020000000C0001000600000000
09-16 14:20:05.085 24435 24435 V UpperTransportLayer: Encrypted upper transport pdu: 06ADEC95E461
09-16 14:20:05.085 24435 24435 V LowerTransportLayer: Unsegmented Lower transport access PDU 0006ADEC95E461
09-16 14:20:05.085 24435 24435 V NetworkLayer: Encryption key: C567138FA20533CCBAEFCB7241900645
09-16 14:20:05.085 24435 24435 V NetworkLayer: Privacy key: 2EAF5558B0FE90E4C6CF2078E7818A29
09-16 14:20:05.085 24435 24435 V NetworkLayer: Sequence Number: 00000C
09-16 14:20:05.085 24435 24435 V NetworkLayer: Encrypted Network payload: 04E75E73A249A3B62453267EBC
09-16 14:20:05.088 24435 24435 I BleManager: Data written to 00002add-0000-1000-8000-00805f9b34fb, value: (0x) 00-46-60-19-BD-00-91-19-04-E7-5E-73-A2-49-A3-B6-24-53-26-7E-BC
09-16 14:20:05.111 24435 24435 V MeshManagerApi: MeshNetwork pdu sent: 0x00466019BD00911904E75E73A249A3B62453267EBC
09-16 14:20:05.300 24435 24435 I BleManager: Notification received from 00002ade-0000-1000-8000-00805f9b34fb, value: (0x) 00-46-15-5A-53-B3-AE-12-90-12-95-7B-F1-B9-E2-B0-B9-82-BE-D0-C9-53
09-16 14:20:05.300 24435 24435 V MeshManagerApi: Received network pdu: 0x0046155A53B3AE129012957BF1B9E2B0B982BED0C953
09-16 14:20:05.300 24435 24435 V BaseMeshMessageHandler: Sequence number of received Network PDU: 4
09-16 14:20:05.300 24435 24435 V NetworkLayer: TTL for received message: 7
09-16 14:20:05.300 24435 24435 V NetworkLayer: Dst: 0x0001
09-16 14:20:05.300 24435 24435 D LowerTransportLayer: IV Index of received message: 0
09-16 14:20:05.300 24435 24435 D LowerTransportLayer: SeqAuth: 4
09-16 14:20:05.300 24435 24435 V AccessLayer: Received Access PDU 800E07
09-16 14:20:06.245 24435 32333 D BluetoothGatt: onConnectionUpdated() - Device=C1:70:0D:03:B1:E6 interval=30 latency=0 timeout=42 status=0
09-16 14:20:06.802 24435 24435 V MeshTransport: Src address: 0001
09-16 14:20:06.802 24435 24435 V MeshTransport: Dst address: 0006
09-16 14:20:06.802 24435 24435 V MeshTransport: Key: 32D249BE5ACFC11880E0C27F310C1F07
09-16 14:20:06.802 24435 24435 V MeshTransport: akf: 0
09-16 14:20:06.802 24435 24435 V MeshTransport: aid: 0
09-16 14:20:06.802 24435 24435 V MeshTransport: aszmic: 0
09-16 14:20:06.802 24435 24435 V MeshTransport: Sequence number: 13
09-16 14:20:06.802 24435 24435 V MeshTransport: Access message opcode: 8024
09-16 14:20:06.802 24435 24435 V MeshTransport: Access message parameters: 0A
09-16 14:20:06.802 24435 24435 V AccessLayer: Created Access PDU 80240A
09-16 14:20:06.802 24435 24435 V UpperTransportLayer: Device nonce: 020000000D0001000600000000
09-16 14:20:06.802 24435 24435 V UpperTransportLayer: Encrypted upper transport pdu: AAF8C9E7E63D84
09-16 14:20:06.802 24435 24435 V LowerTransportLayer: Unsegmented Lower transport access PDU 00AAF8C9E7E63D84
09-16 14:20:06.802 24435 24435 V NetworkLayer: Encryption key: C567138FA20533CCBAEFCB7241900645
09-16 14:20:06.802 24435 24435 V NetworkLayer: Privacy key: 2EAF5558B0FE90E4C6CF2078E7818A29
09-16 14:20:06.803 24435 24435 V NetworkLayer: Sequence Number: 00000D
09-16 14:20:06.803 24435 24435 V NetworkLayer: Encrypted Network payload: 4CF735B2968DD37E2383BE60F1B2
09-16 14:20:06.839 24435 24435 I BleManager: Data written to 00002add-0000-1000-8000-00805f9b34fb, value: (0x) 00-46-DE-6C-37-60-66-F7-4C-F7-35-B2-96-8D-D3-7E-23-83-BE-60-F1-B2
09-16 14:20:06.839 24435 24435 V MeshManagerApi: MeshNetwork pdu sent: 0x0046DE6C376066F74CF735B2968DD37E2383BE60F1B2
09-16 14:20:06.927 24435 24435 I BleManager: Notification received from 00002ade-0000-1000-8000-00805f9b34fb, value: (0x) 00-46-24-F2-A9-2C-02-F1-EE-3E-C4-1C-29-E9-6D-A0-55-18-37-25-91-8C
09-16 14:20:06.927 24435 24435 V MeshManagerApi: Received network pdu: 0x004624F2A92C02F1EE3EC41C29E96DA055183725918C
09-16 14:20:06.927 24435 24435 V BaseMeshMessageHandler: Sequence number of received Network PDU: 5
09-16 14:20:06.928 24435 24435 V NetworkLayer: TTL for received message: 7
09-16 14:20:06.928 24435 24435 V NetworkLayer: Dst: 0x0001
09-16 14:20:06.928 24435 24435 D LowerTransportLayer: IV Index of received message: 0
09-16 14:20:06.928 24435 24435 D LowerTransportLayer: SeqAuth: 5
09-16 14:20:06.928 24435 24435 V AccessLayer: Received Access PDU 80250A
09-16 14:20:08.430 24435 24435 V ConfigAppKeyAdd: NetKeyIndex: 0
09-16 14:20:08.430 24435 24435 V ConfigAppKeyAdd: AppKeyIndex: 0
09-16 14:20:08.430 24435 24435 V MeshTransport: Src address: 0001
09-16 14:20:08.430 24435 24435 V MeshTransport: Dst address: 0006
09-16 14:20:08.430 24435 24435 V MeshTransport: Key: 32D249BE5ACFC11880E0C27F310C1F07
09-16 14:20:08.430 24435 24435 V MeshTransport: akf: 0
09-16 14:20:08.430 24435 24435 V MeshTransport: aid: 0
09-16 14:20:08.430 24435 24435 V MeshTransport: aszmic: 0
09-16 14:20:08.430 24435 24435 V MeshTransport: Sequence number: 14
09-16 14:20:08.430 24435 24435 V MeshTransport: Access message opcode: 0
09-16 14:20:08.430 24435 24435 V MeshTransport: Access message parameters: 000000E359009EC831F11CFEA746595CE80AC1
09-16 14:20:08.430 24435 24435 V AccessLayer: Created Access PDU 00000000E359009EC831F11CFEA746595CE80AC1
09-16 14:20:08.430 24435 24435 V UpperTransportLayer: Device nonce: 020000000E0001000600000000
09-16 14:20:08.430 24435 24435 V UpperTransportLayer: Encrypted upper transport pdu: D3250BF71C0A3708488EDD02BAEED04D2AB886AF42DC6036
09-16 14:20:08.431 24435 24435 V LowerTransportLayer: Segmented Lower transport access PDU: 80003801D3250BF71C0A3708488EDD02 0 of 2
09-16 14:20:08.431 24435 24435 V LowerTransportLayer: Segmented Lower transport access PDU: 80003821BAEED04D2AB886AF42DC6036 1 of 2
09-16 14:20:08.431 24435 24435 V NetworkLayer: Encryption key: C567138FA20533CCBAEFCB7241900645
09-16 14:20:08.431 24435 24435 V NetworkLayer: Privacy key: 2EAF5558B0FE90E4C6CF2078E7818A29
09-16 14:20:08.431 24435 24435 V NetworkLayer: Sequence Number: 00000E
09-16 14:20:08.431 24435 24435 V NetworkLayer: Encrypted Network payload: 96C9807689AB85CE69DD912BF119D643C747EC1EFB90
09-16 14:20:08.431 24435 24435 V NetworkLayer: Sequence Number: 00000F
09-16 14:20:08.431 24435 24435 V NetworkLayer: Encrypted Network payload: BFA32EF706DE3A49718697CFCE4D71319672A86B371E
09-16 14:20:08.433 24435 24435 I BleManager: Data written to 00002add-0000-1000-8000-00805f9b34fb, value: (0x) 00-46-F0-DF-21-4E-E7-9C-96-C9-80-76-89-AB-85-CE-69-DD-91-2B-F1-19-D6-43-C7-47-EC-1E-FB-90
09-16 14:20:08.470 24435 24435 V MeshManagerApi: MeshNetwork pdu sent: 0x0046F0DF214EE79C96C9807689AB85CE69DD912BF119D643C747EC1EFB90
09-16 14:20:08.470 24435 24435 I BleManager: Data written to 00002add-0000-1000-8000-00805f9b34fb, value: (0x) 00-46-C2-8E-55-01-01-53-BF-A3-2E-F7-06-DE-3A-49-71-86-97-CF-CE-4D-71-31-96-72-A8-6B-37-1E
09-16 14:20:08.470 24435 24435 V MeshManagerApi: MeshNetwork pdu sent: 0x0046C28E55010153BFA32EF706DE3A49718697CFCE4D71319672A86B371E
09-16 14:20:08.577 24435 24435 I BleManager: Notification received from 00002ade-0000-1000-8000-00805f9b34fb, value: (0x) 00-46-2F-FB-FD-29-AF-B0-40-C5-58-25-E5-D4-5C-C3-66-10-BD-BF-B0-73-82-21-A3
09-16 14:20:08.577 24435 24435 V MeshManagerApi: Received network pdu: 0x00462FFBFD29AFB040C55825E5D45CC36610BDBFB0738221A3
09-16 14:20:08.577 24435 24435 V BaseMeshMessageHandler: Sequence number of received Network PDU: 6
09-16 14:20:08.578 24435 24435 V NetworkLayer: TTL for received message: 7
09-16 14:20:08.578 24435 24435 V DefaultNoOperationMessageState: Acknowledgement payload: 00000003
09-16 14:20:08.578 24435 24435 V BlockAcknowledgementMessage: Segment 0 of 1 received by peer
09-16 14:20:08.578 24435 24435 V BlockAcknowledgementMessage: Segment 1 of 1 received by peer
09-16 14:20:08.615 24435 24435 I BleManager: Notification received from 00002ade-0000-1000-8000-00805f9b34fb, value: (0x) 00-46-5C-5C-3B-61-D5-EF-A6-46-37-1A-77-AB-96-2E-E2-AA-4B-85-19-A3-03-54-48
09-16 14:20:08.615 24435 24435 V MeshManagerApi: Received network pdu: 0x00465C5C3B61D5EFA646371A77AB962EE2AA4B8519A3035448
09-16 14:20:08.615 24435 24435 V BaseMeshMessageHandler: Sequence number of received Network PDU: 7
09-16 14:20:08.616 24435 24435 V NetworkLayer: TTL for received message: 7
09-16 14:20:08.616 24435 24435 V NetworkLayer: Dst: 0x0001
09-16 14:20:08.616 24435 24435 D LowerTransportLayer: IV Index of received message: 0
09-16 14:20:08.616 24435 24435 D LowerTransportLayer: SeqAuth: 7
09-16 14:20:08.616 24435 24435 V AccessLayer: Received Access PDU 800300000000
09-16 14:20:08.616 24435 24435 V ConfigAppKeyStatus: Status code: 0
09-16 14:20:08.616 24435 24435 V ConfigAppKeyStatus: Status message: Success
09-16 14:20:08.616 24435 24435 V ConfigAppKeyStatus: Net key index: 0
09-16 14:20:08.616 24435 24435 V ConfigAppKeyStatus: App key index: 0
09-16 14:20:08.618 24435 24435 I Dialog : mIsSamsungBasicInteraction = false, isMetaDataInActivity = false
09-16 14:20:08.620 24435 24435 I DecorView: [INFO] isPopOver=false, config=false
09-16 14:20:08.620 24435 24435 I DecorView: updateCaptionType >> DecorView@441f7c1[], isFloating=true, isApplication=true, hasWindowDecorCaption=false, hasWindowControllerCallback=false
09-16 14:20:08.620 24435 24435 D DecorView: setCaptionType = 0, this = DecorView@441f7c1[]
09-16 14:20:08.626 24435 24435 D ScrollView: initGoToTop
09-16 14:20:08.642 24435 24435 D InputTransport: Input channel constructed: '9356f57', fd=89
09-16 14:20:08.642 24435 24435 I ViewRootImpl@a2d8a16[ProvisioningActivity]: setView = com.android.internal.policy.DecorView@441f7c1 TM=true
09-16 14:20:08.643 24435 24435 I Dialog : mIsSamsungBasicInteraction = false, isMetaDataInActivity = false
09-16 14:20:08.645 24435 24435 I DecorView: [INFO] isPopOver=false, config=false
09-16 14:20:08.645 24435 24435 I DecorView: updateCaptionType >> DecorView@47fe125[], isFloating=true, isApplication=true, hasWindowDecorCaption=false, hasWindowControllerCallback=false
09-16 14:20:08.645 24435 24435 D DecorView: setCaptionType = 0, this = DecorView@47fe125[]
09-16 14:20:08.650 24435 24435 D ScrollView: initGoToTop
09-16 14:20:08.666 24435 24435 D InputTransport: Input channel constructed: 'c8d6ddc', fd=86
09-16 14:20:08.666 24435 24435 I ViewRootImpl@2e5594c[ProvisioningActivity]: setView = com.android.internal.policy.DecorView@47fe125 TM=true
09-16 14:20:08.706 24435 24435 I SurfaceControl: assignNativeObject: nativeObject = 0 Surface(name=null)/@0xc6c18f1 / android.view.SurfaceControl.readFromParcel:1117 android.view.IWindowSession$Stub$Proxy.relayout:1836 android.view.ViewRootImpl.relayoutWindow:9132 android.view.ViewRootImpl.performTraversals:3422 android.view.ViewRootImpl.doTraversal:2671 android.view.ViewRootImpl$TraversalRunnable.run:10094 android.view.Choreographer$CallbackRecord.run:1010 android.view.Choreographer.doCallbacks:809 android.view.Choreographer.doFrame:744 android.view.Choreographer$FrameDisplayEventReceiver.run:995
09-16 14:20:08.706 24435 24435 I ViewRootImpl@a2d8a16[ProvisioningActivity]: Relayout returned: old=(0,36,1200,1848) new=(168,796,1032,1087) req=(864,291)0 dur=15 res=0x7 s={true -5476376669685148640} ch=true fn=-1
09-16 14:20:08.708 24435 24435 D ScrollView: onsize change changed
09-16 14:20:08.708 24435 24435 I ViewRootImpl@a2d8a16[ProvisioningActivity]: [DP] dp(1) 1 android.view.ViewRootImpl.reportNextDraw:11080 android.view.ViewRootImpl.performTraversals:3917 android.view.ViewRootImpl.doTraversal:2671
09-16 14:20:08.708 24435 24435 I ViewRootImpl@a2d8a16[ProvisioningActivity]: [DP] pd() Asnyc report
09-16 14:20:08.708 24435 24435 I ViewRootImpl@a2d8a16[ProvisioningActivity]: mAttachInfo.mThreadedRenderer.draw, mView = DecorView@441f7c1[ProvisioningActivity] w = 864 h = 291
09-16 14:20:08.728 24435 24435 I SurfaceControl: assignNativeObject: nativeObject = 0 Surface(name=null)/@0x5063cd6 / android.view.SurfaceControl.readFromParcel:1117 android.view.IWindowSession$Stub$Proxy.relayout:1836 android.view.ViewRootImpl.relayoutWindow:9132 android.view.ViewRootImpl.performTraversals:3422 android.view.ViewRootImpl.doTraversal:2671 android.view.ViewRootImpl$TraversalRunnable.run:10094 android.view.Choreographer$CallbackRecord.run:1010 android.view.Choreographer.doCallbacks:809 android.view.Choreographer.doFrame:744 android.view.Choreographer$FrameDisplayEventReceiver.run:995
09-16 14:20:08.729 24435 24435 I ViewRootImpl@2e5594c[ProvisioningActivity]: Relayout returned: old=(0,36,1200,1848) new=(168,796,1032,1087) req=(864,291)0 dur=10 res=0x7 s={true -5476376669684869600} ch=true fn=-1
09-16 14:20:08.730 24435 24435 D ScrollView: onsize change changed
09-16 14:20:08.732 24435 24435 I ViewRootImpl@2e5594c[ProvisioningActivity]: [DP] dp(1) 1 android.view.ViewRootImpl.reportNextDraw:11080 android.view.ViewRootImpl.performTraversals:3917 android.view.ViewRootImpl.doTraversal:2671
09-16 14:20:08.732 24435 24435 I ViewRootImpl@2e5594c[ProvisioningActivity]: [DP] pd() Asnyc report
09-16 14:20:08.735 24435 24435 I ViewRootImpl@2e5594c[ProvisioningActivity]: mAttachInfo.mThreadedRenderer.draw, mView = DecorView@47fe125[ProvisioningActivity] w = 864 h = 291
09-16 14:20:08.740 24435 24435 I ViewRootImpl@2e5594c[ProvisioningActivity]: [DP] pdf(0) 1 android.view.ViewRootImpl.lambda$performDraw$1$ViewRootImpl:4745 android.view.-$$Lambda$ViewRootImpl$DJd0VUYJgsebcnSohO6h8zc_ONI.run:6 android.os.Handler.handleCallback:938
09-16 14:20:08.740 24435 24435 I ViewRootImpl@2e5594c[ProvisioningActivity]: [DP] rdf()
09-16 14:20:08.741 24435 24435 I ViewRootImpl@a2d8a16[ProvisioningActivity]: [DP] pdf(0) 1 android.view.ViewRootImpl.lambda$performDraw$1$ViewRootImpl:4745 android.view.-$$Lambda$ViewRootImpl$DJd0VUYJgsebcnSohO6h8zc_ONI.run:6 android.os.Handler.handleCallback:938
09-16 14:20:08.741 24435 24435 I ViewRootImpl@a2d8a16[ProvisioningActivity]: [DP] rdf()
09-16 14:20:08.748 24435 24435 I SurfaceControl: nativeRelease nativeObject s[-5476376674517177408]
09-16 14:20:08.748 24435 24435 I SurfaceControl: nativeRelease nativeObject e[-5476376674517177408]
09-16 14:20:08.748 24435 24435 I SurfaceControl: nativeRelease nativeObject s[-5476376674517246400]
09-16 14:20:08.748 24435 24435 I SurfaceControl: nativeRelease nativeObject e[-5476376674517246400]
09-16 14:20:08.748 24435 24435 I SurfaceControl: nativeRelease nativeObject s[-5476376674517226912]
09-16 14:20:08.748 24435 24435 I SurfaceControl: nativeRelease nativeObject e[-5476376674517226912]
09-16 14:20:08.751 24435 24435 I SurfaceControl: nativeRelease nativeObject s[-5476376674517114352]
09-16 14:20:08.751 24435 24435 I SurfaceControl: nativeRelease nativeObject e[-5476376674517114352]
09-16 14:20:08.751 24435 24435 I SurfaceControl: nativeRelease nativeObject s[-5476376674517115248]
09-16 14:20:08.751 24435 24435 I SurfaceControl: nativeRelease nativeObject e[-5476376674517115248]
09-16 14:20:08.751 24435 24435 I SurfaceControl: nativeRelease nativeObject s[-5476376674517235312]
09-16 14:20:08.751 24435 24435 I SurfaceControl: nativeRelease nativeObject e[-5476376674517235312]
09-16 14:20:08.751 24435 24435 I SurfaceControl: nativeRelease nativeObject s[-5476376674517174496]
09-16 14:20:08.751 24435 24435 I SurfaceControl: nativeRelease nativeObject e[-5476376674517174496]
09-16 14:20:08.755 24435 24435 I ViewRootImpl@716106[ProvisioningActivity]: MSG_WINDOW_FOCUS_CHANGED 0 1
09-16 14:20:08.756 24435 24435 I ViewRootImpl@2e5594c[ProvisioningActivity]: MSG_RESIZED_REPORT: frame=(168,796,1032,1087) ci=(0,0,0,0) vi=(0,0,0,0) or=1
09-16 14:20:08.756 24435 24435 I ViewRootImpl@2e5594c[ProvisioningActivity]: [DP] dp(1) 1 android.view.ViewRootImpl.reportNextDraw:11080 android.view.ViewRootImpl.access$1300:255 android.view.ViewRootImpl$ViewRootHandler.handleMessage:6209
09-16 14:20:08.771 24435 24435 I SurfaceControl: nativeRelease nativeObject s[-5476376674517113120]
09-16 14:20:08.771 24435 24435 I SurfaceControl: nativeRelease nativeObject e[-5476376674517113120]
09-16 14:20:08.771 24435 24435 I SurfaceControl: assignNativeObject: nativeObject = 0 Surface(name=null)/@0x5063cd6 / android.view.SurfaceControl.readFromParcel:1117 android.view.IWindowSession$Stub$Proxy.relayout:1836 android.view.ViewRootImpl.relayoutWindow:9132 android.view.ViewRootImpl.performTraversals:3422 android.view.ViewRootImpl.doTraversal:2671 android.view.ViewRootImpl$TraversalRunnable.run:10094 android.view.Choreographer$CallbackRecord.run:1010 android.view.Choreographer.doCallbacks:809 android.view.Choreographer.doFrame:744 android.view.Choreographer$FrameDisplayEventReceiver.run:995
09-16 14:20:08.772 24435 24435 I SurfaceControl: nativeRelease nativeObject s[-5476376674517118496]
09-16 14:20:08.772 24435 24435 I SurfaceControl: nativeRelease nativeObject e[-5476376674517118496]
09-16 14:20:08.772 24435 24435 I SurfaceControl: nativeRelease nativeObject s[-5476376674517234864]
09-16 14:20:08.772 24435 24435 I SurfaceControl: nativeRelease nativeObject e[-5476376674517234864]
09-16 14:20:08.772 24435 24435 I ViewRootImpl@2e5594c[ProvisioningActivity]: Relayout returned: old=(168,796,1032,1087) new=(168,796,1032,1087) req=(864,291)0 dur=8 res=0x1 s={true -5476376669684869600} ch=false fn=3
09-16 14:20:08.772 24435 24435 I ViewRootImpl@2e5594c[ProvisioningActivity]: [DP] pd() Asnyc report
09-16 14:20:08.775 24435 24435 I ViewRootImpl@2e5594c[ProvisioningActivity]: mAttachInfo.mThreadedRenderer.draw, mView = DecorView@47fe125[ProvisioningActivity] w = 864 h = 291
09-16 14:20:08.782 24435 24435 I ViewRootImpl@2e5594c[ProvisioningActivity]: [DP] pdf(0) 1 android.view.ViewRootImpl.lambda$performDraw$1$ViewRootImpl:4745 android.view.-$$Lambda$ViewRootImpl$DJd0VUYJgsebcnSohO6h8zc_ONI.run:6 android.os.Handler.handleCallback:938
09-16 14:20:08.782 24435 24435 I ViewRootImpl@2e5594c[ProvisioningActivity]: [DP] rdf()
09-16 14:20:08.783 24435 24435 I ViewRootImpl@2e5594c[ProvisioningActivity]: MSG_WINDOW_FOCUS_CHANGED 1 1
09-16 14:20:10.700 24435 24435 I ViewRootImpl@2e5594c[ProvisioningActivity]: ViewPostIme pointer 0
09-16 14:20:10.819 24435 24435 I ViewRootImpl@2e5594c[ProvisioningActivity]: ViewPostIme pointer 1
09-16 14:20:10.844 24435 31999 D OpenGLRenderer: endAllActiveAnimators on 0xb400006eab4bf020 (RippleDrawable) with handle 0xb400006dbb332c40
09-16 14:20:10.844 24435 24435 I ViewRootImpl@2e5594c[ProvisioningActivity]: dispatchDetachedFromWindow
