09-16 14:20:10.844 24435 24435 I SurfaceControl: nativeRelease nativeObject s[-5476376674517115248]
09-16 14:20:10.844 24435 24435 I SurfaceControl: nativeRelease nativeObject e[-5476376674517115248]
09-16 14:20:10.855 24435 24435 D InputTransport: Input channel destroyed: 'c8d6ddc', fd=86
09-16 14:20:10.873 24435 24435 I SurfaceControl: nativeRelease nativeObject s[-5476376674517114352]
09-16 14:20:10.873 24435 24435 I SurfaceControl: nativeRelease nativeObject e[-5476376674517114352]
09-16 14:20:10.873 24435 24435 I SurfaceControl: nativeRelease nativeObject s[-5476376674517113120]
09-16 14:20:10.873 24435 24435 I SurfaceControl: nativeRelease nativeObject e[-5476376674517113120]
09-16 14:20:10.874 24435 24435 I SurfaceControl: nativeRelease nativeObject s[-5476376674517173040]
09-16 14:20:10.874 24435 24435 I SurfaceControl: nativeRelease nativeObject e[-5476376674517173040]
09-16 14:20:10.876 24435 24435 I ViewRootImpl@6784db7[ScannerActivity]: stopped(false) old=true
09-16 14:20:10.888 24435 24435 I BluetoothAdapter: STATE_ON
09-16 14:20:10.888 24435 24435 I BluetoothAdapter: STATE_ON
09-16 14:20:10.888 24435 24435 I BluetoothAdapter: STATE_ON
09-16 14:20:10.888 24435 24435 I BluetoothAdapter: STATE_ON
09-16 14:20:10.889 24435 24435 I BluetoothAdapter: STATE_ON
09-16 14:20:10.890 24435 24435 I BluetoothAdapter: STATE_ON
09-16 14:20:10.890 24435 24435 I BluetoothAdapter: STATE_ON
09-16 14:20:10.890 24435 24435 D BluetoothLeScanner: Start Scan with callback
09-16 14:20:10.892 24435 31993 D BluetoothLeScanner: onScannerRegistered() - status=0 scannerId=11 mScannerId=0
09-16 14:20:10.910 24435 24435 I SurfaceControl: assignNativeObject: nativeObject = 0 Surface(name=null)/@0xdd6a6bb / android.view.SurfaceControl.readFromParcel:1117 android.view.IWindowSession$Stub$Proxy.relayout:1836 android.view.ViewRootImpl.relayoutWindow:9132 android.view.ViewRootImpl.performTraversals:3422 android.view.ViewRootImpl.doTraversal:2671 android.view.ViewRootImpl$TraversalRunnable.run:10094 android.view.Choreographer$CallbackRecord.run:1010 android.view.Choreographer.doCallbacks:809 android.view.Choreographer.doFrame:744 android.view.Choreographer$FrameDisplayEventReceiver.run:995
09-16 14:20:10.911 24435 24435 I ViewRootImpl@6784db7[ScannerActivity]: Relayout returned: old=(0,0,1200,1920) new=(0,0,1200,1920) req=(1200,1920)0 dur=8 res=0x7 s={true -5476376669684869600} ch=true fn=-1
09-16 14:20:10.912 24435 24435 I ViewRootImpl@6784db7[ScannerActivity]: [DP] dp(1) 1 android.view.ViewRootImpl.reportNextDraw:11080 android.view.ViewRootImpl.performTraversals:3917 android.view.ViewRootImpl.doTraversal:2671
09-16 14:20:10.912 24435 24435 I ViewRootImpl@6784db7[ScannerActivity]: [DP] pd() Asnyc report
09-16 14:20:10.914 24435 24435 I ViewRootImpl@6784db7[ScannerActivity]: mAttachInfo.mThreadedRenderer.draw, mView = DecorView@4e80248[ScannerActivity] w = 1200 h = 1920
09-16 14:20:10.925 24435 24435 I ViewRootImpl@6784db7[ScannerActivity]: [DP] pdf(0) 1 android.view.ViewRootImpl.lambda$performDraw$1$ViewRootImpl:4745 android.view.-$$Lambda$ViewRootImpl$DJd0VUYJgsebcnSohO6h8zc_ONI.run:6 android.os.Handler.handleCallback:938
09-16 14:20:10.925 24435 24435 I ViewRootImpl@6784db7[ScannerActivity]: [DP] rdf()
09-16 14:20:10.945 24435 24435 I ViewRootImpl@c66e18[MainActivity]: stopped(false) old=true
09-16 14:20:10.951 24435 24435 I ViewRootImpl@c66e18[MainActivity]: stopped(false) old=false
09-16 14:20:10.975 24435 24435 I SurfaceControl: assignNativeObject: nativeObject = 0 Surface(name=null)/@0x2b623af / android.view.SurfaceControl.readFromParcel:1117 android.view.IWindowSession$Stub$Proxy.relayout:1836 android.view.ViewRootImpl.relayoutWindow:9132 android.view.ViewRootImpl.performTraversals:3422 android.view.ViewRootImpl.doTraversal:2671 android.view.ViewRootImpl$TraversalRunnable.run:10094 android.view.Choreographer$CallbackRecord.run:1010 android.view.Choreographer.doCallbacks:809 android.view.Choreographer.doFrame:744 android.view.Choreographer$FrameDisplayEventReceiver.run:995
09-16 14:20:10.976 24435 24435 I ViewRootImpl@c66e18[MainActivity]: Relayout returned: old=(0,0,1200,1920) new=(0,0,1200,1920) req=(1200,1920)0 dur=11 res=0x7 s={true -5476376669684747520} ch=true fn=-1
09-16 14:20:10.977 24435 24435 I ViewRootImpl@c66e18[MainActivity]: [DP] dp(1) 1 android.view.ViewRootImpl.reportNextDraw:11080 android.view.ViewRootImpl.performTraversals:3917 android.view.ViewRootImpl.doTraversal:2671
09-16 14:20:10.977 24435 24435 I ViewRootImpl@c66e18[MainActivity]: [DP] pd() Asnyc report
09-16 14:20:10.977 24435 24435 I ViewRootImpl@c66e18[MainActivity]: mAttachInfo.mThreadedRenderer.draw, mView = DecorView@885d97c[MainActivity] w = 1200 h = 1920
09-16 14:20:10.991 24435 24435 I ViewRootImpl@c66e18[MainActivity]: [DP] pdf(0) 1 android.view.ViewRootImpl.lambda$performDraw$1$ViewRootImpl:4745 android.view.-$$Lambda$ViewRootImpl$DJd0VUYJgsebcnSohO6h8zc_ONI.run:6 android.os.Handler.handleCallback:938
09-16 14:20:10.991 24435 24435 I ViewRootImpl@c66e18[MainActivity]: [DP] rdf()
09-16 14:20:11.004 24435 24435 I SurfaceControl: nativeRelease nativeObject s[-5476376674517115248]
09-16 14:20:11.004 24435 24435 I SurfaceControl: nativeRelease nativeObject e[-5476376674517115248]
09-16 14:20:11.004 24435 24435 I SurfaceControl: nativeRelease nativeObject s[-5476376674517103936]
09-16 14:20:11.004 24435 24435 I SurfaceControl: nativeRelease nativeObject e[-5476376674517103936]
09-16 14:20:11.004 24435 24435 I SurfaceControl: nativeRelease nativeObject s[-5476376674517165648]
09-16 14:20:11.004 24435 24435 I SurfaceControl: nativeRelease nativeObject e[-5476376674517165648]
09-16 14:20:11.043 24435 24435 I SurfaceControl: nativeRelease nativeObject s[-5476376674517173040]
09-16 14:20:11.043 24435 24435 I SurfaceControl: nativeRelease nativeObject e[-5476376674517173040]
09-16 14:20:11.043 24435 24435 I SurfaceControl: assignNativeObject: nativeObject = 0 Surface(name=null)/@0xd0dc6d / android.view.SurfaceControl.readFromParcel:1117 android.view.IWindowSession$Stub$Proxy.relayout:1826 android.view.ViewRootImpl.relayoutWindow:9132 android.view.ViewRootImpl.performTraversals:3422 android.view.ViewRootImpl.doTraversal:2671 android.view.ViewRootImpl$TraversalRunnable.run:10094 android.view.Choreographer$CallbackRecord.run:1010 android.view.Choreographer.doCallbacks:809 android.view.Choreographer.doFrame:744 android.view.Choreographer$FrameDisplayEventReceiver.run:995
09-16 14:20:11.044 24435 24435 I SurfaceControl: assignNativeObject: nativeObject = 0 Surface(name=null)/@0xdd6a6bb / android.view.SurfaceControl.readFromParcel:1117 android.view.IWindowSession$Stub$Proxy.relayout:1836 android.view.ViewRootImpl.relayoutWindow:9132 android.view.ViewRootImpl.performTraversals:3422 android.view.ViewRootImpl.doTraversal:2671 android.view.ViewRootImpl$TraversalRunnable.run:10094 android.view.Choreographer$CallbackRecord.run:1010 android.view.Choreographer.doCallbacks:809 android.view.Choreographer.doFrame:744 android.view.Choreographer$FrameDisplayEventReceiver.run:995
09-16 14:20:11.044 24435 24435 I ViewRootImpl@6784db7[ScannerActivity]: Relayout returned: old=(0,0,1200,1920) new=(0,0,1200,1920) req=(1200,1920)8 dur=7 res=0x5 s={false 0} ch=true fn=7
09-16 14:20:11.044 24435 24435 I ViewRootImpl@c66e18[MainActivity]: MSG_WINDOW_FOCUS_CHANGED 1 1
09-16 14:20:11.044 24435 24435 D InputMethodManager: prepareNavigationBarInfo() DecorView@885d97c[MainActivity]
09-16 14:20:11.044 24435 24435 D InputMethodManager: getNavigationBarColor() -16777216
09-16 14:20:11.046 24435 24435 D InputMethodManager: prepareNavigationBarInfo() DecorView@885d97c[MainActivity]
09-16 14:20:11.046 24435 24435 D InputMethodManager: getNavigationBarColor() -16777216
09-16 14:20:11.046 24435 24435 V InputMethodManager: Starting input: tba=no.nordicsemi.android.nrfmeshprovisioner ic=null mNaviBarColor -16777216 mIsGetNaviBarColorSuccess true , NavVisible : true , NavTrans : false
09-16 14:20:11.046 24435 24435 D InputMethodManager: startInputInner - Id : 0
09-16 14:20:11.046 24435 24435 I InputMethodManager: startInputInner - mService.startInputOrWindowGainedFocus
09-16 14:20:11.047 24435 24435 D InputTransport: Input channel constructed: 'ClientS', fd=91
09-16 14:20:11.047 24435 24435 D InputTransport: Input channel destroyed: 'ClientS', fd=87
09-16 14:20:11.097 24435 24435 I SurfaceControl: nativeRelease nativeObject s[-5476376674517108192]
09-16 14:20:11.097 24435 24435 I SurfaceControl: nativeRelease nativeObject e[-5476376674517108192]
09-16 14:20:11.114 24435 24435 I SurfaceControl: nativeRelease nativeObject s[-5476376674517228704]
09-16 14:20:11.114 24435 24435 I SurfaceControl: nativeRelease nativeObject e[-5476376674517228704]
09-16 14:20:11.114 24435 24435 I SurfaceControl: nativeRelease nativeObject s[-5476376674517113120]
09-16 14:20:11.114 24435 24435 I SurfaceControl: nativeRelease nativeObject e[-5476376674517113120]
09-16 14:20:11.215 24435 24435 I ViewRootImpl@6784db7[ScannerActivity]: stopped(true) old=false
09-16 14:20:11.220 24435 24435 I BluetoothAdapter: STATE_ON
09-16 14:20:11.221 24435 24435 I BluetoothAdapter: STATE_ON
09-16 14:20:11.221 24435 24435 D BluetoothLeScanner: Stop Scan with callback
09-16 14:20:11.227 24435 24435 I ViewRootImpl@6784db7[ScannerActivity]: dispatchDetachedFromWindow
09-16 14:20:11.232 24435 24435 D InputTransport: Input channel destroyed: '4208679', fd=84
09-16 14:20:11.353 24435 24435 I SurfaceControl: nativeRelease nativeObject s[-5476376674517126560]
09-16 14:20:11.353 24435 24435 I SurfaceControl: nativeRelease nativeObject e[-5476376674517126560]
09-16 14:20:11.353 24435 24435 I SurfaceControl: assignNativeObject: nativeObject = 0 Surface(name=null)/@0x405a1b / android.view.SurfaceControl.readFromParcel:1117 android.view.IWindowSession$Stub$Proxy.relayout:1826 android.view.ViewRootImpl.relayoutWindow:9132 android.view.ViewRootImpl.performTraversals:3422 android.view.ViewRootImpl.doTraversal:2671 android.view.ViewRootImpl$TraversalRunnable.run:10094 android.view.Choreographer$CallbackRecord.run:1010 android.view.Choreographer.doCallbacks:809 android.view.Choreographer.doFrame:744 android.view.Choreographer$FrameDisplayEventReceiver.run:995
09-16 14:20:11.353 24435 24435 I SurfaceControl: assignNativeObject: nativeObject = 0 Surface(name=null)/@0xc6c18f1 / android.view.SurfaceControl.readFromParcel:1117 android.view.IWindowSession$Stub$Proxy.relayout:1836 android.view.ViewRootImpl.relayoutWindow:9132 android.view.ViewRootImpl.performTraversals:3422 android.view.ViewRootImpl.doTraversal:2671 android.view.ViewRootImpl$TraversalRunnable.run:10094 android.view.Choreographer$CallbackRecord.run:1010 android.view.Choreographer.doCallbacks:809 android.view.Choreographer.doFrame:744 android.view.Choreographer$FrameDisplayEventReceiver.run:995
09-16 14:20:11.354 24435 24435 I ViewRootImpl@a2d8a16[ProvisioningActivity]: Relayout returned: old=(168,796,1032,1087) new=(168,796,1032,1087) req=(864,291)8 dur=7 res=0x5 s={false 0} ch=true fn=3
09-16 14:20:11.355 24435 24435 I ViewRootImpl@a2d8a16[ProvisioningActivity]: stopped(true) old=false
09-16 14:20:11.355 24435 24435 I ViewRootImpl@716106[ProvisioningActivity]: stopped(true) old=false
09-16 14:20:11.356 24435 24435 I SurfaceControl: nativeRelease nativeObject s[-5476376674517195664]
09-16 14:20:11.356 24435 24435 I SurfaceControl: nativeRelease nativeObject e[-5476376674517195664]
09-16 14:20:11.358 24435 24435 I ViewRootImpl@a2d8a16[ProvisioningActivity]: dispatchDetachedFromWindow
09-16 14:20:11.365 24435 24435 D InputTransport: Input channel destroyed: '9356f57', fd=89
09-16 14:20:11.369 24435 24435 I ViewRootImpl@716106[ProvisioningActivity]: dispatchDetachedFromWindow
09-16 14:20:11.375 24435 24435 D InputTransport: Input channel destroyed: '90071ce', fd=82
09-16 14:20:40.808 24435 24435 D InputMethodManager: prepareNavigationBarInfo() DecorView@885d97c[MainActivity]
09-16 14:20:40.808 24435 24435 D InputMethodManager: getNavigationBarColor() -16777216
09-16 14:20:40.808 24435 24435 V InputMethodManager: Starting input: tba=no.nordicsemi.android.nrfmeshprovisioner ic=null mNaviBarColor -16777216 mIsGetNaviBarColorSuccess true , NavVisible : true , NavTrans : false
09-16 14:20:40.808 24435 24435 D InputMethodManager: startInputInner - Id : 0
09-16 14:20:40.808 24435 24435 I InputMethodManager: startInputInner - mService.startInputOrWindowGainedFocus
09-16 14:20:40.810 24435 24435 D InputTransport: Input channel constructed: 'ClientS', fd=82
09-16 14:20:40.810 24435 24435 D InputTransport: Input channel destroyed: 'ClientS', fd=91
09-16 14:20:41.162 24435 24435 I ViewRootImpl@c66e18[MainActivity]: stopped(true) old=false
09-16 14:20:41.166 24435 24435 I SurfaceControl: nativeRelease nativeObject s[-5476376674517114352]
09-16 14:20:41.166 24435 24435 I SurfaceControl: nativeRelease nativeObject e[-5476376674517114352]
09-16 14:20:41.186 24435 24435 I SurfaceControl: assignNativeObject: nativeObject = 0 Surface(name=null)/@0x6fc95aa / android.view.SurfaceControl.readFromParcel:1117 android.view.IWindowSession$Stub$Proxy.relayout:1826 android.view.ViewRootImpl.relayoutWindow:9132 android.view.ViewRootImpl.performTraversals:3422 android.view.ViewRootImpl.doTraversal:2671 android.view.ViewRootImpl$TraversalRunnable.run:10094 android.view.Choreographer$CallbackRecord.run:1010 android.view.Choreographer.doCallbacks:809 android.view.Choreographer.doFrame:744 android.view.Choreographer$FrameDisplayEventReceiver.run:995
09-16 14:20:41.186 24435 24435 I SurfaceControl: assignNativeObject: nativeObject = 0 Surface(name=null)/@0x2b623af / android.view.SurfaceControl.readFromParcel:1117 android.view.IWindowSession$Stub$Proxy.relayout:1836 android.view.ViewRootImpl.relayoutWindow:9132 android.view.ViewRootImpl.performTraversals:3422 android.view.ViewRootImpl.doTraversal:2671 android.view.ViewRootImpl$TraversalRunnable.run:10094 android.view.Choreographer$CallbackRecord.run:1010 android.view.Choreographer.doCallbacks:809 android.view.Choreographer.doFrame:744 android.view.Choreographer$FrameDisplayEventReceiver.run:995
09-16 14:20:41.186 24435 24435 I SurfaceControl: nativeRelease nativeObject s[-5476376674517105616]
09-16 14:20:41.186 24435 24435 I SurfaceControl: nativeRelease nativeObject e[-5476376674517105616]
09-16 14:20:41.186 24435 24435 I SurfaceControl: nativeRelease nativeObject s[-5476376674517105728]
09-16 14:20:41.187 24435 24435 I SurfaceControl: nativeRelease nativeObject e[-5476376674517105728]
09-16 14:20:41.187 24435 24435 I SurfaceControl: nativeRelease nativeObject s[-5476376674517172928]
09-16 14:20:41.187 24435 24435 I SurfaceControl: nativeRelease nativeObject e[-5476376674517172928]
09-16 14:20:41.187 24435 24435 I ViewRootImpl@c66e18[MainActivity]: Relayout returned: old=(0,0,1200,1920) new=(0,0,1200,1920) req=(1200,1920)8 dur=5 res=0x5 s={false 0} ch=false fn=-1
09-16 14:20:41.323 24435 24435 I ViewRootImpl@c66e18[MainActivity]: MSG_WINDOW_FOCUS_CHANGED 0 1
09-16 14:20:41.460 24435 24435 I SurfaceControl: nativeRelease nativeObject s[-5476376674517171248]
09-16 14:20:41.460 24435 24435 I SurfaceControl: nativeRelease nativeObject e[-5476376674517171248]
09-16 14:20:41.460 24435 24435 I SurfaceControl: nativeRelease nativeObject s[-5476376674517195664]
09-16 14:20:41.460 24435 24435 I SurfaceControl: nativeRelease nativeObject e[-5476376674517195664]
09-16 14:20:41.460 24435 24435 I SurfaceControl: nativeRelease nativeObject s[-5476376674517114352]
09-16 14:20:41.460 24435 24435 I SurfaceControl: nativeRelease nativeObject e[-5476376674517114352]
09-16 14:21:40.382 24435 32333 D BluetoothGatt: onClientConnectionState() - status=8 clientIf=10 device=C1:70:0D:03:B1:E6
09-16 14:21:40.384 24435 24435 W BleManager: Error: (0x8): GATT CONN TIMEOUT
09-16 14:21:40.385 24435 24435 I BleManager: Disconnected
09-16 14:21:40.386 24435 24435 D BluetoothGatt: close()
09-16 14:21:40.390 24435 24435 D BluetoothGatt: unregisterApp() - mClientIf=10
09-16 14:21:40.394 24435 24435 V s : Disconnected
09-16 14:22:53.161 24435 24435 I SurfaceControl: assignNativeObject: nativeObject = 0 Surface(name=null)/@0x6fc95aa / android.view.SurfaceControl.readFromParcel:1117 android.view.IWindowSession$Stub$Proxy.relayout:1826 android.view.ViewRootImpl.relayoutWindow:9132 android.view.ViewRootImpl.performTraversals:3422 android.view.ViewRootImpl.doTraversal:2671 android.view.ViewRootImpl$TraversalRunnable.run:10094 android.view.Choreographer$CallbackRecord.run:1010 android.view.Choreographer.doCallbacks:809 android.view.Choreographer.doFrame:744 android.view.Choreographer$FrameDisplayEventReceiver.run:995
09-16 14:22:53.161 24435 24435 I SurfaceControl: assignNativeObject: nativeObject = 0 Surface(name=null)/@0x2b623af / android.view.SurfaceControl.readFromParcel:1117 android.view.IWindowSession$Stub$Proxy.relayout:1836 android.view.ViewRootImpl.relayoutWindow:9132 android.view.ViewRootImpl.performTraversals:3422 android.view.ViewRootImpl.doTraversal:2671 android.view.ViewRootImpl$TraversalRunnable.run:10094 android.view.Choreographer$CallbackRecord.run:1010 android.view.Choreographer.doCallbacks:809 android.view.Choreographer.doFrame:744 android.view.Choreographer$FrameDisplayEventReceiver.run:995
09-16 14:22:53.162 24435 24435 I SurfaceControl: nativeRelease nativeObject s[-5476376674517153216]
09-16 14:22:53.162 24435 24435 I SurfaceControl: nativeRelease nativeObject e[-5476376674517153216]
09-16 14:22:53.162 24435 24435 I ViewRootImpl@c66e18[MainActivity]: Relayout returned: old=(0,0,1200,1920) new=(0,0,1200,1920) req=(1200,1920)4 dur=10 res=0x1 s={false 0} ch=false fn=-1
09-16 14:22:53.162 24435 24435 I ViewRootImpl@c66e18[MainActivity]: stopped(false) old=true
09-16 14:22:53.167 24435 24435 I ViewRootImpl@c66e18[MainActivity]: stopped(false) old=false
09-16 14:22:53.187 24435 24435 I SurfaceControl: assignNativeObject: nativeObject = 0 Surface(name=null)/@0x2b623af / android.view.SurfaceControl.readFromParcel:1117 android.view.IWindowSession$Stub$Proxy.relayout:1836 android.view.ViewRootImpl.relayoutWindow:9132 android.view.ViewRootImpl.performTraversals:3422 android.view.ViewRootImpl.doTraversal:2671 android.view.ViewRootImpl$TraversalRunnable.run:10094 android.view.Choreographer$CallbackRecord.run:1010 android.view.Choreographer.doCallbacks:809 android.view.Choreographer.doFrame:744 android.view.Choreographer$FrameDisplayEventReceiver.run:995
09-16 14:22:53.188 24435 24435 I SurfaceControl: nativeRelease nativeObject s[-5476376674517114352]
09-16 14:22:53.188 24435 24435 I SurfaceControl: nativeRelease nativeObject e[-5476376674517114352]
09-16 14:22:53.188 24435 24435 I ViewRootImpl@c66e18[MainActivity]: Relayout returned: old=(0,0,1200,1920) new=(0,0,1200,1920) req=(1200,1920)0 dur=15 res=0x7 s={true -5476376669685148640} ch=true fn=-1
09-16 14:22:53.189 24435 24435 I ViewRootImpl@c66e18[MainActivity]: [DP] dp(1) 1 android.view.ViewRootImpl.reportNextDraw:11080 android.view.ViewRootImpl.performTraversals:3917 android.view.ViewRootImpl.doTraversal:2671
09-16 14:22:53.189 24435 24435 I ViewRootImpl@c66e18[MainActivity]: [DP] pd() Asnyc report
09-16 14:22:53.189 24435 24435 I ViewRootImpl@c66e18[MainActivity]: mAttachInfo.mThreadedRenderer.draw, mView = DecorView@885d97c[MainActivity] w = 1200 h = 1920
09-16 14:22:53.202 24435 24435 I ViewRootImpl@c66e18[MainActivity]: [DP] pdf(0) 1 android.view.ViewRootImpl.lambda$performDraw$1$ViewRootImpl:4745 android.view.-$$Lambda$ViewRootImpl$DJd0VUYJgsebcnSohO6h8zc_ONI.run:6 android.os.Handler.handleCallback:938
09-16 14:22:53.202 24435 24435 I ViewRootImpl@c66e18[MainActivity]: [DP] rdf()
09-16 14:22:53.206 24435 24435 I ViewRootImpl@c66e18[MainActivity]: MSG_RESIZED_REPORT: frame=(0,0,1200,1920) ci=(0,0,0,72) vi=(0,0,0,72) or=1
09-16 14:22:53.207 24435 24435 I ViewRootImpl@c66e18[MainActivity]: [DP] dp(1) 1 android.view.ViewRootImpl.reportNextDraw:11080 android.view.ViewRootImpl.access$1300:255 android.view.ViewRootImpl$ViewRootHandler.handleMessage:6209
09-16 14:22:53.220 24435 24435 I ViewRootImpl@c66e18[MainActivity]: [DP] pd() Asnyc report
09-16 14:22:53.226 24435 24435 I ViewRootImpl@c66e18[MainActivity]: [DP] pdf(0) 1 android.view.ViewRootImpl.lambda$performDraw$1$ViewRootImpl:4745 android.view.-$$Lambda$ViewRootImpl$DJd0VUYJgsebcnSohO6h8zc_ONI.run:6 android.os.Handler.handleCallback:938
09-16 14:22:53.226 24435 24435 I ViewRootImpl@c66e18[MainActivity]: [DP] rdf()
09-16 14:22:53.229 24435 24435 I SurfaceControl: nativeRelease nativeObject s[-5476376674517195664]
09-16 14:22:53.229 24435 24435 I SurfaceControl: nativeRelease nativeObject e[-5476376674517195664]
09-16 14:22:53.235 24435 24435 I ViewRootImpl@c66e18[MainActivity]: MSG_WINDOW_FOCUS_CHANGED 1 1
09-16 14:22:53.236 24435 24435 D InputMethodManager: prepareNavigationBarInfo() DecorView@885d97c[MainActivity]
09-16 14:22:53.236 24435 24435 D InputMethodManager: getNavigationBarColor() -16777216
09-16 14:22:53.238 24435 24435 D InputMethodManager: prepareNavigationBarInfo() DecorView@885d97c[MainActivity]
09-16 14:22:53.238 24435 24435 D InputMethodManager: getNavigationBarColor() -16777216
09-16 14:22:53.238 24435 24435 V InputMethodManager: Starting input: tba=no.nordicsemi.android.nrfmeshprovisioner ic=null mNaviBarColor -16777216 mIsGetNaviBarColorSuccess true , NavVisible : true , NavTrans : false
09-16 14:22:53.238 24435 24435 D InputMethodManager: startInputInner - Id : 0
09-16 14:22:53.238 24435 24435 I InputMethodManager: startInputInner - mService.startInputOrWindowGainedFocus
09-16 14:22:53.239 24435 24435 D InputTransport: Input channel constructed: 'ClientS', fd=84
09-16 14:22:53.240 24435 24435 D InputTransport: Input channel destroyed: 'ClientS', fd=82
09-16 14:22:54.941 24435 24435 I ViewRootImpl@c66e18[MainActivity]: ViewPostIme pointer 0
09-16 14:22:55.043 24435 24435 I ViewRootImpl@c66e18[MainActivity]: ViewPostIme pointer 1
09-16 14:22:55.092 24435 24435 D skia : approximate: numPoints=39, lengths[0]=0.000000, totalLength=620.200073, segmentPoints[0]=[-197.600006,0.000000]
09-16 14:22:55.092 24435 24435 D skia : approximate: approximation[0]=0.000000, approximation[1]=-197.600006, approximation[2]=0.000000
09-16 14:22:55.092 24435 24435 D skia : approximate: numPoints=39, lengths[38]=620.200073, totalLength=620.200073, segmentPoints[38]=[422.600037,0.000000]
09-16 14:22:55.092 24435 24435 D skia : approximate: approximation[114]=1.000000, approximation[115]=422.600037, approximation[116]=0.000000
09-16 14:22:55.093 24435 24435 D skia : approximate: numPoints=4, lengths[0]=0.000000, totalLength=3.448155, segmentPoints[0]=[0.000000,0.100000]
09-16 14:22:55.093 24435 24435 D skia : approximate: approximation[0]=0.000000, approximation[1]=0.000000, approximation[2]=0.100000
09-16 14:22:55.093 24435 24435 D skia : approximate: numPoints=4, lengths[3]=3.448155, totalLength=3.448155, segmentPoints[3]=[3.000000,0.100000]
09-16 14:22:55.093 24435 24435 D skia : approximate: approximation[9]=1.000000, approximation[10]=3.000000, approximation[11]=0.100000
09-16 14:22:55.093 24435 24435 D skia : approximate: numPoints=35, lengths[0]=0.000000, totalLength=722.199951, segmentPoints[0]=[-522.599976,0.000000]
09-16 14:22:55.093 24435 24435 D skia : approximate: approximation[0]=0.000000, approximation[1]=-522.599976, approximation[2]=0.000000
09-16 14:22:55.094 24435 24435 D skia : approximate: numPoints=35, lengths[34]=722.199951, totalLength=722.199951, segmentPoints[34]=[199.600006,0.000000]
09-16 14:22:55.094 24435 24435 D skia : approximate: approximation[102]=1.000000, approximation[103]=199.600006, approximation[104]=0.000000
09-16 14:22:55.094 24435 24435 D skia : approximate: numPoints=3, lengths[0]=0.000000, totalLength=2.472497, segmentPoints[0]=[0.000000,0.100000]
09-16 14:22:55.094 24435 24435 D skia : approximate: approximation[0]=0.000000, approximation[1]=0.000000, approximation[2]=0.100000
09-16 14:22:55.094 24435 24435 D skia : approximate: numPoints=3, lengths[2]=2.472497, totalLength=2.472497, segmentPoints[2]=[2.000000,0.100000]
09-16 14:22:55.094 24435 24435 D skia : approximate: approximation[6]=1.000000, approximation[7]=2.000000, approximation[8]=0.100000
09-16 14:22:55.109 24435 24435 D skia : approximate: numPoints=39, lengths[0]=0.000000, totalLength=620.200073, segmentPoints[0]=[-197.600006,0.000000]
09-16 14:22:55.109 24435 24435 D skia : approximate: approximation[0]=0.000000, approximation[1]=-197.600006, approximation[2]=0.000000
09-16 14:22:55.109 24435 24435 D skia : approximate: numPoints=39, lengths[38]=620.200073, totalLength=620.200073, segmentPoints[38]=[422.600037,0.000000]
09-16 14:22:55.109 24435 24435 D skia : approximate: approximation[114]=1.000000, approximation[115]=422.600037, approximation[116]=0.000000
09-16 14:22:55.109 24435 24435 D skia : approximate: numPoints=4, lengths[0]=0.000000, totalLength=3.448155, segmentPoints[0]=[0.000000,0.100000]
09-16 14:22:55.109 24435 24435 D skia : approximate: approximation[0]=0.000000, approximation[1]=0.000000, approximation[2]=0.100000
09-16 14:22:55.109 24435 24435 D skia : approximate: numPoints=4, lengths[3]=3.448155, totalLength=3.448155, segmentPoints[3]=[3.000000,0.100000]
09-16 14:22:55.109 24435 24435 D skia : approximate: approximation[9]=1.000000, approximation[10]=3.000000, approximation[11]=0.100000
09-16 14:22:55.109 24435 24435 D skia : approximate: numPoints=35, lengths[0]=0.000000, totalLength=722.199951, segmentPoints[0]=[-522.599976,0.000000]
09-16 14:22:55.109 24435 24435 D skia : approximate: approximation[0]=0.000000, approximation[1]=-522.599976, approximation[2]=0.000000
09-16 14:22:55.109 24435 24435 D skia : approximate: numPoints=35, lengths[34]=722.199951, totalLength=722.199951, segmentPoints[34]=[199.600006,0.000000]
09-16 14:22:55.109 24435 24435 D skia : approximate: approximation[102]=1.000000, approximation[103]=199.600006, approximation[104]=0.000000
09-16 14:22:55.109 24435 24435 D skia : approximate: numPoints=3, lengths[0]=0.000000, totalLength=2.472497, segmentPoints[0]=[0.000000,0.100000]
09-16 14:22:55.109 24435 24435 D skia : approximate: approximation[0]=0.000000, approximation[1]=0.000000, approximation[2]=0.100000
09-16 14:22:55.109 24435 24435 D skia : approximate: numPoints=3, lengths[2]=2.472497, totalLength=2.472497, segmentPoints[2]=[2.000000,0.100000]
09-16 14:22:55.109 24435 24435 D skia : approximate: approximation[6]=1.000000, approximation[7]=2.000000, approximation[8]=0.100000
09-16 14:22:55.111 24435 24435 I DecorView: [INFO] isPopOver=false, config=true
09-16 14:22:55.111 24435 24435 I DecorView: updateCaptionType >> DecorView@6f0e4ba[], isFloating=false, isApplication=true, hasWindowDecorCaption=false, hasWindowControllerCallback=true
09-16 14:22:55.111 24435 24435 D DecorView: setCaptionType = 0, this = DecorView@6f0e4ba[]
09-16 14:22:55.121 24435 24435 D InputTransport: Input channel constructed: 'f93ef24', fd=87
09-16 14:22:55.122 24435 24435 I ViewRootImpl@290a936[ScannerActivity]: setView = com.android.internal.policy.DecorView@6f0e4ba TM=true
09-16 14:22:55.133 24435 24435 I SurfaceControl: assignNativeObject: nativeObject = 0 Surface(name=null)/@0xa3ebca / android.view.SurfaceControl.readFromParcel:1117 android.view.IWindowSession$Stub$Proxy.relayout:1836 android.view.ViewRootImpl.relayoutWindow:9132 android.view.ViewRootImpl.performTraversals:3422 android.view.ViewRootImpl.doTraversal:2671 android.view.ViewRootImpl$TraversalRunnable.run:10094 android.view.Choreographer$CallbackRecord.run:1010 android.view.Choreographer.doCallbacks:809 android.view.Choreographer.doFrame:744 android.view.Choreographer$FrameDisplayEventReceiver.run:995
09-16 14:22:55.133 24435 24435 I ViewRootImpl@290a936[ScannerActivity]: Relayout returned: old=(0,0,1200,1920) new=(0,0,1200,1920) req=(1200,1920)0 dur=9 res=0x7 s={true -5476376669685026560} ch=true fn=-1
09-16 14:22:55.135 24435 24435 I ViewRootImpl@290a936[ScannerActivity]: [DP] dp(1) 1 android.view.ViewRootImpl.reportNextDraw:11080 android.view.ViewRootImpl.performTraversals:3917 android.view.ViewRootImpl.doTraversal:2671
09-16 14:22:55.135 24435 24435 I ViewRootImpl@290a936[ScannerActivity]: [DP] pd() Asnyc report
09-16 14:22:55.136 24435 24435 I ViewRootImpl@290a936[ScannerActivity]: mAttachInfo.mThreadedRenderer.draw, mView = DecorView@6f0e4ba[ScannerActivity] w = 1200 h = 1920
09-16 14:22:55.144 24435 24435 I ViewRootImpl@290a936[ScannerActivity]: [DP] pdf(0) 1 android.view.ViewRootImpl.lambda$performDraw$1$ViewRootImpl:4745 android.view.-$$Lambda$ViewRootImpl$DJd0VUYJgsebcnSohO6h8zc_ONI.run:6 android.os.Handler.handleCallback:938
09-16 14:22:55.144 24435 24435 I ViewRootImpl@290a936[ScannerActivity]: [DP] rdf()
09-16 14:22:55.145 24435 24435 I BluetoothAdapter: STATE_ON
09-16 14:22:55.145 24435 24435 I BluetoothAdapter: STATE_ON
09-16 14:22:55.146 24435 24435 I BluetoothAdapter: STATE_ON
09-16 14:22:55.146 24435 24435 I BluetoothAdapter: STATE_ON
09-16 14:22:55.146 24435 24435 I BluetoothAdapter: STATE_ON
09-16 14:22:55.146 24435 24435 I BluetoothAdapter: STATE_ON
09-16 14:22:55.146 24435 24435 I BluetoothAdapter: STATE_ON
09-16 14:22:55.147 24435 24435 D BluetoothLeScanner: Start Scan with callback
09-16 14:22:55.148 24435 32333 D BluetoothLeScanner: onScannerRegistered() - status=0 scannerId=10 mScannerId=0
09-16 14:22:55.157 24435 24435 I ViewRootImpl@c66e18[MainActivity]: MSG_WINDOW_FOCUS_CHANGED 0 1
09-16 14:22:55.166 24435 24435 I SurfaceControl: nativeRelease nativeObject s[-5476376674517173376]
09-16 14:22:55.166 24435 24435 I SurfaceControl: nativeRelease nativeObject e[-5476376674517173376]
09-16 14:22:55.166 24435 24435 I SurfaceControl: nativeRelease nativeObject s[-5476376674517150304]
09-16 14:22:55.166 24435 24435 I SurfaceControl: nativeRelease nativeObject e[-5476376674517150304]
09-16 14:22:55.166 24435 24435 I SurfaceControl: nativeRelease nativeObject s[-5476376674517181664]
09-16 14:22:55.166 24435 24435 I SurfaceControl: nativeRelease nativeObject e[-5476376674517181664]
09-16 14:22:55.168 24435 24435 I ViewRootImpl@290a936[ScannerActivity]: MSG_WINDOW_FOCUS_CHANGED 1 1
09-16 14:22:55.168 24435 24435 D InputMethodManager: prepareNavigationBarInfo() DecorView@6f0e4ba[ScannerActivity]
09-16 14:22:55.168 24435 24435 D InputMethodManager: getNavigationBarColor() -16777216
09-16 14:22:55.170 24435 24435 D InputMethodManager: prepareNavigationBarInfo() DecorView@6f0e4ba[ScannerActivity]
09-16 14:22:55.170 24435 24435 D InputMethodManager: getNavigationBarColor() -16777216
09-16 14:22:55.170 24435 24435 V InputMethodManager: Starting input: tba=no.nordicsemi.android.nrfmeshprovisioner ic=null mNaviBarColor -16777216 mIsGetNaviBarColorSuccess true , NavVisible : true , NavTrans : false
09-16 14:22:55.170 24435 24435 D InputMethodManager: startInputInner - Id : 0
09-16 14:22:55.170 24435 24435 I InputMethodManager: startInputInner - mService.startInputOrWindowGainedFocus
09-16 14:22:55.173 24435 24435 D InputTransport: Input channel constructed: 'ClientS', fd=91
09-16 14:22:55.173 24435 24435 D InputTransport: Input channel destroyed: 'ClientS', fd=84
09-16 14:22:55.185 24435 24435 I SurfaceControl: nativeRelease nativeObject s[-5476376674517241920]
09-16 14:22:55.185 24435 24435 I SurfaceControl: nativeRelease nativeObject e[-5476376674517241920]
09-16 14:22:55.186 24435 24435 I SurfaceControl: nativeRelease nativeObject s[-5476376674517161504]
09-16 14:22:55.186 24435 24435 I SurfaceControl: nativeRelease nativeObject e[-5476376674517161504]
09-16 14:22:55.186 24435 24435 I SurfaceControl: nativeRelease nativeObject s[-5476376674517153104]
09-16 14:22:55.186 24435 24435 I SurfaceControl: nativeRelease nativeObject e[-5476376674517153104]
09-16 14:22:55.576 24435 24435 I SurfaceControl: nativeRelease nativeObject s[-5476376674517153216]
09-16 14:22:55.576 24435 24435 I SurfaceControl: nativeRelease nativeObject e[-5476376674517153216]
09-16 14:22:55.576 24435 24435 I SurfaceControl: assignNativeObject: nativeObject = 0 Surface(name=null)/@0x6fc95aa / android.view.SurfaceControl.readFromParcel:1117 android.view.IWindowSession$Stub$Proxy.relayout:1826 android.view.ViewRootImpl.relayoutWindow:9132 android.view.ViewRootImpl.performTraversals:3422 android.view.ViewRootImpl.doTraversal:2671 android.view.ViewRootImpl$TraversalRunnable.run:10094 android.view.Choreographer$CallbackRecord.run:1010 android.view.Choreographer.doCallbacks:809 android.view.Choreographer.doFrame:744 android.view.Choreographer$FrameDisplayEventReceiver.run:995
09-16 14:22:55.577 24435 24435 I SurfaceControl: assignNativeObject: nativeObject = 0 Surface(name=null)/@0x2b623af / android.view.SurfaceControl.readFromParcel:1117 android.view.IWindowSession$Stub$Proxy.relayout:1836 android.view.ViewRootImpl.relayoutWindow:9132 android.view.ViewRootImpl.performTraversals:3422 android.view.ViewRootImpl.doTraversal:2671 android.view.ViewRootImpl$TraversalRunnable.run:10094 android.view.Choreographer$CallbackRecord.run:1010 android.view.Choreographer.doCallbacks:809 android.view.Choreographer.doFrame:744 android.view.Choreographer$FrameDisplayEventReceiver.run:995
09-16 14:22:55.577 24435 24435 I ViewRootImpl@c66e18[MainActivity]: Relayout returned: old=(0,0,1200,1920) new=(0,0,1200,1920) req=(1200,1920)8 dur=7 res=0x5 s={false 0} ch=true fn=43
09-16 14:22:55.578 24435 24435 I ViewRootImpl@c66e18[MainActivity]: stopped(true) old=false
09-16 14:22:56.424 24435 24435 I ViewRootImpl@290a936[ScannerActivity]: ViewPostIme pointer 0
09-16 14:22:56.525 24435 24435 I ViewRootImpl@290a936[ScannerActivity]: ViewPostIme pointer 1
09-16 14:22:56.565 24435 24435 D ScrollView: initGoToTop
09-16 14:22:56.595 24435 24435 I DecorView: [INFO] isPopOver=false, config=true
09-16 14:22:56.595 24435 24435 I DecorView: updateCaptionType >> DecorView@a9ec4f[], isFloating=false, isApplication=true, hasWindowDecorCaption=false, hasWindowControllerCallback=true
09-16 14:22:56.595 24435 24435 D DecorView: setCaptionType = 0, this = DecorView@a9ec4f[]
09-16 14:22:56.599 24435 24435 E ActivityThread: Failed to find provider info for no.nordicsemi.android.log
09-16 14:22:56.600 24435 24435 D AA : Connect issued
09-16 14:22:56.601 24435 24435 I BluetoothAdapter: STATE_ON
09-16 14:22:56.602 24435 24435 D BluetoothGatt: connect() - device: C1:70:0D:03:B1:E6, auto: false
09-16 14:22:56.602 24435 24435 I BluetoothAdapter: isSecureModeEnabled
09-16 14:22:56.603 24435 24435 D BluetoothGatt: registerApp()
09-16 14:22:56.603 24435 24435 D BluetoothGatt: registerApp() - UUID=56126983-cdd7-41c1-b497-cee31d12b0ac
09-16 14:22:56.607 24435 32333 D BluetoothGatt: onClientRegistered() - status=0 clientIf=11
09-16 14:22:56.612 24435 24435 D InputTransport: Input channel constructed: '901eec6', fd=83
09-16 14:22:56.613 24435 24435 I ViewRootImpl@67f9dc2[ProvisioningActivity]: setView = com.android.internal.policy.DecorView@a9ec4f TM=true
09-16 14:22:56.628 24435 24435 I SurfaceControl: assignNativeObject: nativeObject = 0 Surface(name=null)/@0xe7b5dc5 / android.view.SurfaceControl.readFromParcel:1117 android.view.IWindowSession$Stub$Proxy.relayout:1836 android.view.ViewRootImpl.relayoutWindow:9132 android.view.ViewRootImpl.performTraversals:3422 android.view.ViewRootImpl.doTraversal:2671 android.view.ViewRootImpl$TraversalRunnable.run:10094 android.view.Choreographer$CallbackRecord.run:1010 android.view.Choreographer.doCallbacks:809 android.view.Choreographer.doFrame:744 android.view.Choreographer$FrameDisplayEventReceiver.run:995
09-16 14:22:56.629 24435 24435 I ViewRootImpl@67f9dc2[ProvisioningActivity]: Relayout returned: old=(0,0,1200,1920) new=(0,0,1200,1920) req=(1200,1920)0 dur=9 res=0x7 s={true -5476376669685148640} ch=true fn=-1
09-16 14:22:56.630 24435 24435 I ViewRootImpl@67f9dc2[ProvisioningActivity]: [DP] dp(1) 1 android.view.ViewRootImpl.reportNextDraw:11080 android.view.ViewRootImpl.performTraversals:3917 android.view.ViewRootImpl.doTraversal:2671
09-16 14:22:56.630 24435 24435 I ViewRootImpl@67f9dc2[ProvisioningActivity]: [DP] pd() Asnyc report
09-16 14:22:56.631 24435 24435 I ViewRootImpl@67f9dc2[ProvisioningActivity]: mAttachInfo.mThreadedRenderer.draw, mView = DecorView@a9ec4f[ProvisioningActivity] w = 1200 h = 1920
09-16 14:22:56.640 24435 24435 I ViewRootImpl@67f9dc2[ProvisioningActivity]: [DP] pdf(0) 1 android.view.ViewRootImpl.lambda$performDraw$1$ViewRootImpl:4745 android.view.-$$Lambda$ViewRootImpl$DJd0VUYJgsebcnSohO6h8zc_ONI.run:6 android.os.Handler.handleCallback:938
09-16 14:22:56.640 24435 24435 I ViewRootImpl@67f9dc2[ProvisioningActivity]: [DP] rdf()
09-16 14:22:56.641 24435 24435 I ViewRootImpl@290a936[ScannerActivity]: MSG_WINDOW_FOCUS_CHANGED 0 1
09-16 14:22:56.647 24435 24435 I SurfaceControl: nativeRelease nativeObject s[-5476376674517241136]
09-16 14:22:56.647 24435 24435 I SurfaceControl: nativeRelease nativeObject e[-5476376674517241136]
09-16 14:22:56.647 24435 24435 I SurfaceControl: nativeRelease nativeObject s[-5476376674517118496]
09-16 14:22:56.647 24435 24435 I SurfaceControl: nativeRelease nativeObject e[-5476376674517118496]
09-16 14:22:56.648 24435 24435 I SurfaceControl: nativeRelease nativeObject s[-5476376674517209216]
09-16 14:22:56.648 24435 24435 I SurfaceControl: nativeRelease nativeObject e[-5476376674517209216]
09-16 14:22:56.668 24435 24435 I ViewRootImpl@67f9dc2[ProvisioningActivity]: MSG_WINDOW_FOCUS_CHANGED 1 1
09-16 14:22:56.668 24435 24435 D InputMethodManager: prepareNavigationBarInfo() DecorView@a9ec4f[ProvisioningActivity]
09-16 14:22:56.668 24435 24435 D InputMethodManager: getNavigationBarColor() -16777216
09-16 14:22:56.669 24435 24435 D InputMethodManager: prepareNavigationBarInfo() DecorView@a9ec4f[ProvisioningActivity]
09-16 14:22:56.669 24435 24435 D InputMethodManager: getNavigationBarColor() -16777216
09-16 14:22:56.669 24435 24435 V InputMethodManager: Starting input: tba=no.nordicsemi.android.nrfmeshprovisioner ic=null mNaviBarColor -16777216 mIsGetNaviBarColorSuccess true , NavVisible : true , NavTrans : false
09-16 14:22:56.669 24435 24435 D InputMethodManager: startInputInner - Id : 0
09-16 14:22:56.669 24435 24435 I InputMethodManager: startInputInner - mService.startInputOrWindowGainedFocus
09-16 14:22:56.671 24435 24435 D InputTransport: Input channel constructed: 'ClientS', fd=90
09-16 14:22:56.671 24435 24435 D InputTransport: Input channel destroyed: 'ClientS', fd=91
09-16 14:22:56.686 24435 24435 I SurfaceControl: nativeRelease nativeObject s[-5476376674517114352]
09-16 14:22:56.686 24435 24435 I SurfaceControl: nativeRelease nativeObject e[-5476376674517114352]
09-16 14:22:56.687 24435 24435 I SurfaceControl: nativeRelease nativeObject s[-5476376674517180880]
09-16 14:22:56.687 24435 24435 I SurfaceControl: nativeRelease nativeObject e[-5476376674517180880]
09-16 14:22:56.687 24435 24435 I SurfaceControl: nativeRelease nativeObject s[-5476376674517183344]
09-16 14:22:56.687 24435 24435 I SurfaceControl: nativeRelease nativeObject e[-5476376674517183344]
09-16 14:22:56.980 24435 31991 D BluetoothGatt: onClientConnectionState() - status=0 clientIf=11 device=C1:70:0D:03:B1:E6
09-16 14:22:56.981 24435 24435 I BleManager: Connected to C1:70:0D:03:B1:E6
09-16 14:22:57.080 24435 24435 I SurfaceControl: nativeRelease nativeObject s[-5476376674517149072]
09-16 14:22:57.081 24435 24435 I SurfaceControl: nativeRelease nativeObject e[-5476376674517149072]
09-16 14:22:57.081 24435 24435 I SurfaceControl: assignNativeObject: nativeObject = 0 Surface(name=null)/@0xb738517 / android.view.SurfaceControl.readFromParcel:1117 android.view.IWindowSession$Stub$Proxy.relayout:1826 android.view.ViewRootImpl.relayoutWindow:9132 android.view.ViewRootImpl.performTraversals:3422 android.view.ViewRootImpl.doTraversal:2671 android.view.ViewRootImpl$TraversalRunnable.run:10094 android.view.Choreographer$CallbackRecord.run:1010 android.view.Choreographer.doCallbacks:809 android.view.Choreographer.doFrame:744 android.view.Choreographer$FrameDisplayEventReceiver.run:995
09-16 14:22:57.081 24435 24435 I SurfaceControl: assignNativeObject: nativeObject = 0 Surface(name=null)/@0xa3ebca / android.view.SurfaceControl.readFromParcel:1117 android.view.IWindowSession$Stub$Proxy.relayout:1836 android.view.ViewRootImpl.relayoutWindow:9132 android.view.ViewRootImpl.performTraversals:3422 android.view.ViewRootImpl.doTraversal:2671 android.view.ViewRootImpl$TraversalRunnable.run:10094 android.view.Choreographer$CallbackRecord.run:1010 android.view.Choreographer.doCallbacks:809 android.view.Choreographer.doFrame:744 android.view.Choreographer$FrameDisplayEventReceiver.run:995
09-16 14:22:57.082 24435 24435 I ViewRootImpl@290a936[ScannerActivity]: Relayout returned: old=(0,0,1200,1920) new=(0,0,1200,1920) req=(1200,1920)8 dur=6 res=0x5 s={false 0} ch=true fn=116
09-16 14:22:57.082 24435 24435 I ViewRootImpl@290a936[ScannerActivity]: stopped(true) old=false
09-16 14:22:57.083 24435 24435 I BluetoothAdapter: STATE_ON
09-16 14:22:57.083 24435 24435 I BluetoothAdapter: STATE_ON
09-16 14:22:57.083 24435 24435 D BluetoothLeScanner: Stop Scan with callback
09-16 14:22:57.106 24435 24435 I SurfaceControl: assignNativeObject: nativeObject = 0 Surface(name=null)/@0xb738517 / android.view.SurfaceControl.readFromParcel:1117 android.view.IWindowSession$Stub$Proxy.relayout:1826 android.view.ViewRootImpl.relayoutWindow:9132 android.view.ViewRootImpl.performTraversals:3422 android.view.ViewRootImpl.doTraversal:2671 android.view.ViewRootImpl$TraversalRunnable.run:10094 android.view.Choreographer$CallbackRecord.run:1010 android.view.Choreographer.doCallbacks:809 android.view.Choreographer.doFrame:744 android.view.Choreographer$FrameDisplayEventReceiver.run:995
09-16 14:22:57.106 24435 24435 I SurfaceControl: assignNativeObject: nativeObject = 0 Surface(name=null)/@0xa3ebca / android.view.SurfaceControl.readFromParcel:1117 android.view.IWindowSession$Stub$Proxy.relayout:1836 android.view.ViewRootImpl.relayoutWindow:9132 android.view.ViewRootImpl.performTraversals:3422 android.view.ViewRootImpl.doTraversal:2671 android.view.ViewRootImpl$TraversalRunnable.run:10094 android.view.Choreographer$CallbackRecord.run:1010 android.view.Choreographer.doCallbacks:809 android.view.Choreographer.doFrame:744 android.view.Choreographer$FrameDisplayEventReceiver.run:995
09-16 14:22:57.106 24435 24435 I ViewRootImpl@290a936[ScannerActivity]: Relayout returned: old=(0,0,1200,1920) new=(0,0,1200,1920) req=(1200,1920)8 dur=5 res=0x5 s={false 0} ch=false fn=-1
09-16 14:22:57.282 24435 24435 D BluetoothGatt: discoverServices() - device: C1:70:0D:03:B1:E6
09-16 14:22:57.784 24435 31991 D BluetoothGatt: onConnectionUpdated() - Device=C1:70:0D:03:B1:E6 interval=60 latency=0 timeout=400 status=0
09-16 14:22:58.486 24435 31991 D BluetoothGatt: onConnectionUpdated() - Device=C1:70:0D:03:B1:E6 interval=6 latency=0 timeout=500 status=0
09-16 14:22:58.603 24435 31991 D BluetoothGatt: onSearchComplete() = Device=C1:70:0D:03:B1:E6 Status=0
09-16 14:22:58.603 24435 24435 I BleManager: Services discovered
09-16 14:22:58.604 24435 24435 D BluetoothGatt: configureMTU() - device: C1:70:0D:03:B1:E6 mtu: 517
09-16 14:22:58.622 24435 31991 D BluetoothGatt: onConfigureMTU() - Device=C1:70:0D:03:B1:E6 mtu=69 status=0
09-16 14:22:58.622 24435 24435 I BleManager: MTU changed to: 69
09-16 14:22:58.622 24435 24435 D BluetoothGatt: setCharacteristicNotification() - uuid: 00002adc-0000-1000-8000-00805f9b34fb enable: true
09-16 14:22:58.637 24435 24435 I BleManager: Data written to descr. 00002902-0000-1000-8000-00805f9b34fb, value: (0x) 01-00
09-16 14:22:58.637 24435 24435 I BleManager: Notifications enabled
09-16 14:22:58.656 24435 24435 D ScrollView: onsize change changed
09-16 14:22:58.667 24435 31991 D BluetoothGatt: onConnectionUpdated() - Device=C1:70:0D:03:B1:E6 interval=60 latency=0 timeout=400 status=0
09-16 14:23:04.341 24435 24435 I ViewRootImpl@67f9dc2[ProvisioningActivity]: ViewPostIme pointer 0
09-16 14:23:04.443 24435 24435 I ViewRootImpl@67f9dc2[ProvisioningActivity]: ViewPostIme pointer 1
09-16 14:23:04.468 24435 24435 I BleManager: Data written to 00002adb-0000-1000-8000-00805f9b34fb, value: (0x) 03-00-05
09-16 14:23:04.469 24435 24435 V MeshManagerApi: Provisioning pdu sent: 0x030005
09-16 14:23:04.562 24435 24435 I BleManager: Notification received from 00002adc-0000-1000-8000-00805f9b34fb, value: (0x) 03-01-04-00-01-00-00-00-00-00-00-00-00
09-16 14:23:04.563 24435 24435 V MeshManagerApi: Received provisioning message: 0x03010400010000000000000000
09-16 14:23:04.563 24435 24435 V ProvisioningCapabilities: Number of elements: 4
09-16 14:23:04.563 24435 24435 V AlgorithmType: Supported output oob action type: FIPS P-256 Elliptic Curve
09-16 14:23:04.563 24435 24435 V ProvisioningCapabilities: Public key information available: false
09-16 14:23:04.563 24435 24435 V ProvisioningCapabilities: Static OOB information available: : false
09-16 14:23:04.563 24435 24435 V ProvisioningCapabilities: Output OOB size: 0
09-16 14:23:04.563 24435 24435 V ProvisioningCapabilities: Input OOB size: 0
09-16 14:23:14.524 24435 24435 I ViewRootImpl@67f9dc2[ProvisioningActivity]: ViewPostIme pointer 0
09-16 14:23:14.627 24435 24435 I ViewRootImpl@67f9dc2[ProvisioningActivity]: ViewPostIme pointer 1
09-16 14:23:14.639 24435 24435 V ProvisioningStartState: Provisioning start PDU: 0x03020000000000
09-16 14:23:14.667 24435 24435 I SurfaceControl: nativeRelease nativeObject s[-5476376674517178864]
09-16 14:23:14.667 24435 24435 I SurfaceControl: nativeRelease nativeObject e[-5476376674517178864]
09-16 14:23:14.667 24435 24435 I SurfaceControl: assignNativeObject: nativeObject = 0 Surface(name=null)/@0xe7b5dc5 / android.view.SurfaceControl.readFromParcel:1117 android.view.IWindowSession$Stub$Proxy.relayout:1836 android.view.ViewRootImpl.relayoutWindow:9132 android.view.ViewRootImpl.performTraversals:3422 android.view.ViewRootImpl.doTraversal:2671 android.view.ViewRootImpl$TraversalRunnable.run:10094 android.view.Choreographer$CallbackRecord.run:1010 android.view.Choreographer.doCallbacks:809 android.view.Choreographer.doFrame:744 android.view.Choreographer$FrameDisplayEventReceiver.run:995
09-16 14:23:14.668 24435 24435 I SurfaceControl: nativeRelease nativeObject s[-5476376674517114352]
09-16 14:23:14.668 24435 24435 I SurfaceControl: nativeRelease nativeObject e[-5476376674517114352]
09-16 14:23:14.668 24435 24435 I SurfaceControl: nativeRelease nativeObject s[-5476376674517150640]
09-16 14:23:14.668 24435 24435 I SurfaceControl: nativeRelease nativeObject e[-5476376674517150640]
09-16 14:23:14.668 24435 24435 I SurfaceControl: nativeRelease nativeObject s[-5476376674517133840]
09-16 14:23:14.668 24435 24435 I SurfaceControl: nativeRelease nativeObject e[-5476376674517133840]
09-16 14:23:14.668 24435 24435 I ViewRootImpl@67f9dc2[ProvisioningActivity]: Relayout returned: old=(0,0,1200,1920) new=(0,0,1200,1920) req=(1200,1920)0 dur=6 res=0x1 s={true -5476376669685148640} ch=false fn=151
09-16 14:23:14.669 24435 24435 I ViewRootImpl@67f9dc2[ProvisioningActivity]: mAttachInfo.mThreadedRenderer.draw, mView = DecorView@a9ec4f[ProvisioningActivity] w = 1200 h = 1920
09-16 14:23:14.671 24435 24435 I BleManager: Data written to 00002adb-0000-1000-8000-00805f9b34fb, value: (0x) 03-02-00-00-00-00-00
09-16 14:23:14.671 24435 24435 V MeshManagerApi: Provisioning pdu sent: 0x03020000000000
09-16 14:23:14.674 24435 24435 V ProvisioningPublicKeyState: X: length: 32 CB320055552B01D857FC9F6FE99101C7F37DE49A3286CDA8516B0E8B286657B1
09-16 14:23:14.674 24435 24435 V ProvisioningPublicKeyState: Y: length: 32 1A565F2DB6B34F13A4EA6CBD1DDE0B7F2ACD38531E46EF6500AD2DB0FAFD3482
09-16 14:23:14.674 24435 24435 V ProvisioningPublicKeyState: XY: 0xCB320055552B01D857FC9F6FE99101C7F37DE49A3286CDA8516B0E8B286657B11A565F2DB6B34F13A4EA6CBD1DDE0B7F2ACD38531E46EF6500AD2DB0FAFD3482
09-16 14:23:14.678 24435 24435 I BleManager: Data written to 00002adb-0000-1000-8000-00805f9b34fb, value: (0x) 03-03-CB-32-00-55-55-2B-01-D8-57-FC-9F-6F-E9-91-01-C7-F3-7D-E4-9A-32-86-CD-A8-51-6B-0E-8B-28-66-57-B1-1A-56-5F-2D-B6-B3-4F-13-A4-EA-6C-BD-1D-DE-0B-7F-2A-CD-38-53-1E-46-EF-65-00-AD-2D-B0-FA-FD-34-82
09-16 14:23:14.689 24435 24435 V MeshManagerApi: Provisioning pdu sent: 0x0303CB320055552B01D857FC9F6FE99101C7F37DE49A3286CDA8516B0E8B286657B11A565F2DB6B34F13A4EA6CBD1DDE0B7F2ACD38531E46EF6500AD2DB0FAFD3482
09-16 14:23:18.740 24435 31991 D BluetoothGatt: onClientConnectionState() - status=8 clientIf=11 device=C1:70:0D:03:B1:E6
09-16 14:23:18.741 24435 24435 W BleManager: Error: (0x8): GATT CONN TIMEOUT
09-16 14:23:18.741 24435 24435 I BleManager: Disconnected
09-16 14:23:18.743 24435 24435 D BluetoothGatt: refresh() - device: C1:70:0D:03:B1:E6
09-16 14:23:18.744 24435 24435 I BleManager: Cache refreshed
09-16 14:23:18.744 24435 24435 D BluetoothGatt: close()
09-16 14:23:18.746 24435 24435 D BluetoothGatt: unregisterApp() - mClientIf=11
09-16 14:23:18.749 24435 24435 V s : Disconnected
09-16 14:23:18.783 24435 24435 I ViewRootImpl@290a936[ScannerActivity]: stopped(false) old=true
09-16 14:23:18.784 24435 24435 I BluetoothAdapter: STATE_ON
09-16 14:23:18.784 24435 24435 I BluetoothAdapter: STATE_ON
09-16 14:23:18.784 24435 24435 I BluetoothAdapter: STATE_ON
09-16 14:23:18.785 24435 24435 I BluetoothAdapter: STATE_ON
09-16 14:23:18.785 24435 24435 I BluetoothAdapter: STATE_ON
09-16 14:23:18.785 24435 24435 I BluetoothAdapter: STATE_ON
09-16 14:23:18.785 24435 24435 I BluetoothAdapter: STATE_ON
09-16 14:23:18.786 24435 24435 D BluetoothLeScanner: Start Scan with callback
09-16 14:23:18.787 24435 31991 D BluetoothLeScanner: onScannerRegistered() - status=0 scannerId=10 mScannerId=0
09-16 14:23:18.792 24435 24435 I ViewRootImpl@290a936[ScannerActivity]: stopped(false) old=false
