09-16 14:29:12.879 24435 24435 I ViewRootImpl@290a936[ScannerActivity]: ViewPostIme pointer 1
09-16 14:29:12.955 24435 24435 D ScrollView: initGoToTop
09-16 14:29:13.002 24435 24435 I DecorView: [INFO] isPopOver=false, config=true
09-16 14:29:13.002 24435 24435 I DecorView: updateCaptionType >> DecorView@849e0d1[], isFloating=false, isApplication=true, hasWindowDecorCaption=false, hasWindowControllerCallback=true
09-16 14:29:13.002 24435 24435 D DecorView: setCaptionType = 0, this = DecorView@849e0d1[]
09-16 14:29:13.011 24435 24435 E ActivityThread: Failed to find provider info for no.nordicsemi.android.log
09-16 14:29:13.012 24435 24435 D AA : Connect issued
09-16 14:29:13.013 24435 24435 I BluetoothAdapter: STATE_ON
09-16 14:29:13.014 24435 24435 D BluetoothGatt: connect() - device: C1:70:0D:03:B1:E6, auto: false
09-16 14:29:13.014 24435 24435 I BluetoothAdapter: isSecureModeEnabled
09-16 14:29:13.015 24435 24435 D BluetoothGatt: registerApp()
09-16 14:29:13.015 24435 24435 D BluetoothGatt: registerApp() - UUID=ffe13ed1-8022-4f02-81de-5593fdd77c1a
09-16 14:29:13.021 24435 520 D BluetoothGatt: onClientRegistered() - status=0 clientIf=11
09-16 14:29:13.028 24435 24435 D InputTransport: Input channel constructed: 'e993329', fd=91
09-16 14:29:13.029 24435 24435 I ViewRootImpl@da135[ProvisioningActivity]: setView = com.android.internal.policy.DecorView@849e0d1 TM=true
09-16 14:29:13.046 24435 24435 I SurfaceControl: assignNativeObject: nativeObject = 0 Surface(name=null)/@0x12eb804 / android.view.SurfaceControl.readFromParcel:1117 android.view.IWindowSession$Stub$Proxy.relayout:1836 android.view.ViewRootImpl.relayoutWindow:9132 android.view.ViewRootImpl.performTraversals:3422 android.view.ViewRootImpl.doTraversal:2671 android.view.ViewRootImpl$TraversalRunnable.run:10094 android.view.Choreographer$CallbackRecord.run:1010 android.view.Choreographer.doCallbacks:809 android.view.Choreographer.doFrame:744 android.view.Choreographer$FrameDisplayEventReceiver.run:995
09-16 14:29:13.047 24435 24435 I ViewRootImpl@da135[ProvisioningActivity]: Relayout returned: old=(0,0,1200,1920) new=(0,0,1200,1920) req=(1200,1920)0 dur=9 res=0x7 s={true -5476376669685218400} ch=true fn=-1
09-16 14:29:13.048 24435 24435 I ViewRootImpl@da135[ProvisioningActivity]: [DP] dp(1) 1 android.view.ViewRootImpl.reportNextDraw:11080 android.view.ViewRootImpl.performTraversals:3917 android.view.ViewRootImpl.doTraversal:2671
09-16 14:29:13.048 24435 24435 I ViewRootImpl@da135[ProvisioningActivity]: [DP] pd() Asnyc report
09-16 14:29:13.048 24435 24435 I ViewRootImpl@da135[ProvisioningActivity]: mAttachInfo.mThreadedRenderer.draw, mView = DecorView@849e0d1[ProvisioningActivity] w = 1200 h = 1920
09-16 14:29:13.060 24435 24435 I ViewRootImpl@da135[ProvisioningActivity]: [DP] pdf(0) 1 android.view.ViewRootImpl.lambda$performDraw$1$ViewRootImpl:4745 android.view.-$$Lambda$ViewRootImpl$DJd0VUYJgsebcnSohO6h8zc_ONI.run:6 android.os.Handler.handleCallback:938
09-16 14:29:13.060 24435 24435 I ViewRootImpl@da135[ProvisioningActivity]: [DP] rdf()
09-16 14:29:13.060 24435 24435 I ViewRootImpl@290a936[ScannerActivity]: MSG_WINDOW_FOCUS_CHANGED 0 1
09-16 14:29:13.070 24435 24435 I SurfaceControl: nativeRelease nativeObject s[-5476376674517226464]
09-16 14:29:13.070 24435 24435 I SurfaceControl: nativeRelease nativeObject e[-5476376674517226464]
09-16 14:29:13.070 24435 24435 I SurfaceControl: nativeRelease nativeObject s[-5476376674517143584]
09-16 14:29:13.070 24435 24435 I SurfaceControl: nativeRelease nativeObject e[-5476376674517143584]
09-16 14:29:13.070 24435 24435 I SurfaceControl: nativeRelease nativeObject s[-5476376674517152096]
09-16 14:29:13.070 24435 24435 I SurfaceControl: nativeRelease nativeObject e[-5476376674517152096]
09-16 14:29:13.089 24435 24435 I ViewRootImpl@da135[ProvisioningActivity]: MSG_WINDOW_FOCUS_CHANGED 1 1
09-16 14:29:13.089 24435 24435 D InputMethodManager: prepareNavigationBarInfo() DecorView@849e0d1[ProvisioningActivity]
09-16 14:29:13.089 24435 24435 D InputMethodManager: getNavigationBarColor() -16777216
09-16 14:29:13.090 24435 24435 D InputMethodManager: prepareNavigationBarInfo() DecorView@849e0d1[ProvisioningActivity]
09-16 14:29:13.090 24435 24435 D InputMethodManager: getNavigationBarColor() -16777216
09-16 14:29:13.090 24435 24435 V InputMethodManager: Starting input: tba=no.nordicsemi.android.nrfmeshprovisioner ic=null mNaviBarColor -16777216 mIsGetNaviBarColorSuccess true , NavVisible : true , NavTrans : false
09-16 14:29:13.090 24435 24435 D InputMethodManager: startInputInner - Id : 0
09-16 14:29:13.090 24435 24435 I InputMethodManager: startInputInner - mService.startInputOrWindowGainedFocus
09-16 14:29:13.092 24435 24435 D InputTransport: Input channel constructed: 'ClientS', fd=98
09-16 14:29:13.092 24435 24435 D InputTransport: Input channel destroyed: 'ClientS', fd=86
09-16 14:29:13.105 24435 24435 I SurfaceControl: nativeRelease nativeObject s[-5476376674517225904]
09-16 14:29:13.105 24435 24435 I SurfaceControl: nativeRelease nativeObject e[-5476376674517225904]
09-16 14:29:13.106 24435 24435 I SurfaceControl: nativeRelease nativeObject s[-5476376674517156352]
09-16 14:29:13.106 24435 24435 I SurfaceControl: nativeRelease nativeObject e[-5476376674517156352]
09-16 14:29:13.106 24435 24435 I SurfaceControl: nativeRelease nativeObject s[-5476376674517129584]
09-16 14:29:13.106 24435 24435 I SurfaceControl: nativeRelease nativeObject e[-5476376674517129584]
09-16 14:29:13.528 24435 24435 I SurfaceControl: nativeRelease nativeObject s[-5476376674517155344]
09-16 14:29:13.528 24435 24435 I SurfaceControl: nativeRelease nativeObject e[-5476376674517155344]
09-16 14:29:13.529 24435 24435 I SurfaceControl: assignNativeObject: nativeObject = 0 Surface(name=null)/@0xb738517 / android.view.SurfaceControl.readFromParcel:1117 android.view.IWindowSession$Stub$Proxy.relayout:1826 android.view.ViewRootImpl.relayoutWindow:9132 android.view.ViewRootImpl.performTraversals:3422 android.view.ViewRootImpl.doTraversal:2671 android.view.ViewRootImpl$TraversalRunnable.run:10094 android.view.Choreographer$CallbackRecord.run:1010 android.view.Choreographer.doCallbacks:809 android.view.Choreographer.doFrame:744 android.view.Choreographer$FrameDisplayEventReceiver.run:995
09-16 14:29:13.529 24435 24435 I SurfaceControl: assignNativeObject: nativeObject = 0 Surface(name=null)/@0xa3ebca / android.view.SurfaceControl.readFromParcel:1117 android.view.IWindowSession$Stub$Proxy.relayout:1836 android.view.ViewRootImpl.relayoutWindow:9132 android.view.ViewRootImpl.performTraversals:3422 android.view.ViewRootImpl.doTraversal:2671 android.view.ViewRootImpl$TraversalRunnable.run:10094 android.view.Choreographer$CallbackRecord.run:1010 android.view.Choreographer.doCallbacks:809 android.view.Choreographer.doFrame:744 android.view.Choreographer$FrameDisplayEventReceiver.run:995
09-16 14:29:13.531 24435 24435 I ViewRootImpl@290a936[ScannerActivity]: Relayout returned: old=(0,0,1200,1920) new=(0,0,1200,1920) req=(1200,1920)8 dur=9 res=0x5 s={false 0} ch=true fn=83
09-16 14:29:13.531 24435 24435 I ViewRootImpl@290a936[ScannerActivity]: stopped(true) old=false
09-16 14:29:13.539 24435 24435 I BluetoothAdapter: STATE_ON
09-16 14:29:13.539 24435 24435 I BluetoothAdapter: STATE_ON
09-16 14:29:13.539 24435 24435 D BluetoothLeScanner: Stop Scan with callback
09-16 14:29:13.562 24435 24435 I SurfaceControl: assignNativeObject: nativeObject = 0 Surface(name=null)/@0xb738517 / android.view.SurfaceControl.readFromParcel:1117 android.view.IWindowSession$Stub$Proxy.relayout:1826 android.view.ViewRootImpl.relayoutWindow:9132 android.view.ViewRootImpl.performTraversals:3422 android.view.ViewRootImpl.doTraversal:2671 android.view.ViewRootImpl$TraversalRunnable.run:10094 android.view.Choreographer$CallbackRecord.run:1010 android.view.Choreographer.doCallbacks:809 android.view.Choreographer.doFrame:744 android.view.Choreographer$FrameDisplayEventReceiver.run:995
09-16 14:29:13.562 24435 24435 I SurfaceControl: assignNativeObject: nativeObject = 0 Surface(name=null)/@0xa3ebca / android.view.SurfaceControl.readFromParcel:1117 android.view.IWindowSession$Stub$Proxy.relayout:1836 android.view.ViewRootImpl.relayoutWindow:9132 android.view.ViewRootImpl.performTraversals:3422 android.view.ViewRootImpl.doTraversal:2671 android.view.ViewRootImpl$TraversalRunnable.run:10094 android.view.Choreographer$CallbackRecord.run:1010 android.view.Choreographer.doCallbacks:809 android.view.Choreographer.doFrame:744 android.view.Choreographer$FrameDisplayEventReceiver.run:995
09-16 14:29:13.563 24435 24435 I ViewRootImpl@290a936[ScannerActivity]: Relayout returned: old=(0,0,1200,1920) new=(0,0,1200,1920) req=(1200,1920)8 dur=6 res=0x5 s={false 0} ch=false fn=-1
09-16 14:29:14.505 24435 520 D BluetoothGatt: onClientConnectionState() - status=0 clientIf=11 device=C1:70:0D:03:B1:E6
09-16 14:29:14.508 24435 24435 I BleManager: Connected to C1:70:0D:03:B1:E6
09-16 14:29:14.808 24435 24435 D BluetoothGatt: discoverServices() - device: C1:70:0D:03:B1:E6
09-16 14:29:15.241 24435 520 D BluetoothGatt: onConnectionUpdated() - Device=C1:70:0D:03:B1:E6 interval=60 latency=0 timeout=400 status=0
09-16 14:29:15.961 24435 520 D BluetoothGatt: onConnectionUpdated() - Device=C1:70:0D:03:B1:E6 interval=6 latency=0 timeout=500 status=0
09-16 14:29:16.088 24435 520 D BluetoothGatt: onSearchComplete() = Device=C1:70:0D:03:B1:E6 Status=0
09-16 14:29:16.088 24435 24435 I BleManager: Services discovered
09-16 14:29:16.089 24435 24435 D BluetoothGatt: configureMTU() - device: C1:70:0D:03:B1:E6 mtu: 517
09-16 14:29:16.103 24435 520 D BluetoothGatt: onConfigureMTU() - Device=C1:70:0D:03:B1:E6 mtu=69 status=0
09-16 14:29:16.105 24435 24435 I BleManager: MTU changed to: 69
09-16 14:29:16.105 24435 24435 D BluetoothGatt: setCharacteristicNotification() - uuid: 00002adc-0000-1000-8000-00805f9b34fb enable: true
09-16 14:29:16.119 24435 24435 I BleManager: Data written to descr. 00002902-0000-1000-8000-00805f9b34fb, value: (0x) 01-00
09-16 14:29:16.119 24435 24435 I BleManager: Notifications enabled
09-16 14:29:16.146 24435 24435 D ScrollView: onsize change changed
09-16 14:29:16.148 24435 520 D BluetoothGatt: onConnectionUpdated() - Device=C1:70:0D:03:B1:E6 interval=60 latency=0 timeout=400 status=0
09-16 14:29:21.236 24435 24435 I ViewRootImpl@da135[ProvisioningActivity]: ViewPostIme key 0
09-16 14:29:21.483 24435 24435 I ViewRootImpl@da135[ProvisioningActivity]: ViewPostIme key 0
09-16 14:29:21.533 24435 24435 I ViewRootImpl@da135[ProvisioningActivity]: ViewPostIme key 0
09-16 14:29:21.583 24435 24435 I ViewRootImpl@da135[ProvisioningActivity]: ViewPostIme key 0
09-16 14:29:21.633 24435 24435 I ViewRootImpl@da135[ProvisioningActivity]: ViewPostIme key 0
09-16 14:29:21.684 24435 24435 I ViewRootImpl@da135[ProvisioningActivity]: ViewPostIme key 0
09-16 14:29:21.735 24435 24435 I ViewRootImpl@da135[ProvisioningActivity]: ViewPostIme key 0
09-16 14:29:21.786 24435 24435 I ViewRootImpl@da135[ProvisioningActivity]: ViewPostIme key 0
09-16 14:29:21.835 24435 24435 I ViewRootImpl@da135[ProvisioningActivity]: ViewPostIme key 0
09-16 14:29:21.887 24435 24435 I ViewRootImpl@da135[ProvisioningActivity]: ViewPostIme key 0
09-16 14:29:21.937 24435 24435 I ViewRootImpl@da135[ProvisioningActivity]: ViewPostIme key 0
09-16 14:29:21.988 24435 24435 I ViewRootImpl@da135[ProvisioningActivity]: ViewPostIme key 0
09-16 14:29:22.039 24435 24435 I ViewRootImpl@da135[ProvisioningActivity]: ViewPostIme key 0
09-16 14:29:22.090 24435 24435 I ViewRootImpl@da135[ProvisioningActivity]: ViewPostIme key 0
09-16 14:29:22.140 24435 24435 I ViewRootImpl@da135[ProvisioningActivity]: ViewPostIme key 0
09-16 14:29:22.191 24435 24435 I ViewRootImpl@da135[ProvisioningActivity]: ViewPostIme key 0
09-16 14:29:22.241 24435 24435 I ViewRootImpl@da135[ProvisioningActivity]: ViewPostIme key 0
09-16 14:29:22.292 24435 24435 I ViewRootImpl@da135[ProvisioningActivity]: ViewPostIme key 0
09-16 14:29:22.316 24435 24435 I ViewRootImpl@da135[ProvisioningActivity]: ViewPostIme key 1
09-16 14:29:24.356 24435 24435 I SurfaceControl: nativeRelease nativeObject s[-5476376674517143584]
09-16 14:29:24.356 24435 24435 I SurfaceControl: nativeRelease nativeObject e[-5476376674517143584]
09-16 14:29:24.356 24435 24435 I SurfaceControl: nativeRelease nativeObject s[-5476376674517152096]
09-16 14:29:24.356 24435 24435 I SurfaceControl: nativeRelease nativeObject e[-5476376674517152096]
09-16 14:29:24.356 24435 24435 I SurfaceControl: nativeRelease nativeObject s[-5476376674517225904]
09-16 14:29:24.356 24435 24435 I SurfaceControl: nativeRelease nativeObject e[-5476376674517225904]
09-16 14:29:24.371 24435 24435 I ViewRootImpl@da135[ProvisioningActivity]: MSG_WINDOW_FOCUS_CHANGED 0 1
09-16 14:29:24.598 24435 24435 I ViewRootImpl@da135[ProvisioningActivity]: MSG_RESIZED_REPORT: frame=(0,0,1200,1920) ci=(0,0,0,72) vi=(0,0,0,72) or=1
09-16 14:29:24.598 24435 24435 I ViewRootImpl@da135[ProvisioningActivity]: [DP] dp(1) 1 android.view.ViewRootImpl.reportNextDraw:11080 android.view.ViewRootImpl.access$1300:255 android.view.ViewRootImpl$ViewRootHandler.handleMessage:6209
09-16 14:29:24.608 24435 24435 I SurfaceControl: nativeRelease nativeObject s[-5476376674517189616]
09-16 14:29:24.608 24435 24435 I SurfaceControl: nativeRelease nativeObject e[-5476376674517189616]
09-16 14:29:24.608 24435 24435 I SurfaceControl: assignNativeObject: nativeObject = 0 Surface(name=null)/@0x12eb804 / android.view.SurfaceControl.readFromParcel:1117 android.view.IWindowSession$Stub$Proxy.relayout:1836 android.view.ViewRootImpl.relayoutWindow:9132 android.view.ViewRootImpl.performTraversals:3422 android.view.ViewRootImpl.doTraversal:2671 android.view.ViewRootImpl$TraversalRunnable.run:10094 android.view.Choreographer$CallbackRecord.run:1010 android.view.Choreographer.doCallbacks:809 android.view.Choreographer.doFrame:744 android.view.Choreographer$FrameDisplayEventReceiver.run:995
09-16 14:29:24.609 24435 24435 I SurfaceControl: nativeRelease nativeObject s[-5476376674517112336]
09-16 14:29:24.609 24435 24435 I SurfaceControl: nativeRelease nativeObject e[-5476376674517112336]
09-16 14:29:24.609 24435 24435 I ViewRootImpl@da135[ProvisioningActivity]: Relayout returned: old=(0,0,1200,1920) new=(0,0,1200,1920) req=(1200,1920)0 dur=6 res=0x1 s={true -5476376669685218400} ch=false fn=189
09-16 14:29:24.609 24435 24435 I ViewRootImpl@da135[ProvisioningActivity]: [DP] pd() Asnyc report
09-16 14:29:24.612 24435 24435 I ViewRootImpl@da135[ProvisioningActivity]: mAttachInfo.mThreadedRenderer.draw, mView = DecorView@849e0d1[ProvisioningActivity] w = 1200 h = 1920
09-16 14:29:24.621 24435 24435 I ViewRootImpl@da135[ProvisioningActivity]: [DP] pdf(0) 1 android.view.ViewRootImpl.lambda$performDraw$1$ViewRootImpl:4745 android.view.-$$Lambda$ViewRootImpl$DJd0VUYJgsebcnSohO6h8zc_ONI.run:6 android.os.Handler.handleCallback:938
09-16 14:29:24.621 24435 24435 I ViewRootImpl@da135[ProvisioningActivity]: [DP] rdf()
09-16 14:29:35.373 24435 24435 I SurfaceControl: nativeRelease nativeObject s[-5476376674517189616]
09-16 14:29:35.373 24435 24435 I SurfaceControl: nativeRelease nativeObject e[-5476376674517189616]
09-16 14:29:35.391 24435 24435 I ViewRootImpl@da135[ProvisioningActivity]: MSG_WINDOW_FOCUS_CHANGED 1 1
09-16 14:29:35.391 24435 24435 D InputMethodManager: prepareNavigationBarInfo() DecorView@849e0d1[ProvisioningActivity]
09-16 14:29:35.391 24435 24435 D InputMethodManager: getNavigationBarColor() -16777216
09-16 14:29:35.393 24435 24435 D InputMethodManager: prepareNavigationBarInfo() DecorView@849e0d1[ProvisioningActivity]
09-16 14:29:35.393 24435 24435 D InputMethodManager: getNavigationBarColor() -16777216
09-16 14:29:35.393 24435 24435 V InputMethodManager: Starting input: tba=no.nordicsemi.android.nrfmeshprovisioner ic=null mNaviBarColor -16777216 mIsGetNaviBarColorSuccess true , NavVisible : true , NavTrans : false
09-16 14:29:35.393 24435 24435 D InputMethodManager: startInputInner - Id : 0
09-16 14:29:35.393 24435 24435 I InputMethodManager: startInputInner - mService.startInputOrWindowGainedFocus
09-16 14:29:35.395 24435 24435 D InputTransport: Input channel constructed: 'ClientS', fd=84
09-16 14:29:35.395 24435 24435 D InputTransport: Input channel destroyed: 'ClientS', fd=98
09-16 14:29:35.976 24435 24435 I ViewRootImpl@da135[ProvisioningActivity]: ViewPostIme pointer 0
09-16 14:29:36.012 24435 24435 I ViewRootImpl@da135[ProvisioningActivity]: ViewPostIme pointer 1
09-16 14:29:36.028 24435 24435 I BleManager: Data written to 00002adb-0000-1000-8000-00805f9b34fb, value: (0x) 03-00-05
09-16 14:29:36.028 24435 24435 V MeshManagerApi: Provisioning pdu sent: 0x030005
09-16 14:29:36.136 24435 24435 I BleManager: Notification received from 00002adc-0000-1000-8000-00805f9b34fb, value: (0x) 03-01-04-00-01-00-00-00-00-00-00-00-00
09-16 14:29:36.137 24435 24435 V MeshManagerApi: Received provisioning message: 0x03010400010000000000000000
09-16 14:29:36.137 24435 24435 V ProvisioningCapabilities: Number of elements: 4
09-16 14:29:36.137 24435 24435 V AlgorithmType: Supported output oob action type: FIPS P-256 Elliptic Curve
09-16 14:29:36.137 24435 24435 V ProvisioningCapabilities: Public key information available: false
09-16 14:29:36.137 24435 24435 V ProvisioningCapabilities: Static OOB information available: : false
09-16 14:29:36.137 24435 24435 V ProvisioningCapabilities: Output OOB size: 0
09-16 14:29:36.137 24435 24435 V ProvisioningCapabilities: Input OOB size: 0
09-16 14:29:37.410 24435 24435 I ViewRootImpl@da135[ProvisioningActivity]: ViewPostIme pointer 0
09-16 14:29:37.479 24435 24435 I ViewRootImpl@da135[ProvisioningActivity]: ViewPostIme pointer 1
09-16 14:29:37.491 24435 24435 V ProvisioningStartState: Provisioning start PDU: 0x03020000000000
09-16 14:29:37.522 24435 24435 I SurfaceControl: nativeRelease nativeObject s[-5476376674517225904]
09-16 14:29:37.522 24435 24435 I SurfaceControl: nativeRelease nativeObject e[-5476376674517225904]
09-16 14:29:37.522 24435 24435 I SurfaceControl: assignNativeObject: nativeObject = 0 Surface(name=null)/@0x12eb804 / android.view.SurfaceControl.readFromParcel:1117 android.view.IWindowSession$Stub$Proxy.relayout:1836 android.view.ViewRootImpl.relayoutWindow:9132 android.view.ViewRootImpl.performTraversals:3422 android.view.ViewRootImpl.doTraversal:2671 android.view.ViewRootImpl$TraversalRunnable.run:10094 android.view.Choreographer$CallbackRecord.run:1010 android.view.Choreographer.doCallbacks:809 android.view.Choreographer.doFrame:744 android.view.Choreographer$FrameDisplayEventReceiver.run:995
09-16 14:29:37.522 24435 24435 I SurfaceControl: nativeRelease nativeObject s[-5476376674517112336]
09-16 14:29:37.522 24435 24435 I SurfaceControl: nativeRelease nativeObject e[-5476376674517112336]
09-16 14:29:37.522 24435 24435 I SurfaceControl: nativeRelease nativeObject s[-5476376674517143584]
09-16 14:29:37.522 24435 24435 I SurfaceControl: nativeRelease nativeObject e[-5476376674517143584]
09-16 14:29:37.523 24435 24435 I SurfaceControl: nativeRelease nativeObject s[-5476376674517152096]
09-16 14:29:37.523 24435 24435 I SurfaceControl: nativeRelease nativeObject e[-5476376674517152096]
09-16 14:29:37.523 24435 24435 I ViewRootImpl@da135[ProvisioningActivity]: Relayout returned: old=(0,0,1200,1920) new=(0,0,1200,1920) req=(1200,1920)0 dur=7 res=0x1 s={true -5476376669685218400} ch=false fn=216
09-16 14:29:37.523 24435 24435 I ViewRootImpl@da135[ProvisioningActivity]: mAttachInfo.mThreadedRenderer.draw, mView = DecorView@849e0d1[ProvisioningActivity] w = 1200 h = 1920
09-16 14:29:37.526 24435 24435 I BleManager: Data written to 00002adb-0000-1000-8000-00805f9b34fb, value: (0x) 03-02-00-00-00-00-00
09-16 14:29:37.526 24435 24435 V MeshManagerApi: Provisioning pdu sent: 0x03020000000000
09-16 14:29:37.531 24435 24435 V ProvisioningPublicKeyState: X: length: 32 470F1A042D402E52D012F20DBDAA592A1F352DDFDF643C4305787AC99DD1A056
09-16 14:29:37.531 24435 24435 V ProvisioningPublicKeyState: Y: length: 32 45BC014760F5C7061476D76B407B7E729D8E6BFFC09F1FD2CEDC5532F77935E0
09-16 14:29:37.531 24435 24435 V ProvisioningPublicKeyState: XY: 0x470F1A042D402E52D012F20DBDAA592A1F352DDFDF643C4305787AC99DD1A05645BC014760F5C7061476D76B407B7E729D8E6BFFC09F1FD2CEDC5532F77935E0
09-16 14:29:37.534 24435 24435 I BleManager: Data written to 00002adb-0000-1000-8000-00805f9b34fb, value: (0x) 03-03-47-0F-1A-04-2D-40-2E-52-D0-12-F2-0D-BD-AA-59-2A-1F-35-2D-DF-DF-64-3C-43-05-78-7A-C9-9D-D1-A0-56-45-BC-01-47-60-F5-C7-06-14-76-D7-6B-40-7B-7E-72-9D-8E-6B-FF-C0-9F-1F-D2-CE-DC-55-32-F7-79-35-E0
09-16 14:29:37.542 24435 24435 V MeshManagerApi: Provisioning pdu sent: 0x0303470F1A042D402E52D012F20DBDAA592A1F352DDFDF643C4305787AC99DD1A05645BC014760F5C7061476D76B407B7E729D8E6BFFC09F1FD2CEDC5532F77935E0
09-16 14:29:41.617 24435 520 D BluetoothGatt: onClientConnectionState() - status=8 clientIf=11 device=C1:70:0D:03:B1:E6
09-16 14:29:41.619 24435 24435 W BleManager: Error: (0x8): GATT CONN TIMEOUT
09-16 14:29:41.619 24435 24435 I BleManager: Disconnected
09-16 14:29:41.620 24435 24435 D BluetoothGatt: refresh() - device: C1:70:0D:03:B1:E6
09-16 14:29:41.621 24435 24435 I BleManager: Cache refreshed
09-16 14:29:41.621 24435 24435 D BluetoothGatt: close()
09-16 14:29:41.623 24435 24435 D BluetoothGatt: unregisterApp() - mClientIf=11
09-16 14:29:41.626 24435 24435 V s : Disconnected
09-16 14:29:41.652 24435 24435 I ViewRootImpl@290a936[ScannerActivity]: stopped(false) old=true
09-16 14:29:41.654 24435 24435 I BluetoothAdapter: STATE_ON
09-16 14:29:41.654 24435 24435 I BluetoothAdapter: STATE_ON
09-16 14:29:41.655 24435 24435 I BluetoothAdapter: STATE_ON
09-16 14:29:41.655 24435 24435 I BluetoothAdapter: STATE_ON
09-16 14:29:41.656 24435 24435 I BluetoothAdapter: STATE_ON
09-16 14:29:41.656 24435 24435 I BluetoothAdapter: STATE_ON
09-16 14:29:41.657 24435 24435 I BluetoothAdapter: STATE_ON
09-16 14:29:41.657 24435 24435 D BluetoothLeScanner: Start Scan with callback
09-16 14:29:41.660 24435 520 D BluetoothLeScanner: onScannerRegistered() - status=0 scannerId=11 mScannerId=0
09-16 14:29:41.670 24435 24435 I ViewRootImpl@290a936[ScannerActivity]: stopped(false) old=false
09-16 14:29:41.682 24435 24435 I SurfaceControl: assignNativeObject: nativeObject = 0 Surface(name=null)/@0xa3ebca / android.view.SurfaceControl.readFromParcel:1117 android.view.IWindowSession$Stub$Proxy.relayout:1836 android.view.ViewRootImpl.relayoutWindow:9132 android.view.ViewRootImpl.performTraversals:3422 android.view.ViewRootImpl.doTraversal:2671 android.view.ViewRootImpl$TraversalRunnable.run:10094 android.view.Choreographer$CallbackRecord.run:1010 android.view.Choreographer.doCallbacks:809 android.view.Choreographer.doFrame:744 android.view.Choreographer$FrameDisplayEventReceiver.run:995
09-16 14:29:41.682 24435 24435 I ViewRootImpl@290a936[ScannerActivity]: Relayout returned: old=(0,0,1200,1920) new=(0,0,1200,1920) req=(1200,1920)0 dur=10 res=0x7 s={true -5476376669685262000} ch=true fn=-1
09-16 14:29:41.683 24435 24435 I ViewRootImpl@290a936[ScannerActivity]: [DP] dp(1) 1 android.view.ViewRootImpl.reportNextDraw:11080 android.view.ViewRootImpl.performTraversals:3917 android.view.ViewRootImpl.doTraversal:2671
09-16 14:29:41.683 24435 24435 I ViewRootImpl@290a936[ScannerActivity]: [DP] pd() Asnyc report
09-16 14:29:41.684 24435 24435 I ViewRootImpl@290a936[ScannerActivity]: mAttachInfo.mThreadedRenderer.draw, mView = DecorView@6f0e4ba[ScannerActivity] w = 1200 h = 1920
09-16 14:29:41.695 24435 24435 I ViewRootImpl@290a936[ScannerActivity]: [DP] pdf(0) 1 android.view.ViewRootImpl.lambda$performDraw$1$ViewRootImpl:4745 android.view.-$$Lambda$ViewRootImpl$DJd0VUYJgsebcnSohO6h8zc_ONI.run:6 android.os.Handler.handleCallback:938
09-16 14:29:41.695 24435 24435 I ViewRootImpl@290a936[ScannerActivity]: [DP] rdf()
09-16 14:29:41.696 24435 24435 I ViewRootImpl@da135[ProvisioningActivity]: MSG_WINDOW_FOCUS_CHANGED 0 1
09-16 14:29:41.709 24435 24435 I SurfaceControl: nativeRelease nativeObject s[-5476376674517225904]
09-16 14:29:41.709 24435 24435 I SurfaceControl: nativeRelease nativeObject e[-5476376674517225904]
09-16 14:29:41.709 24435 24435 I SurfaceControl: nativeRelease nativeObject s[-5476376674517156464]
09-16 14:29:41.709 24435 24435 I SurfaceControl: nativeRelease nativeObject e[-5476376674517156464]
09-16 14:29:41.709 24435 24435 I SurfaceControl: nativeRelease nativeObject s[-5476376674517128688]
09-16 14:29:41.709 24435 24435 I SurfaceControl: nativeRelease nativeObject e[-5476376674517128688]
09-16 14:29:41.719 24435 24435 I ViewRootImpl@290a936[ScannerActivity]: MSG_WINDOW_FOCUS_CHANGED 1 1
09-16 14:29:41.719 24435 24435 D InputMethodManager: prepareNavigationBarInfo() DecorView@6f0e4ba[ScannerActivity]
09-16 14:29:41.720 24435 24435 D InputMethodManager: getNavigationBarColor() -16777216
09-16 14:29:41.721 24435 24435 D InputMethodManager: prepareNavigationBarInfo() DecorView@6f0e4ba[ScannerActivity]
09-16 14:29:41.721 24435 24435 D InputMethodManager: getNavigationBarColor() -16777216
09-16 14:29:41.721 24435 24435 V InputMethodManager: Starting input: tba=no.nordicsemi.android.nrfmeshprovisioner ic=null mNaviBarColor -16777216 mIsGetNaviBarColorSuccess true , NavVisible : true , NavTrans : false
09-16 14:29:41.721 24435 24435 D InputMethodManager: startInputInner - Id : 0
09-16 14:29:41.721 24435 24435 I InputMethodManager: startInputInner - mService.startInputOrWindowGainedFocus
09-16 14:29:41.722 24435 24435 D InputTransport: Input channel constructed: 'ClientS', fd=86
09-16 14:29:41.722 24435 24435 D InputTransport: Input channel destroyed: 'ClientS', fd=84
09-16 14:29:41.737 24435 24435 I SurfaceControl: nativeRelease nativeObject s[-5476376674517173264]
09-16 14:29:41.737 24435 24435 I SurfaceControl: nativeRelease nativeObject e[-5476376674517173264]
09-16 14:29:41.739 24435 24435 I SurfaceControl: nativeRelease nativeObject s[-5476376674517112336]
09-16 14:29:41.739 24435 24435 I SurfaceControl: nativeRelease nativeObject e[-5476376674517112336]
09-16 14:29:41.739 24435 24435 I SurfaceControl: nativeRelease nativeObject s[-5476376674517219072]
09-16 14:29:41.739 24435 24435 I SurfaceControl: nativeRelease nativeObject e[-5476376674517219072]
09-16 14:29:42.051 24435 24435 I SurfaceControl: nativeRelease nativeObject s[-5476376674517204960]
09-16 14:29:42.051 24435 24435 I SurfaceControl: nativeRelease nativeObject e[-5476376674517204960]
09-16 14:29:42.051 24435 24435 I SurfaceControl: assignNativeObject: nativeObject = 0 Surface(name=null)/@0x49a160f / android.view.SurfaceControl.readFromParcel:1117 android.view.IWindowSession$Stub$Proxy.relayout:1826 android.view.ViewRootImpl.relayoutWindow:9132 android.view.ViewRootImpl.performTraversals:3422 android.view.ViewRootImpl.doTraversal:2671 android.view.ViewRootImpl$TraversalRunnable.run:10094 android.view.Choreographer$CallbackRecord.run:1010 android.view.Choreographer.doCallbacks:809 android.view.Choreographer.doFrame:744 android.view.Choreographer$FrameDisplayEventReceiver.run:995
09-16 14:29:42.052 24435 24435 I SurfaceControl: assignNativeObject: nativeObject = 0 Surface(name=null)/@0x12eb804 / android.view.SurfaceControl.readFromParcel:1117 android.view.IWindowSession$Stub$Proxy.relayout:1836 android.view.ViewRootImpl.relayoutWindow:9132 android.view.ViewRootImpl.performTraversals:3422 android.view.ViewRootImpl.doTraversal:2671 android.view.ViewRootImpl$TraversalRunnable.run:10094 android.view.Choreographer$CallbackRecord.run:1010 android.view.Choreographer.doCallbacks:809 android.view.Choreographer.doFrame:744 android.view.Choreographer$FrameDisplayEventReceiver.run:995
09-16 14:29:42.052 24435 24435 I ViewRootImpl@da135[ProvisioningActivity]: Relayout returned: old=(0,0,1200,1920) new=(0,0,1200,1920) req=(1200,1920)8 dur=8 res=0x5 s={false 0} ch=true fn=219
09-16 14:29:42.053 24435 24435 I ViewRootImpl@da135[ProvisioningActivity]: stopped(true) old=false
09-16 14:29:42.059 24435 24435 I ViewRootImpl@da135[ProvisioningActivity]: dispatchDetachedFromWindow
09-16 14:29:42.063 24435 24435 D InputTransport: Input channel destroyed: 'e993329', fd=91
09-16 14:29:42.890 24435 24435 I SurfaceControl: nativeRelease nativeObject s[-5476376674517225904]
09-16 14:29:42.890 24435 24435 I SurfaceControl: nativeRelease nativeObject e[-5476376674517225904]
09-16 14:29:42.890 24435 24435 I SurfaceControl: nativeRelease nativeObject s[-5476376674517156464]
09-16 14:29:42.890 24435 24435 I SurfaceControl: nativeRelease nativeObject e[-5476376674517156464]
09-16 14:29:42.890 24435 24435 I SurfaceControl: nativeRelease nativeObject s[-5476376674517128688]
09-16 14:29:42.890 24435 24435 I SurfaceControl: nativeRelease nativeObject e[-5476376674517128688]
09-16 14:29:42.903 24435 24435 I ViewRootImpl@290a936[ScannerActivity]: MSG_WINDOW_FOCUS_CHANGED 0 1
09-16 14:29:44.529 24435 24435 I SurfaceControl: nativeRelease nativeObject s[-5476376674517171808]
09-16 14:29:44.529 24435 24435 I SurfaceControl: nativeRelease nativeObject e[-5476376674517171808]
09-16 14:29:44.592 24435 24435 I SurfaceControl: nativeRelease nativeObject s[-5476376674517168560]
09-16 14:29:44.592 24435 24435 I SurfaceControl: nativeRelease nativeObject e[-5476376674517168560]
09-16 14:29:44.592 24435 24435 I SurfaceControl: nativeRelease nativeObject s[-5476376674517112336]
09-16 14:29:44.592 24435 24435 I SurfaceControl: nativeRelease nativeObject e[-5476376674517112336]
09-16 14:29:44.592 24435 24435 I SurfaceControl: nativeRelease nativeObject s[-5476376674517132160]
09-16 14:29:44.592 24435 24435 I SurfaceControl: nativeRelease nativeObject e[-5476376674517132160]
09-16 14:29:44.845 24435 24435 D InputTransport: Input channel destroyed: 'ClientS', fd=86
09-16 14:29:44.872 24435 24435 I SurfaceControl: nativeRelease nativeObject s[-5476376674517171808]
09-16 14:29:44.872 24435 24435 I SurfaceControl: nativeRelease nativeObject e[-5476376674517171808]
09-16 14:29:45.229 24435 24435 I SurfaceControl: nativeRelease nativeObject s[-5476376674517220976]
09-16 14:29:45.229 24435 24435 I SurfaceControl: nativeRelease nativeObject e[-5476376674517220976]
09-16 14:29:45.229 24435 24435 I SurfaceControl: assignNativeObject: nativeObject = 0 Surface(name=null)/@0xb738517 / android.view.SurfaceControl.readFromParcel:1117 android.view.IWindowSession$Stub$Proxy.relayout:1826 android.view.ViewRootImpl.relayoutWindow:9132 android.view.ViewRootImpl.performTraversals:3422 android.view.ViewRootImpl.doTraversal:2671 android.view.ViewRootImpl$TraversalRunnable.run:10094 android.view.Choreographer$CallbackRecord.run:1010 android.view.Choreographer.doCallbacks:809 android.view.Choreographer.doFrame:744 android.view.Choreographer$FrameDisplayEventReceiver.run:995
09-16 14:29:45.230 24435 24435 I SurfaceControl: assignNativeObject: nativeObject = 0 Surface(name=null)/@0xa3ebca / android.view.SurfaceControl.readFromParcel:1117 android.view.IWindowSession$Stub$Proxy.relayout:1836 android.view.ViewRootImpl.relayoutWindow:9132 android.view.ViewRootImpl.performTraversals:3422 android.view.ViewRootImpl.doTraversal:2671 android.view.ViewRootImpl$TraversalRunnable.run:10094 android.view.Choreographer$CallbackRecord.run:1010 android.view.Choreographer.doCallbacks:809 android.view.Choreographer.doFrame:744 android.view.Choreographer$FrameDisplayEventReceiver.run:995
09-16 14:29:45.230 24435 24435 I ViewRootImpl@290a936[ScannerActivity]: Relayout returned: old=(0,0,1200,1920) new=(0,0,1200,1920) req=(1200,1920)8 dur=5 res=0x5 s={false 0} ch=true fn=204
09-16 14:29:45.231 24435 24435 I ViewRootImpl@290a936[ScannerActivity]: stopped(true) old=false
09-16 14:29:45.231 24435 24435 I BluetoothAdapter: STATE_ON
09-16 14:29:45.231 24435 24435 I BluetoothAdapter: STATE_ON
09-16 14:29:45.231 24435 24435 D BluetoothLeScanner: Stop Scan with callback
09-16 14:29:45.257 24435 24435 I SurfaceControl: assignNativeObject: nativeObject = 0 Surface(name=null)/@0xb738517 / android.view.SurfaceControl.readFromParcel:1117 android.view.IWindowSession$Stub$Proxy.relayout:1826 android.view.ViewRootImpl.relayoutWindow:9132 android.view.ViewRootImpl.performTraversals:3422 android.view.ViewRootImpl.doTraversal:2671 android.view.ViewRootImpl$TraversalRunnable.run:10094 android.view.Choreographer$CallbackRecord.run:1010 android.view.Choreographer.doCallbacks:809 android.view.Choreographer.doFrame:744 android.view.Choreographer$FrameDisplayEventReceiver.run:995
09-16 14:29:45.257 24435 24435 I SurfaceControl: assignNativeObject: nativeObject = 0 Surface(name=null)/@0xa3ebca / android.view.SurfaceControl.readFromParcel:1117 android.view.IWindowSession$Stub$Proxy.relayout:1836 android.view.ViewRootImpl.relayoutWindow:9132 android.view.ViewRootImpl.performTraversals:3422 android.view.ViewRootImpl.doTraversal:2671 android.view.ViewRootImpl$TraversalRunnable.run:10094 android.view.Choreographer$CallbackRecord.run:1010 android.view.Choreographer.doCallbacks:809 android.view.Choreographer.doFrame:744 android.view.Choreographer$FrameDisplayEventReceiver.run:995
09-16 14:29:45.258 24435 24435 I ViewRootImpl@290a936[ScannerActivity]: Relayout returned: old=(0,0,1200,1920) new=(0,0,1200,1920) req=(1200,1920)8 dur=5 res=0x5 s={false 0} ch=false fn=-1
09-16 14:30:09.257 24435 24435 I SurfaceControl: assignNativeObject: nativeObject = 0 Surface(name=null)/@0xb738517 / android.view.SurfaceControl.readFromParcel:1117 android.view.IWindowSession$Stub$Proxy.relayout:1826 android.view.ViewRootImpl.relayoutWindow:9132 android.view.ViewRootImpl.performTraversals:3422 android.view.ViewRootImpl.doTraversal:2671 android.view.ViewRootImpl$TraversalRunnable.run:10094 android.view.Choreographer$CallbackRecord.run:1010 android.view.Choreographer.doCallbacks:809 android.view.Choreographer.doFrame:744 android.view.Choreographer$FrameDisplayEventReceiver.run:995
09-16 14:30:09.257 24435 24435 I SurfaceControl: assignNativeObject: nativeObject = 0 Surface(name=null)/@0xa3ebca / android.view.SurfaceControl.readFromParcel:1117 android.view.IWindowSession$Stub$Proxy.relayout:1836 android.view.ViewRootImpl.relayoutWindow:9132 android.view.ViewRootImpl.performTraversals:3422 android.view.ViewRootImpl.doTraversal:2671 android.view.ViewRootImpl$TraversalRunnable.run:10094 android.view.Choreographer$CallbackRecord.run:1010 android.view.Choreographer.doCallbacks:809 android.view.Choreographer.doFrame:744 android.view.Choreographer$FrameDisplayEventReceiver.run:995
09-16 14:30:09.259 24435 24435 I ViewRootImpl@290a936[ScannerActivity]: Relayout returned: old=(0,0,1200,1920) new=(0,0,1200,1920) req=(1200,1920)4 dur=14 res=0x1 s={false 0} ch=false fn=-1
09-16 14:30:09.259 24435 24435 I ViewRootImpl@290a936[ScannerActivity]: stopped(false) old=true
09-16 14:30:09.264 24435 24435 I BluetoothAdapter: STATE_ON
09-16 14:30:09.264 24435 24435 I BluetoothAdapter: STATE_ON
09-16 14:30:09.264 24435 24435 I BluetoothAdapter: STATE_ON
09-16 14:30:09.265 24435 24435 I BluetoothAdapter: STATE_ON
09-16 14:30:09.265 24435 24435 I BluetoothAdapter: STATE_ON
09-16 14:30:09.266 24435 24435 I BluetoothAdapter: STATE_ON
09-16 14:30:09.266 24435 24435 I BluetoothAdapter: STATE_ON
09-16 14:30:09.267 24435 24435 D BluetoothLeScanner: Start Scan with callback
09-16 14:30:09.270 24435 2148 D BluetoothLeScanner: onScannerRegistered() - status=0 scannerId=11 mScannerId=0
09-16 14:30:09.274 24435 24435 I ViewRootImpl@290a936[ScannerActivity]: stopped(false) old=false
09-16 14:30:09.291 24435 24435 I SurfaceControl: assignNativeObject: nativeObject = 0 Surface(name=null)/@0xa3ebca / android.view.SurfaceControl.readFromParcel:1117 android.view.IWindowSession$Stub$Proxy.relayout:1836 android.view.ViewRootImpl.relayoutWindow:9132 android.view.ViewRootImpl.performTraversals:3422 android.view.ViewRootImpl.doTraversal:2671 android.view.ViewRootImpl$TraversalRunnable.run:10094 android.view.Choreographer$CallbackRecord.run:1010 android.view.Choreographer.doCallbacks:809 android.view.Choreographer.doFrame:744 android.view.Choreographer$FrameDisplayEventReceiver.run:995
09-16 14:30:09.292 24435 24435 I ViewRootImpl@290a936[ScannerActivity]: Relayout returned: old=(0,0,1200,1920) new=(0,0,1200,1920) req=(1200,1920)0 dur=13 res=0x7 s={true -5476376669684834720} ch=true fn=-1
09-16 14:30:09.294 24435 24435 I ViewRootImpl@290a936[ScannerActivity]: [DP] dp(1) 1 android.view.ViewRootImpl.reportNextDraw:11080 android.view.ViewRootImpl.performTraversals:3917 android.view.ViewRootImpl.doTraversal:2671
09-16 14:30:09.294 24435 24435 I ViewRootImpl@290a936[ScannerActivity]: [DP] pd() Asnyc report
09-16 14:30:09.295 24435 24435 I ViewRootImpl@290a936[ScannerActivity]: mAttachInfo.mThreadedRenderer.draw, mView = DecorView@6f0e4ba[ScannerActivity] w = 1200 h = 1920
09-16 14:30:09.320 24435 24435 I ViewRootImpl@290a936[ScannerActivity]: [DP] pdf(0) 1 android.view.ViewRootImpl.lambda$performDraw$1$ViewRootImpl:4745 android.view.-$$Lambda$ViewRootImpl$DJd0VUYJgsebcnSohO6h8zc_ONI.run:6 android.os.Handler.handleCallback:938
09-16 14:30:09.320 24435 24435 I ViewRootImpl@290a936[ScannerActivity]: [DP] rdf()
09-16 14:30:09.337 24435 24435 I ViewRootImpl@290a936[ScannerActivity]: MSG_WINDOW_FOCUS_CHANGED 1 1
09-16 14:30:09.337 24435 24435 D InputMethodManager: prepareNavigationBarInfo() DecorView@6f0e4ba[ScannerActivity]
09-16 14:30:09.337 24435 24435 D InputMethodManager: getNavigationBarColor() -16777216
09-16 14:30:09.339 24435 24435 D InputMethodManager: prepareNavigationBarInfo() DecorView@6f0e4ba[ScannerActivity]
09-16 14:30:09.339 24435 24435 D InputMethodManager: getNavigationBarColor() -16777216
09-16 14:30:09.339 24435 24435 V InputMethodManager: Starting input: tba=no.nordicsemi.android.nrfmeshprovisioner ic=null mNaviBarColor -16777216 mIsGetNaviBarColorSuccess true , NavVisible : true , NavTrans : false
09-16 14:30:09.339 24435 24435 D InputMethodManager: startInputInner - Id : 0
09-16 14:30:09.339 24435 24435 I InputMethodManager: startInputInner - mService.startInputOrWindowGainedFocus
09-16 14:30:09.342 24435 24435 D InputTransport: Input channel constructed: 'ClientS', fd=83
09-16 14:30:09.354 24435 24435 I SurfaceControl: nativeRelease nativeObject s[-5476376674517124320]
09-16 14:30:09.354 24435 24435 I SurfaceControl: nativeRelease nativeObject e[-5476376674517124320]
09-16 14:30:09.354 24435 24435 I SurfaceControl: nativeRelease nativeObject s[-5476376674517138992]
09-16 14:30:09.354 24435 24435 I SurfaceControl: nativeRelease nativeObject e[-5476376674517138992]
09-16 14:30:12.169 24435 24435 I ViewRootImpl@290a936[ScannerActivity]: MSG_WINDOW_FOCUS_CHANGED 0 1
09-16 14:30:12.237 24435 24435 I SurfaceControl: nativeRelease nativeObject s[-5476376674517135744]
09-16 14:30:12.237 24435 24435 I SurfaceControl: nativeRelease nativeObject e[-5476376674517135744]
09-16 14:30:12.237 24435 24435 I SurfaceControl: nativeRelease nativeObject s[-5476376674517187488]
09-16 14:30:12.237 24435 24435 I SurfaceControl: nativeRelease nativeObject e[-5476376674517187488]
09-16 14:30:12.237 24435 24435 I SurfaceControl: nativeRelease nativeObject s[-5476376674517146720]
09-16 14:30:12.237 24435 24435 I SurfaceControl: nativeRelease nativeObject e[-5476376674517146720]
09-16 14:30:12.357 24435 24435 D InputTransport: Input channel destroyed: 'ClientS', fd=83
09-16 14:30:12.370 24435 24435 I SurfaceControl: nativeRelease nativeObject s[-5476376674517138992]
09-16 14:30:12.370 24435 24435 I SurfaceControl: nativeRelease nativeObject e[-5476376674517138992]
09-16 14:30:12.874 24435 24435 I SurfaceControl: nativeRelease nativeObject s[-5476376674517150640]
09-16 14:30:12.875 24435 24435 I SurfaceControl: nativeRelease nativeObject e[-5476376674517150640]
09-16 14:30:12.875 24435 24435 I SurfaceControl: assignNativeObject: nativeObject = 0 Surface(name=null)/@0xb738517 / android.view.SurfaceControl.readFromParcel:1117 android.view.IWindowSession$Stub$Proxy.relayout:1826 android.view.ViewRootImpl.relayoutWindow:9132 android.view.ViewRootImpl.performTraversals:3422 android.view.ViewRootImpl.doTraversal:2671 android.view.ViewRootImpl$TraversalRunnable.run:10094 android.view.Choreographer$CallbackRecord.run:1010 android.view.Choreographer.doCallbacks:809 android.view.Choreographer.doFrame:744 android.view.Choreographer$FrameDisplayEventReceiver.run:995
09-16 14:30:12.875 24435 24435 I SurfaceControl: assignNativeObject: nativeObject = 0 Surface(name=null)/@0xa3ebca / android.view.SurfaceControl.readFromParcel:1117 android.view.IWindowSession$Stub$Proxy.relayout:1836 android.view.ViewRootImpl.relayoutWindow:9132 android.view.ViewRootImpl.performTraversals:3422 android.view.ViewRootImpl.doTraversal:2671 android.view.ViewRootImpl$TraversalRunnable.run:10094 android.view.Choreographer$CallbackRecord.run:1010 android.view.Choreographer.doCallbacks:809 android.view.Choreographer.doFrame:744 android.view.Choreographer$FrameDisplayEventReceiver.run:995
09-16 14:30:12.876 24435 24435 I ViewRootImpl@290a936[ScannerActivity]: Relayout returned: old=(0,0,1200,1920) new=(0,0,1200,1920) req=(1200,1920)8 dur=5 res=0x5 s={false 0} ch=true fn=211
09-16 14:30:12.876 24435 24435 I ViewRootImpl@290a936[ScannerActivity]: stopped(true) old=false
09-16 14:30:12.877 24435 24435 I BluetoothAdapter: STATE_ON
09-16 14:30:12.877 24435 24435 I BluetoothAdapter: STATE_ON
09-16 14:30:12.877 24435 24435 D BluetoothLeScanner: Stop Scan with callback
09-16 14:30:12.896 24435 24435 I SurfaceControl: assignNativeObject: nativeObject = 0 Surface(name=null)/@0xb738517 / android.view.SurfaceControl.readFromParcel:1117 android.view.IWindowSession$Stub$Proxy.relayout:1826 android.view.ViewRootImpl.relayoutWindow:9132 android.view.ViewRootImpl.performTraversals:3422 android.view.ViewRootImpl.doTraversal:2671 android.view.ViewRootImpl$TraversalRunnable.run:10094 android.view.Choreographer$CallbackRecord.run:1010 android.view.Choreographer.doCallbacks:809 android.view.Choreographer.doFrame:744 android.view.Choreographer$FrameDisplayEventReceiver.run:995
09-16 14:30:12.897 24435 24435 I SurfaceControl: assignNativeObject: nativeObject = 0 Surface(name=null)/@0xa3ebca / android.view.SurfaceControl.readFromParcel:1117 android.view.IWindowSession$Stub$Proxy.relayout:1836 android.view.ViewRootImpl.relayoutWindow:9132 android.view.ViewRootImpl.performTraversals:3422 android.view.ViewRootImpl.doTraversal:2671 android.view.ViewRootImpl$TraversalRunnable.run:10094 android.view.Choreographer$CallbackRecord.run:1010 android.view.Choreographer.doCallbacks:809 android.view.Choreographer.doFrame:744 android.view.Choreographer$FrameDisplayEventReceiver.run:995
09-16 14:30:12.897 24435 24435 I ViewRootImpl@290a936[ScannerActivity]: Relayout returned: old=(0,0,1200,1920) new=(0,0,1200,1920) req=(1200,1920)8 dur=9 res=0x5 s={false 0} ch=false fn=-1
09-16 14:30:17.985 24435 24435 I SurfaceControl: assignNativeObject: nativeObject = 0 Surface(name=null)/@0xb738517 / android.view.SurfaceControl.readFromParcel:1117 android.view.IWindowSession$Stub$Proxy.relayout:1826 android.view.ViewRootImpl.relayoutWindow:9132 android.view.ViewRootImpl.performTraversals:3422 android.view.ViewRootImpl.doTraversal:2671 android.view.ViewRootImpl$TraversalRunnable.run:10094 android.view.Choreographer$CallbackRecord.run:1010 android.view.Choreographer.doCallbacks:809 android.view.Choreographer.doFrame:744 android.view.Choreographer$FrameDisplayEventReceiver.run:995
09-16 14:30:17.985 24435 24435 I SurfaceControl: assignNativeObject: nativeObject = 0 Surface(name=null)/@0xa3ebca / android.view.SurfaceControl.readFromParcel:1117 android.view.IWindowSession$Stub$Proxy.relayout:1836 android.view.ViewRootImpl.relayoutWindow:9132 android.view.ViewRootImpl.performTraversals:3422 android.view.ViewRootImpl.doTraversal:2671 android.view.ViewRootImpl$TraversalRunnable.run:10094 android.view.Choreographer$CallbackRecord.run:1010 android.view.Choreographer.doCallbacks:809 android.view.Choreographer.doFrame:744 android.view.Choreographer$FrameDisplayEventReceiver.run:995
09-16 14:30:17.987 24435 24435 I ViewRootImpl@290a936[ScannerActivity]: Relayout returned: old=(0,0,1200,1920) new=(0,0,1200,1920) req=(1200,1920)4 dur=15 res=0x1 s={false 0} ch=false fn=-1
09-16 14:30:17.987 24435 24435 I ViewRootImpl@290a936[ScannerActivity]: stopped(false) old=true
09-16 14:30:17.988 24435 24435 I BluetoothAdapter: STATE_ON
09-16 14:30:17.988 24435 24435 I BluetoothAdapter: STATE_ON
09-16 14:30:17.989 24435 24435 I BluetoothAdapter: STATE_ON
09-16 14:30:17.989 24435 24435 I BluetoothAdapter: STATE_ON
09-16 14:30:17.989 24435 24435 I BluetoothAdapter: STATE_ON
09-16 14:30:17.990 24435 24435 I BluetoothAdapter: STATE_ON
09-16 14:30:17.990 24435 24435 I BluetoothAdapter: STATE_ON
09-16 14:30:17.990 24435 24435 D BluetoothLeScanner: Start Scan with callback
09-16 14:30:17.993 24435 2148 D BluetoothLeScanner: onScannerRegistered() - status=0 scannerId=11 mScannerId=0
09-16 14:30:17.997 24435 24435 I ViewRootImpl@290a936[ScannerActivity]: stopped(false) old=false
09-16 14:30:18.011 24435 24435 I SurfaceControl: assignNativeObject: nativeObject = 0 Surface(name=null)/@0xa3ebca / android.view.SurfaceControl.readFromParcel:1117 android.view.IWindowSession$Stub$Proxy.relayout:1836 android.view.ViewRootImpl.relayoutWindow:9132 android.view.ViewRootImpl.performTraversals:3422 android.view.ViewRootImpl.doTraversal:2671 android.view.ViewRootImpl$TraversalRunnable.run:10094 android.view.Choreographer$CallbackRecord.run:1010 android.view.Choreographer.doCallbacks:809 android.view.Choreographer.doFrame:744 android.view.Choreographer$FrameDisplayEventReceiver.run:995
09-16 14:30:18.011 24435 24435 I ViewRootImpl@290a936[ScannerActivity]: Relayout returned: old=(0,0,1200,1920) new=(0,0,1200,1920) req=(1200,1920)0 dur=9 res=0x7 s={true -5476376669684721360} ch=true fn=-1
09-16 14:30:18.012 24435 24435 I ViewRootImpl@290a936[ScannerActivity]: [DP] dp(1) 1 android.view.ViewRootImpl.reportNextDraw:11080 android.view.ViewRootImpl.performTraversals:3917 android.view.ViewRootImpl.doTraversal:2671
09-16 14:30:18.012 24435 24435 I ViewRootImpl@290a936[ScannerActivity]: [DP] pd() Asnyc report
09-16 14:30:18.013 24435 24435 I ViewRootImpl@290a936[ScannerActivity]: mAttachInfo.mThreadedRenderer.draw, mView = DecorView@6f0e4ba[ScannerActivity] w = 1200 h = 1920
09-16 14:30:18.027 24435 24435 I ViewRootImpl@290a936[ScannerActivity]: [DP] pdf(0) 1 android.view.ViewRootImpl.lambda$performDraw$1$ViewRootImpl:4745 android.view.-$$Lambda$ViewRootImpl$DJd0VUYJgsebcnSohO6h8zc_ONI.run:6 android.os.Handler.handleCallback:938
09-16 14:30:18.027 24435 24435 I ViewRootImpl@290a936[ScannerActivity]: [DP] rdf()
09-16 14:30:18.040 24435 24435 I ViewRootImpl@290a936[ScannerActivity]: MSG_WINDOW_FOCUS_CHANGED 1 1
09-16 14:30:18.040 24435 24435 D InputMethodManager: prepareNavigationBarInfo() DecorView@6f0e4ba[ScannerActivity]
09-16 14:30:18.040 24435 24435 D InputMethodManager: getNavigationBarColor() -16777216
09-16 14:30:18.044 24435 24435 D InputMethodManager: prepareNavigationBarInfo() DecorView@6f0e4ba[ScannerActivity]
09-16 14:30:18.045 24435 24435 D InputMethodManager: getNavigationBarColor() -16777216
09-16 14:30:18.045 24435 24435 V InputMethodManager: Starting input: tba=no.nordicsemi.android.nrfmeshprovisioner ic=null mNaviBarColor -16777216 mIsGetNaviBarColorSuccess true , NavVisible : true , NavTrans : false
09-16 14:30:18.045 24435 24435 D InputMethodManager: startInputInner - Id : 0
09-16 14:30:18.045 24435 24435 I InputMethodManager: startInputInner - mService.startInputOrWindowGainedFocus
09-16 14:30:18.046 24435 24435 D InputTransport: Input channel constructed: 'ClientS', fd=86
09-16 14:30:18.089 24435 24435 I SurfaceControl: nativeRelease nativeObject s[-5476376674517133728]
09-16 14:30:18.089 24435 24435 I SurfaceControl: nativeRelease nativeObject e[-5476376674517133728]
09-16 14:30:18.089 24435 24435 I SurfaceControl: nativeRelease nativeObject s[-5476376674517164080]
09-16 14:30:18.089 24435 24435 I SurfaceControl: nativeRelease nativeObject e[-5476376674517164080]
09-16 14:30:18.925 24435 24435 I ViewRootImpl@290a936[ScannerActivity]: ViewPostIme pointer 0
09-16 14:30:18.977 24435 24435 I ViewRootImpl@290a936[ScannerActivity]: ViewPostIme pointer 1
09-16 14:30:19.025 24435 24435 D ScrollView: initGoToTop
09-16 14:30:19.056 24435 24435 I DecorView: [INFO] isPopOver=false, config=true
09-16 14:30:19.056 24435 24435 I DecorView: updateCaptionType >> DecorView@aa760a7[], isFloating=false, isApplication=true, hasWindowDecorCaption=false, hasWindowControllerCallback=true
09-16 14:30:19.056 24435 24435 D DecorView: setCaptionType = 0, this = DecorView@aa760a7[]
09-16 14:30:19.062 24435 24435 E ActivityThread: Failed to find provider info for no.nordicsemi.android.log
09-16 14:30:19.062 24435 24435 D AA : Connect issued
09-16 14:30:19.064 24435 24435 I BluetoothAdapter: STATE_ON
09-16 14:30:19.064 24435 24435 D BluetoothGatt: connect() - device: C1:70:0D:03:B1:E6, auto: false
09-16 14:30:19.064 24435 24435 I BluetoothAdapter: isSecureModeEnabled
09-16 14:30:19.065 24435 24435 D BluetoothGatt: registerApp()
09-16 14:30:19.065 24435 24435 D BluetoothGatt: registerApp() - UUID=f9d44b6d-a587-4370-b544-b22adf7f6923
09-16 14:30:19.068 24435 31992 D BluetoothGatt: onClientRegistered() - status=0 clientIf=12
09-16 14:30:19.073 24435 24435 D InputTransport: Input channel constructed: '9dff1df', fd=83
09-16 14:30:19.074 24435 24435 I ViewRootImpl@41622ab[ProvisioningActivity]: setView = com.android.internal.policy.DecorView@aa760a7 TM=true
