09-16 14:52:33.297 24435 24435 I SurfaceControl: assignNativeObject: nativeObject = 0 Surface(name=null)/@0x816f10a / android.view.SurfaceControl.readFromParcel:1117 android.view.IWindowSession$Stub$Proxy.relayout:1826 android.view.ViewRootImpl.relayoutWindow:9132 android.view.ViewRootImpl.performTraversals:3422 android.view.ViewRootImpl.doTraversal:2671 android.view.ViewRootImpl$TraversalRunnable.run:10094 android.view.Choreographer$CallbackRecord.run:1010 android.view.Choreographer.doCallbacks:809 android.view.Choreographer.doFrame:744 android.view.Choreographer$FrameDisplayEventReceiver.run:995
09-16 14:52:33.297 24435 24435 I SurfaceControl: assignNativeObject: nativeObject = 0 Surface(name=null)/@0x17c4c7a / android.view.SurfaceControl.readFromParcel:1117 android.view.IWindowSession$Stub$Proxy.relayout:1836 android.view.ViewRootImpl.relayoutWindow:9132 android.view.ViewRootImpl.performTraversals:3422 android.view.ViewRootImpl.doTraversal:2671 android.view.ViewRootImpl$TraversalRunnable.run:10094 android.view.Choreographer$CallbackRecord.run:1010 android.view.Choreographer.doCallbacks:809 android.view.Choreographer.doFrame:744 android.view.Choreographer$FrameDisplayEventReceiver.run:995
09-16 14:52:33.298 24435 24435 I ViewRootImpl@a6d0492[NodeConfigurationActivity]: Relayout returned: old=(0,0,1200,1920) new=(0,0,1200,1920) req=(1200,1920)8 dur=7 res=0x5 s={false 0} ch=true fn=26
09-16 14:52:33.298 24435 24435 I ViewRootImpl@a6d0492[NodeConfigurationActivity]: stopped(true) old=false
09-16 14:52:33.305 24435 24435 I ViewRootImpl@a6d0492[NodeConfigurationActivity]: dispatchDetachedFromWindow
09-16 14:52:33.311 24435 24435 D InputTransport: Input channel destroyed: 'd436405', fd=84
09-16 14:52:33.909 24435 24435 I ViewRootImpl@c66e18[MainActivity]: ViewPostIme pointer 0
09-16 14:52:33.976 24435 24435 I ViewRootImpl@c66e18[MainActivity]: ViewPostIme pointer 1
09-16 14:52:35.042 24435 24435 I ViewRootImpl@c66e18[MainActivity]: ViewPostIme pointer 0
09-16 14:52:35.226 24435 24435 I ViewRootImpl@c66e18[MainActivity]: ViewPostIme pointer 1
09-16 14:52:35.591 24435 24435 I ViewRootImpl@c66e18[MainActivity]: ViewPostIme pointer 0
09-16 14:52:35.676 24435 24435 I ViewRootImpl@c66e18[MainActivity]: ViewPostIme pointer 1
09-16 14:52:35.742 24435 24435 I DecorView: [INFO] isPopOver=false, config=true
09-16 14:52:35.742 24435 24435 I DecorView: updateCaptionType >> DecorView@9855c9a[], isFloating=false, isApplication=true, hasWindowDecorCaption=false, hasWindowControllerCallback=true
09-16 14:52:35.742 24435 24435 D DecorView: setCaptionType = 0, this = DecorView@9855c9a[]
09-16 14:52:35.752 24435 24435 D InputTransport: Input channel constructed: 'c8b58f2', fd=84
09-16 14:52:35.753 24435 24435 I ViewRootImpl@5495431[ScannerActivity]: setView = com.android.internal.policy.DecorView@9855c9a TM=true
09-16 14:52:35.763 24435 24435 I SurfaceControl: assignNativeObject: nativeObject = 0 Surface(name=null)/@0xd4ce95 / android.view.SurfaceControl.readFromParcel:1117 android.view.IWindowSession$Stub$Proxy.relayout:1836 android.view.ViewRootImpl.relayoutWindow:9132 android.view.ViewRootImpl.performTraversals:3422 android.view.ViewRootImpl.doTraversal:2671 android.view.ViewRootImpl$TraversalRunnable.run:10094 android.view.Choreographer$CallbackRecord.run:1010 android.view.Choreographer.doCallbacks:809 android.view.Choreographer.doFrame:744 android.view.Choreographer$FrameDisplayEventReceiver.run:995
09-16 14:52:35.763 24435 24435 I ViewRootImpl@5495431[ScannerActivity]: Relayout returned: old=(0,0,1200,1920) new=(0,0,1200,1920) req=(1200,1920)0 dur=9 res=0x7 s={true -5476376669685026560} ch=true fn=-1
09-16 14:52:35.764 24435 24435 I ViewRootImpl@5495431[ScannerActivity]: [DP] dp(1) 1 android.view.ViewRootImpl.reportNextDraw:11080 android.view.ViewRootImpl.performTraversals:3917 android.view.ViewRootImpl.doTraversal:2671
09-16 14:52:35.764 24435 24435 I ViewRootImpl@5495431[ScannerActivity]: [DP] pd() Asnyc report
09-16 14:52:35.765 24435 24435 I ViewRootImpl@5495431[ScannerActivity]: mAttachInfo.mThreadedRenderer.draw, mView = DecorView@9855c9a[ScannerActivity] w = 1200 h = 1920
09-16 14:52:35.775 24435 24435 I ViewRootImpl@5495431[ScannerActivity]: [DP] pdf(0) 1 android.view.ViewRootImpl.lambda$performDraw$1$ViewRootImpl:4745 android.view.-$$Lambda$ViewRootImpl$DJd0VUYJgsebcnSohO6h8zc_ONI.run:6 android.os.Handler.handleCallback:938
09-16 14:52:35.775 24435 24435 I ViewRootImpl@5495431[ScannerActivity]: [DP] rdf()
09-16 14:52:35.776 24435 24435 I BluetoothAdapter: STATE_ON
09-16 14:52:35.776 24435 24435 I BluetoothAdapter: STATE_ON
09-16 14:52:35.777 24435 24435 I BluetoothAdapter: STATE_ON
09-16 14:52:35.777 24435 24435 I BluetoothAdapter: STATE_ON
09-16 14:52:35.777 24435 24435 I BluetoothAdapter: STATE_ON
09-16 14:52:35.778 24435 24435 I BluetoothAdapter: STATE_ON
09-16 14:52:35.778 24435 24435 I BluetoothAdapter: STATE_ON
09-16 14:52:35.778 24435 24435 D BluetoothLeScanner: Start Scan with callback
09-16 14:52:35.780 24435 520 D BluetoothLeScanner: onScannerRegistered() - status=0 scannerId=10 mScannerId=0
09-16 14:52:35.783 24435 24435 I ViewRootImpl@c66e18[MainActivity]: MSG_WINDOW_FOCUS_CHANGED 0 1
09-16 14:52:35.793 24435 24435 I SurfaceControl: nativeRelease nativeObject s[-5476376674517182224]
09-16 14:52:35.793 24435 24435 I SurfaceControl: nativeRelease nativeObject e[-5476376674517182224]
09-16 14:52:35.793 24435 24435 I SurfaceControl: nativeRelease nativeObject s[-5476376674517151424]
09-16 14:52:35.793 24435 24435 I SurfaceControl: nativeRelease nativeObject e[-5476376674517151424]
09-16 14:52:35.793 24435 24435 I SurfaceControl: nativeRelease nativeObject s[-5476376674517140336]
09-16 14:52:35.793 24435 24435 I SurfaceControl: nativeRelease nativeObject e[-5476376674517140336]
09-16 14:52:35.806 24435 24435 I ViewRootImpl@5495431[ScannerActivity]: MSG_WINDOW_FOCUS_CHANGED 1 1
09-16 14:52:35.806 24435 24435 D InputMethodManager: prepareNavigationBarInfo() DecorView@9855c9a[ScannerActivity]
09-16 14:52:35.806 24435 24435 D InputMethodManager: getNavigationBarColor() -16777216
09-16 14:52:35.807 24435 24435 D InputMethodManager: prepareNavigationBarInfo() DecorView@9855c9a[ScannerActivity]
09-16 14:52:35.807 24435 24435 D InputMethodManager: getNavigationBarColor() -16777216
09-16 14:52:35.807 24435 24435 V InputMethodManager: Starting input: tba=no.nordicsemi.android.nrfmeshprovisioner ic=null mNaviBarColor -16777216 mIsGetNaviBarColorSuccess true , NavVisible : true , NavTrans : false
09-16 14:52:35.807 24435 24435 D InputMethodManager: startInputInner - Id : 0
09-16 14:52:35.807 24435 24435 I InputMethodManager: startInputInner - mService.startInputOrWindowGainedFocus
09-16 14:52:35.808 24435 24435 D InputTransport: Input channel constructed: 'ClientS', fd=86
09-16 14:52:35.808 24435 24435 D InputTransport: Input channel destroyed: 'ClientS', fd=89
09-16 14:52:35.822 24435 24435 I SurfaceControl: nativeRelease nativeObject s[-5476376674517161168]
09-16 14:52:35.822 24435 24435 I SurfaceControl: nativeRelease nativeObject e[-5476376674517161168]
09-16 14:52:35.822 24435 24435 I SurfaceControl: nativeRelease nativeObject s[-5476376674517137536]
09-16 14:52:35.822 24435 24435 I SurfaceControl: nativeRelease nativeObject e[-5476376674517137536]
09-16 14:52:35.822 24435 24435 I SurfaceControl: nativeRelease nativeObject s[-5476376674517217728]
09-16 14:52:35.822 24435 24435 I SurfaceControl: nativeRelease nativeObject e[-5476376674517217728]
09-16 14:52:36.211 24435 24435 I SurfaceControl: nativeRelease nativeObject s[-5476376674517172592]
09-16 14:52:36.211 24435 24435 I SurfaceControl: nativeRelease nativeObject e[-5476376674517172592]
09-16 14:52:36.212 24435 24435 I SurfaceControl: assignNativeObject: nativeObject = 0 Surface(name=null)/@0x6fc95aa / android.view.SurfaceControl.readFromParcel:1117 android.view.IWindowSession$Stub$Proxy.relayout:1826 android.view.ViewRootImpl.relayoutWindow:9132 android.view.ViewRootImpl.performTraversals:3422 android.view.ViewRootImpl.doTraversal:2671 android.view.ViewRootImpl$TraversalRunnable.run:10094 android.view.Choreographer$CallbackRecord.run:1010 android.view.Choreographer.doCallbacks:809 android.view.Choreographer.doFrame:744 android.view.Choreographer$FrameDisplayEventReceiver.run:995
09-16 14:52:36.212 24435 24435 I SurfaceControl: assignNativeObject: nativeObject = 0 Surface(name=null)/@0x2b623af / android.view.SurfaceControl.readFromParcel:1117 android.view.IWindowSession$Stub$Proxy.relayout:1836 android.view.ViewRootImpl.relayoutWindow:9132 android.view.ViewRootImpl.performTraversals:3422 android.view.ViewRootImpl.doTraversal:2671 android.view.ViewRootImpl$TraversalRunnable.run:10094 android.view.Choreographer$CallbackRecord.run:1010 android.view.Choreographer.doCallbacks:809 android.view.Choreographer.doFrame:744 android.view.Choreographer$FrameDisplayEventReceiver.run:995
09-16 14:52:36.213 24435 24435 I ViewRootImpl@c66e18[MainActivity]: Relayout returned: old=(0,0,1200,1920) new=(0,0,1200,1920) req=(1200,1920)8 dur=8 res=0x5 s={false 0} ch=true fn=86
09-16 14:52:36.213 24435 24435 I ViewRootImpl@c66e18[MainActivity]: stopped(true) old=false
09-16 14:53:02.008 24435 24435 I ViewRootImpl@5495431[ScannerActivity]: ViewPostIme pointer 0
09-16 14:53:02.077 24435 24435 I ViewRootImpl@5495431[ScannerActivity]: ViewPostIme pointer 1
09-16 14:53:02.590 24435 24435 I ViewRootImpl@5495431[ScannerActivity]: ViewPostIme pointer 0
09-16 14:53:02.842 24435 24435 I ViewRootImpl@5495431[ScannerActivity]: ViewPostIme pointer 1
09-16 14:53:09.707 24435 24435 I ViewRootImpl@5495431[ScannerActivity]: ViewPostIme pointer 0
09-16 14:53:09.794 24435 24435 I ViewRootImpl@5495431[ScannerActivity]: ViewPostIme pointer 1
09-16 14:53:09.834 24435 24435 D ScrollView: initGoToTop
09-16 14:53:09.863 24435 24435 I DecorView: [INFO] isPopOver=false, config=true
09-16 14:53:09.863 24435 24435 I DecorView: updateCaptionType >> DecorView@ea08d39[], isFloating=false, isApplication=true, hasWindowDecorCaption=false, hasWindowControllerCallback=true
09-16 14:53:09.863 24435 24435 D DecorView: setCaptionType = 0, this = DecorView@ea08d39[]
09-16 14:53:09.868 24435 24435 E ActivityThread: Failed to find provider info for no.nordicsemi.android.log
09-16 14:53:09.868 24435 24435 D AA : Connect issued
09-16 14:53:09.870 24435 24435 I BluetoothAdapter: STATE_ON
09-16 14:53:09.870 24435 24435 D BluetoothGatt: connect() - device: C1:70:0D:03:B1:E6, auto: false
09-16 14:53:09.870 24435 24435 I BluetoothAdapter: isSecureModeEnabled
09-16 14:53:09.871 24435 24435 D BluetoothGatt: registerApp()
09-16 14:53:09.871 24435 24435 D BluetoothGatt: registerApp() - UUID=b7da83b0-82e6-495a-9bbd-0d657ec7bfef
09-16 14:53:09.874 24435 520 D BluetoothGatt: onClientRegistered() - status=0 clientIf=12
09-16 14:53:09.878 24435 24435 D InputTransport: Input channel constructed: 'c702935', fd=83
09-16 14:53:09.879 24435 24435 I ViewRootImpl@cac07f4[ProvisioningActivity]: setView = com.android.internal.policy.DecorView@ea08d39 TM=true
09-16 14:53:09.894 24435 24435 I SurfaceControl: assignNativeObject: nativeObject = 0 Surface(name=null)/@0x3dc618c / android.view.SurfaceControl.readFromParcel:1117 android.view.IWindowSession$Stub$Proxy.relayout:1836 android.view.ViewRootImpl.relayoutWindow:9132 android.view.ViewRootImpl.performTraversals:3422 android.view.ViewRootImpl.doTraversal:2671 android.view.ViewRootImpl$TraversalRunnable.run:10094 android.view.Choreographer$CallbackRecord.run:1010 android.view.Choreographer.doCallbacks:809 android.view.Choreographer.doFrame:744 android.view.Choreographer$FrameDisplayEventReceiver.run:995
09-16 14:53:09.895 24435 24435 I ViewRootImpl@cac07f4[ProvisioningActivity]: Relayout returned: old=(0,0,1200,1920) new=(0,0,1200,1920) req=(1200,1920)0 dur=9 res=0x7 s={true -5476376669685052720} ch=true fn=-1
09-16 14:53:09.896 24435 24435 I ViewRootImpl@cac07f4[ProvisioningActivity]: [DP] dp(1) 1 android.view.ViewRootImpl.reportNextDraw:11080 android.view.ViewRootImpl.performTraversals:3917 android.view.ViewRootImpl.doTraversal:2671
09-16 14:53:09.896 24435 24435 I ViewRootImpl@cac07f4[ProvisioningActivity]: [DP] pd() Asnyc report
09-16 14:53:09.896 24435 24435 I ViewRootImpl@cac07f4[ProvisioningActivity]: mAttachInfo.mThreadedRenderer.draw, mView = DecorView@ea08d39[ProvisioningActivity] w = 1200 h = 1920
09-16 14:53:09.905 24435 24435 I ViewRootImpl@cac07f4[ProvisioningActivity]: [DP] pdf(0) 1 android.view.ViewRootImpl.lambda$performDraw$1$ViewRootImpl:4745 android.view.-$$Lambda$ViewRootImpl$DJd0VUYJgsebcnSohO6h8zc_ONI.run:6 android.os.Handler.handleCallback:938
09-16 14:53:09.905 24435 24435 I ViewRootImpl@cac07f4[ProvisioningActivity]: [DP] rdf()
09-16 14:53:09.905 24435 24435 I ViewRootImpl@5495431[ScannerActivity]: MSG_WINDOW_FOCUS_CHANGED 0 1
09-16 14:53:09.913 24435 24435 I SurfaceControl: nativeRelease nativeObject s[-5476376674517182224]
09-16 14:53:09.913 24435 24435 I SurfaceControl: nativeRelease nativeObject e[-5476376674517182224]
09-16 14:53:09.913 24435 24435 I SurfaceControl: nativeRelease nativeObject s[-5476376674517151424]
09-16 14:53:09.913 24435 24435 I SurfaceControl: nativeRelease nativeObject e[-5476376674517151424]
09-16 14:53:09.913 24435 24435 I SurfaceControl: nativeRelease nativeObject s[-5476376674517140336]
09-16 14:53:09.913 24435 24435 I SurfaceControl: nativeRelease nativeObject e[-5476376674517140336]
09-16 14:53:09.935 24435 24435 I ViewRootImpl@cac07f4[ProvisioningActivity]: MSG_WINDOW_FOCUS_CHANGED 1 1
09-16 14:53:09.936 24435 24435 D InputMethodManager: prepareNavigationBarInfo() DecorView@ea08d39[ProvisioningActivity]
09-16 14:53:09.936 24435 24435 D InputMethodManager: getNavigationBarColor() -16777216
09-16 14:53:09.936 24435 24435 D InputMethodManager: prepareNavigationBarInfo() DecorView@ea08d39[ProvisioningActivity]
09-16 14:53:09.936 24435 24435 D InputMethodManager: getNavigationBarColor() -16777216
09-16 14:53:09.936 24435 24435 V InputMethodManager: Starting input: tba=no.nordicsemi.android.nrfmeshprovisioner ic=null mNaviBarColor -16777216 mIsGetNaviBarColorSuccess true , NavVisible : true , NavTrans : false
09-16 14:53:09.936 24435 24435 D InputMethodManager: startInputInner - Id : 0
09-16 14:53:09.936 24435 24435 I InputMethodManager: startInputInner - mService.startInputOrWindowGainedFocus
09-16 14:53:09.939 24435 24435 D InputTransport: Input channel constructed: 'ClientS', fd=110
09-16 14:53:09.939 24435 24435 D InputTransport: Input channel destroyed: 'ClientS', fd=86
09-16 14:53:09.952 24435 24435 I SurfaceControl: nativeRelease nativeObject s[-5476376674517139776]
09-16 14:53:09.952 24435 24435 I SurfaceControl: nativeRelease nativeObject e[-5476376674517139776]
09-16 14:53:09.953 24435 24435 I SurfaceControl: nativeRelease nativeObject s[-5476376674517224448]
09-16 14:53:09.953 24435 24435 I SurfaceControl: nativeRelease nativeObject e[-5476376674517224448]
09-16 14:53:09.953 24435 24435 I SurfaceControl: nativeRelease nativeObject s[-5476376674517168448]
09-16 14:53:09.953 24435 24435 I SurfaceControl: nativeRelease nativeObject e[-5476376674517168448]
09-16 14:53:10.326 24435 24435 I SurfaceControl: nativeRelease nativeObject s[-5476376674517172928]
09-16 14:53:10.326 24435 24435 I SurfaceControl: nativeRelease nativeObject e[-5476376674517172928]
09-16 14:53:10.326 24435 24435 I SurfaceControl: assignNativeObject: nativeObject = 0 Surface(name=null)/@0xc388c4a / android.view.SurfaceControl.readFromParcel:1117 android.view.IWindowSession$Stub$Proxy.relayout:1826 android.view.ViewRootImpl.relayoutWindow:9132 android.view.ViewRootImpl.performTraversals:3422 android.view.ViewRootImpl.doTraversal:2671 android.view.ViewRootImpl$TraversalRunnable.run:10094 android.view.Choreographer$CallbackRecord.run:1010 android.view.Choreographer.doCallbacks:809 android.view.Choreographer.doFrame:744 android.view.Choreographer$FrameDisplayEventReceiver.run:995
09-16 14:53:10.327 24435 24435 I SurfaceControl: assignNativeObject: nativeObject = 0 Surface(name=null)/@0xd4ce95 / android.view.SurfaceControl.readFromParcel:1117 android.view.IWindowSession$Stub$Proxy.relayout:1836 android.view.ViewRootImpl.relayoutWindow:9132 android.view.ViewRootImpl.performTraversals:3422 android.view.ViewRootImpl.doTraversal:2671 android.view.ViewRootImpl$TraversalRunnable.run:10094 android.view.Choreographer$CallbackRecord.run:1010 android.view.Choreographer.doCallbacks:809 android.view.Choreographer.doFrame:744 android.view.Choreographer$FrameDisplayEventReceiver.run:995
09-16 14:53:10.327 24435 24435 I ViewRootImpl@5495431[ScannerActivity]: Relayout returned: old=(0,0,1200,1920) new=(0,0,1200,1920) req=(1200,1920)8 dur=7 res=0x5 s={false 0} ch=true fn=2062
09-16 14:53:10.328 24435 24435 I ViewRootImpl@5495431[ScannerActivity]: stopped(true) old=false
09-16 14:53:10.329 24435 24435 I BluetoothAdapter: STATE_ON
09-16 14:53:10.329 24435 24435 I BluetoothAdapter: STATE_ON
09-16 14:53:10.329 24435 24435 D BluetoothLeScanner: Stop Scan with callback
09-16 14:53:10.341 24435 24435 I SurfaceControl: assignNativeObject: nativeObject = 0 Surface(name=null)/@0xc388c4a / android.view.SurfaceControl.readFromParcel:1117 android.view.IWindowSession$Stub$Proxy.relayout:1826 android.view.ViewRootImpl.relayoutWindow:9132 android.view.ViewRootImpl.performTraversals:3422 android.view.ViewRootImpl.doTraversal:2671 android.view.ViewRootImpl$TraversalRunnable.run:10094 android.view.Choreographer$CallbackRecord.run:1010 android.view.Choreographer.doCallbacks:809 android.view.Choreographer.doFrame:744 android.view.Choreographer$FrameDisplayEventReceiver.run:995
09-16 14:53:10.341 24435 24435 I SurfaceControl: assignNativeObject: nativeObject = 0 Surface(name=null)/@0xd4ce95 / android.view.SurfaceControl.readFromParcel:1117 android.view.IWindowSession$Stub$Proxy.relayout:1836 android.view.ViewRootImpl.relayoutWindow:9132 android.view.ViewRootImpl.performTraversals:3422 android.view.ViewRootImpl.doTraversal:2671 android.view.ViewRootImpl$TraversalRunnable.run:10094 android.view.Choreographer$CallbackRecord.run:1010 android.view.Choreographer.doCallbacks:809 android.view.Choreographer.doFrame:744 android.view.Choreographer$FrameDisplayEventReceiver.run:995
09-16 14:53:10.342 24435 24435 I ViewRootImpl@5495431[ScannerActivity]: Relayout returned: old=(0,0,1200,1920) new=(0,0,1200,1920) req=(1200,1920)8 dur=6 res=0x5 s={false 0} ch=false fn=-1
09-16 14:53:10.838 24435 2148 D BluetoothGatt: onClientConnectionState() - status=0 clientIf=12 device=C1:70:0D:03:B1:E6
09-16 14:53:10.840 24435 24435 I BleManager: Connected to C1:70:0D:03:B1:E6
09-16 14:53:11.141 24435 24435 D BluetoothGatt: discoverServices() - device: C1:70:0D:03:B1:E6
09-16 14:53:11.231 24435 2148 D BluetoothGatt: onConnectionUpdated() - Device=C1:70:0D:03:B1:E6 interval=6 latency=0 timeout=500 status=0
09-16 14:53:11.366 24435 2148 D BluetoothGatt: onPhyUpdate() - status=0 address=C1:70:0D:03:B1:E6 txPhy=2 rxPhy=2
09-16 14:53:11.368 24435 24435 I BleManager: PHY updated (TX: LE 2M, RX: LE 2M)
09-16 14:53:11.633 24435 2148 D BluetoothGatt: onSearchComplete() = Device=C1:70:0D:03:B1:E6 Status=0
09-16 14:53:11.634 24435 24435 I BleManager: Services discovered
09-16 14:53:11.634 24435 24435 D BluetoothGatt: configureMTU() - device: C1:70:0D:03:B1:E6 mtu: 517
09-16 14:53:11.681 24435 2148 D BluetoothGatt: onConfigureMTU() - Device=C1:70:0D:03:B1:E6 mtu=69 status=0
09-16 14:53:11.682 24435 24435 I BleManager: MTU changed to: 69
09-16 14:53:11.682 24435 24435 D BluetoothGatt: setCharacteristicNotification() - uuid: 00002adc-0000-1000-8000-00805f9b34fb enable: true
09-16 14:53:11.696 24435 24435 I BleManager: Data written to descr. 00002902-0000-1000-8000-00805f9b34fb, value: (0x) 01-00
09-16 14:53:11.696 24435 24435 I BleManager: Notifications enabled
09-16 14:53:11.698 24435 2148 D BluetoothGatt: onConnectionUpdated() - Device=C1:70:0D:03:B1:E6 interval=36 latency=0 timeout=500 status=0
09-16 14:53:11.712 24435 24435 D ScrollView: onsize change changed
09-16 14:53:16.005 24435 2148 D BluetoothGatt: onConnectionUpdated() - Device=C1:70:0D:03:B1:E6 interval=30 latency=0 timeout=42 status=0
09-16 14:53:27.024 24435 24435 I ViewRootImpl@cac07f4[ProvisioningActivity]: ViewPostIme pointer 0
09-16 14:53:27.126 24435 24435 I ViewRootImpl@cac07f4[ProvisioningActivity]: ViewPostIme pointer 1
09-16 14:53:27.152 24435 24435 I BleManager: Data written to 00002adb-0000-1000-8000-00805f9b34fb, value: (0x) 03-00-05
09-16 14:53:27.152 24435 24435 V MeshManagerApi: Provisioning pdu sent: 0x030005
09-16 14:53:27.206 24435 24435 I BleManager: Notification received from 00002adc-0000-1000-8000-00805f9b34fb, value: (0x) 03-01-04-00-01-00-00-01-00-01-01-00-01
09-16 14:53:27.207 24435 24435 V MeshManagerApi: Received provisioning message: 0x03010400010000010001010001
09-16 14:53:27.207 24435 24435 V ProvisioningCapabilities: Number of elements: 4
09-16 14:53:27.207 24435 24435 V AlgorithmType: Supported output oob action type: FIPS P-256 Elliptic Curve
09-16 14:53:27.207 24435 24435 V ProvisioningCapabilities: Public key information available: false
09-16 14:53:27.207 24435 24435 V ProvisioningCapabilities: Static OOB information available: : false
09-16 14:53:27.207 24435 24435 V ProvisioningCapabilities: Output OOB size: 1
09-16 14:53:27.207 24435 24435 V OutputOOBAction: Supported output oob action type: Blink
09-16 14:53:27.207 24435 24435 V ProvisioningCapabilities: Input OOB size: 1
09-16 14:53:27.207 24435 24435 V InputOOBAction: Input oob action type value: Push
09-16 14:53:32.341 24435 24435 I ViewRootImpl@cac07f4[ProvisioningActivity]: ViewPostIme pointer 0
09-16 14:53:32.443 24435 24435 I ViewRootImpl@cac07f4[ProvisioningActivity]: ViewPostIme pointer 1
09-16 14:53:32.459 24435 24435 D ScrollView: initGoToTop
09-16 14:53:32.480 24435 24435 I Dialog : mIsSamsungBasicInteraction = false, isMetaDataInActivity = false
09-16 14:53:32.482 24435 24435 I DecorView: [INFO] isPopOver=false, config=false
09-16 14:53:32.482 24435 24435 I DecorView: updateCaptionType >> DecorView@748e8bc[], isFloating=true, isApplication=true, hasWindowDecorCaption=false, hasWindowControllerCallback=false
09-16 14:53:32.482 24435 24435 D DecorView: setCaptionType = 0, this = DecorView@748e8bc[]
09-16 14:53:32.489 24435 24435 D ScrollView: initGoToTop
09-16 14:53:32.503 24435 24435 D InputTransport: Input channel constructed: '4bdea43', fd=86
09-16 14:53:32.504 24435 24435 I ViewRootImpl@df5f8ec[ProvisioningActivity]: setView = com.android.internal.policy.DecorView@748e8bc TM=true
09-16 14:53:32.526 24435 24435 I SurfaceControl: assignNativeObject: nativeObject = 0 Surface(name=null)/@0xfb54731 / android.view.SurfaceControl.readFromParcel:1117 android.view.IWindowSession$Stub$Proxy.relayout:1836 android.view.ViewRootImpl.relayoutWindow:9132 android.view.ViewRootImpl.performTraversals:3422 android.view.ViewRootImpl.doTraversal:2671 android.view.ViewRootImpl$TraversalRunnable.run:10094 android.view.Choreographer$CallbackRecord.run:1010 android.view.Choreographer.doCallbacks:809 android.view.Choreographer.doFrame:744 android.view.Choreographer$FrameDisplayEventReceiver.run:995
09-16 14:53:32.527 24435 24435 I ViewRootImpl@df5f8ec[ProvisioningActivity]: Relayout returned: old=(0,36,1200,1848) new=(168,772,1032,1111) req=(864,339)0 dur=10 res=0x7 s={true -5476376669685087600} ch=true fn=-1
09-16 14:53:32.530 24435 24435 D ScrollView: onsize change changed
09-16 14:53:32.530 24435 24435 D ScrollView: onsize change changed
09-16 14:53:32.531 24435 24435 I ViewRootImpl@df5f8ec[ProvisioningActivity]: [DP] dp(1) 1 android.view.ViewRootImpl.reportNextDraw:11080 android.view.ViewRootImpl.performTraversals:3917 android.view.ViewRootImpl.doTraversal:2671
09-16 14:53:32.531 24435 24435 I ViewRootImpl@df5f8ec[ProvisioningActivity]: [DP] pd() Asnyc report
09-16 14:53:32.531 24435 24435 I ViewRootImpl@df5f8ec[ProvisioningActivity]: mAttachInfo.mThreadedRenderer.draw, mView = DecorView@748e8bc[ProvisioningActivity] w = 864 h = 339
09-16 14:53:32.539 24435 24435 I ViewRootImpl@df5f8ec[ProvisioningActivity]: [DP] pdf(0) 1 android.view.ViewRootImpl.lambda$performDraw$1$ViewRootImpl:4745 android.view.-$$Lambda$ViewRootImpl$DJd0VUYJgsebcnSohO6h8zc_ONI.run:6 android.os.Handler.handleCallback:938
09-16 14:53:32.539 24435 24435 I ViewRootImpl@df5f8ec[ProvisioningActivity]: [DP] rdf()
09-16 14:53:32.543 24435 24435 I SurfaceControl: nativeRelease nativeObject s[-5476376674517182224]
09-16 14:53:32.543 24435 24435 I SurfaceControl: nativeRelease nativeObject e[-5476376674517182224]
09-16 14:53:32.543 24435 24435 I SurfaceControl: nativeRelease nativeObject s[-5476376674517140336]
09-16 14:53:32.543 24435 24435 I SurfaceControl: nativeRelease nativeObject e[-5476376674517140336]
09-16 14:53:32.543 24435 24435 I SurfaceControl: nativeRelease nativeObject s[-5476376674517139776]
09-16 14:53:32.543 24435 24435 I SurfaceControl: nativeRelease nativeObject e[-5476376674517139776]
09-16 14:53:32.544 24435 24435 I SurfaceControl: nativeRelease nativeObject s[-5476376674517177856]
09-16 14:53:32.544 24435 24435 I SurfaceControl: nativeRelease nativeObject e[-5476376674517177856]
09-16 14:53:32.544 24435 24435 I SurfaceControl: nativeRelease nativeObject s[-5476376674517165424]
09-16 14:53:32.544 24435 24435 I SurfaceControl: nativeRelease nativeObject e[-5476376674517165424]
09-16 14:53:32.546 24435 24435 I ViewRootImpl@cac07f4[ProvisioningActivity]: MSG_WINDOW_FOCUS_CHANGED 0 1
09-16 14:53:32.553 24435 24435 I ViewRootImpl@df5f8ec[ProvisioningActivity]: MSG_WINDOW_FOCUS_CHANGED 1 1
09-16 14:53:34.324 24435 24435 I ViewRootImpl@df5f8ec[ProvisioningActivity]: ViewPostIme pointer 0
09-16 14:53:34.426 24435 24435 I ViewRootImpl@df5f8ec[ProvisioningActivity]: ViewPostIme pointer 1
09-16 14:53:34.461 24435 24435 D InputTransport: Input channel constructed: 'a8f31ee', fd=89
09-16 14:53:34.461 24435 24435 I ViewRootImpl@f9529ee[PopupWindow:5bf0233]: setView = android.widget.PopupWindow$PopupDecorView@15d8e8f TM=true
09-16 14:53:34.477 24435 24435 I SurfaceControl: assignNativeObject: nativeObject = 0 Surface(name=null)/@0x7df751c / android.view.SurfaceControl.readFromParcel:1117 android.view.IWindowSession$Stub$Proxy.relayout:1836 android.view.ViewRootImpl.relayoutWindow:9132 android.view.ViewRootImpl.performTraversals:3422 android.view.ViewRootImpl.doTraversal:2671 android.view.ViewRootImpl$TraversalRunnable.run:10094 android.view.Choreographer$CallbackRecord.run:1010 android.view.Choreographer.doCallbacks:809 android.view.Choreographer.doFrame:744 android.view.Choreographer$FrameDisplayEventReceiver.run:995
09-16 14:53:34.480 24435 24435 I ViewRootImpl@f9529ee[PopupWindow:5bf0233]: Relayout returned: old=(0,36,1200,1848) new=(216,895,912,1147) req=(696,252)0 dur=14 res=0x7 s={true -5476376669685026560} ch=true fn=-1
09-16 14:53:34.483 24435 24435 D AbsListView: in onLayout changed
09-16 14:53:34.486 24435 24435 I ViewRootImpl@f9529ee[PopupWindow:5bf0233]: [DP] dp(1) 0 android.view.ViewRootImpl.reportNextDraw:11080 android.view.ViewRootImpl.performTraversals:3917 android.view.ViewRootImpl.doTraversal:2671
09-16 14:53:34.488 24435 24435 I ViewRootImpl@f9529ee[PopupWindow:5bf0233]: [DP] pd() Asnyc report
09-16 14:53:34.490 24435 24435 I ViewRootImpl@f9529ee[PopupWindow:5bf0233]: mAttachInfo.mThreadedRenderer.draw, mView = android.widget.PopupWindow$PopupDecorView{15d8e8f V.E...... R.....ID 0,0-696,252} w = 696 h = 252
09-16 14:53:34.495 24435 24435 I ViewRootImpl@f9529ee[PopupWindow:5bf0233]: [DP] pdf(0) 0 android.view.ViewRootImpl.lambda$performDraw$1$ViewRootImpl:4745 android.view.-$$Lambda$ViewRootImpl$DJd0VUYJgsebcnSohO6h8zc_ONI.run:6 android.os.Handler.handleCallback:938
09-16 14:53:34.495 24435 24435 I ViewRootImpl@f9529ee[PopupWindow:5bf0233]: [DP] rdf()
09-16 14:53:34.497 24435 24435 I SurfaceControl: nativeRelease nativeObject s[-5476376674517182224]
09-16 14:53:34.497 24435 24435 I SurfaceControl: nativeRelease nativeObject e[-5476376674517182224]
09-16 14:53:34.497 24435 24435 I SurfaceControl: nativeRelease nativeObject s[-5476376674517140336]
09-16 14:53:34.497 24435 24435 I SurfaceControl: nativeRelease nativeObject e[-5476376674517140336]
09-16 14:53:34.498 24435 24435 I SurfaceControl: nativeRelease nativeObject s[-5476376674517119392]
09-16 14:53:34.498 24435 24435 I SurfaceControl: nativeRelease nativeObject e[-5476376674517119392]
09-16 14:53:34.498 24435 24435 I SurfaceControl: nativeRelease nativeObject s[-5476376674517117824]
09-16 14:53:34.498 24435 24435 I SurfaceControl: nativeRelease nativeObject e[-5476376674517117824]
09-16 14:53:34.498 24435 24435 I ViewRootImpl@df5f8ec[ProvisioningActivity]: MSG_WINDOW_FOCUS_CHANGED 0 1
09-16 14:53:34.506 24435 24435 I ViewRootImpl@f9529ee[PopupWindow:5bf0233]: MSG_RESIZED_REPORT: frame=(216,895,912,1147) ci=(0,0,0,0) vi=(0,0,0,0) or=1
09-16 14:53:34.506 24435 24435 I ViewRootImpl@f9529ee[PopupWindow:5bf0233]: [DP] dp(1) 0 android.view.ViewRootImpl.reportNextDraw:11080 android.view.ViewRootImpl.access$1300:255 android.view.ViewRootImpl$ViewRootHandler.handleMessage:6209
09-16 14:53:34.524 24435 24435 I SurfaceControl: nativeRelease nativeObject s[-5476376674517139776]
09-16 14:53:34.524 24435 24435 I SurfaceControl: nativeRelease nativeObject e[-5476376674517139776]
09-16 14:53:34.524 24435 24435 I SurfaceControl: assignNativeObject: nativeObject = 0 Surface(name=null)/@0x7df751c / android.view.SurfaceControl.readFromParcel:1117 android.view.IWindowSession$Stub$Proxy.relayout:1836 android.view.ViewRootImpl.relayoutWindow:9132 android.view.ViewRootImpl.performTraversals:3422 android.view.ViewRootImpl.doTraversal:2671 android.view.ViewRootImpl$TraversalRunnable.run:10094 android.view.Choreographer$CallbackRecord.run:1010 android.view.Choreographer.doCallbacks:809 android.view.Choreographer.doFrame:744 android.view.Choreographer$FrameDisplayEventReceiver.run:995
09-16 14:53:34.525 24435 24435 I SurfaceControl: nativeRelease nativeObject s[-5476376674517116592]
09-16 14:53:34.525 24435 24435 I SurfaceControl: nativeRelease nativeObject e[-5476376674517116592]
09-16 14:53:34.525 24435 24435 I SurfaceControl: nativeRelease nativeObject s[-5476376674517196000]
09-16 14:53:34.525 24435 24435 I SurfaceControl: nativeRelease nativeObject e[-5476376674517196000]
09-16 14:53:34.525 24435 24435 I ViewRootImpl@f9529ee[PopupWindow:5bf0233]: Relayout returned: old=(216,895,912,1147) new=(216,895,912,1147) req=(696,252)0 dur=7 res=0x1 s={true -5476376669685026560} ch=false fn=3
09-16 14:53:34.525 24435 24435 I ViewRootImpl@f9529ee[PopupWindow:5bf0233]: [DP] pd() Asnyc report
09-16 14:53:34.528 24435 24435 I ViewRootImpl@f9529ee[PopupWindow:5bf0233]: mAttachInfo.mThreadedRenderer.draw, mView = android.widget.PopupWindow$PopupDecorView{15d8e8f V.E...... R......D 0,0-696,252} w = 696 h = 252
09-16 14:53:34.532 24435 24435 I ViewRootImpl@f9529ee[PopupWindow:5bf0233]: [DP] pdf(0) 0 android.view.ViewRootImpl.lambda$performDraw$1$ViewRootImpl:4745 android.view.-$$Lambda$ViewRootImpl$DJd0VUYJgsebcnSohO6h8zc_ONI.run:6 android.os.Handler.handleCallback:938
09-16 14:53:34.532 24435 24435 I ViewRootImpl@f9529ee[PopupWindow:5bf0233]: [DP] rdf()
09-16 14:53:34.533 24435 24435 I ViewRootImpl@f9529ee[PopupWindow:5bf0233]: MSG_WINDOW_FOCUS_CHANGED 1 1
09-16 14:53:35.491 24435 24435 I ViewRootImpl@f9529ee[PopupWindow:5bf0233]: ViewPostIme pointer 0
09-16 14:53:35.559 24435 24435 I ViewRootImpl@f9529ee[PopupWindow:5bf0233]: ViewPostIme pointer 1
09-16 14:53:35.560 24435 24435 D AbsListView: onTouchUp() mTouchMode : 0
09-16 14:53:35.645 24435 24435 I SurfaceControl: nativeRelease nativeObject s[-5476376674517119392]
09-16 14:53:35.645 24435 24435 I SurfaceControl: nativeRelease nativeObject e[-5476376674517119392]
09-16 14:53:35.645 24435 24435 I SurfaceControl: assignNativeObject: nativeObject = 0 Surface(name=null)/@0x7df751c / android.view.SurfaceControl.readFromParcel:1117 android.view.IWindowSession$Stub$Proxy.relayout:1836 android.view.ViewRootImpl.relayoutWindow:9132 android.view.ViewRootImpl.performTraversals:3422 android.view.ViewRootImpl.doTraversal:2671 android.view.ViewRootImpl$TraversalRunnable.run:10094 android.view.Choreographer$CallbackRecord.run:1010 android.view.Choreographer.doCallbacks:809 android.view.Choreographer.doFrame:744 android.view.Choreographer$FrameDisplayEventReceiver.run:995
09-16 14:53:35.646 24435 24435 I SurfaceControl: nativeRelease nativeObject s[-5476376674517140336]
09-16 14:53:35.646 24435 24435 I SurfaceControl: nativeRelease nativeObject e[-5476376674517140336]
09-16 14:53:35.646 24435 24435 I SurfaceControl: nativeRelease nativeObject s[-5476376674517139776]
09-16 14:53:35.646 24435 24435 I SurfaceControl: nativeRelease nativeObject e[-5476376674517139776]
09-16 14:53:35.646 24435 24435 I ViewRootImpl@f9529ee[PopupWindow:5bf0233]: Relayout returned: old=(216,895,912,1147) new=(216,895,912,1147) req=(696,252)0 dur=12 res=0x1 s={true -5476376669685026560} ch=false fn=21
09-16 14:53:35.647 24435 24435 I ViewRootImpl@f9529ee[PopupWindow:5bf0233]: mAttachInfo.mThreadedRenderer.draw, mView = android.widget.PopupWindow$PopupDecorView{15d8e8f V.E...... R.....ID 0,0-696,252} w = 696 h = 252
09-16 14:53:35.668 24435 24435 I ViewRootImpl@f9529ee[PopupWindow:5bf0233]: MSG_WINDOW_FOCUS_CHANGED 0 1
09-16 14:53:35.668 24435 24435 I ViewRootImpl@df5f8ec[ProvisioningActivity]: MSG_WINDOW_FOCUS_CHANGED 1 1
09-16 14:53:35.953 24435 31999 D OpenGLRenderer: endAllActiveAnimators on 0xb400006eab4b1bb0 (i0) with handle 0xb400006dbb2df870
09-16 14:53:35.953 24435 24435 I ViewRootImpl@f9529ee[PopupWindow:5bf0233]: dispatchDetachedFromWindow
09-16 14:53:35.953 24435 24435 I SurfaceControl: nativeRelease nativeObject s[-5476376674517112224]
09-16 14:53:35.953 24435 24435 I SurfaceControl: nativeRelease nativeObject e[-5476376674517112224]
09-16 14:53:35.960 24435 24435 D InputTransport: Input channel destroyed: 'a8f31ee', fd=89
09-16 14:53:36.391 24435 24435 I ViewRootImpl@df5f8ec[ProvisioningActivity]: ViewPostIme pointer 0
09-16 14:53:36.460 24435 24435 I ViewRootImpl@df5f8ec[ProvisioningActivity]: ViewPostIme pointer 1
09-16 14:53:36.470 24435 24435 V ProvisioningStartState: Provisioning start PDU: 0x03020000000000
09-16 14:53:36.475 24435 31999 D OpenGLRenderer: endAllActiveAnimators on 0xb400006eab460dc0 (RippleDrawable) with handle 0xb400006dbb2df870
09-16 14:53:36.476 24435 24435 I ViewRootImpl@df5f8ec[ProvisioningActivity]: dispatchDetachedFromWindow
09-16 14:53:36.476 24435 24435 I SurfaceControl: nativeRelease nativeObject s[-5476376674517197120]
09-16 14:53:36.476 24435 24435 I SurfaceControl: nativeRelease nativeObject e[-5476376674517197120]
09-16 14:53:36.488 24435 24435 D InputTransport: Input channel destroyed: '4bdea43', fd=86
09-16 14:53:36.506 24435 24435 I SurfaceControl: nativeRelease nativeObject s[-5476376674517186368]
09-16 14:53:36.506 24435 24435 I SurfaceControl: nativeRelease nativeObject e[-5476376674517186368]
09-16 14:53:36.506 24435 24435 I SurfaceControl: assignNativeObject: nativeObject = 0 Surface(name=null)/@0x3dc618c / android.view.SurfaceControl.readFromParcel:1117 android.view.IWindowSession$Stub$Proxy.relayout:1836 android.view.ViewRootImpl.relayoutWindow:9132 android.view.ViewRootImpl.performTraversals:3422 android.view.ViewRootImpl.doTraversal:2671 android.view.ViewRootImpl$TraversalRunnable.run:10094 android.view.Choreographer$CallbackRecord.run:1010 android.view.Choreographer.doCallbacks:809 android.view.Choreographer.doFrame:744 android.view.Choreographer$FrameDisplayEventReceiver.run:995
09-16 14:53:36.507 24435 24435 I SurfaceControl: nativeRelease nativeObject s[-5476376674517117712]
09-16 14:53:36.507 24435 24435 I SurfaceControl: nativeRelease nativeObject e[-5476376674517117712]
09-16 14:53:36.510 24435 24435 I ViewRootImpl@cac07f4[ProvisioningActivity]: Relayout returned: old=(0,0,1200,1920) new=(0,0,1200,1920) req=(1200,1920)0 dur=7 res=0x1 s={true -5476376669685052720} ch=false fn=161
09-16 14:53:36.510 24435 24435 I ViewRootImpl@cac07f4[ProvisioningActivity]: mAttachInfo.mThreadedRenderer.draw, mView = DecorView@ea08d39[ProvisioningActivity] w = 1200 h = 1920
09-16 14:53:36.512 24435 24435 I BleManager: Data written to 00002adb-0000-1000-8000-00805f9b34fb, value: (0x) 03-02-00-00-00-00-00
09-16 14:53:36.512 24435 24435 I SurfaceControl: nativeRelease nativeObject s[-5476376674517119840]
09-16 14:53:36.512 24435 24435 I SurfaceControl: nativeRelease nativeObject e[-5476376674517119840]
09-16 14:53:36.512 24435 24435 I SurfaceControl: nativeRelease nativeObject s[-5476376674517116592]
09-16 14:53:36.512 24435 24435 I SurfaceControl: nativeRelease nativeObject e[-5476376674517116592]
09-16 14:53:36.513 24435 24435 I SurfaceControl: nativeRelease nativeObject s[-5476376674517186368]
09-16 14:53:36.513 24435 24435 I SurfaceControl: nativeRelease nativeObject e[-5476376674517186368]
09-16 14:53:36.513 24435 24435 I SurfaceControl: nativeRelease nativeObject s[-5476376674517175840]
09-16 14:53:36.513 24435 24435 I SurfaceControl: nativeRelease nativeObject e[-5476376674517175840]
09-16 14:53:36.513 24435 24435 I SurfaceControl: nativeRelease nativeObject s[-5476376674517168560]
09-16 14:53:36.513 24435 24435 I SurfaceControl: nativeRelease nativeObject e[-5476376674517168560]
09-16 14:53:36.514 24435 24435 V MeshManagerApi: Provisioning pdu sent: 0x03020000000000
09-16 14:53:36.516 24435 24435 V ProvisioningPublicKeyState: X: length: 32 D39A45DD5D632CC96C02B2A4D4048A12E3C103506EC8E1AA31026452636A5870
09-16 14:53:36.516 24435 24435 V ProvisioningPublicKeyState: Y: length: 32 6D65013682A419168F8579C919A8C028EAC33558E52736D10D9B02441279F3F2
09-16 14:53:36.516 24435 24435 V ProvisioningPublicKeyState: XY: 0xD39A45DD5D632CC96C02B2A4D4048A12E3C103506EC8E1AA31026452636A58706D65013682A419168F8579C919A8C028EAC33558E52736D10D9B02441279F3F2
09-16 14:53:36.522 24435 24435 I BleManager: Data written to 00002adb-0000-1000-8000-00805f9b34fb, value: (0x) 03-03-D3-9A-45-DD-5D-63-2C-C9-6C-02-B2-A4-D4-04-8A-12-E3-C1-03-50-6E-C8-E1-AA-31-02-64-52-63-6A-58-70-6D-65-01-36-82-A4-19-16-8F-85-79-C9-19-A8-C0-28-EA-C3-35-58-E5-27-36-D1-0D-9B-02-44-12-79-F3-F2
09-16 14:53:36.523 24435 24435 I ViewRootImpl@cac07f4[ProvisioningActivity]: MSG_WINDOW_FOCUS_CHANGED 1 1
09-16 14:53:36.523 24435 24435 D InputMethodManager: prepareNavigationBarInfo() DecorView@ea08d39[ProvisioningActivity]
09-16 14:53:36.523 24435 24435 D InputMethodManager: getNavigationBarColor() -16777216
09-16 14:53:36.524 24435 24435 D InputMethodManager: prepareNavigationBarInfo() DecorView@ea08d39[ProvisioningActivity]
09-16 14:53:36.524 24435 24435 D InputMethodManager: getNavigationBarColor() -16777216
09-16 14:53:36.524 24435 24435 V InputMethodManager: Starting input: tba=no.nordicsemi.android.nrfmeshprovisioner ic=null mNaviBarColor -16777216 mIsGetNaviBarColorSuccess true , NavVisible : true , NavTrans : false
09-16 14:53:36.524 24435 24435 D InputMethodManager: startInputInner - Id : 0
09-16 14:53:36.524 24435 24435 I InputMethodManager: startInputInner - mService.startInputOrWindowGainedFocus
09-16 14:53:36.526 24435 24435 D InputTransport: Input channel constructed: 'ClientS', fd=90
09-16 14:53:36.526 24435 24435 D InputTransport: Input channel destroyed: 'ClientS', fd=110
09-16 14:53:36.526 24435 24435 V MeshManagerApi: Provisioning pdu sent: 0x0303D39A45DD5D632CC96C02B2A4D4048A12E3C103506EC8E1AA31026452636A58706D65013682A419168F8579C919A8C028EAC33558E52736D10D9B02441279F3F2
09-16 14:53:36.584 24435 24435 I BleManager: Notification received from 00002adc-0000-1000-8000-00805f9b34fb, value: (0x) 03-03-88-74-FC-31-3A-4F-9E-CE-8F-DF-A7-30-09-F8-D1-FF-9E-BE-0C-5F-B5-D0-6C-22-C5-35-7C-AD-A4-4B-2E-8E-BD-81-FC-14-68-C9-52-EF-44-D4-03-F5-0F-49-40-F7-10-C5-57-9E-B7-E6-BD-31-7B-01-C4-91-DF-A9-79-08
09-16 14:53:36.584 24435 24435 V MeshManagerApi: Received provisioning message: 0x03038874FC313A4F9ECE8FDFA73009F8D1FF9EBE0C5FB5D06C22C5357CADA44B2E8EBD81FC1468C952EF44D403F50F4940F710C5579EB7E6BD317B01C491DFA97908
09-16 14:53:36.584 24435 24435 V ProvisioningPublicKeyState: Provisionee X: BD81FC1468C952EF44D403F50F4940F710C5579EB7E6BD317B01C491DFA97908
09-16 14:53:36.584 24435 24435 V ProvisioningPublicKeyState: Provisionee Y: 8874FC313A4F9ECE8FDFA73009F8D1FF9EBE0C5FB5D06C22C5357CADA44B2E8E
09-16 14:53:36.586 24435 24435 V ProvisioningPublicKeyState: ECDH Secret: FEB08627C081A02498BF153EC5F90A8FD21D4CC366997694F83E24FACE68CEDD
09-16 14:53:36.586 24435 24435 V ProvisioningConfirmationState: Confirmation inputs: 0504000100000100010100010000000000D39A45DD5D632CC96C02B2A4D4048A12E3C103506EC8E1AA31026452636A58706D65013682A419168F8579C919A8C028EAC33558E52736D10D9B02441279F3F28874FC313A4F9ECE8FDFA73009F8D1FF9EBE0C5FB5D06C22C5357CADA44B2E8EBD81FC1468C952EF44D403F50F4940F710C5579EB7E6BD317B01C491DFA97908
09-16 14:53:36.586 24435 24435 V ProvisioningConfirmationState: Confirmation salt: 9415147BC72057DD77768D9ACA502539
09-16 14:53:36.586 24435 24435 V ProvisioningConfirmationState: Confirmation key: 49E90AABE4A56B162ABE5E4996552EEB
09-16 14:53:36.586 24435 24435 V ProvisioningConfirmationState: Provisioner random: 9FAF34D20CC0833189E63BF8AB857AEC
09-16 14:53:36.587 24435 24435 V ProvisioningConfirmationState: Authentication value: 00000000000000000000000000000000
09-16 14:53:36.587 24435 24435 V ProvisioningConfirmationState: Provisioning confirmation: 0305C5D67D2A3C8A9F3904AE32EA833E3C85
09-16 14:53:36.589 24435 24435 I BleManager: Data written to 00002adb-0000-1000-8000-00805f9b34fb, value: (0x) 03-05-C5-D6-7D-2A-3C-8A-9F-39-04-AE-32-EA-83-3E-3C-85
09-16 14:53:36.605 24435 24435 V MeshManagerApi: Provisioning pdu sent: 0x0305C5D67D2A3C8A9F3904AE32EA833E3C85
09-16 14:53:36.656 24435 24435 I BleManager: Notification received from 00002adc-0000-1000-8000-00805f9b34fb, value: (0x) 03-05-53-62-9C-46-EF-3B-0E-53-17-7D-29-1B-DE-AD-4F-43
09-16 14:53:36.656 24435 24435 V MeshManagerApi: Received provisioning message: 0x030553629C46EF3B0E53177D291BDEAD4F43
09-16 14:53:36.656 24435 24435 V ProvisioningRandomConfirmationState: Provisioner random PDU: 03069FAF34D20CC0833189E63BF8AB857AEC
09-16 14:53:36.674 24435 24435 I BleManager: Data written to 00002adb-0000-1000-8000-00805f9b34fb, value: (0x) 03-06-9F-AF-34-D2-0C-C0-83-31-89-E6-3B-F8-AB-85-7A-EC
09-16 14:53:36.674 24435 24435 V MeshManagerApi: Provisioning pdu sent: 0x03069FAF34D20CC0833189E63BF8AB857AEC
09-16 14:53:36.732 24435 24435 I BleManager: Notification received from 00002adc-0000-1000-8000-00805f9b34fb, value: (0x) 03-06-9F-E6-48-83-45-A7-8A-1E-5A-35-C9-3B-75-64-BD-31
09-16 14:53:36.732 24435 24435 V MeshManagerApi: Received provisioning message: 0x03069FE6488345A78A1E5A35C93B7564BD31
09-16 14:53:36.732 24435 24435 V ProvisioningRandomConfirmationState: Confirmation inputs: 0504000100000100010100010000000000D39A45DD5D632CC96C02B2A4D4048A12E3C103506EC8E1AA31026452636A58706D65013682A419168F8579C919A8C028EAC33558E52736D10D9B02441279F3F28874FC313A4F9ECE8FDFA73009F8D1FF9EBE0C5FB5D06C22C5357CADA44B2E8EBD81FC1468C952EF44D403F50F4940F710C5579EB7E6BD317B01C491DFA97908
09-16 14:53:36.732 24435 24435 V ProvisioningRandomConfirmationState: Confirmation salt: 9415147BC72057DD77768D9ACA502539
09-16 14:53:36.732 24435 24435 V ProvisioningRandomConfirmationState: Confirmation key: 49E90AABE4A56B162ABE5E4996552EEB
09-16 14:53:36.732 24435 24435 V ProvisioningRandomConfirmationState: Authentication value: 00000000000000000000000000000000
09-16 14:53:36.732 24435 24435 V ProvisioningDataState: Provisioning salt: B8F375B8C373769F3C99CB4CCF483EBE
09-16 14:53:36.732 24435 24435 V ProvisioningDataState: Session key: 61CE8DE222E224D1604A4CE4F6A3241A
09-16 14:53:36.732 24435 24435 V ProvisioningDataState: Session nonce: 10502604AE244F14C392AC56EE
09-16 14:53:36.732 24435 24435 V ProvisioningDataState: Device key: 3D9263573A8890F7879A40D2484AC476
09-16 14:53:36.732 24435 24435 V ProvisioningDataState: Network key: CEA35479257B02F70ABD98C4DC6B3A62
09-16 14:53:36.732 24435 24435 V ProvisioningDataState: Key index: 0000
09-16 14:53:36.732 24435 24435 V ProvisioningDataState: Flags: 00
09-16 14:53:36.732 24435 24435 V ProvisioningDataState: IV index: 00000000
09-16 14:53:36.732 24435 24435 V ProvisioningDataState: Unicast address: 0006
09-16 14:53:36.732 24435 24435 V ProvisioningDataState: Provisioning data: CEA35479257B02F70ABD98C4DC6B3A62000000000000000006
09-16 14:53:36.733 24435 24435 V ProvisioningDataState: Encrypted provisioning data: 10F685A264BCDFE3394EE89D3B533B44DF8E9B061E2C343B9CD2A74A967C2C7F06
09-16 14:53:36.733 24435 24435 V ProvisioningDataState: Prov Data: 030710F685A264BCDFE3394EE89D3B533B44DF8E9B061E2C343B9CD2A74A967C2C7F06
09-16 14:53:36.735 24435 24435 I BleManager: Data written to 00002adb-0000-1000-8000-00805f9b34fb, value: (0x) 03-07-10-F6-85-A2-64-BC-DF-E3-39-4E-E8-9D-3B-53-3B-44-DF-8E-9B-06-1E-2C-34-3B-9C-D2-A7-4A-96-7C-2C-7F-06
09-16 14:53:36.760 24435 24435 V MeshManagerApi: Provisioning pdu sent: 0x030710F685A264BCDFE3394EE89D3B533B44DF8E9B061E2C343B9CD2A74A967C2C7F06
09-16 14:53:36.845 24435 24435 I BleManager: Notification received from 00002adc-0000-1000-8000-00805f9b34fb, value: (0x) 03-08
09-16 14:53:36.845 24435 24435 V MeshManagerApi: Received provisioning message: 0x0308
09-16 14:53:36.845 24435 24435 D BluetoothGatt: cancelOpen() - device: C1:70:0D:03:B1:E6
09-16 14:53:36.851 24435 2148 D BluetoothGatt: onClientConnectionState() - status=0 clientIf=12 device=C1:70:0D:03:B1:E6
09-16 14:53:36.852 24435 24435 V s : Disconnecting...
09-16 14:53:36.873 24435 24435 I SurfaceControl: nativeRelease nativeObject s[-5476376674517223664]
09-16 14:53:36.873 24435 24435 I SurfaceControl: nativeRelease nativeObject e[-5476376674517223664]
09-16 14:53:36.873 24435 24435 I SurfaceControl: assignNativeObject: nativeObject = 0 Surface(name=null)/@0x3dc618c / android.view.SurfaceControl.readFromParcel:1117 android.view.IWindowSession$Stub$Proxy.relayout:1836 android.view.ViewRootImpl.relayoutWindow:9132 android.view.ViewRootImpl.performTraversals:3422 android.view.ViewRootImpl.doTraversal:2671 android.view.ViewRootImpl$TraversalRunnable.run:10094 android.view.Choreographer$CallbackRecord.run:1010 android.view.Choreographer.doCallbacks:809 android.view.Choreographer.doFrame:744 android.view.Choreographer$FrameDisplayEventReceiver.run:995
09-16 14:53:36.875 24435 24435 I SurfaceControl: nativeRelease nativeObject s[-5476376674517197120]
09-16 14:53:36.875 24435 24435 I SurfaceControl: nativeRelease nativeObject e[-5476376674517197120]
09-16 14:53:36.875 24435 24435 I SurfaceControl: nativeRelease nativeObject s[-5476376674517126336]
09-16 14:53:36.875 24435 24435 I SurfaceControl: nativeRelease nativeObject e[-5476376674517126336]
09-16 14:53:36.875 24435 24435 I SurfaceControl: nativeRelease nativeObject s[-5476376674517138320]
09-16 14:53:36.875 24435 24435 I SurfaceControl: nativeRelease nativeObject e[-5476376674517138320]
09-16 14:53:36.875 24435 24435 I ViewRootImpl@cac07f4[ProvisioningActivity]: Relayout returned: old=(0,0,1200,1920) new=(0,0,1200,1920) req=(1200,1920)0 dur=7 res=0x1 s={true -5476376669685052720} ch=false fn=167
09-16 14:53:36.875 24435 24435 I ViewRootImpl@cac07f4[ProvisioningActivity]: mAttachInfo.mThreadedRenderer.draw, mView = DecorView@ea08d39[ProvisioningActivity] w = 1200 h = 1920
09-16 14:53:36.877 24435 24435 I BleManager: Disconnected
09-16 14:53:36.878 24435 24435 D BluetoothGatt: refresh() - device: C1:70:0D:03:B1:E6
09-16 14:53:36.879 24435 24435 I BleManager: Cache refreshed
09-16 14:53:36.879 24435 24435 D BluetoothGatt: close()
09-16 14:53:36.881 24435 24435 D BluetoothGatt: unregisterApp() - mClientIf=12
09-16 14:53:36.885 24435 24435 V s : Disconnected
09-16 14:53:37.853 24435 24435 I BluetoothAdapter: STATE_ON
09-16 14:53:37.853 24435 24435 I BluetoothAdapter: STATE_ON
09-16 14:53:37.853 24435 24435 I BluetoothAdapter: STATE_ON
09-16 14:53:37.853 24435 24435 I BluetoothAdapter: STATE_ON
09-16 14:53:37.854 24435 24435 I BluetoothAdapter: STATE_ON
09-16 14:53:37.855 24435 24435 I BluetoothAdapter: STATE_ON
09-16 14:53:37.855 24435 24435 I BluetoothAdapter: STATE_ON
09-16 14:53:37.855 24435 24435 D BluetoothLeScanner: Start Scan with callback
09-16 14:53:37.858 24435 2148 D BluetoothLeScanner: onScannerRegistered() - status=0 scannerId=10 mScannerId=0
09-16 14:53:37.863 24435 24435 V s : Scan started
09-16 14:53:57.864 24435 24435 I BluetoothAdapter: STATE_ON
09-16 14:53:57.864 24435 24435 I BluetoothAdapter: STATE_ON
09-16 14:53:57.864 24435 24435 D BluetoothLeScanner: Stop Scan with callback
09-16 14:53:57.895 24435 24435 I ViewRootImpl@5495431[ScannerActivity]: stopped(false) old=true
09-16 14:53:57.900 24435 24435 I BluetoothAdapter: STATE_ON
09-16 14:53:57.900 24435 24435 I BluetoothAdapter: STATE_ON
09-16 14:53:57.901 24435 24435 I BluetoothAdapter: STATE_ON
09-16 14:53:57.901 24435 24435 I BluetoothAdapter: STATE_ON
09-16 14:53:57.901 24435 24435 I BluetoothAdapter: STATE_ON
09-16 14:53:57.902 24435 24435 I BluetoothAdapter: STATE_ON
09-16 14:53:57.902 24435 24435 I BluetoothAdapter: STATE_ON
09-16 14:53:57.903 24435 24435 D BluetoothLeScanner: Start Scan with callback
09-16 14:53:57.906 24435 520 D BluetoothLeScanner: onScannerRegistered() - status=0 scannerId=10 mScannerId=0
09-16 14:53:57.922 24435 24435 I SurfaceControl: assignNativeObject: nativeObject = 0 Surface(name=null)/@0xd4ce95 / android.view.SurfaceControl.readFromParcel:1117 android.view.IWindowSession$Stub$Proxy.relayout:1836 android.view.ViewRootImpl.relayoutWindow:9132 android.view.ViewRootImpl.performTraversals:3422 android.view.ViewRootImpl.doTraversal:2671 android.view.ViewRootImpl$TraversalRunnable.run:10094 android.view.Choreographer$CallbackRecord.run:1010 android.view.Choreographer.doCallbacks:809 android.view.Choreographer.doFrame:744 android.view.Choreographer$FrameDisplayEventReceiver.run:995
