09-16 14:47:23.716 24435 24435 V InputMethodManager: Starting input: tba=no.nordicsemi.android.nrfmeshprovisioner ic=null mNaviBarColor -16777216 mIsGetNaviBarColorSuccess true , NavVisible : true , NavTrans : false
09-16 14:47:23.716 24435 24435 D InputMethodManager: startInputInner - Id : 0
09-16 14:47:23.716 24435 24435 I InputMethodManager: startInputInner - mService.startInputOrWindowGainedFocus
09-16 14:47:23.718 24435 24435 D InputTransport: Input channel constructed: 'ClientS', fd=107
09-16 14:47:23.718 24435 24435 D InputTransport: Input channel destroyed: 'ClientS', fd=90
09-16 14:47:23.731 24435 24435 I SurfaceControl: nativeRelease nativeObject s[-5476376674517235200]
09-16 14:47:23.731 24435 24435 I SurfaceControl: nativeRelease nativeObject e[-5476376674517235200]
09-16 14:47:23.732 24435 24435 I SurfaceControl: nativeRelease nativeObject s[-5476376674517153104]
09-16 14:47:23.732 24435 24435 I SurfaceControl: nativeRelease nativeObject e[-5476376674517153104]
09-16 14:47:23.732 24435 24435 I SurfaceControl: nativeRelease nativeObject s[-5476376674517168672]
09-16 14:47:23.732 24435 24435 I SurfaceControl: nativeRelease nativeObject e[-5476376674517168672]
09-16 14:47:24.041 24435 24435 I SurfaceControl: nativeRelease nativeObject s[-5476376674517182000]
09-16 14:47:24.041 24435 24435 I SurfaceControl: nativeRelease nativeObject e[-5476376674517182000]
09-16 14:47:24.042 24435 24435 I SurfaceControl: assignNativeObject: nativeObject = 0 Surface(name=null)/@0xb5cd912 / android.view.SurfaceControl.readFromParcel:1117 android.view.IWindowSession$Stub$Proxy.relayout:1826 android.view.ViewRootImpl.relayoutWindow:9132 android.view.ViewRootImpl.performTraversals:3422 android.view.ViewRootImpl.doTraversal:2671 android.view.ViewRootImpl$TraversalRunnable.run:10094 android.view.Choreographer$CallbackRecord.run:1010 android.view.Choreographer.doCallbacks:809 android.view.Choreographer.doFrame:744 android.view.Choreographer$FrameDisplayEventReceiver.run:995
09-16 14:47:24.042 24435 24435 I SurfaceControl: assignNativeObject: nativeObject = 0 Surface(name=null)/@0x7037c5 / android.view.SurfaceControl.readFromParcel:1117 android.view.IWindowSession$Stub$Proxy.relayout:1836 android.view.ViewRootImpl.relayoutWindow:9132 android.view.ViewRootImpl.performTraversals:3422 android.view.ViewRootImpl.doTraversal:2671 android.view.ViewRootImpl$TraversalRunnable.run:10094 android.view.Choreographer$CallbackRecord.run:1010 android.view.Choreographer.doCallbacks:809 android.view.Choreographer.doFrame:744 android.view.Choreographer$FrameDisplayEventReceiver.run:995
09-16 14:47:24.042 24435 24435 I ViewRootImpl@92f940d[ProvisioningActivity]: Relayout returned: old=(0,0,1200,1920) new=(0,0,1200,1920) req=(1200,1920)8 dur=6 res=0x5 s={false 0} ch=true fn=137
09-16 14:47:24.043 24435 24435 I ViewRootImpl@92f940d[ProvisioningActivity]: stopped(true) old=false
09-16 14:47:24.047 24435 24435 I ViewRootImpl@92f940d[ProvisioningActivity]: dispatchDetachedFromWindow
09-16 14:47:24.052 24435 24435 D InputTransport: Input channel destroyed: '1e45c67', fd=87
09-16 14:47:49.409 24435 24435 D InputMethodManager: prepareNavigationBarInfo() DecorView@59a77b1[ScannerActivity]
09-16 14:47:49.409 24435 24435 D InputMethodManager: getNavigationBarColor() -16777216
09-16 14:47:49.409 24435 24435 V InputMethodManager: Starting input: tba=no.nordicsemi.android.nrfmeshprovisioner ic=null mNaviBarColor -16777216 mIsGetNaviBarColorSuccess true , NavVisible : true , NavTrans : false
09-16 14:47:49.409 24435 24435 D InputMethodManager: startInputInner - Id : 0
09-16 14:47:49.409 24435 24435 I InputMethodManager: startInputInner - mService.startInputOrWindowGainedFocus
09-16 14:47:49.410 24435 24435 D InputTransport: Input channel constructed: 'ClientS', fd=84
09-16 14:47:49.410 24435 24435 D InputTransport: Input channel destroyed: 'ClientS', fd=107
09-16 14:47:49.755 24435 24435 I ViewRootImpl@26c3634[ScannerActivity]: stopped(true) old=false
09-16 14:47:49.758 24435 24435 I SurfaceControl: nativeRelease nativeObject s[-5476376674517182672]
09-16 14:47:49.758 24435 24435 I SurfaceControl: nativeRelease nativeObject e[-5476376674517182672]
09-16 14:47:49.759 24435 24435 I BluetoothAdapter: STATE_ON
09-16 14:47:49.759 24435 24435 I BluetoothAdapter: STATE_ON
09-16 14:47:49.759 24435 24435 D BluetoothLeScanner: Stop Scan with callback
09-16 14:47:49.785 24435 24435 I SurfaceControl: assignNativeObject: nativeObject = 0 Surface(name=null)/@0x52aaa28 / android.view.SurfaceControl.readFromParcel:1117 android.view.IWindowSession$Stub$Proxy.relayout:1826 android.view.ViewRootImpl.relayoutWindow:9132 android.view.ViewRootImpl.performTraversals:3422 android.view.ViewRootImpl.doTraversal:2671 android.view.ViewRootImpl$TraversalRunnable.run:10094 android.view.Choreographer$CallbackRecord.run:1010 android.view.Choreographer.doCallbacks:809 android.view.Choreographer.doFrame:744 android.view.Choreographer$FrameDisplayEventReceiver.run:995
09-16 14:47:49.785 24435 24435 I SurfaceControl: assignNativeObject: nativeObject = 0 Surface(name=null)/@0x5baebe8 / android.view.SurfaceControl.readFromParcel:1117 android.view.IWindowSession$Stub$Proxy.relayout:1836 android.view.ViewRootImpl.relayoutWindow:9132 android.view.ViewRootImpl.performTraversals:3422 android.view.ViewRootImpl.doTraversal:2671 android.view.ViewRootImpl$TraversalRunnable.run:10094 android.view.Choreographer$CallbackRecord.run:1010 android.view.Choreographer.doCallbacks:809 android.view.Choreographer.doFrame:744 android.view.Choreographer$FrameDisplayEventReceiver.run:995
09-16 14:47:49.786 24435 24435 I SurfaceControl: nativeRelease nativeObject s[-5476376674517139552]
09-16 14:47:49.786 24435 24435 I SurfaceControl: nativeRelease nativeObject e[-5476376674517139552]
09-16 14:47:49.786 24435 24435 I SurfaceControl: nativeRelease nativeObject s[-5476376674517244608]
09-16 14:47:49.786 24435 24435 I SurfaceControl: nativeRelease nativeObject e[-5476376674517244608]
09-16 14:47:49.786 24435 24435 I SurfaceControl: nativeRelease nativeObject s[-5476376674517128800]
09-16 14:47:49.786 24435 24435 I SurfaceControl: nativeRelease nativeObject e[-5476376674517128800]
09-16 14:47:49.786 24435 24435 I ViewRootImpl@26c3634[ScannerActivity]: Relayout returned: old=(0,0,1200,1920) new=(0,0,1200,1920) req=(1200,1920)8 dur=5 res=0x5 s={false 0} ch=false fn=-1
09-16 14:47:49.924 24435 24435 I ViewRootImpl@26c3634[ScannerActivity]: MSG_WINDOW_FOCUS_CHANGED 0 1
09-16 14:47:50.053 24435 24435 I SurfaceControl: nativeRelease nativeObject s[-5476376674517139104]
09-16 14:47:50.053 24435 24435 I SurfaceControl: nativeRelease nativeObject e[-5476376674517139104]
09-16 14:47:50.053 24435 24435 I SurfaceControl: nativeRelease nativeObject s[-5476376674517207424]
09-16 14:47:50.053 24435 24435 I SurfaceControl: nativeRelease nativeObject e[-5476376674517207424]
09-16 14:47:50.053 24435 24435 I SurfaceControl: nativeRelease nativeObject s[-5476376674517182672]
09-16 14:47:50.053 24435 24435 I SurfaceControl: nativeRelease nativeObject e[-5476376674517182672]
09-16 14:47:54.875 24435 31989 W System : A resource failed to call release.
09-16 14:47:54.875 24435 31989 I SurfaceControl: nativeRelease nativeObject s[-5476376674517150752]
09-16 14:47:54.875 24435 31989 I SurfaceControl: nativeRelease nativeObject e[-5476376674517150752]
09-16 14:50:28.181 24435 24435 I SurfaceControl: assignNativeObject: nativeObject = 0 Surface(name=null)/@0x52aaa28 / android.view.SurfaceControl.readFromParcel:1117 android.view.IWindowSession$Stub$Proxy.relayout:1826 android.view.ViewRootImpl.relayoutWindow:9132 android.view.ViewRootImpl.performTraversals:3422 android.view.ViewRootImpl.doTraversal:2671 android.view.ViewRootImpl$TraversalRunnable.run:10094 android.view.Choreographer$CallbackRecord.run:1010 android.view.Choreographer.doCallbacks:809 android.view.Choreographer.doFrame:744 android.view.Choreographer$FrameDisplayEventReceiver.run:995
09-16 14:50:28.181 24435 24435 I SurfaceControl: assignNativeObject: nativeObject = 0 Surface(name=null)/@0x5baebe8 / android.view.SurfaceControl.readFromParcel:1117 android.view.IWindowSession$Stub$Proxy.relayout:1836 android.view.ViewRootImpl.relayoutWindow:9132 android.view.ViewRootImpl.performTraversals:3422 android.view.ViewRootImpl.doTraversal:2671 android.view.ViewRootImpl$TraversalRunnable.run:10094 android.view.Choreographer$CallbackRecord.run:1010 android.view.Choreographer.doCallbacks:809 android.view.Choreographer.doFrame:744 android.view.Choreographer$FrameDisplayEventReceiver.run:995
09-16 14:50:28.182 24435 24435 I SurfaceControl: nativeRelease nativeObject s[-5476376674517128800]
09-16 14:50:28.182 24435 24435 I SurfaceControl: nativeRelease nativeObject e[-5476376674517128800]
09-16 14:50:28.182 24435 24435 I ViewRootImpl@26c3634[ScannerActivity]: Relayout returned: old=(0,0,1200,1920) new=(0,0,1200,1920) req=(1200,1920)4 dur=11 res=0x1 s={false 0} ch=false fn=-1
09-16 14:50:28.182 24435 24435 I ViewRootImpl@26c3634[ScannerActivity]: stopped(false) old=true
09-16 14:50:28.187 24435 24435 I BluetoothAdapter: STATE_ON
09-16 14:50:28.187 24435 24435 I BluetoothAdapter: STATE_ON
09-16 14:50:28.188 24435 24435 I BluetoothAdapter: STATE_ON
09-16 14:50:28.188 24435 24435 I BluetoothAdapter: STATE_ON
09-16 14:50:28.189 24435 24435 I BluetoothAdapter: STATE_ON
09-16 14:50:28.189 24435 24435 I BluetoothAdapter: STATE_ON
09-16 14:50:28.189 24435 24435 I BluetoothAdapter: STATE_ON
09-16 14:50:28.189 24435 24435 D BluetoothLeScanner: Start Scan with callback
09-16 14:50:28.193 24435 32627 D BluetoothLeScanner: onScannerRegistered() - status=0 scannerId=10 mScannerId=0
09-16 14:50:28.198 24435 24435 I ViewRootImpl@26c3634[ScannerActivity]: stopped(false) old=false
09-16 14:50:28.213 24435 24435 I SurfaceControl: assignNativeObject: nativeObject = 0 Surface(name=null)/@0x5baebe8 / android.view.SurfaceControl.readFromParcel:1117 android.view.IWindowSession$Stub$Proxy.relayout:1836 android.view.ViewRootImpl.relayoutWindow:9132 android.view.ViewRootImpl.performTraversals:3422 android.view.ViewRootImpl.doTraversal:2671 android.view.ViewRootImpl$TraversalRunnable.run:10094 android.view.Choreographer$CallbackRecord.run:1010 android.view.Choreographer.doCallbacks:809 android.view.Choreographer.doFrame:744 android.view.Choreographer$FrameDisplayEventReceiver.run:995
09-16 14:50:28.214 24435 24435 I SurfaceControl: nativeRelease nativeObject s[-5476376674517127904]
09-16 14:50:28.214 24435 24435 I SurfaceControl: nativeRelease nativeObject e[-5476376674517127904]
09-16 14:50:28.214 24435 24435 I ViewRootImpl@26c3634[ScannerActivity]: Relayout returned: old=(0,0,1200,1920) new=(0,0,1200,1920) req=(1200,1920)0 dur=11 res=0x7 s={true -5476376669685279440} ch=true fn=-1
09-16 14:50:28.215 24435 24435 I ViewRootImpl@26c3634[ScannerActivity]: [DP] dp(1) 1 android.view.ViewRootImpl.reportNextDraw:11080 android.view.ViewRootImpl.performTraversals:3917 android.view.ViewRootImpl.doTraversal:2671
09-16 14:50:28.215 24435 24435 I ViewRootImpl@26c3634[ScannerActivity]: [DP] pd() Asnyc report
09-16 14:50:28.216 24435 24435 I ViewRootImpl@26c3634[ScannerActivity]: mAttachInfo.mThreadedRenderer.draw, mView = DecorView@59a77b1[ScannerActivity] w = 1200 h = 1920
09-16 14:50:28.226 24435 24435 I ViewRootImpl@26c3634[ScannerActivity]: [DP] pdf(0) 1 android.view.ViewRootImpl.lambda$performDraw$1$ViewRootImpl:4745 android.view.-$$Lambda$ViewRootImpl$DJd0VUYJgsebcnSohO6h8zc_ONI.run:6 android.os.Handler.handleCallback:938
09-16 14:50:28.226 24435 24435 I ViewRootImpl@26c3634[ScannerActivity]: [DP] rdf()
09-16 14:50:28.230 24435 24435 I ViewRootImpl@26c3634[ScannerActivity]: MSG_RESIZED_REPORT: frame=(0,0,1200,1920) ci=(0,0,0,72) vi=(0,0,0,72) or=1
09-16 14:50:28.230 24435 24435 I ViewRootImpl@26c3634[ScannerActivity]: [DP] dp(1) 1 android.view.ViewRootImpl.reportNextDraw:11080 android.view.ViewRootImpl.access$1300:255 android.view.ViewRootImpl$ViewRootHandler.handleMessage:6209
09-16 14:50:28.238 24435 24435 I ViewRootImpl@26c3634[ScannerActivity]: [DP] pd() Asnyc report
09-16 14:50:28.245 24435 24435 I ViewRootImpl@26c3634[ScannerActivity]: [DP] pdf(0) 1 android.view.ViewRootImpl.lambda$performDraw$1$ViewRootImpl:4745 android.view.-$$Lambda$ViewRootImpl$DJd0VUYJgsebcnSohO6h8zc_ONI.run:6 android.os.Handler.handleCallback:938
09-16 14:50:28.245 24435 24435 I ViewRootImpl@26c3634[ScannerActivity]: [DP] rdf()
09-16 14:50:28.257 24435 24435 I SurfaceControl: nativeRelease nativeObject s[-5476376674517159264]
09-16 14:50:28.257 24435 24435 I SurfaceControl: nativeRelease nativeObject e[-5476376674517159264]
09-16 14:50:28.272 24435 24435 I ViewRootImpl@26c3634[ScannerActivity]: MSG_WINDOW_FOCUS_CHANGED 1 1
09-16 14:50:28.272 24435 24435 D InputMethodManager: prepareNavigationBarInfo() DecorView@59a77b1[ScannerActivity]
09-16 14:50:28.272 24435 24435 D InputMethodManager: getNavigationBarColor() -16777216
09-16 14:50:28.274 24435 24435 D InputMethodManager: prepareNavigationBarInfo() DecorView@59a77b1[ScannerActivity]
09-16 14:50:28.274 24435 24435 D InputMethodManager: getNavigationBarColor() -16777216
09-16 14:50:28.274 24435 24435 V InputMethodManager: Starting input: tba=no.nordicsemi.android.nrfmeshprovisioner ic=null mNaviBarColor -16777216 mIsGetNaviBarColorSuccess true , NavVisible : true , NavTrans : false
09-16 14:50:28.274 24435 24435 D InputMethodManager: startInputInner - Id : 0
09-16 14:50:28.274 24435 24435 I InputMethodManager: startInputInner - mService.startInputOrWindowGainedFocus
09-16 14:50:28.276 24435 24435 D InputTransport: Input channel constructed: 'ClientS', fd=87
09-16 14:50:28.276 24435 24435 D InputTransport: Input channel destroyed: 'ClientS', fd=84
09-16 14:50:29.671 24435 24435 I ViewRootImpl@26c3634[ScannerActivity]: MSG_WINDOW_FOCUS_CHANGED 0 1
09-16 14:50:29.724 24435 24435 I SurfaceControl: nativeRelease nativeObject s[-5476376674517127904]
09-16 14:50:29.729 24435 24435 I SurfaceControl: nativeRelease nativeObject e[-5476376674517127904]
09-16 14:50:29.729 24435 24435 I SurfaceControl: nativeRelease nativeObject s[-5476376674517225904]
09-16 14:50:29.729 24435 24435 I SurfaceControl: nativeRelease nativeObject e[-5476376674517225904]
09-16 14:50:29.729 24435 24435 I SurfaceControl: nativeRelease nativeObject s[-5476376674517239120]
09-16 14:50:29.729 24435 24435 I SurfaceControl: nativeRelease nativeObject e[-5476376674517239120]
09-16 14:50:29.810 24435 24435 D InputTransport: Input channel destroyed: 'ClientS', fd=87
09-16 14:50:29.823 24435 24435 I SurfaceControl: nativeRelease nativeObject s[-5476376674517159264]
09-16 14:50:29.823 24435 24435 I SurfaceControl: nativeRelease nativeObject e[-5476376674517159264]
09-16 14:50:30.048 24435 24435 I SurfaceControl: nativeRelease nativeObject s[-5476376674517128800]
09-16 14:50:30.049 24435 24435 I SurfaceControl: nativeRelease nativeObject e[-5476376674517128800]
09-16 14:50:30.049 24435 24435 I SurfaceControl: assignNativeObject: nativeObject = 0 Surface(name=null)/@0x52aaa28 / android.view.SurfaceControl.readFromParcel:1117 android.view.IWindowSession$Stub$Proxy.relayout:1826 android.view.ViewRootImpl.relayoutWindow:9132 android.view.ViewRootImpl.performTraversals:3422 android.view.ViewRootImpl.doTraversal:2671 android.view.ViewRootImpl$TraversalRunnable.run:10094 android.view.Choreographer$CallbackRecord.run:1010 android.view.Choreographer.doCallbacks:809 android.view.Choreographer.doFrame:744 android.view.Choreographer$FrameDisplayEventReceiver.run:995
09-16 14:50:30.049 24435 24435 I SurfaceControl: assignNativeObject: nativeObject = 0 Surface(name=null)/@0x5baebe8 / android.view.SurfaceControl.readFromParcel:1117 android.view.IWindowSession$Stub$Proxy.relayout:1836 android.view.ViewRootImpl.relayoutWindow:9132 android.view.ViewRootImpl.performTraversals:3422 android.view.ViewRootImpl.doTraversal:2671 android.view.ViewRootImpl$TraversalRunnable.run:10094 android.view.Choreographer$CallbackRecord.run:1010 android.view.Choreographer.doCallbacks:809 android.view.Choreographer.doFrame:744 android.view.Choreographer$FrameDisplayEventReceiver.run:995
09-16 14:50:30.050 24435 24435 I ViewRootImpl@26c3634[ScannerActivity]: Relayout returned: old=(0,0,1200,1920) new=(0,0,1200,1920) req=(1200,1920)8 dur=5 res=0x5 s={false 0} ch=true fn=110
09-16 14:50:30.051 24435 24435 I ViewRootImpl@26c3634[ScannerActivity]: stopped(true) old=false
09-16 14:50:30.051 24435 24435 I BluetoothAdapter: STATE_ON
09-16 14:50:30.052 24435 24435 I BluetoothAdapter: STATE_ON
09-16 14:50:30.052 24435 24435 D BluetoothLeScanner: Stop Scan with callback
09-16 14:50:30.064 24435 24435 I SurfaceControl: assignNativeObject: nativeObject = 0 Surface(name=null)/@0x52aaa28 / android.view.SurfaceControl.readFromParcel:1117 android.view.IWindowSession$Stub$Proxy.relayout:1826 android.view.ViewRootImpl.relayoutWindow:9132 android.view.ViewRootImpl.performTraversals:3422 android.view.ViewRootImpl.doTraversal:2671 android.view.ViewRootImpl$TraversalRunnable.run:10094 android.view.Choreographer$CallbackRecord.run:1010 android.view.Choreographer.doCallbacks:809 android.view.Choreographer.doFrame:744 android.view.Choreographer$FrameDisplayEventReceiver.run:995
09-16 14:50:30.064 24435 24435 I SurfaceControl: assignNativeObject: nativeObject = 0 Surface(name=null)/@0x5baebe8 / android.view.SurfaceControl.readFromParcel:1117 android.view.IWindowSession$Stub$Proxy.relayout:1836 android.view.ViewRootImpl.relayoutWindow:9132 android.view.ViewRootImpl.performTraversals:3422 android.view.ViewRootImpl.doTraversal:2671 android.view.ViewRootImpl$TraversalRunnable.run:10094 android.view.Choreographer$CallbackRecord.run:1010 android.view.Choreographer.doCallbacks:809 android.view.Choreographer.doFrame:744 android.view.Choreographer$FrameDisplayEventReceiver.run:995
09-16 14:50:30.065 24435 24435 I ViewRootImpl@26c3634[ScannerActivity]: Relayout returned: old=(0,0,1200,1920) new=(0,0,1200,1920) req=(1200,1920)8 dur=5 res=0x5 s={false 0} ch=false fn=-1
09-16 14:51:03.092 24435 24435 I SurfaceControl: assignNativeObject: nativeObject = 0 Surface(name=null)/@0x52aaa28 / android.view.SurfaceControl.readFromParcel:1117 android.view.IWindowSession$Stub$Proxy.relayout:1826 android.view.ViewRootImpl.relayoutWindow:9132 android.view.ViewRootImpl.performTraversals:3422 android.view.ViewRootImpl.doTraversal:2671 android.view.ViewRootImpl$TraversalRunnable.run:10094 android.view.Choreographer$CallbackRecord.run:1010 android.view.Choreographer.doCallbacks:809 android.view.Choreographer.doFrame:744 android.view.Choreographer$FrameDisplayEventReceiver.run:995
09-16 14:51:03.092 24435 24435 I SurfaceControl: assignNativeObject: nativeObject = 0 Surface(name=null)/@0x5baebe8 / android.view.SurfaceControl.readFromParcel:1117 android.view.IWindowSession$Stub$Proxy.relayout:1836 android.view.ViewRootImpl.relayoutWindow:9132 android.view.ViewRootImpl.performTraversals:3422 android.view.ViewRootImpl.doTraversal:2671 android.view.ViewRootImpl$TraversalRunnable.run:10094 android.view.Choreographer$CallbackRecord.run:1010 android.view.Choreographer.doCallbacks:809 android.view.Choreographer.doFrame:744 android.view.Choreographer$FrameDisplayEventReceiver.run:995
09-16 14:51:03.094 24435 24435 I ViewRootImpl@26c3634[ScannerActivity]: Relayout returned: old=(0,0,1200,1920) new=(0,0,1200,1920) req=(1200,1920)4 dur=17 res=0x1 s={false 0} ch=false fn=-1
09-16 14:51:03.094 24435 24435 I ViewRootImpl@26c3634[ScannerActivity]: stopped(false) old=true
09-16 14:51:03.099 24435 24435 I BluetoothAdapter: STATE_ON
09-16 14:51:03.100 24435 24435 I BluetoothAdapter: STATE_ON
09-16 14:51:03.100 24435 24435 I BluetoothAdapter: STATE_ON
09-16 14:51:03.101 24435 24435 I BluetoothAdapter: STATE_ON
09-16 14:51:03.103 24435 24435 I BluetoothAdapter: STATE_ON
09-16 14:51:03.104 24435 24435 I BluetoothAdapter: STATE_ON
09-16 14:51:03.104 24435 24435 I BluetoothAdapter: STATE_ON
09-16 14:51:03.105 24435 24435 D BluetoothLeScanner: Start Scan with callback
09-16 14:51:03.109 24435 32333 D BluetoothLeScanner: onScannerRegistered() - status=0 scannerId=10 mScannerId=0
09-16 14:51:03.114 24435 24435 I ViewRootImpl@26c3634[ScannerActivity]: stopped(false) old=false
09-16 14:51:03.131 24435 24435 I SurfaceControl: assignNativeObject: nativeObject = 0 Surface(name=null)/@0x5baebe8 / android.view.SurfaceControl.readFromParcel:1117 android.view.IWindowSession$Stub$Proxy.relayout:1836 android.view.ViewRootImpl.relayoutWindow:9132 android.view.ViewRootImpl.performTraversals:3422 android.view.ViewRootImpl.doTraversal:2671 android.view.ViewRootImpl$TraversalRunnable.run:10094 android.view.Choreographer$CallbackRecord.run:1010 android.view.Choreographer.doCallbacks:809 android.view.Choreographer.doFrame:744 android.view.Choreographer$FrameDisplayEventReceiver.run:995
09-16 14:51:03.131 24435 24435 I ViewRootImpl@26c3634[ScannerActivity]: Relayout returned: old=(0,0,1200,1920) new=(0,0,1200,1920) req=(1200,1920)0 dur=13 res=0x7 s={true -5476376669685279440} ch=true fn=-1
09-16 14:51:03.132 24435 24435 I ViewRootImpl@26c3634[ScannerActivity]: [DP] dp(1) 1 android.view.ViewRootImpl.reportNextDraw:11080 android.view.ViewRootImpl.performTraversals:3917 android.view.ViewRootImpl.doTraversal:2671
09-16 14:51:03.132 24435 24435 I ViewRootImpl@26c3634[ScannerActivity]: [DP] pd() Asnyc report
09-16 14:51:03.134 24435 24435 I ViewRootImpl@26c3634[ScannerActivity]: mAttachInfo.mThreadedRenderer.draw, mView = DecorView@59a77b1[ScannerActivity] w = 1200 h = 1920
09-16 14:51:03.158 24435 24435 I ViewRootImpl@26c3634[ScannerActivity]: [DP] pdf(0) 1 android.view.ViewRootImpl.lambda$performDraw$1$ViewRootImpl:4745 android.view.-$$Lambda$ViewRootImpl$DJd0VUYJgsebcnSohO6h8zc_ONI.run:6 android.os.Handler.handleCallback:938
09-16 14:51:03.158 24435 24435 I ViewRootImpl@26c3634[ScannerActivity]: [DP] rdf()
09-16 14:51:03.172 24435 24435 I ViewRootImpl@26c3634[ScannerActivity]: MSG_WINDOW_FOCUS_CHANGED 1 1
09-16 14:51:03.173 24435 24435 D InputMethodManager: prepareNavigationBarInfo() DecorView@59a77b1[ScannerActivity]
09-16 14:51:03.173 24435 24435 D InputMethodManager: getNavigationBarColor() -16777216
09-16 14:51:03.176 24435 24435 D InputMethodManager: prepareNavigationBarInfo() DecorView@59a77b1[ScannerActivity]
09-16 14:51:03.177 24435 24435 D InputMethodManager: getNavigationBarColor() -16777216
09-16 14:51:03.177 24435 24435 V InputMethodManager: Starting input: tba=no.nordicsemi.android.nrfmeshprovisioner ic=null mNaviBarColor -16777216 mIsGetNaviBarColorSuccess true , NavVisible : true , NavTrans : false
09-16 14:51:03.177 24435 24435 D InputMethodManager: startInputInner - Id : 0
09-16 14:51:03.177 24435 24435 I InputMethodManager: startInputInner - mService.startInputOrWindowGainedFocus
09-16 14:51:03.183 24435 24435 D InputTransport: Input channel constructed: 'ClientS', fd=84
09-16 14:51:03.190 24435 24435 I SurfaceControl: nativeRelease nativeObject s[-5476376674517237440]
09-16 14:51:03.190 24435 24435 I SurfaceControl: nativeRelease nativeObject e[-5476376674517237440]
09-16 14:51:03.190 24435 24435 I SurfaceControl: nativeRelease nativeObject s[-5476376674517148624]
09-16 14:51:03.190 24435 24435 I SurfaceControl: nativeRelease nativeObject e[-5476376674517148624]
09-16 14:51:18.827 24435 24435 I ViewRootImpl@26c3634[ScannerActivity]: ViewPostIme pointer 0
09-16 14:51:18.913 24435 24435 I ViewRootImpl@26c3634[ScannerActivity]: ViewPostIme pointer 1
09-16 14:51:18.958 24435 24435 D ScrollView: initGoToTop
09-16 14:51:18.989 24435 24435 I DecorView: [INFO] isPopOver=false, config=true
09-16 14:51:18.989 24435 24435 I DecorView: updateCaptionType >> DecorView@8422574[], isFloating=false, isApplication=true, hasWindowDecorCaption=false, hasWindowControllerCallback=true
09-16 14:51:18.989 24435 24435 D DecorView: setCaptionType = 0, this = DecorView@8422574[]
09-16 14:51:18.997 24435 24435 E ActivityThread: Failed to find provider info for no.nordicsemi.android.log
09-16 14:51:18.997 24435 24435 D AA : Connect issued
09-16 14:51:18.999 24435 24435 I BluetoothAdapter: STATE_ON
09-16 14:51:19.000 24435 24435 D BluetoothGatt: connect() - device: C1:70:0D:03:B1:E6, auto: false
09-16 14:51:19.000 24435 24435 I BluetoothAdapter: isSecureModeEnabled
09-16 14:51:19.001 24435 24435 D BluetoothGatt: registerApp()
09-16 14:51:19.001 24435 24435 D BluetoothGatt: registerApp() - UUID=8f982cce-3963-456f-ae20-775de8f8fa44
09-16 14:51:19.004 24435 32333 D BluetoothGatt: onClientRegistered() - status=0 clientIf=12
09-16 14:51:19.014 24435 24435 D InputTransport: Input channel constructed: '68e4f50', fd=86
09-16 14:51:19.014 24435 24435 I ViewRootImpl@a330728[ProvisioningActivity]: setView = com.android.internal.policy.DecorView@8422574 TM=true
09-16 14:51:19.031 24435 24435 I SurfaceControl: assignNativeObject: nativeObject = 0 Surface(name=null)/@0x467ec3 / android.view.SurfaceControl.readFromParcel:1117 android.view.IWindowSession$Stub$Proxy.relayout:1836 android.view.ViewRootImpl.relayoutWindow:9132 android.view.ViewRootImpl.performTraversals:3422 android.view.ViewRootImpl.doTraversal:2671 android.view.ViewRootImpl$TraversalRunnable.run:10094 android.view.Choreographer$CallbackRecord.run:1010 android.view.Choreographer.doCallbacks:809 android.view.Choreographer.doFrame:744 android.view.Choreographer$FrameDisplayEventReceiver.run:995
09-16 14:51:19.031 24435 24435 I ViewRootImpl@a330728[ProvisioningActivity]: Relayout returned: old=(0,0,1200,1920) new=(0,0,1200,1920) req=(1200,1920)0 dur=9 res=0x7 s={true -5476376669684799840} ch=true fn=-1
09-16 14:51:19.032 24435 24435 I ViewRootImpl@a330728[ProvisioningActivity]: [DP] dp(1) 1 android.view.ViewRootImpl.reportNextDraw:11080 android.view.ViewRootImpl.performTraversals:3917 android.view.ViewRootImpl.doTraversal:2671
09-16 14:51:19.032 24435 24435 I ViewRootImpl@a330728[ProvisioningActivity]: [DP] pd() Asnyc report
09-16 14:51:19.033 24435 24435 I ViewRootImpl@a330728[ProvisioningActivity]: mAttachInfo.mThreadedRenderer.draw, mView = DecorView@8422574[ProvisioningActivity] w = 1200 h = 1920
09-16 14:51:19.042 24435 24435 I ViewRootImpl@a330728[ProvisioningActivity]: [DP] pdf(0) 1 android.view.ViewRootImpl.lambda$performDraw$1$ViewRootImpl:4745 android.view.-$$Lambda$ViewRootImpl$DJd0VUYJgsebcnSohO6h8zc_ONI.run:6 android.os.Handler.handleCallback:938
09-16 14:51:19.042 24435 24435 I ViewRootImpl@a330728[ProvisioningActivity]: [DP] rdf()
09-16 14:51:19.043 24435 24435 I ViewRootImpl@26c3634[ScannerActivity]: MSG_WINDOW_FOCUS_CHANGED 0 1
09-16 14:51:19.049 24435 24435 I SurfaceControl: nativeRelease nativeObject s[-5476376674517138208]
09-16 14:51:19.049 24435 24435 I SurfaceControl: nativeRelease nativeObject e[-5476376674517138208]
09-16 14:51:19.049 24435 24435 I SurfaceControl: nativeRelease nativeObject s[-5476376674517159600]
09-16 14:51:19.049 24435 24435 I SurfaceControl: nativeRelease nativeObject e[-5476376674517159600]
09-16 14:51:19.049 24435 24435 I SurfaceControl: nativeRelease nativeObject s[-5476376674517140336]
09-16 14:51:19.049 24435 24435 I SurfaceControl: nativeRelease nativeObject e[-5476376674517140336]
09-16 14:51:19.071 24435 24435 I ViewRootImpl@a330728[ProvisioningActivity]: MSG_WINDOW_FOCUS_CHANGED 1 1
09-16 14:51:19.071 24435 24435 D InputMethodManager: prepareNavigationBarInfo() DecorView@8422574[ProvisioningActivity]
09-16 14:51:19.071 24435 24435 D InputMethodManager: getNavigationBarColor() -16777216
09-16 14:51:19.072 24435 24435 D InputMethodManager: prepareNavigationBarInfo() DecorView@8422574[ProvisioningActivity]
09-16 14:51:19.072 24435 24435 D InputMethodManager: getNavigationBarColor() -16777216
09-16 14:51:19.072 24435 24435 V InputMethodManager: Starting input: tba=no.nordicsemi.android.nrfmeshprovisioner ic=null mNaviBarColor -16777216 mIsGetNaviBarColorSuccess true , NavVisible : true , NavTrans : false
09-16 14:51:19.072 24435 24435 D InputMethodManager: startInputInner - Id : 0
09-16 14:51:19.072 24435 24435 I InputMethodManager: startInputInner - mService.startInputOrWindowGainedFocus
09-16 14:51:19.074 24435 24435 D InputTransport: Input channel constructed: 'ClientS', fd=95
09-16 14:51:19.074 24435 24435 D InputTransport: Input channel destroyed: 'ClientS', fd=84
09-16 14:51:19.087 24435 24435 I SurfaceControl: nativeRelease nativeObject s[-5476376674517166880]
09-16 14:51:19.087 24435 24435 I SurfaceControl: nativeRelease nativeObject e[-5476376674517166880]
09-16 14:51:19.088 24435 24435 I SurfaceControl: nativeRelease nativeObject s[-5476376674517134736]
09-16 14:51:19.088 24435 24435 I SurfaceControl: nativeRelease nativeObject e[-5476376674517134736]
09-16 14:51:19.088 24435 24435 I SurfaceControl: nativeRelease nativeObject s[-5476376674517137984]
09-16 14:51:19.088 24435 24435 I SurfaceControl: nativeRelease nativeObject e[-5476376674517137984]
09-16 14:51:19.417 24435 32333 D BluetoothGatt: onClientConnectionState() - status=0 clientIf=12 device=C1:70:0D:03:B1:E6
09-16 14:51:19.420 24435 24435 I BleManager: Connected to C1:70:0D:03:B1:E6
09-16 14:51:19.494 24435 24435 I SurfaceControl: nativeRelease nativeObject s[-5476376674517160272]
09-16 14:51:19.494 24435 24435 I SurfaceControl: nativeRelease nativeObject e[-5476376674517160272]
09-16 14:51:19.494 24435 24435 I SurfaceControl: assignNativeObject: nativeObject = 0 Surface(name=null)/@0x52aaa28 / android.view.SurfaceControl.readFromParcel:1117 android.view.IWindowSession$Stub$Proxy.relayout:1826 android.view.ViewRootImpl.relayoutWindow:9132 android.view.ViewRootImpl.performTraversals:3422 android.view.ViewRootImpl.doTraversal:2671 android.view.ViewRootImpl$TraversalRunnable.run:10094 android.view.Choreographer$CallbackRecord.run:1010 android.view.Choreographer.doCallbacks:809 android.view.Choreographer.doFrame:744 android.view.Choreographer$FrameDisplayEventReceiver.run:995
09-16 14:51:19.495 24435 24435 I SurfaceControl: assignNativeObject: nativeObject = 0 Surface(name=null)/@0x5baebe8 / android.view.SurfaceControl.readFromParcel:1117 android.view.IWindowSession$Stub$Proxy.relayout:1836 android.view.ViewRootImpl.relayoutWindow:9132 android.view.ViewRootImpl.performTraversals:3422 android.view.ViewRootImpl.doTraversal:2671 android.view.ViewRootImpl$TraversalRunnable.run:10094 android.view.Choreographer$CallbackRecord.run:1010 android.view.Choreographer.doCallbacks:809 android.view.Choreographer.doFrame:744 android.view.Choreographer$FrameDisplayEventReceiver.run:995
09-16 14:51:19.495 24435 24435 I ViewRootImpl@26c3634[ScannerActivity]: Relayout returned: old=(0,0,1200,1920) new=(0,0,1200,1920) req=(1200,1920)8 dur=7 res=0x5 s={false 0} ch=true fn=958
09-16 14:51:19.496 24435 24435 I ViewRootImpl@26c3634[ScannerActivity]: stopped(true) old=false
09-16 14:51:19.497 24435 24435 I BluetoothAdapter: STATE_ON
09-16 14:51:19.497 24435 24435 I BluetoothAdapter: STATE_ON
09-16 14:51:19.497 24435 24435 D BluetoothLeScanner: Stop Scan with callback
09-16 14:51:19.510 24435 24435 I SurfaceControl: assignNativeObject: nativeObject = 0 Surface(name=null)/@0x52aaa28 / android.view.SurfaceControl.readFromParcel:1117 android.view.IWindowSession$Stub$Proxy.relayout:1826 android.view.ViewRootImpl.relayoutWindow:9132 android.view.ViewRootImpl.performTraversals:3422 android.view.ViewRootImpl.doTraversal:2671 android.view.ViewRootImpl$TraversalRunnable.run:10094 android.view.Choreographer$CallbackRecord.run:1010 android.view.Choreographer.doCallbacks:809 android.view.Choreographer.doFrame:744 android.view.Choreographer$FrameDisplayEventReceiver.run:995
09-16 14:51:19.511 24435 24435 I SurfaceControl: assignNativeObject: nativeObject = 0 Surface(name=null)/@0x5baebe8 / android.view.SurfaceControl.readFromParcel:1117 android.view.IWindowSession$Stub$Proxy.relayout:1836 android.view.ViewRootImpl.relayoutWindow:9132 android.view.ViewRootImpl.performTraversals:3422 android.view.ViewRootImpl.doTraversal:2671 android.view.ViewRootImpl$TraversalRunnable.run:10094 android.view.Choreographer$CallbackRecord.run:1010 android.view.Choreographer.doCallbacks:809 android.view.Choreographer.doFrame:744 android.view.Choreographer$FrameDisplayEventReceiver.run:995
09-16 14:51:19.512 24435 24435 I ViewRootImpl@26c3634[ScannerActivity]: Relayout returned: old=(0,0,1200,1920) new=(0,0,1200,1920) req=(1200,1920)8 dur=7 res=0x5 s={false 0} ch=false fn=-1
09-16 14:51:19.722 24435 24435 D BluetoothGatt: discoverServices() - device: C1:70:0D:03:B1:E6
09-16 14:51:19.813 24435 520 D BluetoothGatt: onConnectionUpdated() - Device=C1:70:0D:03:B1:E6 interval=6 latency=0 timeout=500 status=0
09-16 14:51:19.956 24435 520 D BluetoothGatt: onPhyUpdate() - status=0 address=C1:70:0D:03:B1:E6 txPhy=2 rxPhy=2
09-16 14:51:19.960 24435 24435 I BleManager: PHY updated (TX: LE 2M, RX: LE 2M)
09-16 14:51:20.253 24435 520 D BluetoothGatt: onSearchComplete() = Device=C1:70:0D:03:B1:E6 Status=0
09-16 14:51:20.255 24435 24435 I BleManager: Services discovered
09-16 14:51:20.255 24435 24435 D BluetoothGatt: configureMTU() - device: C1:70:0D:03:B1:E6 mtu: 517
09-16 14:51:20.277 24435 520 D BluetoothGatt: onConfigureMTU() - Device=C1:70:0D:03:B1:E6 mtu=69 status=0
09-16 14:51:20.278 24435 24435 I BleManager: MTU changed to: 69
09-16 14:51:20.278 24435 24435 D BluetoothGatt: setCharacteristicNotification() - uuid: 00002adc-0000-1000-8000-00805f9b34fb enable: true
09-16 14:51:20.293 24435 24435 I BleManager: Data written to descr. 00002902-0000-1000-8000-00805f9b34fb, value: (0x) 01-00
09-16 14:51:20.293 24435 24435 I BleManager: Notifications enabled
09-16 14:51:20.315 24435 24435 D ScrollView: onsize change changed
09-16 14:51:20.316 24435 520 D BluetoothGatt: onConnectionUpdated() - Device=C1:70:0D:03:B1:E6 interval=36 latency=0 timeout=500 status=0
09-16 14:51:22.910 24435 24435 I ViewRootImpl@a330728[ProvisioningActivity]: ViewPostIme pointer 0
09-16 14:51:23.012 24435 24435 I ViewRootImpl@a330728[ProvisioningActivity]: ViewPostIme pointer 1
09-16 14:51:23.037 24435 24435 I BleManager: Data written to 00002adb-0000-1000-8000-00805f9b34fb, value: (0x) 03-00-05
09-16 14:51:23.037 24435 24435 V MeshManagerApi: Provisioning pdu sent: 0x030005
09-16 14:51:23.099 24435 24435 I BleManager: Notification received from 00002adc-0000-1000-8000-00805f9b34fb, value: (0x) 03-01-04-00-01-00-00-01-00-01-01-00-01
09-16 14:51:23.099 24435 24435 V MeshManagerApi: Received provisioning message: 0x03010400010000010001010001
09-16 14:51:23.099 24435 24435 V ProvisioningCapabilities: Number of elements: 4
09-16 14:51:23.099 24435 24435 V AlgorithmType: Supported output oob action type: FIPS P-256 Elliptic Curve
09-16 14:51:23.099 24435 24435 V ProvisioningCapabilities: Public key information available: false
09-16 14:51:23.099 24435 24435 V ProvisioningCapabilities: Static OOB information available: : false
09-16 14:51:23.099 24435 24435 V ProvisioningCapabilities: Output OOB size: 1
09-16 14:51:23.099 24435 24435 V OutputOOBAction: Supported output oob action type: Blink
09-16 14:51:23.099 24435 24435 V ProvisioningCapabilities: Input OOB size: 1
09-16 14:51:23.100 24435 24435 V InputOOBAction: Input oob action type value: Push
09-16 14:51:24.631 24435 520 D BluetoothGatt: onConnectionUpdated() - Device=C1:70:0D:03:B1:E6 interval=30 latency=0 timeout=42 status=0
09-16 14:51:31.010 24435 24435 I ViewRootImpl@a330728[ProvisioningActivity]: ViewPostIme pointer 0
09-16 14:51:31.129 24435 24435 I ViewRootImpl@a330728[ProvisioningActivity]: ViewPostIme pointer 1
09-16 14:51:31.141 24435 24435 D ScrollView: initGoToTop
09-16 14:51:31.169 24435 24435 I Dialog : mIsSamsungBasicInteraction = false, isMetaDataInActivity = false
09-16 14:51:31.174 24435 24435 I DecorView: [INFO] isPopOver=false, config=false
09-16 14:51:31.174 24435 24435 I DecorView: updateCaptionType >> DecorView@293b7ec[], isFloating=true, isApplication=true, hasWindowDecorCaption=false, hasWindowControllerCallback=false
09-16 14:51:31.174 24435 24435 D DecorView: setCaptionType = 0, this = DecorView@293b7ec[]
09-16 14:51:31.184 24435 24435 D ScrollView: initGoToTop
09-16 14:51:31.201 24435 24435 D InputTransport: Input channel constructed: '3a1d3d4', fd=84
09-16 14:51:31.202 24435 24435 I ViewRootImpl@5eaa1a1[ProvisioningActivity]: setView = com.android.internal.policy.DecorView@293b7ec TM=true
09-16 14:51:31.222 24435 24435 I SurfaceControl: assignNativeObject: nativeObject = 0 Surface(name=null)/@0x5496252 / android.view.SurfaceControl.readFromParcel:1117 android.view.IWindowSession$Stub$Proxy.relayout:1836 android.view.ViewRootImpl.relayoutWindow:9132 android.view.ViewRootImpl.performTraversals:3422 android.view.ViewRootImpl.doTraversal:2671 android.view.ViewRootImpl$TraversalRunnable.run:10094 android.view.Choreographer$CallbackRecord.run:1010 android.view.Choreographer.doCallbacks:809 android.view.Choreographer.doFrame:744 android.view.Choreographer$FrameDisplayEventReceiver.run:995
09-16 14:51:31.224 24435 24435 I ViewRootImpl@5eaa1a1[ProvisioningActivity]: Relayout returned: old=(0,36,1200,1848) new=(168,772,1032,1111) req=(864,339)0 dur=11 res=0x7 s={true -5476376669684878320} ch=true fn=-1
09-16 14:51:31.227 24435 24435 D ScrollView: onsize change changed
09-16 14:51:31.227 24435 24435 D ScrollView: onsize change changed
09-16 14:51:31.228 24435 24435 I ViewRootImpl@5eaa1a1[ProvisioningActivity]: [DP] dp(1) 1 android.view.ViewRootImpl.reportNextDraw:11080 android.view.ViewRootImpl.performTraversals:3917 android.view.ViewRootImpl.doTraversal:2671
09-16 14:51:31.228 24435 24435 I ViewRootImpl@5eaa1a1[ProvisioningActivity]: [DP] pd() Asnyc report
09-16 14:51:31.228 24435 24435 I ViewRootImpl@5eaa1a1[ProvisioningActivity]: mAttachInfo.mThreadedRenderer.draw, mView = DecorView@293b7ec[ProvisioningActivity] w = 864 h = 339
09-16 14:51:31.238 24435 24435 I ViewRootImpl@5eaa1a1[ProvisioningActivity]: [DP] pdf(0) 1 android.view.ViewRootImpl.lambda$performDraw$1$ViewRootImpl:4745 android.view.-$$Lambda$ViewRootImpl$DJd0VUYJgsebcnSohO6h8zc_ONI.run:6 android.os.Handler.handleCallback:938
09-16 14:51:31.238 24435 24435 I ViewRootImpl@5eaa1a1[ProvisioningActivity]: [DP] rdf()
09-16 14:51:31.239 24435 24435 I SurfaceControl: nativeRelease nativeObject s[-5476376674517138208]
09-16 14:51:31.239 24435 24435 I SurfaceControl: nativeRelease nativeObject e[-5476376674517138208]
09-16 14:51:31.239 24435 24435 I SurfaceControl: nativeRelease nativeObject s[-5476376674517159600]
09-16 14:51:31.239 24435 24435 I SurfaceControl: nativeRelease nativeObject e[-5476376674517159600]
09-16 14:51:31.239 24435 24435 I SurfaceControl: nativeRelease nativeObject s[-5476376674517140336]
09-16 14:51:31.240 24435 24435 I SurfaceControl: nativeRelease nativeObject e[-5476376674517140336]
09-16 14:51:31.240 24435 24435 I SurfaceControl: nativeRelease nativeObject s[-5476376674517207424]
09-16 14:51:31.240 24435 24435 I SurfaceControl: nativeRelease nativeObject e[-5476376674517207424]
09-16 14:51:31.240 24435 24435 I SurfaceControl: nativeRelease nativeObject s[-5476376674517168560]
09-16 14:51:31.240 24435 24435 I SurfaceControl: nativeRelease nativeObject e[-5476376674517168560]
09-16 14:51:31.244 24435 24435 I ViewRootImpl@a330728[ProvisioningActivity]: MSG_WINDOW_FOCUS_CHANGED 0 1
09-16 14:51:31.254 24435 24435 I ViewRootImpl@5eaa1a1[ProvisioningActivity]: MSG_WINDOW_FOCUS_CHANGED 1 1
09-16 14:51:32.326 24435 24435 I ViewRootImpl@5eaa1a1[ProvisioningActivity]: ViewPostIme pointer 0
09-16 14:51:32.413 24435 24435 I ViewRootImpl@5eaa1a1[ProvisioningActivity]: ViewPostIme pointer 1
09-16 14:51:32.424 24435 24435 V ProvisioningStartState: Provisioning start PDU: 0x03020000000000
09-16 14:51:32.432 24435 31999 D OpenGLRenderer: endAllActiveAnimators on 0xb400006eab3e6250 (RippleDrawable) with handle 0xb400006dbb31ea20
09-16 14:51:32.432 24435 24435 I ViewRootImpl@5eaa1a1[ProvisioningActivity]: dispatchDetachedFromWindow
09-16 14:51:32.432 24435 24435 I SurfaceControl: nativeRelease nativeObject s[-5476376674517148624]
09-16 14:51:32.432 24435 24435 I SurfaceControl: nativeRelease nativeObject e[-5476376674517148624]
09-16 14:51:32.448 24435 24435 D InputTransport: Input channel destroyed: '3a1d3d4', fd=84
09-16 14:51:32.467 24435 24435 I SurfaceControl: nativeRelease nativeObject s[-5476376674517202272]
09-16 14:51:32.467 24435 24435 I SurfaceControl: nativeRelease nativeObject e[-5476376674517202272]
09-16 14:51:32.467 24435 24435 I SurfaceControl: assignNativeObject: nativeObject = 0 Surface(name=null)/@0x467ec3 / android.view.SurfaceControl.readFromParcel:1117 android.view.IWindowSession$Stub$Proxy.relayout:1836 android.view.ViewRootImpl.relayoutWindow:9132 android.view.ViewRootImpl.performTraversals:3422 android.view.ViewRootImpl.doTraversal:2671 android.view.ViewRootImpl$TraversalRunnable.run:10094 android.view.Choreographer$CallbackRecord.run:1010 android.view.Choreographer.doCallbacks:809 android.view.Choreographer.doFrame:744 android.view.Choreographer$FrameDisplayEventReceiver.run:995
09-16 14:51:32.468 24435 24435 I SurfaceControl: nativeRelease nativeObject s[-5476376674517194320]
09-16 14:51:32.468 24435 24435 I SurfaceControl: nativeRelease nativeObject e[-5476376674517194320]
09-16 14:51:32.470 24435 24435 I ViewRootImpl@a330728[ProvisioningActivity]: Relayout returned: old=(0,0,1200,1920) new=(0,0,1200,1920) req=(1200,1920)0 dur=7 res=0x1 s={true -5476376669684799840} ch=false fn=130
09-16 14:51:32.470 24435 24435 I ViewRootImpl@a330728[ProvisioningActivity]: mAttachInfo.mThreadedRenderer.draw, mView = DecorView@8422574[ProvisioningActivity] w = 1200 h = 1920
09-16 14:51:32.472 24435 24435 I BleManager: Data written to 00002adb-0000-1000-8000-00805f9b34fb, value: (0x) 03-02-00-00-00-00-00
09-16 14:51:32.473 24435 24435 I SurfaceControl: nativeRelease nativeObject s[-5476376674517138768]
09-16 14:51:32.473 24435 24435 I SurfaceControl: nativeRelease nativeObject e[-5476376674517138768]
09-16 14:51:32.473 24435 24435 I SurfaceControl: nativeRelease nativeObject s[-5476376674517226464]
09-16 14:51:32.473 24435 24435 I SurfaceControl: nativeRelease nativeObject e[-5476376674517226464]
09-16 14:51:32.473 24435 24435 I SurfaceControl: nativeRelease nativeObject s[-5476376674517202272]
09-16 14:51:32.473 24435 24435 I SurfaceControl: nativeRelease nativeObject e[-5476376674517202272]
09-16 14:51:32.473 24435 24435 I SurfaceControl: nativeRelease nativeObject s[-5476376674517167440]
09-16 14:51:32.473 24435 24435 I SurfaceControl: nativeRelease nativeObject e[-5476376674517167440]
09-16 14:51:32.473 24435 24435 I SurfaceControl: nativeRelease nativeObject s[-5476376674517172032]
09-16 14:51:32.473 24435 24435 I SurfaceControl: nativeRelease nativeObject e[-5476376674517172032]
09-16 14:51:32.474 24435 24435 I ViewRootImpl@a330728[ProvisioningActivity]: MSG_WINDOW_FOCUS_CHANGED 1 1
09-16 14:51:32.474 24435 24435 D InputMethodManager: prepareNavigationBarInfo() DecorView@8422574[ProvisioningActivity]
09-16 14:51:32.474 24435 24435 D InputMethodManager: getNavigationBarColor() -16777216
09-16 14:51:32.476 24435 24435 D InputMethodManager: prepareNavigationBarInfo() DecorView@8422574[ProvisioningActivity]
09-16 14:51:32.476 24435 24435 D InputMethodManager: getNavigationBarColor() -16777216
09-16 14:51:32.476 24435 24435 V InputMethodManager: Starting input: tba=no.nordicsemi.android.nrfmeshprovisioner ic=null mNaviBarColor -16777216 mIsGetNaviBarColorSuccess true , NavVisible : true , NavTrans : false
09-16 14:51:32.476 24435 24435 D InputMethodManager: startInputInner - Id : 0
09-16 14:51:32.476 24435 24435 I InputMethodManager: startInputInner - mService.startInputOrWindowGainedFocus
09-16 14:51:32.478 24435 24435 D InputTransport: Input channel constructed: 'ClientS', fd=89
09-16 14:51:32.478 24435 24435 D InputTransport: Input channel destroyed: 'ClientS', fd=95
09-16 14:51:32.478 24435 24435 V MeshManagerApi: Provisioning pdu sent: 0x03020000000000
09-16 14:51:32.480 24435 24435 V ProvisioningPublicKeyState: X: length: 32 B6CCB7217013A7F0F2177D15341F3CD4702054A1C137FB60533CDB5CA902DC7A
09-16 14:51:32.480 24435 24435 V ProvisioningPublicKeyState: Y: length: 32 12C82C374025D1A644BC2F143D62115AFC3C38DF040CE1FF9B25295604129E08
09-16 14:51:32.480 24435 24435 V ProvisioningPublicKeyState: XY: 0xB6CCB7217013A7F0F2177D15341F3CD4702054A1C137FB60533CDB5CA902DC7A12C82C374025D1A644BC2F143D62115AFC3C38DF040CE1FF9B25295604129E08
09-16 14:51:32.490 24435 24435 I BleManager: Data written to 00002adb-0000-1000-8000-00805f9b34fb, value: (0x) 03-03-B6-CC-B7-21-70-13-A7-F0-F2-17-7D-15-34-1F-3C-D4-70-20-54-A1-C1-37-FB-60-53-3C-DB-5C-A9-02-DC-7A-12-C8-2C-37-40-25-D1-A6-44-BC-2F-14-3D-62-11-5A-FC-3C-38-DF-04-0C-E1-FF-9B-25-29-56-04-12-9E-08
09-16 14:51:32.490 24435 24435 V MeshManagerApi: Provisioning pdu sent: 0x0303B6CCB7217013A7F0F2177D15341F3CD4702054A1C137FB60533CDB5CA902DC7A12C82C374025D1A644BC2F143D62115AFC3C38DF040CE1FF9B25295604129E08
09-16 14:51:32.535 24435 24435 I BleManager: Notification received from 00002adc-0000-1000-8000-00805f9b34fb, value: (0x) 03-03-97-A4-C4-90-21-B5-90-D8-7A-6E-A3-21-37-B5-99-0E-82-68-15-D5-EE-A4-D2-22-5B-3E-03-24-61-1D-4F-78-7C-76-9B-6C-B4-85-E3-6B-7B-E0-35-DD-F4-FA-41-46-94-34-6C-B4-80-E7-85-57-0C-E9-ED-8C-DB-9B-0E-06
09-16 14:51:32.535 24435 24435 V MeshManagerApi: Received provisioning message: 0x030397A4C49021B590D87A6EA32137B5990E826815D5EEA4D2225B3E0324611D4F787C769B6CB485E36B7BE035DDF4FA414694346CB480E785570CE9ED8CDB9B0E06
09-16 14:51:32.536 24435 24435 V ProvisioningPublicKeyState: Provisionee X: 7C769B6CB485E36B7BE035DDF4FA414694346CB480E785570CE9ED8CDB9B0E06
09-16 14:51:32.536 24435 24435 V ProvisioningPublicKeyState: Provisionee Y: 97A4C49021B590D87A6EA32137B5990E826815D5EEA4D2225B3E0324611D4F78
09-16 14:51:32.545 24435 24435 V ProvisioningPublicKeyState: ECDH Secret: 9E7F693889A4223EEFF1BEA72E0D864C73B9ACADE5818282228366E184CE3CE9
09-16 14:51:32.545 24435 24435 V ProvisioningConfirmationState: Confirmation inputs: 0504000100000100010100010000000000B6CCB7217013A7F0F2177D15341F3CD4702054A1C137FB60533CDB5CA902DC7A12C82C374025D1A644BC2F143D62115AFC3C38DF040CE1FF9B25295604129E0897A4C49021B590D87A6EA32137B5990E826815D5EEA4D2225B3E0324611D4F787C769B6CB485E36B7BE035DDF4FA414694346CB480E785570CE9ED8CDB9B0E06
09-16 14:51:32.546 24435 24435 V ProvisioningConfirmationState: Confirmation salt: 7363B3696BC68C5E383C014B0C32172A
09-16 14:51:32.547 24435 24435 V ProvisioningConfirmationState: Confirmation key: 415E52415F70A7911E8458B99B1F783F
09-16 14:51:32.548 24435 24435 V ProvisioningConfirmationState: Provisioner random: 01D7787467A4343338A2B75039B60B7F
09-16 14:51:32.548 24435 24435 V ProvisioningConfirmationState: Authentication value: 00000000000000000000000000000000
09-16 14:51:32.548 24435 24435 V ProvisioningConfirmationState: Provisioning confirmation: 03050F5273DED13789A4DF9D868B9E897F39
09-16 14:51:32.550 24435 24435 I BleManager: Data written to 00002adb-0000-1000-8000-00805f9b34fb, value: (0x) 03-05-0F-52-73-DE-D1-37-89-A4-DF-9D-86-8B-9E-89-7F-39
09-16 14:51:32.558 24435 24435 V MeshManagerApi: Provisioning pdu sent: 0x03050F5273DED13789A4DF9D868B9E897F39
09-16 14:51:32.607 24435 24435 I BleManager: Notification received from 00002adc-0000-1000-8000-00805f9b34fb, value: (0x) 03-05-3F-0A-80-36-A7-D1-22-EA-51-CD-82-41-14-DA-DC-FA
09-16 14:51:32.607 24435 24435 V MeshManagerApi: Received provisioning message: 0x03053F0A8036A7D122EA51CD824114DADCFA
09-16 14:51:32.607 24435 24435 V ProvisioningRandomConfirmationState: Provisioner random PDU: 030601D7787467A4343338A2B75039B60B7F
09-16 14:51:32.609 24435 24435 I BleManager: Data written to 00002adb-0000-1000-8000-00805f9b34fb, value: (0x) 03-06-01-D7-78-74-67-A4-34-33-38-A2-B7-50-39-B6-0B-7F
09-16 14:51:32.627 24435 24435 V MeshManagerApi: Provisioning pdu sent: 0x030601D7787467A4343338A2B75039B60B7F
09-16 14:51:32.684 24435 24435 I BleManager: Notification received from 00002adc-0000-1000-8000-00805f9b34fb, value: (0x) 03-06-0C-B9-28-E9-59-12-9E-31-C4-63-0B-21-9A-E4-38-47
09-16 14:51:32.684 24435 24435 V MeshManagerApi: Received provisioning message: 0x03060CB928E959129E31C4630B219AE43847
09-16 14:51:32.684 24435 24435 V ProvisioningRandomConfirmationState: Confirmation inputs: 0504000100000100010100010000000000B6CCB7217013A7F0F2177D15341F3CD4702054A1C137FB60533CDB5CA902DC7A12C82C374025D1A644BC2F143D62115AFC3C38DF040CE1FF9B25295604129E0897A4C49021B590D87A6EA32137B5990E826815D5EEA4D2225B3E0324611D4F787C769B6CB485E36B7BE035DDF4FA414694346CB480E785570CE9ED8CDB9B0E06
09-16 14:51:32.684 24435 24435 V ProvisioningRandomConfirmationState: Confirmation salt: 7363B3696BC68C5E383C014B0C32172A
09-16 14:51:32.684 24435 24435 V ProvisioningRandomConfirmationState: Confirmation key: 415E52415F70A7911E8458B99B1F783F
09-16 14:51:32.684 24435 24435 V ProvisioningRandomConfirmationState: Authentication value: 00000000000000000000000000000000
09-16 14:51:32.684 24435 24435 V ProvisioningDataState: Provisioning salt: F84CF1D7C52904B737BCB92BBAD6C62A
09-16 14:51:32.685 24435 24435 V ProvisioningDataState: Session key: 09E337148CA9B70DC6EBDC9D4C126187
09-16 14:51:32.685 24435 24435 V ProvisioningDataState: Session nonce: 39170E9574DDDC3D561D395DC0
09-16 14:51:32.685 24435 24435 V ProvisioningDataState: Device key: D13932BB3048727325582DCE702D59F9
09-16 14:51:32.685 24435 24435 V ProvisioningDataState: Network key: CEA35479257B02F70ABD98C4DC6B3A62
09-16 14:51:32.685 24435 24435 V ProvisioningDataState: Key index: 0000
09-16 14:51:32.685 24435 24435 V ProvisioningDataState: Flags: 00
09-16 14:51:32.685 24435 24435 V ProvisioningDataState: IV index: 00000000
09-16 14:51:32.685 24435 24435 V ProvisioningDataState: Unicast address: 000A
09-16 14:51:32.685 24435 24435 V ProvisioningDataState: Provisioning data: CEA35479257B02F70ABD98C4DC6B3A6200000000000000000A
09-16 14:51:32.687 24435 24435 V ProvisioningDataState: Encrypted provisioning data: 39A6568382BA6EE46CED63F9ABF15F35CA3097CB6D2126B36A9DA1795D7FA751FF
09-16 14:51:32.687 24435 24435 V ProvisioningDataState: Prov Data: 030739A6568382BA6EE46CED63F9ABF15F35CA3097CB6D2126B36A9DA1795D7FA751FF
