09-16 14:42:22.288 24435 24435 I ViewRootImpl@26c3634[ScannerActivity]: [DP] rdf()
09-16 14:42:22.289 24435 24435 I ViewRootImpl@b3b69cc[ProvisioningActivity]: MSG_WINDOW_FOCUS_CHANGED 0 1
09-16 14:42:22.301 24435 24435 I SurfaceControl: nativeRelease nativeObject s[-5476376674517239120]
09-16 14:42:22.301 24435 24435 I SurfaceControl: nativeRelease nativeObject e[-5476376674517239120]
09-16 14:42:22.301 24435 24435 I SurfaceControl: nativeRelease nativeObject s[-5476376674517184800]
09-16 14:42:22.301 24435 24435 I SurfaceControl: nativeRelease nativeObject e[-5476376674517184800]
09-16 14:42:22.301 24435 24435 I SurfaceControl: nativeRelease nativeObject s[-5476376674517148624]
09-16 14:42:22.301 24435 24435 I SurfaceControl: nativeRelease nativeObject e[-5476376674517148624]
09-16 14:42:22.312 24435 24435 I ViewRootImpl@26c3634[ScannerActivity]: MSG_WINDOW_FOCUS_CHANGED 1 1
09-16 14:42:22.312 24435 24435 D InputMethodManager: prepareNavigationBarInfo() DecorView@59a77b1[ScannerActivity]
09-16 14:42:22.312 24435 24435 D InputMethodManager: getNavigationBarColor() -16777216
09-16 14:42:22.313 24435 24435 D InputMethodManager: prepareNavigationBarInfo() DecorView@59a77b1[ScannerActivity]
09-16 14:42:22.313 24435 24435 D InputMethodManager: getNavigationBarColor() -16777216
09-16 14:42:22.313 24435 24435 V InputMethodManager: Starting input: tba=no.nordicsemi.android.nrfmeshprovisioner ic=null mNaviBarColor -16777216 mIsGetNaviBarColorSuccess true , NavVisible : true , NavTrans : false
09-16 14:42:22.313 24435 24435 D InputMethodManager: startInputInner - Id : 0
09-16 14:42:22.313 24435 24435 I InputMethodManager: startInputInner - mService.startInputOrWindowGainedFocus
09-16 14:42:22.315 24435 24435 D InputTransport: Input channel constructed: 'ClientS', fd=84
09-16 14:42:22.315 24435 24435 D InputTransport: Input channel destroyed: 'ClientS', fd=95
09-16 14:42:22.329 24435 24435 I SurfaceControl: nativeRelease nativeObject s[-5476376674517129360]
09-16 14:42:22.329 24435 24435 I SurfaceControl: nativeRelease nativeObject e[-5476376674517129360]
09-16 14:42:22.329 24435 24435 I SurfaceControl: nativeRelease nativeObject s[-5476376674517173824]
09-16 14:42:22.329 24435 24435 I SurfaceControl: nativeRelease nativeObject e[-5476376674517173824]
09-16 14:42:22.330 24435 24435 I SurfaceControl: nativeRelease nativeObject s[-5476376674517193536]
09-16 14:42:22.330 24435 24435 I SurfaceControl: nativeRelease nativeObject e[-5476376674517193536]
09-16 14:42:22.620 24435 24435 I SurfaceControl: nativeRelease nativeObject s[-5476376674517168672]
09-16 14:42:22.620 24435 24435 I SurfaceControl: nativeRelease nativeObject e[-5476376674517168672]
09-16 14:42:22.620 24435 24435 I SurfaceControl: assignNativeObject: nativeObject = 0 Surface(name=null)/@0x991849c / android.view.SurfaceControl.readFromParcel:1117 android.view.IWindowSession$Stub$Proxy.relayout:1826 android.view.ViewRootImpl.relayoutWindow:9132 android.view.ViewRootImpl.performTraversals:3422 android.view.ViewRootImpl.doTraversal:2671 android.view.ViewRootImpl$TraversalRunnable.run:10094 android.view.Choreographer$CallbackRecord.run:1010 android.view.Choreographer.doCallbacks:809 android.view.Choreographer.doFrame:744 android.view.Choreographer$FrameDisplayEventReceiver.run:995
09-16 14:42:22.620 24435 24435 I SurfaceControl: assignNativeObject: nativeObject = 0 Surface(name=null)/@0xf2d57f6 / android.view.SurfaceControl.readFromParcel:1117 android.view.IWindowSession$Stub$Proxy.relayout:1836 android.view.ViewRootImpl.relayoutWindow:9132 android.view.ViewRootImpl.performTraversals:3422 android.view.ViewRootImpl.doTraversal:2671 android.view.ViewRootImpl$TraversalRunnable.run:10094 android.view.Choreographer$CallbackRecord.run:1010 android.view.Choreographer.doCallbacks:809 android.view.Choreographer.doFrame:744 android.view.Choreographer$FrameDisplayEventReceiver.run:995
09-16 14:42:22.621 24435 24435 I ViewRootImpl@b3b69cc[ProvisioningActivity]: Relayout returned: old=(0,0,1200,1920) new=(0,0,1200,1920) req=(1200,1920)8 dur=7 res=0x5 s={false 0} ch=true fn=216
09-16 14:42:22.622 24435 24435 I ViewRootImpl@b3b69cc[ProvisioningActivity]: stopped(true) old=false
09-16 14:42:22.625 24435 24435 I ViewRootImpl@b3b69cc[ProvisioningActivity]: dispatchDetachedFromWindow
09-16 14:42:22.631 24435 24435 D InputTransport: Input channel destroyed: 'e12d5e3', fd=89
09-16 14:42:25.750 24435 24435 I ViewRootImpl@26c3634[ScannerActivity]: ViewPostIme pointer 0
09-16 14:42:25.870 24435 24435 I ViewRootImpl@26c3634[ScannerActivity]: ViewPostIme pointer 1
09-16 14:42:25.907 24435 24435 D ScrollView: initGoToTop
09-16 14:42:25.936 24435 24435 I DecorView: [INFO] isPopOver=false, config=true
09-16 14:42:25.936 24435 24435 I DecorView: updateCaptionType >> DecorView@706a629[], isFloating=false, isApplication=true, hasWindowDecorCaption=false, hasWindowControllerCallback=true
09-16 14:42:25.936 24435 24435 D DecorView: setCaptionType = 0, this = DecorView@706a629[]
09-16 14:42:25.941 24435 24435 E ActivityThread: Failed to find provider info for no.nordicsemi.android.log
09-16 14:42:25.942 24435 24435 D AA : Connect issued
09-16 14:42:25.943 24435 24435 I BluetoothAdapter: STATE_ON
09-16 14:42:25.944 24435 24435 D BluetoothGatt: connect() - device: C1:70:0D:03:B1:E6, auto: false
09-16 14:42:25.944 24435 24435 I BluetoothAdapter: isSecureModeEnabled
09-16 14:42:25.944 24435 24435 D BluetoothGatt: registerApp()
09-16 14:42:25.944 24435 24435 D BluetoothGatt: registerApp() - UUID=395a32a0-e641-4e18-a595-3023582cf19d
09-16 14:42:25.947 24435 2148 D BluetoothGatt: onClientRegistered() - status=0 clientIf=12
09-16 14:42:25.954 24435 24435 D InputTransport: Input channel constructed: 'f93df4 ', fd=86
09-16 14:42:25.954 24435 24435 I ViewRootImpl@a61bba4[ProvisioningActivity]: setView = com.android.internal.policy.DecorView@706a629 TM=true
09-16 14:42:25.970 24435 24435 I SurfaceControl: assignNativeObject: nativeObject = 0 Surface(name=null)/@0x760392f / android.view.SurfaceControl.readFromParcel:1117 android.view.IWindowSession$Stub$Proxy.relayout:1836 android.view.ViewRootImpl.relayoutWindow:9132 android.view.ViewRootImpl.performTraversals:3422 android.view.ViewRootImpl.doTraversal:2671 android.view.ViewRootImpl$TraversalRunnable.run:10094 android.view.Choreographer$CallbackRecord.run:1010 android.view.Choreographer.doCallbacks:809 android.view.Choreographer.doFrame:744 android.view.Choreographer$FrameDisplayEventReceiver.run:995
09-16 14:42:25.971 24435 24435 I ViewRootImpl@a61bba4[ProvisioningActivity]: Relayout returned: old=(0,0,1200,1920) new=(0,0,1200,1920) req=(1200,1920)0 dur=9 res=0x7 s={true -5476376669685052720} ch=true fn=-1
09-16 14:42:25.972 24435 24435 I ViewRootImpl@a61bba4[ProvisioningActivity]: [DP] dp(1) 1 android.view.ViewRootImpl.reportNextDraw:11080 android.view.ViewRootImpl.performTraversals:3917 android.view.ViewRootImpl.doTraversal:2671
09-16 14:42:25.972 24435 24435 I ViewRootImpl@a61bba4[ProvisioningActivity]: [DP] pd() Asnyc report
09-16 14:42:25.972 24435 24435 I ViewRootImpl@a61bba4[ProvisioningActivity]: mAttachInfo.mThreadedRenderer.draw, mView = DecorView@706a629[ProvisioningActivity] w = 1200 h = 1920
09-16 14:42:25.981 24435 24435 I ViewRootImpl@a61bba4[ProvisioningActivity]: [DP] pdf(0) 1 android.view.ViewRootImpl.lambda$performDraw$1$ViewRootImpl:4745 android.view.-$$Lambda$ViewRootImpl$DJd0VUYJgsebcnSohO6h8zc_ONI.run:6 android.os.Handler.handleCallback:938
09-16 14:42:25.981 24435 24435 I ViewRootImpl@a61bba4[ProvisioningActivity]: [DP] rdf()
09-16 14:42:25.981 24435 24435 I ViewRootImpl@26c3634[ScannerActivity]: MSG_WINDOW_FOCUS_CHANGED 0 1
09-16 14:42:25.988 24435 24435 I SurfaceControl: nativeRelease nativeObject s[-5476376674517148176]
09-16 14:42:25.988 24435 24435 I SurfaceControl: nativeRelease nativeObject e[-5476376674517148176]
09-16 14:42:25.988 24435 24435 I SurfaceControl: nativeRelease nativeObject s[-5476376674517118832]
09-16 14:42:25.988 24435 24435 I SurfaceControl: nativeRelease nativeObject e[-5476376674517118832]
09-16 14:42:25.988 24435 24435 I SurfaceControl: nativeRelease nativeObject s[-5476376674517172704]
09-16 14:42:25.988 24435 24435 I SurfaceControl: nativeRelease nativeObject e[-5476376674517172704]
09-16 14:42:26.012 24435 24435 I ViewRootImpl@a61bba4[ProvisioningActivity]: MSG_WINDOW_FOCUS_CHANGED 1 1
09-16 14:42:26.012 24435 24435 D InputMethodManager: prepareNavigationBarInfo() DecorView@706a629[ProvisioningActivity]
09-16 14:42:26.012 24435 24435 D InputMethodManager: getNavigationBarColor() -16777216
09-16 14:42:26.013 24435 24435 D InputMethodManager: prepareNavigationBarInfo() DecorView@706a629[ProvisioningActivity]
09-16 14:42:26.013 24435 24435 D InputMethodManager: getNavigationBarColor() -16777216
09-16 14:42:26.013 24435 24435 V InputMethodManager: Starting input: tba=no.nordicsemi.android.nrfmeshprovisioner ic=null mNaviBarColor -16777216 mIsGetNaviBarColorSuccess true , NavVisible : true , NavTrans : false
09-16 14:42:26.013 24435 24435 D InputMethodManager: startInputInner - Id : 0
09-16 14:42:26.013 24435 24435 I InputMethodManager: startInputInner - mService.startInputOrWindowGainedFocus
09-16 14:42:26.015 24435 24435 D InputTransport: Input channel constructed: 'ClientS', fd=91
09-16 14:42:26.015 24435 24435 D InputTransport: Input channel destroyed: 'ClientS', fd=84
09-16 14:42:26.028 24435 24435 I SurfaceControl: nativeRelease nativeObject s[-5476376674517169680]
09-16 14:42:26.028 24435 24435 I SurfaceControl: nativeRelease nativeObject e[-5476376674517169680]
09-16 14:42:26.030 24435 24435 I SurfaceControl: nativeRelease nativeObject s[-5476376674517179760]
09-16 14:42:26.030 24435 24435 I SurfaceControl: nativeRelease nativeObject e[-5476376674517179760]
09-16 14:42:26.030 24435 24435 I SurfaceControl: nativeRelease nativeObject s[-5476376674517158144]
09-16 14:42:26.030 24435 24435 I SurfaceControl: nativeRelease nativeObject e[-5476376674517158144]
09-16 14:42:26.170 24435 520 D BluetoothGatt: onClientConnectionState() - status=0 clientIf=12 device=C1:70:0D:03:B1:E6
09-16 14:42:26.171 24435 24435 I BleManager: Connected to C1:70:0D:03:B1:E6
09-16 14:42:26.418 24435 24435 I SurfaceControl: nativeRelease nativeObject s[-5476376674517234416]
09-16 14:42:26.418 24435 24435 I SurfaceControl: nativeRelease nativeObject e[-5476376674517234416]
09-16 14:42:26.418 24435 24435 I SurfaceControl: assignNativeObject: nativeObject = 0 Surface(name=null)/@0x52aaa28 / android.view.SurfaceControl.readFromParcel:1117 android.view.IWindowSession$Stub$Proxy.relayout:1826 android.view.ViewRootImpl.relayoutWindow:9132 android.view.ViewRootImpl.performTraversals:3422 android.view.ViewRootImpl.doTraversal:2671 android.view.ViewRootImpl$TraversalRunnable.run:10094 android.view.Choreographer$CallbackRecord.run:1010 android.view.Choreographer.doCallbacks:809 android.view.Choreographer.doFrame:744 android.view.Choreographer$FrameDisplayEventReceiver.run:995
09-16 14:42:26.418 24435 24435 I SurfaceControl: assignNativeObject: nativeObject = 0 Surface(name=null)/@0x5baebe8 / android.view.SurfaceControl.readFromParcel:1117 android.view.IWindowSession$Stub$Proxy.relayout:1836 android.view.ViewRootImpl.relayoutWindow:9132 android.view.ViewRootImpl.performTraversals:3422 android.view.ViewRootImpl.doTraversal:2671 android.view.ViewRootImpl$TraversalRunnable.run:10094 android.view.Choreographer$CallbackRecord.run:1010 android.view.Choreographer.doCallbacks:809 android.view.Choreographer.doFrame:744 android.view.Choreographer$FrameDisplayEventReceiver.run:995
09-16 14:42:26.419 24435 24435 I ViewRootImpl@26c3634[ScannerActivity]: Relayout returned: old=(0,0,1200,1920) new=(0,0,1200,1920) req=(1200,1920)8 dur=6 res=0x5 s={false 0} ch=true fn=245
09-16 14:42:26.419 24435 24435 I ViewRootImpl@26c3634[ScannerActivity]: stopped(true) old=false
09-16 14:42:26.420 24435 24435 I BluetoothAdapter: STATE_ON
09-16 14:42:26.420 24435 24435 I BluetoothAdapter: STATE_ON
09-16 14:42:26.420 24435 24435 D BluetoothLeScanner: Stop Scan with callback
09-16 14:42:26.465 24435 24435 I SurfaceControl: assignNativeObject: nativeObject = 0 Surface(name=null)/@0x52aaa28 / android.view.SurfaceControl.readFromParcel:1117 android.view.IWindowSession$Stub$Proxy.relayout:1826 android.view.ViewRootImpl.relayoutWindow:9132 android.view.ViewRootImpl.performTraversals:3422 android.view.ViewRootImpl.doTraversal:2671 android.view.ViewRootImpl$TraversalRunnable.run:10094 android.view.Choreographer$CallbackRecord.run:1010 android.view.Choreographer.doCallbacks:809 android.view.Choreographer.doFrame:744 android.view.Choreographer$FrameDisplayEventReceiver.run:995
09-16 14:42:26.466 24435 24435 I SurfaceControl: assignNativeObject: nativeObject = 0 Surface(name=null)/@0x5baebe8 / android.view.SurfaceControl.readFromParcel:1117 android.view.IWindowSession$Stub$Proxy.relayout:1836 android.view.ViewRootImpl.relayoutWindow:9132 android.view.ViewRootImpl.performTraversals:3422 android.view.ViewRootImpl.doTraversal:2671 android.view.ViewRootImpl$TraversalRunnable.run:10094 android.view.Choreographer$CallbackRecord.run:1010 android.view.Choreographer.doCallbacks:809 android.view.Choreographer.doFrame:744 android.view.Choreographer$FrameDisplayEventReceiver.run:995
09-16 14:42:26.466 24435 24435 I ViewRootImpl@26c3634[ScannerActivity]: Relayout returned: old=(0,0,1200,1920) new=(0,0,1200,1920) req=(1200,1920)8 dur=6 res=0x5 s={false 0} ch=false fn=-1
09-16 14:42:26.471 24435 24435 D BluetoothGatt: discoverServices() - device: C1:70:0D:03:B1:E6
09-16 14:42:26.925 24435 520 D BluetoothGatt: onConnectionUpdated() - Device=C1:70:0D:03:B1:E6 interval=156 latency=0 timeout=400 status=0
09-16 14:42:29.219 24435 520 D BluetoothGatt: onConnectionUpdated() - Device=C1:70:0D:03:B1:E6 interval=6 latency=0 timeout=500 status=0
09-16 14:42:29.449 24435 520 D BluetoothGatt: onSearchComplete() = Device=C1:70:0D:03:B1:E6 Status=0
09-16 14:42:29.450 24435 24435 I BleManager: Services discovered
09-16 14:42:29.450 24435 24435 D BluetoothGatt: configureMTU() - device: C1:70:0D:03:B1:E6 mtu: 517
09-16 14:42:29.466 24435 520 D BluetoothGatt: onConfigureMTU() - Device=C1:70:0D:03:B1:E6 mtu=69 status=0
09-16 14:42:29.466 24435 24435 I BleManager: MTU changed to: 69
09-16 14:42:29.467 24435 24435 D BluetoothGatt: setCharacteristicNotification() - uuid: 00002adc-0000-1000-8000-00805f9b34fb enable: true
09-16 14:42:29.482 24435 24435 I BleManager: Data written to descr. 00002902-0000-1000-8000-00805f9b34fb, value: (0x) 01-00
09-16 14:42:29.482 24435 24435 I BleManager: Notifications enabled
09-16 14:42:29.497 24435 24435 D ScrollView: onsize change changed
09-16 14:42:29.512 24435 520 D BluetoothGatt: onConnectionUpdated() - Device=C1:70:0D:03:B1:E6 interval=156 latency=0 timeout=400 status=0
09-16 14:42:55.860 24435 24435 D InputMethodManager: prepareNavigationBarInfo() DecorView@706a629[ProvisioningActivity]
09-16 14:42:55.861 24435 24435 D InputMethodManager: getNavigationBarColor() -16777216
09-16 14:42:55.861 24435 24435 V InputMethodManager: Starting input: tba=no.nordicsemi.android.nrfmeshprovisioner ic=null mNaviBarColor -16777216 mIsGetNaviBarColorSuccess true , NavVisible : true , NavTrans : false
09-16 14:42:55.861 24435 24435 D InputMethodManager: startInputInner - Id : 0
09-16 14:42:55.861 24435 24435 I InputMethodManager: startInputInner - mService.startInputOrWindowGainedFocus
09-16 14:42:55.862 24435 24435 D InputTransport: Input channel constructed: 'ClientS', fd=87
09-16 14:42:55.862 24435 24435 D InputTransport: Input channel destroyed: 'ClientS', fd=91
09-16 14:42:56.216 24435 24435 I ViewRootImpl@a61bba4[ProvisioningActivity]: stopped(true) old=false
09-16 14:42:56.218 24435 24435 I SurfaceControl: nativeRelease nativeObject s[-5476376674517174048]
09-16 14:42:56.218 24435 24435 I SurfaceControl: nativeRelease nativeObject e[-5476376674517174048]
09-16 14:42:56.246 24435 24435 I SurfaceControl: assignNativeObject: nativeObject = 0 Surface(name=null)/@0xd86e800 / android.view.SurfaceControl.readFromParcel:1117 android.view.IWindowSession$Stub$Proxy.relayout:1826 android.view.ViewRootImpl.relayoutWindow:9132 android.view.ViewRootImpl.performTraversals:3422 android.view.ViewRootImpl.doTraversal:2671 android.view.ViewRootImpl$TraversalRunnable.run:10094 android.view.Choreographer$CallbackRecord.run:1010 android.view.Choreographer.doCallbacks:809 android.view.Choreographer.doFrame:744 android.view.Choreographer$FrameDisplayEventReceiver.run:995
09-16 14:42:56.247 24435 24435 I SurfaceControl: assignNativeObject: nativeObject = 0 Surface(name=null)/@0x760392f / android.view.SurfaceControl.readFromParcel:1117 android.view.IWindowSession$Stub$Proxy.relayout:1836 android.view.ViewRootImpl.relayoutWindow:9132 android.view.ViewRootImpl.performTraversals:3422 android.view.ViewRootImpl.doTraversal:2671 android.view.ViewRootImpl$TraversalRunnable.run:10094 android.view.Choreographer$CallbackRecord.run:1010 android.view.Choreographer.doCallbacks:809 android.view.Choreographer.doFrame:744 android.view.Choreographer$FrameDisplayEventReceiver.run:995
09-16 14:42:56.253 24435 24435 I SurfaceControl: nativeRelease nativeObject s[-5476376674517194544]
09-16 14:42:56.253 24435 24435 I SurfaceControl: nativeRelease nativeObject e[-5476376674517194544]
09-16 14:42:56.253 24435 24435 I SurfaceControl: nativeRelease nativeObject s[-5476376674517163072]
09-16 14:42:56.253 24435 24435 I SurfaceControl: nativeRelease nativeObject e[-5476376674517163072]
09-16 14:42:56.253 24435 24435 I SurfaceControl: nativeRelease nativeObject s[-5476376674517151312]
09-16 14:42:56.253 24435 24435 I SurfaceControl: nativeRelease nativeObject e[-5476376674517151312]
09-16 14:42:56.253 24435 24435 I ViewRootImpl@a61bba4[ProvisioningActivity]: Relayout returned: old=(0,0,1200,1920) new=(0,0,1200,1920) req=(1200,1920)4 dur=8 res=0x5 s={false 0} ch=false fn=-1
09-16 14:42:56.283 24435 24435 I SurfaceControl: assignNativeObject: nativeObject = 0 Surface(name=null)/@0xd86e800 / android.view.SurfaceControl.readFromParcel:1117 android.view.IWindowSession$Stub$Proxy.relayout:1826 android.view.ViewRootImpl.relayoutWindow:9132 android.view.ViewRootImpl.performTraversals:3422 android.view.ViewRootImpl.doTraversal:2671 android.view.ViewRootImpl$TraversalRunnable.run:10094 android.view.Choreographer$CallbackRecord.run:1010 android.view.Choreographer.doCallbacks:809 android.view.Choreographer.doFrame:744 android.view.Choreographer$FrameDisplayEventReceiver.run:995
09-16 14:42:56.283 24435 24435 I SurfaceControl: assignNativeObject: nativeObject = 0 Surface(name=null)/@0x760392f / android.view.SurfaceControl.readFromParcel:1117 android.view.IWindowSession$Stub$Proxy.relayout:1836 android.view.ViewRootImpl.relayoutWindow:9132 android.view.ViewRootImpl.performTraversals:3422 android.view.ViewRootImpl.doTraversal:2671 android.view.ViewRootImpl$TraversalRunnable.run:10094 android.view.Choreographer$CallbackRecord.run:1010 android.view.Choreographer.doCallbacks:809 android.view.Choreographer.doFrame:744 android.view.Choreographer$FrameDisplayEventReceiver.run:995
09-16 14:42:56.284 24435 24435 I SurfaceControl: nativeRelease nativeObject s[-5476376674517195776]
09-16 14:42:56.284 24435 24435 I SurfaceControl: nativeRelease nativeObject e[-5476376674517195776]
09-16 14:42:56.284 24435 24435 I SurfaceControl: nativeRelease nativeObject s[-5476376674517222432]
09-16 14:42:56.284 24435 24435 I SurfaceControl: nativeRelease nativeObject e[-5476376674517222432]
09-16 14:42:56.284 24435 24435 I SurfaceControl: nativeRelease nativeObject s[-5476376674517174048]
09-16 14:42:56.284 24435 24435 I SurfaceControl: nativeRelease nativeObject e[-5476376674517174048]
09-16 14:42:56.284 24435 24435 I ViewRootImpl@a61bba4[ProvisioningActivity]: Relayout returned: old=(0,0,1200,1920) new=(0,0,1200,1920) req=(1200,1920)8 dur=5 res=0x1 s={false 0} ch=false fn=-1
09-16 14:42:56.386 24435 24435 I ViewRootImpl@a61bba4[ProvisioningActivity]: MSG_WINDOW_FOCUS_CHANGED 0 1
09-16 14:42:56.515 24435 24435 I SurfaceControl: nativeRelease nativeObject s[-5476376674517194544]
09-16 14:42:56.515 24435 24435 I SurfaceControl: nativeRelease nativeObject e[-5476376674517194544]
09-16 14:42:56.515 24435 24435 I SurfaceControl: nativeRelease nativeObject s[-5476376674517163072]
09-16 14:42:56.515 24435 24435 I SurfaceControl: nativeRelease nativeObject e[-5476376674517163072]
09-16 14:42:56.515 24435 24435 I SurfaceControl: nativeRelease nativeObject s[-5476376674517151312]
09-16 14:42:56.515 24435 24435 I SurfaceControl: nativeRelease nativeObject e[-5476376674517151312]
09-16 14:43:30.846 24435 2148 D BluetoothGatt: onClientConnectionState() - status=19 clientIf=12 device=C1:70:0D:03:B1:E6
09-16 14:43:30.848 24435 24435 W BleManager: Error: (0x13): GATT CONN TERMINATE PEER USER
09-16 14:43:30.848 24435 24435 I BleManager: Disconnected
09-16 14:43:30.849 24435 24435 D BluetoothGatt: refresh() - device: C1:70:0D:03:B1:E6
09-16 14:43:30.850 24435 24435 I BleManager: Cache refreshed
09-16 14:43:30.850 24435 24435 D BluetoothGatt: close()
09-16 14:43:30.853 24435 24435 D BluetoothGatt: unregisterApp() - mClientIf=12
09-16 14:43:30.858 24435 24435 V s : Disconnected
09-16 14:47:14.575 24435 24435 I SurfaceControl: assignNativeObject: nativeObject = 0 Surface(name=null)/@0xd86e800 / android.view.SurfaceControl.readFromParcel:1117 android.view.IWindowSession$Stub$Proxy.relayout:1826 android.view.ViewRootImpl.relayoutWindow:9132 android.view.ViewRootImpl.performTraversals:3422 android.view.ViewRootImpl.doTraversal:2671 android.view.ViewRootImpl$TraversalRunnable.run:10094 android.view.Choreographer$CallbackRecord.run:1010 android.view.Choreographer.doCallbacks:809 android.view.Choreographer.doFrame:744 android.view.Choreographer$FrameDisplayEventReceiver.run:995
09-16 14:47:14.575 24435 24435 I SurfaceControl: assignNativeObject: nativeObject = 0 Surface(name=null)/@0x760392f / android.view.SurfaceControl.readFromParcel:1117 android.view.IWindowSession$Stub$Proxy.relayout:1836 android.view.ViewRootImpl.relayoutWindow:9132 android.view.ViewRootImpl.performTraversals:3422 android.view.ViewRootImpl.doTraversal:2671 android.view.ViewRootImpl$TraversalRunnable.run:10094 android.view.Choreographer$CallbackRecord.run:1010 android.view.Choreographer.doCallbacks:809 android.view.Choreographer.doFrame:744 android.view.Choreographer$FrameDisplayEventReceiver.run:995
09-16 14:47:14.576 24435 24435 I SurfaceControl: nativeRelease nativeObject s[-5476376674517150752]
09-16 14:47:14.576 24435 24435 I SurfaceControl: nativeRelease nativeObject e[-5476376674517150752]
09-16 14:47:14.576 24435 24435 I ViewRootImpl@a61bba4[ProvisioningActivity]: Relayout returned: old=(0,0,1200,1920) new=(0,0,1200,1920) req=(1200,1920)4 dur=11 res=0x1 s={false 0} ch=false fn=-1
09-16 14:47:14.577 24435 24435 I ViewRootImpl@a61bba4[ProvisioningActivity]: stopped(false) old=true
09-16 14:47:14.608 24435 24435 I SurfaceControl: assignNativeObject: nativeObject = 0 Surface(name=null)/@0x760392f / android.view.SurfaceControl.readFromParcel:1117 android.view.IWindowSession$Stub$Proxy.relayout:1836 android.view.ViewRootImpl.relayoutWindow:9132 android.view.ViewRootImpl.performTraversals:3422 android.view.ViewRootImpl.doTraversal:2671 android.view.ViewRootImpl$TraversalRunnable.run:10094 android.view.Choreographer$CallbackRecord.run:1010 android.view.Choreographer.doCallbacks:809 android.view.Choreographer.doFrame:744 android.view.Choreographer$FrameDisplayEventReceiver.run:995
09-16 14:47:14.609 24435 24435 I SurfaceControl: nativeRelease nativeObject s[-5476376674517151312]
09-16 14:47:14.609 24435 24435 I SurfaceControl: nativeRelease nativeObject e[-5476376674517151312]
09-16 14:47:14.609 24435 24435 I ViewRootImpl@a61bba4[ProvisioningActivity]: Relayout returned: old=(0,0,1200,1920) new=(0,0,1200,1920) req=(1200,1920)0 dur=8 res=0x7 s={true -5476376669684982960} ch=true fn=-1
09-16 14:47:14.609 24435 24435 D ScrollView: onsize change changed
09-16 14:47:14.609 24435 24435 I ViewRootImpl@a61bba4[ProvisioningActivity]: [DP] dp(1) 1 android.view.ViewRootImpl.reportNextDraw:11080 android.view.ViewRootImpl.performTraversals:3917 android.view.ViewRootImpl.doTraversal:2671
09-16 14:47:14.609 24435 24435 I ViewRootImpl@a61bba4[ProvisioningActivity]: [DP] pd() Asnyc report
09-16 14:47:14.611 24435 24435 I ViewRootImpl@a61bba4[ProvisioningActivity]: mAttachInfo.mThreadedRenderer.draw, mView = DecorView@706a629[ProvisioningActivity] w = 1200 h = 1920
09-16 14:47:14.624 24435 24435 I ViewRootImpl@a61bba4[ProvisioningActivity]: [DP] pdf(0) 1 android.view.ViewRootImpl.lambda$performDraw$1$ViewRootImpl:4745 android.view.-$$Lambda$ViewRootImpl$DJd0VUYJgsebcnSohO6h8zc_ONI.run:6 android.os.Handler.handleCallback:938
09-16 14:47:14.624 24435 24435 I ViewRootImpl@a61bba4[ProvisioningActivity]: [DP] rdf()
09-16 14:47:14.644 24435 24435 I ViewRootImpl@26c3634[ScannerActivity]: stopped(false) old=true
09-16 14:47:14.646 24435 24435 I BluetoothAdapter: STATE_ON
09-16 14:47:14.646 24435 24435 I BluetoothAdapter: STATE_ON
09-16 14:47:14.649 24435 24435 I BluetoothAdapter: STATE_ON
09-16 14:47:14.649 24435 24435 I BluetoothAdapter: STATE_ON
09-16 14:47:14.649 24435 24435 I BluetoothAdapter: STATE_ON
09-16 14:47:14.650 24435 24435 I BluetoothAdapter: STATE_ON
09-16 14:47:14.650 24435 24435 I BluetoothAdapter: STATE_ON
09-16 14:47:14.650 24435 24435 D BluetoothLeScanner: Start Scan with callback
09-16 14:47:14.652 24435 520 D BluetoothLeScanner: onScannerRegistered() - status=0 scannerId=10 mScannerId=0
09-16 14:47:14.657 24435 24435 I ViewRootImpl@26c3634[ScannerActivity]: stopped(false) old=false
09-16 14:47:14.667 24435 24435 I SurfaceControl: assignNativeObject: nativeObject = 0 Surface(name=null)/@0x5baebe8 / android.view.SurfaceControl.readFromParcel:1117 android.view.IWindowSession$Stub$Proxy.relayout:1836 android.view.ViewRootImpl.relayoutWindow:9132 android.view.ViewRootImpl.performTraversals:3422 android.view.ViewRootImpl.doTraversal:2671 android.view.ViewRootImpl$TraversalRunnable.run:10094 android.view.Choreographer$CallbackRecord.run:1010 android.view.Choreographer.doCallbacks:809 android.view.Choreographer.doFrame:744 android.view.Choreographer$FrameDisplayEventReceiver.run:995
09-16 14:47:14.668 24435 24435 I ViewRootImpl@26c3634[ScannerActivity]: Relayout returned: old=(0,0,1200,1920) new=(0,0,1200,1920) req=(1200,1920)0 dur=8 res=0x7 s={true -5476376669685061440} ch=true fn=-1
09-16 14:47:14.670 24435 24435 I ViewRootImpl@26c3634[ScannerActivity]: [DP] dp(1) 1 android.view.ViewRootImpl.reportNextDraw:11080 android.view.ViewRootImpl.performTraversals:3917 android.view.ViewRootImpl.doTraversal:2671
09-16 14:47:14.670 24435 24435 I ViewRootImpl@26c3634[ScannerActivity]: [DP] pd() Asnyc report
09-16 14:47:14.670 24435 24435 I ViewRootImpl@26c3634[ScannerActivity]: mAttachInfo.mThreadedRenderer.draw, mView = DecorView@59a77b1[ScannerActivity] w = 1200 h = 1920
09-16 14:47:14.682 24435 24435 I ViewRootImpl@26c3634[ScannerActivity]: [DP] pdf(0) 1 android.view.ViewRootImpl.lambda$performDraw$1$ViewRootImpl:4745 android.view.-$$Lambda$ViewRootImpl$DJd0VUYJgsebcnSohO6h8zc_ONI.run:6 android.os.Handler.handleCallback:938
09-16 14:47:14.682 24435 24435 I ViewRootImpl@26c3634[ScannerActivity]: [DP] rdf()
09-16 14:47:14.703 24435 24435 I SurfaceControl: nativeRelease nativeObject s[-5476376674517150752]
09-16 14:47:14.703 24435 24435 I SurfaceControl: nativeRelease nativeObject e[-5476376674517150752]
09-16 14:47:14.703 24435 24435 I SurfaceControl: assignNativeObject: nativeObject = 0 Surface(name=null)/@0xd86e800 / android.view.SurfaceControl.readFromParcel:1117 android.view.IWindowSession$Stub$Proxy.relayout:1826 android.view.ViewRootImpl.relayoutWindow:9132 android.view.ViewRootImpl.performTraversals:3422 android.view.ViewRootImpl.doTraversal:2671 android.view.ViewRootImpl$TraversalRunnable.run:10094 android.view.Choreographer$CallbackRecord.run:1010 android.view.Choreographer.doCallbacks:809 android.view.Choreographer.doFrame:744 android.view.Choreographer$FrameDisplayEventReceiver.run:995
09-16 14:47:14.703 24435 24435 I SurfaceControl: assignNativeObject: nativeObject = 0 Surface(name=null)/@0x760392f / android.view.SurfaceControl.readFromParcel:1117 android.view.IWindowSession$Stub$Proxy.relayout:1836 android.view.ViewRootImpl.relayoutWindow:9132 android.view.ViewRootImpl.performTraversals:3422 android.view.ViewRootImpl.doTraversal:2671 android.view.ViewRootImpl$TraversalRunnable.run:10094 android.view.Choreographer$CallbackRecord.run:1010 android.view.Choreographer.doCallbacks:809 android.view.Choreographer.doFrame:744 android.view.Choreographer$FrameDisplayEventReceiver.run:995
09-16 14:47:14.704 24435 24435 I SurfaceControl: nativeRelease nativeObject s[-5476376674517163072]
09-16 14:47:14.704 24435 24435 I SurfaceControl: nativeRelease nativeObject e[-5476376674517163072]
09-16 14:47:14.704 24435 24435 I ViewRootImpl@a61bba4[ProvisioningActivity]: Relayout returned: old=(0,0,1200,1920) new=(0,0,1200,1920) req=(1200,1920)8 dur=6 res=0x5 s={false 0} ch=true fn=4
09-16 14:47:14.708 24435 24435 I ViewRootImpl@a61bba4[ProvisioningActivity]: stopped(true) old=false
09-16 14:47:14.713 24435 24435 I ViewRootImpl@a61bba4[ProvisioningActivity]: dispatchDetachedFromWindow
09-16 14:47:14.722 24435 24435 D InputTransport: Input channel destroyed: 'f93df4 ', fd=86
09-16 14:47:14.765 24435 24435 I ViewRootImpl@26c3634[ScannerActivity]: MSG_WINDOW_FOCUS_CHANGED 1 1
09-16 14:47:14.765 24435 24435 D InputMethodManager: prepareNavigationBarInfo() DecorView@59a77b1[ScannerActivity]
09-16 14:47:14.765 24435 24435 D InputMethodManager: getNavigationBarColor() -16777216
09-16 14:47:14.766 24435 24435 D InputMethodManager: prepareNavigationBarInfo() DecorView@59a77b1[ScannerActivity]
09-16 14:47:14.766 24435 24435 D InputMethodManager: getNavigationBarColor() -16777216
09-16 14:47:14.766 24435 24435 V InputMethodManager: Starting input: tba=no.nordicsemi.android.nrfmeshprovisioner ic=null mNaviBarColor -16777216 mIsGetNaviBarColorSuccess true , NavVisible : true , NavTrans : false
09-16 14:47:14.766 24435 24435 D InputMethodManager: startInputInner - Id : 0
09-16 14:47:14.766 24435 24435 I InputMethodManager: startInputInner - mService.startInputOrWindowGainedFocus
09-16 14:47:14.768 24435 24435 D InputTransport: Input channel constructed: 'ClientS', fd=89
09-16 14:47:14.768 24435 24435 D InputTransport: Input channel destroyed: 'ClientS', fd=87
09-16 14:47:14.782 24435 24435 I SurfaceControl: nativeRelease nativeObject s[-5476376674517168672]
09-16 14:47:14.782 24435 24435 I SurfaceControl: nativeRelease nativeObject e[-5476376674517168672]
09-16 14:47:14.782 24435 24435 I SurfaceControl: nativeRelease nativeObject s[-5476376674517153104]
09-16 14:47:14.782 24435 24435 I SurfaceControl: nativeRelease nativeObject e[-5476376674517153104]
09-16 14:47:15.718 24435 24435 I ViewRootImpl@26c3634[ScannerActivity]: ViewPostIme pointer 0
09-16 14:47:15.803 24435 24435 I ViewRootImpl@26c3634[ScannerActivity]: ViewPostIme pointer 1
09-16 14:47:15.841 24435 24435 D ScrollView: initGoToTop
09-16 14:47:15.871 24435 24435 I DecorView: [INFO] isPopOver=false, config=true
09-16 14:47:15.871 24435 24435 I DecorView: updateCaptionType >> DecorView@b33cab0[], isFloating=false, isApplication=true, hasWindowDecorCaption=false, hasWindowControllerCallback=true
09-16 14:47:15.871 24435 24435 D DecorView: setCaptionType = 0, this = DecorView@b33cab0[]
09-16 14:47:15.876 24435 24435 E ActivityThread: Failed to find provider info for no.nordicsemi.android.log
09-16 14:47:15.876 24435 24435 D AA : Connect issued
09-16 14:47:15.878 24435 24435 I BluetoothAdapter: STATE_ON
09-16 14:47:15.879 24435 24435 D BluetoothGatt: connect() - device: C1:70:0D:03:B1:E6, auto: false
09-16 14:47:15.879 24435 24435 I BluetoothAdapter: isSecureModeEnabled
09-16 14:47:15.879 24435 24435 D BluetoothGatt: registerApp()
09-16 14:47:15.879 24435 24435 D BluetoothGatt: registerApp() - UUID=b51c8ed2-daa3-4299-bead-a82b258ecef1
09-16 14:47:15.883 24435 520 D BluetoothGatt: onClientRegistered() - status=0 clientIf=12
09-16 14:47:15.889 24435 24435 D InputTransport: Input channel constructed: '1e45c67', fd=87
09-16 14:47:15.890 24435 24435 I ViewRootImpl@92f940d[ProvisioningActivity]: setView = com.android.internal.policy.DecorView@b33cab0 TM=true
09-16 14:47:15.905 24435 24435 I SurfaceControl: assignNativeObject: nativeObject = 0 Surface(name=null)/@0x7037c5 / android.view.SurfaceControl.readFromParcel:1117 android.view.IWindowSession$Stub$Proxy.relayout:1836 android.view.ViewRootImpl.relayoutWindow:9132 android.view.ViewRootImpl.performTraversals:3422 android.view.ViewRootImpl.doTraversal:2671 android.view.ViewRootImpl$TraversalRunnable.run:10094 android.view.Choreographer$CallbackRecord.run:1010 android.view.Choreographer.doCallbacks:809 android.view.Choreographer.doFrame:744 android.view.Choreographer$FrameDisplayEventReceiver.run:995
09-16 14:47:15.905 24435 24435 I ViewRootImpl@92f940d[ProvisioningActivity]: Relayout returned: old=(0,0,1200,1920) new=(0,0,1200,1920) req=(1200,1920)0 dur=9 res=0x7 s={true -5476376669684982960} ch=true fn=-1
09-16 14:47:15.906 24435 24435 I ViewRootImpl@92f940d[ProvisioningActivity]: [DP] dp(1) 1 android.view.ViewRootImpl.reportNextDraw:11080 android.view.ViewRootImpl.performTraversals:3917 android.view.ViewRootImpl.doTraversal:2671
09-16 14:47:15.906 24435 24435 I ViewRootImpl@92f940d[ProvisioningActivity]: [DP] pd() Asnyc report
09-16 14:47:15.907 24435 24435 I ViewRootImpl@92f940d[ProvisioningActivity]: mAttachInfo.mThreadedRenderer.draw, mView = DecorView@b33cab0[ProvisioningActivity] w = 1200 h = 1920
09-16 14:47:15.915 24435 24435 I ViewRootImpl@92f940d[ProvisioningActivity]: [DP] pdf(0) 1 android.view.ViewRootImpl.lambda$performDraw$1$ViewRootImpl:4745 android.view.-$$Lambda$ViewRootImpl$DJd0VUYJgsebcnSohO6h8zc_ONI.run:6 android.os.Handler.handleCallback:938
09-16 14:47:15.915 24435 24435 I ViewRootImpl@92f940d[ProvisioningActivity]: [DP] rdf()
09-16 14:47:15.916 24435 24435 I ViewRootImpl@26c3634[ScannerActivity]: MSG_WINDOW_FOCUS_CHANGED 0 1
09-16 14:47:15.924 24435 24435 I SurfaceControl: nativeRelease nativeObject s[-5476376674517149968]
09-16 14:47:15.924 24435 24435 I SurfaceControl: nativeRelease nativeObject e[-5476376674517149968]
09-16 14:47:15.924 24435 24435 I SurfaceControl: nativeRelease nativeObject s[-5476376674517223776]
09-16 14:47:15.924 24435 24435 I SurfaceControl: nativeRelease nativeObject e[-5476376674517223776]
09-16 14:47:15.924 24435 24435 I SurfaceControl: nativeRelease nativeObject s[-5476376674517175504]
09-16 14:47:15.924 24435 24435 I SurfaceControl: nativeRelease nativeObject e[-5476376674517175504]
09-16 14:47:15.947 24435 24435 I ViewRootImpl@92f940d[ProvisioningActivity]: MSG_WINDOW_FOCUS_CHANGED 1 1
09-16 14:47:15.947 24435 24435 D InputMethodManager: prepareNavigationBarInfo() DecorView@b33cab0[ProvisioningActivity]
09-16 14:47:15.947 24435 24435 D InputMethodManager: getNavigationBarColor() -16777216
09-16 14:47:15.948 24435 24435 D InputMethodManager: prepareNavigationBarInfo() DecorView@b33cab0[ProvisioningActivity]
09-16 14:47:15.948 24435 24435 D InputMethodManager: getNavigationBarColor() -16777216
09-16 14:47:15.948 24435 24435 V InputMethodManager: Starting input: tba=no.nordicsemi.android.nrfmeshprovisioner ic=null mNaviBarColor -16777216 mIsGetNaviBarColorSuccess true , NavVisible : true , NavTrans : false
09-16 14:47:15.948 24435 24435 D InputMethodManager: startInputInner - Id : 0
09-16 14:47:15.948 24435 24435 I InputMethodManager: startInputInner - mService.startInputOrWindowGainedFocus
09-16 14:47:15.950 24435 24435 D InputTransport: Input channel constructed: 'ClientS', fd=90
09-16 14:47:15.950 24435 24435 D InputTransport: Input channel destroyed: 'ClientS', fd=89
09-16 14:47:15.963 24435 24435 I SurfaceControl: nativeRelease nativeObject s[-5476376674517138320]
09-16 14:47:15.963 24435 24435 I SurfaceControl: nativeRelease nativeObject e[-5476376674517138320]
09-16 14:47:15.964 24435 24435 I SurfaceControl: nativeRelease nativeObject s[-5476376674517110880]
09-16 14:47:15.964 24435 24435 I SurfaceControl: nativeRelease nativeObject e[-5476376674517110880]
09-16 14:47:15.964 24435 24435 I SurfaceControl: nativeRelease nativeObject s[-5476376674517225456]
09-16 14:47:15.964 24435 24435 I SurfaceControl: nativeRelease nativeObject e[-5476376674517225456]
09-16 14:47:16.353 24435 24435 I SurfaceControl: nativeRelease nativeObject s[-5476376674517151312]
09-16 14:47:16.353 24435 24435 I SurfaceControl: nativeRelease nativeObject e[-5476376674517151312]
09-16 14:47:16.353 24435 24435 I SurfaceControl: assignNativeObject: nativeObject = 0 Surface(name=null)/@0x52aaa28 / android.view.SurfaceControl.readFromParcel:1117 android.view.IWindowSession$Stub$Proxy.relayout:1826 android.view.ViewRootImpl.relayoutWindow:9132 android.view.ViewRootImpl.performTraversals:3422 android.view.ViewRootImpl.doTraversal:2671 android.view.ViewRootImpl$TraversalRunnable.run:10094 android.view.Choreographer$CallbackRecord.run:1010 android.view.Choreographer.doCallbacks:809 android.view.Choreographer.doFrame:744 android.view.Choreographer$FrameDisplayEventReceiver.run:995
09-16 14:47:16.354 24435 24435 I SurfaceControl: assignNativeObject: nativeObject = 0 Surface(name=null)/@0x5baebe8 / android.view.SurfaceControl.readFromParcel:1117 android.view.IWindowSession$Stub$Proxy.relayout:1836 android.view.ViewRootImpl.relayoutWindow:9132 android.view.ViewRootImpl.performTraversals:3422 android.view.ViewRootImpl.doTraversal:2671 android.view.ViewRootImpl$TraversalRunnable.run:10094 android.view.Choreographer$CallbackRecord.run:1010 android.view.Choreographer.doCallbacks:809 android.view.Choreographer.doFrame:744 android.view.Choreographer$FrameDisplayEventReceiver.run:995
09-16 14:47:16.355 24435 24435 I ViewRootImpl@26c3634[ScannerActivity]: Relayout returned: old=(0,0,1200,1920) new=(0,0,1200,1920) req=(1200,1920)8 dur=6 res=0x5 s={false 0} ch=true fn=102
09-16 14:47:16.355 24435 24435 I ViewRootImpl@26c3634[ScannerActivity]: stopped(true) old=false
09-16 14:47:16.356 24435 24435 I BluetoothAdapter: STATE_ON
09-16 14:47:16.356 24435 24435 I BluetoothAdapter: STATE_ON
09-16 14:47:16.356 24435 24435 D BluetoothLeScanner: Stop Scan with callback
09-16 14:47:16.367 24435 24435 I SurfaceControl: assignNativeObject: nativeObject = 0 Surface(name=null)/@0x52aaa28 / android.view.SurfaceControl.readFromParcel:1117 android.view.IWindowSession$Stub$Proxy.relayout:1826 android.view.ViewRootImpl.relayoutWindow:9132 android.view.ViewRootImpl.performTraversals:3422 android.view.ViewRootImpl.doTraversal:2671 android.view.ViewRootImpl$TraversalRunnable.run:10094 android.view.Choreographer$CallbackRecord.run:1010 android.view.Choreographer.doCallbacks:809 android.view.Choreographer.doFrame:744 android.view.Choreographer$FrameDisplayEventReceiver.run:995
09-16 14:47:16.368 24435 24435 I SurfaceControl: assignNativeObject: nativeObject = 0 Surface(name=null)/@0x5baebe8 / android.view.SurfaceControl.readFromParcel:1117 android.view.IWindowSession$Stub$Proxy.relayout:1836 android.view.ViewRootImpl.relayoutWindow:9132 android.view.ViewRootImpl.performTraversals:3422 android.view.ViewRootImpl.doTraversal:2671 android.view.ViewRootImpl$TraversalRunnable.run:10094 android.view.Choreographer$CallbackRecord.run:1010 android.view.Choreographer.doCallbacks:809 android.view.Choreographer.doFrame:744 android.view.Choreographer$FrameDisplayEventReceiver.run:995
09-16 14:47:16.368 24435 24435 I ViewRootImpl@26c3634[ScannerActivity]: Relayout returned: old=(0,0,1200,1920) new=(0,0,1200,1920) req=(1200,1920)8 dur=6 res=0x5 s={false 0} ch=false fn=-1
09-16 14:47:17.005 24435 32627 D BluetoothGatt: onClientConnectionState() - status=0 clientIf=12 device=C1:70:0D:03:B1:E6
09-16 14:47:17.007 24435 24435 I BleManager: Connected to C1:70:0D:03:B1:E6
09-16 14:47:17.309 24435 24435 D BluetoothGatt: discoverServices() - device: C1:70:0D:03:B1:E6
09-16 14:47:17.400 24435 32627 D BluetoothGatt: onConnectionUpdated() - Device=C1:70:0D:03:B1:E6 interval=6 latency=0 timeout=500 status=0
09-16 14:47:17.598 24435 32627 D BluetoothGatt: onSearchComplete() = Device=C1:70:0D:03:B1:E6 Status=0
09-16 14:47:17.599 24435 24435 I BleManager: Services discovered
09-16 14:47:17.599 24435 24435 D BluetoothGatt: configureMTU() - device: C1:70:0D:03:B1:E6 mtu: 517
09-16 14:47:17.615 24435 32627 D BluetoothGatt: onConfigureMTU() - Device=C1:70:0D:03:B1:E6 mtu=69 status=0
09-16 14:47:17.615 24435 24435 I BleManager: MTU changed to: 69
09-16 14:47:17.615 24435 24435 D BluetoothGatt: setCharacteristicNotification() - uuid: 00002adc-0000-1000-8000-00805f9b34fb enable: true
09-16 14:47:17.631 24435 24435 I BleManager: Data written to descr. 00002902-0000-1000-8000-00805f9b34fb, value: (0x) 01-00
09-16 14:47:17.631 24435 24435 I BleManager: Notifications enabled
09-16 14:47:17.655 24435 24435 D ScrollView: onsize change changed
09-16 14:47:17.661 24435 32627 D BluetoothGatt: onConnectionUpdated() - Device=C1:70:0D:03:B1:E6 interval=84 latency=0 timeout=400 status=0
09-16 14:47:18.586 24435 24435 I ViewRootImpl@92f940d[ProvisioningActivity]: ViewPostIme pointer 0
09-16 14:47:18.653 24435 24435 I ViewRootImpl@92f940d[ProvisioningActivity]: ViewPostIme pointer 1
09-16 14:47:18.666 24435 24435 I BleManager: Data written to 00002adb-0000-1000-8000-00805f9b34fb, value: (0x) 03-00-05
09-16 14:47:18.666 24435 24435 V MeshManagerApi: Provisioning pdu sent: 0x030005
09-16 14:47:18.868 24435 24435 I BleManager: Notification received from 00002adc-0000-1000-8000-00805f9b34fb, value: (0x) 03-01-04-00-01-00-00-00-00-00-00-00-00
09-16 14:47:18.868 24435 24435 V MeshManagerApi: Received provisioning message: 0x03010400010000000000000000
09-16 14:47:18.868 24435 24435 V ProvisioningCapabilities: Number of elements: 4
09-16 14:47:18.868 24435 24435 V AlgorithmType: Supported output oob action type: FIPS P-256 Elliptic Curve
09-16 14:47:18.868 24435 24435 V ProvisioningCapabilities: Public key information available: false
09-16 14:47:18.868 24435 24435 V ProvisioningCapabilities: Static OOB information available: : false
09-16 14:47:18.868 24435 24435 V ProvisioningCapabilities: Output OOB size: 0
09-16 14:47:18.868 24435 24435 V ProvisioningCapabilities: Input OOB size: 0
09-16 14:47:19.402 24435 24435 I ViewRootImpl@92f940d[ProvisioningActivity]: ViewPostIme pointer 0
09-16 14:47:19.470 24435 24435 I ViewRootImpl@92f940d[ProvisioningActivity]: ViewPostIme pointer 1
09-16 14:47:19.482 24435 24435 V ProvisioningStartState: Provisioning start PDU: 0x03020000000000
09-16 14:47:19.512 24435 24435 I SurfaceControl: nativeRelease nativeObject s[-5476376674517128800]
09-16 14:47:19.512 24435 24435 I SurfaceControl: nativeRelease nativeObject e[-5476376674517128800]
09-16 14:47:19.512 24435 24435 I SurfaceControl: assignNativeObject: nativeObject = 0 Surface(name=null)/@0x7037c5 / android.view.SurfaceControl.readFromParcel:1117 android.view.IWindowSession$Stub$Proxy.relayout:1836 android.view.ViewRootImpl.relayoutWindow:9132 android.view.ViewRootImpl.performTraversals:3422 android.view.ViewRootImpl.doTraversal:2671 android.view.ViewRootImpl$TraversalRunnable.run:10094 android.view.Choreographer$CallbackRecord.run:1010 android.view.Choreographer.doCallbacks:809 android.view.Choreographer.doFrame:744 android.view.Choreographer$FrameDisplayEventReceiver.run:995
09-16 14:47:19.513 24435 24435 I SurfaceControl: nativeRelease nativeObject s[-5476376674517133392]
09-16 14:47:19.514 24435 24435 I SurfaceControl: nativeRelease nativeObject e[-5476376674517133392]
09-16 14:47:19.514 24435 24435 I SurfaceControl: nativeRelease nativeObject s[-5476376674517104496]
09-16 14:47:19.514 24435 24435 I SurfaceControl: nativeRelease nativeObject e[-5476376674517104496]
09-16 14:47:19.514 24435 24435 I SurfaceControl: nativeRelease nativeObject s[-5476376674517137648]
09-16 14:47:19.514 24435 24435 I SurfaceControl: nativeRelease nativeObject e[-5476376674517137648]
09-16 14:47:19.514 24435 24435 I ViewRootImpl@92f940d[ProvisioningActivity]: Relayout returned: old=(0,0,1200,1920) new=(0,0,1200,1920) req=(1200,1920)0 dur=6 res=0x1 s={true -5476376669684982960} ch=false fn=134
09-16 14:47:19.515 24435 24435 I ViewRootImpl@92f940d[ProvisioningActivity]: mAttachInfo.mThreadedRenderer.draw, mView = DecorView@b33cab0[ProvisioningActivity] w = 1200 h = 1920
09-16 14:47:19.517 24435 24435 I BleManager: Data written to 00002adb-0000-1000-8000-00805f9b34fb, value: (0x) 03-02-00-00-00-00-00
09-16 14:47:19.518 24435 24435 V MeshManagerApi: Provisioning pdu sent: 0x03020000000000
09-16 14:47:19.522 24435 24435 V ProvisioningPublicKeyState: X: length: 32 9FAA00172F093AF9DCA9FBDACCCCE63D8CD785B8FE4706860215E4C1C6478E68
09-16 14:47:19.522 24435 24435 V ProvisioningPublicKeyState: Y: length: 32 2E8D479ACFD94A41CB7C3844CAE56E6AB90668E7B0EC0D941B131600E301FE68
09-16 14:47:19.522 24435 24435 V ProvisioningPublicKeyState: XY: 0x9FAA00172F093AF9DCA9FBDACCCCE63D8CD785B8FE4706860215E4C1C6478E682E8D479ACFD94A41CB7C3844CAE56E6AB90668E7B0EC0D941B131600E301FE68
09-16 14:47:19.526 24435 24435 I BleManager: Data written to 00002adb-0000-1000-8000-00805f9b34fb, value: (0x) 03-03-9F-AA-00-17-2F-09-3A-F9-DC-A9-FB-DA-CC-CC-E6-3D-8C-D7-85-B8-FE-47-06-86-02-15-E4-C1-C6-47-8E-68-2E-8D-47-9A-CF-D9-4A-41-CB-7C-38-44-CA-E5-6E-6A-B9-06-68-E7-B0-EC-0D-94-1B-13-16-00-E3-01-FE-68
09-16 14:47:19.533 24435 24435 V MeshManagerApi: Provisioning pdu sent: 0x03039FAA00172F093AF9DCA9FBDACCCCE63D8CD785B8FE4706860215E4C1C6478E682E8D479ACFD94A41CB7C3844CAE56E6AB90668E7B0EC0D941B131600E301FE68
09-16 14:47:23.601 24435 32627 D BluetoothGatt: onClientConnectionState() - status=8 clientIf=12 device=C1:70:0D:03:B1:E6
09-16 14:47:23.603 24435 24435 W BleManager: Error: (0x8): GATT CONN TIMEOUT
09-16 14:47:23.603 24435 24435 I BleManager: Disconnected
09-16 14:47:23.604 24435 24435 D BluetoothGatt: refresh() - device: C1:70:0D:03:B1:E6
09-16 14:47:23.606 24435 24435 I BleManager: Cache refreshed
09-16 14:47:23.606 24435 24435 D BluetoothGatt: close()
09-16 14:47:23.608 24435 24435 D BluetoothGatt: unregisterApp() - mClientIf=12
09-16 14:47:23.612 24435 24435 V s : Disconnected
09-16 14:47:23.645 24435 24435 I ViewRootImpl@26c3634[ScannerActivity]: stopped(false) old=true
09-16 14:47:23.647 24435 24435 I BluetoothAdapter: STATE_ON
09-16 14:47:23.647 24435 24435 I BluetoothAdapter: STATE_ON
09-16 14:47:23.648 24435 24435 I BluetoothAdapter: STATE_ON
09-16 14:47:23.648 24435 24435 I BluetoothAdapter: STATE_ON
09-16 14:47:23.649 24435 24435 I BluetoothAdapter: STATE_ON
09-16 14:47:23.650 24435 24435 I BluetoothAdapter: STATE_ON
09-16 14:47:23.650 24435 24435 I BluetoothAdapter: STATE_ON
09-16 14:47:23.651 24435 24435 D BluetoothLeScanner: Start Scan with callback
09-16 14:47:23.653 24435 32627 D BluetoothLeScanner: onScannerRegistered() - status=0 scannerId=10 mScannerId=0
09-16 14:47:23.657 24435 24435 I ViewRootImpl@26c3634[ScannerActivity]: stopped(false) old=false
09-16 14:47:23.676 24435 24435 I SurfaceControl: assignNativeObject: nativeObject = 0 Surface(name=null)/@0x5baebe8 / android.view.SurfaceControl.readFromParcel:1117 android.view.IWindowSession$Stub$Proxy.relayout:1836 android.view.ViewRootImpl.relayoutWindow:9132 android.view.ViewRootImpl.performTraversals:3422 android.view.ViewRootImpl.doTraversal:2671 android.view.ViewRootImpl$TraversalRunnable.run:10094 android.view.Choreographer$CallbackRecord.run:1010 android.view.Choreographer.doCallbacks:809 android.view.Choreographer.doFrame:744 android.view.Choreographer$FrameDisplayEventReceiver.run:995
09-16 14:47:23.677 24435 24435 I ViewRootImpl@26c3634[ScannerActivity]: Relayout returned: old=(0,0,1200,1920) new=(0,0,1200,1920) req=(1200,1920)0 dur=12 res=0x7 s={true -5476376669684712640} ch=true fn=-1
09-16 14:47:23.678 24435 24435 I ViewRootImpl@26c3634[ScannerActivity]: [DP] dp(1) 1 android.view.ViewRootImpl.reportNextDraw:11080 android.view.ViewRootImpl.performTraversals:3917 android.view.ViewRootImpl.doTraversal:2671
09-16 14:47:23.678 24435 24435 I ViewRootImpl@26c3634[ScannerActivity]: [DP] pd() Asnyc report
09-16 14:47:23.680 24435 24435 I ViewRootImpl@26c3634[ScannerActivity]: mAttachInfo.mThreadedRenderer.draw, mView = DecorView@59a77b1[ScannerActivity] w = 1200 h = 1920
09-16 14:47:23.696 24435 24435 I ViewRootImpl@26c3634[ScannerActivity]: [DP] pdf(0) 1 android.view.ViewRootImpl.lambda$performDraw$1$ViewRootImpl:4745 android.view.-$$Lambda$ViewRootImpl$DJd0VUYJgsebcnSohO6h8zc_ONI.run:6 android.os.Handler.handleCallback:938
09-16 14:47:23.696 24435 24435 I ViewRootImpl@26c3634[ScannerActivity]: [DP] rdf()
09-16 14:47:23.696 24435 24435 I ViewRootImpl@92f940d[ProvisioningActivity]: MSG_WINDOW_FOCUS_CHANGED 0 1
09-16 14:47:23.700 24435 24435 I SurfaceControl: nativeRelease nativeObject s[-5476376674517139552]
09-16 14:47:23.700 24435 24435 I SurfaceControl: nativeRelease nativeObject e[-5476376674517139552]
09-16 14:47:23.700 24435 24435 I SurfaceControl: nativeRelease nativeObject s[-5476376674517244608]
09-16 14:47:23.700 24435 24435 I SurfaceControl: nativeRelease nativeObject e[-5476376674517244608]
09-16 14:47:23.700 24435 24435 I SurfaceControl: nativeRelease nativeObject s[-5476376674517128800]
09-16 14:47:23.700 24435 24435 I SurfaceControl: nativeRelease nativeObject e[-5476376674517128800]
09-16 14:47:23.715 24435 24435 I ViewRootImpl@26c3634[ScannerActivity]: MSG_WINDOW_FOCUS_CHANGED 1 1
09-16 14:47:23.715 24435 24435 D InputMethodManager: prepareNavigationBarInfo() DecorView@59a77b1[ScannerActivity]
09-16 14:47:23.715 24435 24435 D InputMethodManager: getNavigationBarColor() -16777216
09-16 14:47:23.716 24435 24435 D InputMethodManager: prepareNavigationBarInfo() DecorView@59a77b1[ScannerActivity]
09-16 14:47:23.716 24435 24435 D InputMethodManager: getNavigationBarColor() -16777216
