09-16 14:23:18.817 24435 24435 I SurfaceControl: assignNativeObject: nativeObject = 0 Surface(name=null)/@0xa3ebca / android.view.SurfaceControl.readFromParcel:1117 android.view.IWindowSession$Stub$Proxy.relayout:1836 android.view.ViewRootImpl.relayoutWindow:9132 android.view.ViewRootImpl.performTraversals:3422 android.view.ViewRootImpl.doTraversal:2671 android.view.ViewRootImpl$TraversalRunnable.run:10094 android.view.Choreographer$CallbackRecord.run:1010 android.view.Choreographer.doCallbacks:809 android.view.Choreographer.doFrame:744 android.view.Choreographer$FrameDisplayEventReceiver.run:995
09-16 14:23:18.818 24435 24435 I ViewRootImpl@290a936[ScannerActivity]: Relayout returned: old=(0,0,1200,1920) new=(0,0,1200,1920) req=(1200,1920)0 dur=17 res=0x7 s={true -5476376669685026560} ch=true fn=-1
09-16 14:23:18.819 24435 24435 I ViewRootImpl@290a936[ScannerActivity]: [DP] dp(1) 1 android.view.ViewRootImpl.reportNextDraw:11080 android.view.ViewRootImpl.performTraversals:3917 android.view.ViewRootImpl.doTraversal:2671
09-16 14:23:18.819 24435 24435 I ViewRootImpl@290a936[ScannerActivity]: [DP] pd() Asnyc report
09-16 14:23:18.820 24435 24435 I ViewRootImpl@290a936[ScannerActivity]: mAttachInfo.mThreadedRenderer.draw, mView = DecorView@6f0e4ba[ScannerActivity] w = 1200 h = 1920
09-16 14:23:18.831 24435 24435 I ViewRootImpl@290a936[ScannerActivity]: [DP] pdf(0) 1 android.view.ViewRootImpl.lambda$performDraw$1$ViewRootImpl:4745 android.view.-$$Lambda$ViewRootImpl$DJd0VUYJgsebcnSohO6h8zc_ONI.run:6 android.os.Handler.handleCallback:938
09-16 14:23:18.831 24435 24435 I ViewRootImpl@290a936[ScannerActivity]: [DP] rdf()
09-16 14:23:18.837 24435 24435 I ViewRootImpl@67f9dc2[ProvisioningActivity]: MSG_WINDOW_FOCUS_CHANGED 0 1
09-16 14:23:18.844 24435 24435 I SurfaceControl: nativeRelease nativeObject s[-5476376674517224448]
09-16 14:23:18.844 24435 24435 I SurfaceControl: nativeRelease nativeObject e[-5476376674517224448]
09-16 14:23:18.844 24435 24435 I SurfaceControl: nativeRelease nativeObject s[-5476376674517124208]
09-16 14:23:18.844 24435 24435 I SurfaceControl: nativeRelease nativeObject e[-5476376674517124208]
09-16 14:23:18.844 24435 24435 I SurfaceControl: nativeRelease nativeObject s[-5476376674517178864]
09-16 14:23:18.844 24435 24435 I SurfaceControl: nativeRelease nativeObject e[-5476376674517178864]
09-16 14:23:18.869 24435 24435 I ViewRootImpl@290a936[ScannerActivity]: MSG_WINDOW_FOCUS_CHANGED 1 1
09-16 14:23:18.869 24435 24435 D InputMethodManager: prepareNavigationBarInfo() DecorView@6f0e4ba[ScannerActivity]
09-16 14:23:18.869 24435 24435 D InputMethodManager: getNavigationBarColor() -16777216
09-16 14:23:18.871 24435 24435 D InputMethodManager: prepareNavigationBarInfo() DecorView@6f0e4ba[ScannerActivity]
09-16 14:23:18.871 24435 24435 D InputMethodManager: getNavigationBarColor() -16777216
09-16 14:23:18.871 24435 24435 V InputMethodManager: Starting input: tba=no.nordicsemi.android.nrfmeshprovisioner ic=null mNaviBarColor -16777216 mIsGetNaviBarColorSuccess true , NavVisible : true , NavTrans : false
09-16 14:23:18.871 24435 24435 D InputMethodManager: startInputInner - Id : 0
09-16 14:23:18.871 24435 24435 I InputMethodManager: startInputInner - mService.startInputOrWindowGainedFocus
09-16 14:23:18.873 24435 24435 D InputTransport: Input channel constructed: 'ClientS', fd=89
09-16 14:23:18.873 24435 24435 D InputTransport: Input channel destroyed: 'ClientS', fd=90
09-16 14:23:18.884 24435 24435 I SurfaceControl: nativeRelease nativeObject s[-5476376674517185808]
09-16 14:23:18.884 24435 24435 I SurfaceControl: nativeRelease nativeObject e[-5476376674517185808]
09-16 14:23:18.885 24435 24435 I SurfaceControl: nativeRelease nativeObject s[-5476376674517114352]
09-16 14:23:18.885 24435 24435 I SurfaceControl: nativeRelease nativeObject e[-5476376674517114352]
09-16 14:23:18.885 24435 24435 I SurfaceControl: nativeRelease nativeObject s[-5476376674517209216]
09-16 14:23:18.885 24435 24435 I SurfaceControl: nativeRelease nativeObject e[-5476376674517209216]
09-16 14:23:19.190 24435 24435 I SurfaceControl: nativeRelease nativeObject s[-5476376674517131264]
09-16 14:23:19.190 24435 24435 I SurfaceControl: nativeRelease nativeObject e[-5476376674517131264]
09-16 14:23:19.190 24435 24435 I SurfaceControl: assignNativeObject: nativeObject = 0 Surface(name=null)/@0x1cd2561 / android.view.SurfaceControl.readFromParcel:1117 android.view.IWindowSession$Stub$Proxy.relayout:1826 android.view.ViewRootImpl.relayoutWindow:9132 android.view.ViewRootImpl.performTraversals:3422 android.view.ViewRootImpl.doTraversal:2671 android.view.ViewRootImpl$TraversalRunnable.run:10094 android.view.Choreographer$CallbackRecord.run:1010 android.view.Choreographer.doCallbacks:809 android.view.Choreographer.doFrame:744 android.view.Choreographer$FrameDisplayEventReceiver.run:995
09-16 14:23:19.190 24435 24435 I SurfaceControl: assignNativeObject: nativeObject = 0 Surface(name=null)/@0xe7b5dc5 / android.view.SurfaceControl.readFromParcel:1117 android.view.IWindowSession$Stub$Proxy.relayout:1836 android.view.ViewRootImpl.relayoutWindow:9132 android.view.ViewRootImpl.performTraversals:3422 android.view.ViewRootImpl.doTraversal:2671 android.view.ViewRootImpl$TraversalRunnable.run:10094 android.view.Choreographer$CallbackRecord.run:1010 android.view.Choreographer.doCallbacks:809 android.view.Choreographer.doFrame:744 android.view.Choreographer$FrameDisplayEventReceiver.run:995
09-16 14:23:19.191 24435 24435 I ViewRootImpl@67f9dc2[ProvisioningActivity]: Relayout returned: old=(0,0,1200,1920) new=(0,0,1200,1920) req=(1200,1920)8 dur=5 res=0x5 s={false 0} ch=true fn=154
09-16 14:23:19.191 24435 24435 I ViewRootImpl@67f9dc2[ProvisioningActivity]: stopped(true) old=false
09-16 14:23:19.194 24435 24435 I ViewRootImpl@67f9dc2[ProvisioningActivity]: dispatchDetachedFromWindow
09-16 14:23:19.198 24435 24435 D InputTransport: Input channel destroyed: '901eec6', fd=83
09-16 14:23:44.639 24435 24435 D InputMethodManager: prepareNavigationBarInfo() DecorView@6f0e4ba[ScannerActivity]
09-16 14:23:44.639 24435 24435 D InputMethodManager: getNavigationBarColor() -16777216
09-16 14:23:44.639 24435 24435 V InputMethodManager: Starting input: tba=no.nordicsemi.android.nrfmeshprovisioner ic=null mNaviBarColor -16777216 mIsGetNaviBarColorSuccess true , NavVisible : true , NavTrans : false
09-16 14:23:44.639 24435 24435 D InputMethodManager: startInputInner - Id : 0
09-16 14:23:44.639 24435 24435 I InputMethodManager: startInputInner - mService.startInputOrWindowGainedFocus
09-16 14:23:44.641 24435 24435 D InputTransport: Input channel constructed: 'ClientS', fd=94
09-16 14:23:44.641 24435 24435 D InputTransport: Input channel destroyed: 'ClientS', fd=89
09-16 14:23:44.984 24435 24435 I ViewRootImpl@290a936[ScannerActivity]: stopped(true) old=false
09-16 14:23:44.987 24435 24435 I SurfaceControl: nativeRelease nativeObject s[-5476376674517225680]
09-16 14:23:44.987 24435 24435 I SurfaceControl: nativeRelease nativeObject e[-5476376674517225680]
09-16 14:23:44.987 24435 24435 I BluetoothAdapter: STATE_ON
09-16 14:23:44.987 24435 24435 I BluetoothAdapter: STATE_ON
09-16 14:23:44.987 24435 24435 D BluetoothLeScanner: Stop Scan with callback
09-16 14:23:45.022 24435 24435 I SurfaceControl: assignNativeObject: nativeObject = 0 Surface(name=null)/@0xb738517 / android.view.SurfaceControl.readFromParcel:1117 android.view.IWindowSession$Stub$Proxy.relayout:1826 android.view.ViewRootImpl.relayoutWindow:9132 android.view.ViewRootImpl.performTraversals:3422 android.view.ViewRootImpl.doTraversal:2671 android.view.ViewRootImpl$TraversalRunnable.run:10094 android.view.Choreographer$CallbackRecord.run:1010 android.view.Choreographer.doCallbacks:809 android.view.Choreographer.doFrame:744 android.view.Choreographer$FrameDisplayEventReceiver.run:995
09-16 14:23:45.022 24435 24435 I SurfaceControl: assignNativeObject: nativeObject = 0 Surface(name=null)/@0xa3ebca / android.view.SurfaceControl.readFromParcel:1117 android.view.IWindowSession$Stub$Proxy.relayout:1836 android.view.ViewRootImpl.relayoutWindow:9132 android.view.ViewRootImpl.performTraversals:3422 android.view.ViewRootImpl.doTraversal:2671 android.view.ViewRootImpl$TraversalRunnable.run:10094 android.view.Choreographer$CallbackRecord.run:1010 android.view.Choreographer.doCallbacks:809 android.view.Choreographer.doFrame:744 android.view.Choreographer$FrameDisplayEventReceiver.run:995
09-16 14:23:45.022 24435 24435 I SurfaceControl: nativeRelease nativeObject s[-5476376674517224448]
09-16 14:23:45.022 24435 24435 I SurfaceControl: nativeRelease nativeObject e[-5476376674517224448]
09-16 14:23:45.022 24435 24435 I SurfaceControl: nativeRelease nativeObject s[-5476376674517124208]
09-16 14:23:45.022 24435 24435 I SurfaceControl: nativeRelease nativeObject e[-5476376674517124208]
09-16 14:23:45.022 24435 24435 I SurfaceControl: nativeRelease nativeObject s[-5476376674517178864]
09-16 14:23:45.022 24435 24435 I SurfaceControl: nativeRelease nativeObject e[-5476376674517178864]
09-16 14:23:45.022 24435 24435 I ViewRootImpl@290a936[ScannerActivity]: Relayout returned: old=(0,0,1200,1920) new=(0,0,1200,1920) req=(1200,1920)8 dur=5 res=0x5 s={false 0} ch=false fn=-1
09-16 14:23:45.163 24435 24435 I ViewRootImpl@290a936[ScannerActivity]: MSG_WINDOW_FOCUS_CHANGED 0 1
09-16 14:23:45.268 24435 24435 I SurfaceControl: nativeRelease nativeObject s[-5476376674517202720]
09-16 14:23:45.268 24435 24435 I SurfaceControl: nativeRelease nativeObject e[-5476376674517202720]
09-16 14:23:45.268 24435 24435 I SurfaceControl: nativeRelease nativeObject s[-5476376674517141008]
09-16 14:23:45.268 24435 24435 I SurfaceControl: nativeRelease nativeObject e[-5476376674517141008]
09-16 14:23:45.268 24435 24435 I SurfaceControl: nativeRelease nativeObject s[-5476376674517225680]
09-16 14:23:45.268 24435 24435 I SurfaceControl: nativeRelease nativeObject e[-5476376674517225680]
09-16 14:27:29.314 24435 24435 I SurfaceControl: assignNativeObject: nativeObject = 0 Surface(name=null)/@0xb738517 / android.view.SurfaceControl.readFromParcel:1117 android.view.IWindowSession$Stub$Proxy.relayout:1826 android.view.ViewRootImpl.relayoutWindow:9132 android.view.ViewRootImpl.performTraversals:3422 android.view.ViewRootImpl.doTraversal:2671 android.view.ViewRootImpl$TraversalRunnable.run:10094 android.view.Choreographer$CallbackRecord.run:1010 android.view.Choreographer.doCallbacks:809 android.view.Choreographer.doFrame:744 android.view.Choreographer$FrameDisplayEventReceiver.run:995
09-16 14:27:29.314 24435 24435 I SurfaceControl: assignNativeObject: nativeObject = 0 Surface(name=null)/@0xa3ebca / android.view.SurfaceControl.readFromParcel:1117 android.view.IWindowSession$Stub$Proxy.relayout:1836 android.view.ViewRootImpl.relayoutWindow:9132 android.view.ViewRootImpl.performTraversals:3422 android.view.ViewRootImpl.doTraversal:2671 android.view.ViewRootImpl$TraversalRunnable.run:10094 android.view.Choreographer$CallbackRecord.run:1010 android.view.Choreographer.doCallbacks:809 android.view.Choreographer.doFrame:744 android.view.Choreographer$FrameDisplayEventReceiver.run:995
09-16 14:27:29.315 24435 24435 I SurfaceControl: nativeRelease nativeObject s[-5476376674517178864]
09-16 14:27:29.315 24435 24435 I SurfaceControl: nativeRelease nativeObject e[-5476376674517178864]
09-16 14:27:29.315 24435 24435 I ViewRootImpl@290a936[ScannerActivity]: Relayout returned: old=(0,0,1200,1920) new=(0,0,1200,1920) req=(1200,1920)4 dur=9 res=0x1 s={false 0} ch=false fn=-1
09-16 14:27:29.316 24435 24435 I ViewRootImpl@290a936[ScannerActivity]: stopped(false) old=true
09-16 14:27:29.320 24435 24435 I BluetoothAdapter: STATE_ON
09-16 14:27:29.320 24435 24435 I BluetoothAdapter: STATE_ON
09-16 14:27:29.321 24435 24435 I BluetoothAdapter: STATE_ON
09-16 14:27:29.321 24435 24435 I BluetoothAdapter: STATE_ON
09-16 14:27:29.321 24435 24435 I BluetoothAdapter: STATE_ON
09-16 14:27:29.322 24435 24435 I BluetoothAdapter: STATE_ON
09-16 14:27:29.322 24435 24435 I BluetoothAdapter: STATE_ON
09-16 14:27:29.322 24435 24435 D BluetoothLeScanner: Start Scan with callback
09-16 14:27:29.326 24435 31992 D BluetoothLeScanner: onScannerRegistered() - status=0 scannerId=9 mScannerId=0
09-16 14:27:29.330 24435 24435 I ViewRootImpl@290a936[ScannerActivity]: stopped(false) old=false
09-16 14:27:29.349 24435 24435 I SurfaceControl: assignNativeObject: nativeObject = 0 Surface(name=null)/@0xa3ebca / android.view.SurfaceControl.readFromParcel:1117 android.view.IWindowSession$Stub$Proxy.relayout:1836 android.view.ViewRootImpl.relayoutWindow:9132 android.view.ViewRootImpl.performTraversals:3422 android.view.ViewRootImpl.doTraversal:2671 android.view.ViewRootImpl$TraversalRunnable.run:10094 android.view.Choreographer$CallbackRecord.run:1010 android.view.Choreographer.doCallbacks:809 android.view.Choreographer.doFrame:744 android.view.Choreographer$FrameDisplayEventReceiver.run:995
09-16 14:27:29.349 24435 24435 I SurfaceControl: nativeRelease nativeObject s[-5476376674517225680]
09-16 14:27:29.349 24435 24435 I SurfaceControl: nativeRelease nativeObject e[-5476376674517225680]
09-16 14:27:29.349 24435 24435 I ViewRootImpl@290a936[ScannerActivity]: Relayout returned: old=(0,0,1200,1920) new=(0,0,1200,1920) req=(1200,1920)0 dur=9 res=0x7 s={true -5476376669685148640} ch=true fn=-1
09-16 14:27:29.351 24435 24435 I ViewRootImpl@290a936[ScannerActivity]: [DP] dp(1) 1 android.view.ViewRootImpl.reportNextDraw:11080 android.view.ViewRootImpl.performTraversals:3917 android.view.ViewRootImpl.doTraversal:2671
09-16 14:27:29.351 24435 24435 I ViewRootImpl@290a936[ScannerActivity]: [DP] pd() Asnyc report
09-16 14:27:29.351 24435 24435 I ViewRootImpl@290a936[ScannerActivity]: mAttachInfo.mThreadedRenderer.draw, mView = DecorView@6f0e4ba[ScannerActivity] w = 1200 h = 1920
09-16 14:27:29.362 24435 24435 I ViewRootImpl@290a936[ScannerActivity]: [DP] pdf(0) 1 android.view.ViewRootImpl.lambda$performDraw$1$ViewRootImpl:4745 android.view.-$$Lambda$ViewRootImpl$DJd0VUYJgsebcnSohO6h8zc_ONI.run:6 android.os.Handler.handleCallback:938
09-16 14:27:29.362 24435 24435 I ViewRootImpl@290a936[ScannerActivity]: [DP] rdf()
09-16 14:27:29.390 24435 24435 I ViewRootImpl@290a936[ScannerActivity]: MSG_RESIZED_REPORT: frame=(0,0,1200,1920) ci=(0,0,0,72) vi=(0,0,0,72) or=1
09-16 14:27:29.390 24435 24435 I ViewRootImpl@290a936[ScannerActivity]: [DP] dp(1) 1 android.view.ViewRootImpl.reportNextDraw:11080 android.view.ViewRootImpl.access$1300:255 android.view.ViewRootImpl$ViewRootHandler.handleMessage:6209
09-16 14:27:29.412 24435 24435 I SurfaceControl: nativeRelease nativeObject s[-5476376674517178864]
09-16 14:27:29.412 24435 24435 I SurfaceControl: nativeRelease nativeObject e[-5476376674517178864]
09-16 14:27:29.412 24435 24435 I SurfaceControl: assignNativeObject: nativeObject = 0 Surface(name=null)/@0xa3ebca / android.view.SurfaceControl.readFromParcel:1117 android.view.IWindowSession$Stub$Proxy.relayout:1836 android.view.ViewRootImpl.relayoutWindow:9132 android.view.ViewRootImpl.performTraversals:3422 android.view.ViewRootImpl.doTraversal:2671 android.view.ViewRootImpl$TraversalRunnable.run:10094 android.view.Choreographer$CallbackRecord.run:1010 android.view.Choreographer.doCallbacks:809 android.view.Choreographer.doFrame:744 android.view.Choreographer$FrameDisplayEventReceiver.run:995
09-16 14:27:29.413 24435 24435 I SurfaceControl: nativeRelease nativeObject s[-5476376674517141008]
09-16 14:27:29.413 24435 24435 I SurfaceControl: nativeRelease nativeObject e[-5476376674517141008]
09-16 14:27:29.414 24435 24435 I ViewRootImpl@290a936[ScannerActivity]: Relayout returned: old=(0,0,1200,1920) new=(0,0,1200,1920) req=(1200,1920)0 dur=8 res=0x1 s={true -5476376669685148640} ch=false fn=5
09-16 14:27:29.414 24435 24435 I ViewRootImpl@290a936[ScannerActivity]: [DP] pd() Asnyc report
09-16 14:27:29.418 24435 24435 I ViewRootImpl@290a936[ScannerActivity]: mAttachInfo.mThreadedRenderer.draw, mView = DecorView@6f0e4ba[ScannerActivity] w = 1200 h = 1920
09-16 14:27:29.433 24435 24435 I ViewRootImpl@290a936[ScannerActivity]: [DP] pdf(0) 1 android.view.ViewRootImpl.lambda$performDraw$1$ViewRootImpl:4745 android.view.-$$Lambda$ViewRootImpl$DJd0VUYJgsebcnSohO6h8zc_ONI.run:6 android.os.Handler.handleCallback:938
09-16 14:27:29.433 24435 24435 I ViewRootImpl@290a936[ScannerActivity]: [DP] rdf()
09-16 14:27:29.434 24435 24435 I SurfaceControl: nativeRelease nativeObject s[-5476376674517178864]
09-16 14:27:29.434 24435 24435 I SurfaceControl: nativeRelease nativeObject e[-5476376674517178864]
09-16 14:27:29.434 24435 24435 I SurfaceControl: nativeRelease nativeObject s[-5476376674517180880]
09-16 14:27:29.434 24435 24435 I SurfaceControl: nativeRelease nativeObject e[-5476376674517180880]
09-16 14:27:29.434 24435 24435 I SurfaceControl: nativeRelease nativeObject s[-5476376674517225008]
09-16 14:27:29.435 24435 24435 I SurfaceControl: nativeRelease nativeObject e[-5476376674517225008]
09-16 14:27:29.437 24435 24435 I ViewRootImpl@290a936[ScannerActivity]: MSG_WINDOW_FOCUS_CHANGED 1 1
09-16 14:27:29.437 24435 24435 D InputMethodManager: prepareNavigationBarInfo() DecorView@6f0e4ba[ScannerActivity]
09-16 14:27:29.437 24435 24435 D InputMethodManager: getNavigationBarColor() -16777216
09-16 14:27:29.440 24435 24435 D InputMethodManager: prepareNavigationBarInfo() DecorView@6f0e4ba[ScannerActivity]
09-16 14:27:29.440 24435 24435 D InputMethodManager: getNavigationBarColor() -16777216
09-16 14:27:29.440 24435 24435 V InputMethodManager: Starting input: tba=no.nordicsemi.android.nrfmeshprovisioner ic=null mNaviBarColor -16777216 mIsGetNaviBarColorSuccess true , NavVisible : true , NavTrans : false
09-16 14:27:29.440 24435 24435 D InputMethodManager: startInputInner - Id : 0
09-16 14:27:29.440 24435 24435 I InputMethodManager: startInputInner - mService.startInputOrWindowGainedFocus
09-16 14:27:29.441 24435 24435 D InputTransport: Input channel constructed: 'ClientS', fd=89
09-16 14:27:29.441 24435 24435 D InputTransport: Input channel destroyed: 'ClientS', fd=94
09-16 14:27:31.261 24435 24435 I ViewRootImpl@290a936[ScannerActivity]: ViewPostIme pointer 0
09-16 14:27:31.363 24435 24435 I ViewRootImpl@290a936[ScannerActivity]: ViewPostIme pointer 1
09-16 14:27:31.400 24435 24435 D ScrollView: initGoToTop
09-16 14:27:31.429 24435 24435 I DecorView: [INFO] isPopOver=false, config=true
09-16 14:27:31.429 24435 24435 I DecorView: updateCaptionType >> DecorView@ef53fdf[], isFloating=false, isApplication=true, hasWindowDecorCaption=false, hasWindowControllerCallback=true
09-16 14:27:31.429 24435 24435 D DecorView: setCaptionType = 0, this = DecorView@ef53fdf[]
09-16 14:27:31.434 24435 24435 E ActivityThread: Failed to find provider info for no.nordicsemi.android.log
09-16 14:27:31.434 24435 24435 D AA : Connect issued
09-16 14:27:31.436 24435 24435 I BluetoothAdapter: STATE_ON
09-16 14:27:31.437 24435 24435 D BluetoothGatt: connect() - device: C1:70:0D:03:B1:E6, auto: false
09-16 14:27:31.437 24435 24435 I BluetoothAdapter: isSecureModeEnabled
09-16 14:27:31.437 24435 24435 D BluetoothGatt: registerApp()
09-16 14:27:31.437 24435 24435 D BluetoothGatt: registerApp() - UUID=5ab2c514-656c-4fc0-82c1-4fee4bea8109
09-16 14:27:31.440 24435 31991 D BluetoothGatt: onClientRegistered() - status=0 clientIf=11
09-16 14:27:31.448 24435 24435 D InputTransport: Input channel constructed: 'b47d16d', fd=83
09-16 14:27:31.449 24435 24435 I ViewRootImpl@fdb3660[ProvisioningActivity]: setView = com.android.internal.policy.DecorView@ef53fdf TM=true
09-16 14:27:31.463 24435 24435 I SurfaceControl: assignNativeObject: nativeObject = 0 Surface(name=null)/@0xda1d0b6 / android.view.SurfaceControl.readFromParcel:1117 android.view.IWindowSession$Stub$Proxy.relayout:1836 android.view.ViewRootImpl.relayoutWindow:9132 android.view.ViewRootImpl.performTraversals:3422 android.view.ViewRootImpl.doTraversal:2671 android.view.ViewRootImpl$TraversalRunnable.run:10094 android.view.Choreographer$CallbackRecord.run:1010 android.view.Choreographer.doCallbacks:809 android.view.Choreographer.doFrame:744 android.view.Choreographer$FrameDisplayEventReceiver.run:995
09-16 14:27:31.464 24435 24435 I ViewRootImpl@fdb3660[ProvisioningActivity]: Relayout returned: old=(0,0,1200,1920) new=(0,0,1200,1920) req=(1200,1920)0 dur=7 res=0x7 s={true -5476376669684773680} ch=true fn=-1
09-16 14:27:31.465 24435 24435 I ViewRootImpl@fdb3660[ProvisioningActivity]: [DP] dp(1) 1 android.view.ViewRootImpl.reportNextDraw:11080 android.view.ViewRootImpl.performTraversals:3917 android.view.ViewRootImpl.doTraversal:2671
09-16 14:27:31.465 24435 24435 I ViewRootImpl@fdb3660[ProvisioningActivity]: [DP] pd() Asnyc report
09-16 14:27:31.465 24435 24435 I ViewRootImpl@fdb3660[ProvisioningActivity]: mAttachInfo.mThreadedRenderer.draw, mView = DecorView@ef53fdf[ProvisioningActivity] w = 1200 h = 1920
09-16 14:27:31.474 24435 24435 I ViewRootImpl@fdb3660[ProvisioningActivity]: [DP] pdf(0) 1 android.view.ViewRootImpl.lambda$performDraw$1$ViewRootImpl:4745 android.view.-$$Lambda$ViewRootImpl$DJd0VUYJgsebcnSohO6h8zc_ONI.run:6 android.os.Handler.handleCallback:938
09-16 14:27:31.474 24435 24435 I ViewRootImpl@fdb3660[ProvisioningActivity]: [DP] rdf()
09-16 14:27:31.474 24435 24435 I ViewRootImpl@290a936[ScannerActivity]: MSG_WINDOW_FOCUS_CHANGED 0 1
09-16 14:27:31.479 24435 24435 I SurfaceControl: nativeRelease nativeObject s[-5476376674517202720]
09-16 14:27:31.479 24435 24435 I SurfaceControl: nativeRelease nativeObject e[-5476376674517202720]
09-16 14:27:31.479 24435 24435 I SurfaceControl: nativeRelease nativeObject s[-5476376674517224448]
09-16 14:27:31.479 24435 24435 I SurfaceControl: nativeRelease nativeObject e[-5476376674517224448]
09-16 14:27:31.479 24435 24435 I SurfaceControl: nativeRelease nativeObject s[-5476376674517124208]
09-16 14:27:31.479 24435 24435 I SurfaceControl: nativeRelease nativeObject e[-5476376674517124208]
09-16 14:27:31.506 24435 24435 I ViewRootImpl@fdb3660[ProvisioningActivity]: MSG_WINDOW_FOCUS_CHANGED 1 1
09-16 14:27:31.506 24435 24435 D InputMethodManager: prepareNavigationBarInfo() DecorView@ef53fdf[ProvisioningActivity]
09-16 14:27:31.506 24435 24435 D InputMethodManager: getNavigationBarColor() -16777216
09-16 14:27:31.507 24435 24435 D InputMethodManager: prepareNavigationBarInfo() DecorView@ef53fdf[ProvisioningActivity]
09-16 14:27:31.507 24435 24435 D InputMethodManager: getNavigationBarColor() -16777216
09-16 14:27:31.507 24435 24435 V InputMethodManager: Starting input: tba=no.nordicsemi.android.nrfmeshprovisioner ic=null mNaviBarColor -16777216 mIsGetNaviBarColorSuccess true , NavVisible : true , NavTrans : false
09-16 14:27:31.507 24435 24435 D InputMethodManager: startInputInner - Id : 0
09-16 14:27:31.507 24435 24435 I InputMethodManager: startInputInner - mService.startInputOrWindowGainedFocus
09-16 14:27:31.508 24435 24435 D InputTransport: Input channel constructed: 'ClientS', fd=95
09-16 14:27:31.508 24435 24435 D InputTransport: Input channel destroyed: 'ClientS', fd=89
09-16 14:27:31.523 24435 24435 I SurfaceControl: nativeRelease nativeObject s[-5476376674517228144]
09-16 14:27:31.523 24435 24435 I SurfaceControl: nativeRelease nativeObject e[-5476376674517228144]
09-16 14:27:31.525 24435 24435 I SurfaceControl: nativeRelease nativeObject s[-5476376674517168112]
09-16 14:27:31.525 24435 24435 I SurfaceControl: nativeRelease nativeObject e[-5476376674517168112]
09-16 14:27:31.525 24435 24435 I SurfaceControl: nativeRelease nativeObject s[-5476376674517244944]
09-16 14:27:31.525 24435 24435 I SurfaceControl: nativeRelease nativeObject e[-5476376674517244944]
09-16 14:27:31.914 24435 24435 I SurfaceControl: nativeRelease nativeObject s[-5476376674517184912]
09-16 14:27:31.914 24435 24435 I SurfaceControl: nativeRelease nativeObject e[-5476376674517184912]
09-16 14:27:31.914 24435 24435 I SurfaceControl: assignNativeObject: nativeObject = 0 Surface(name=null)/@0xb738517 / android.view.SurfaceControl.readFromParcel:1117 android.view.IWindowSession$Stub$Proxy.relayout:1826 android.view.ViewRootImpl.relayoutWindow:9132 android.view.ViewRootImpl.performTraversals:3422 android.view.ViewRootImpl.doTraversal:2671 android.view.ViewRootImpl$TraversalRunnable.run:10094 android.view.Choreographer$CallbackRecord.run:1010 android.view.Choreographer.doCallbacks:809 android.view.Choreographer.doFrame:744 android.view.Choreographer$FrameDisplayEventReceiver.run:995
09-16 14:27:31.915 24435 24435 I SurfaceControl: assignNativeObject: nativeObject = 0 Surface(name=null)/@0xa3ebca / android.view.SurfaceControl.readFromParcel:1117 android.view.IWindowSession$Stub$Proxy.relayout:1836 android.view.ViewRootImpl.relayoutWindow:9132 android.view.ViewRootImpl.performTraversals:3422 android.view.ViewRootImpl.doTraversal:2671 android.view.ViewRootImpl$TraversalRunnable.run:10094 android.view.Choreographer$CallbackRecord.run:1010 android.view.Choreographer.doCallbacks:809 android.view.Choreographer.doFrame:744 android.view.Choreographer$FrameDisplayEventReceiver.run:995
09-16 14:27:31.915 24435 24435 I ViewRootImpl@290a936[ScannerActivity]: Relayout returned: old=(0,0,1200,1920) new=(0,0,1200,1920) req=(1200,1920)8 dur=6 res=0x5 s={false 0} ch=true fn=153
09-16 14:27:31.916 24435 24435 I ViewRootImpl@290a936[ScannerActivity]: stopped(true) old=false
09-16 14:27:31.916 24435 24435 I BluetoothAdapter: STATE_ON
09-16 14:27:31.917 24435 24435 I BluetoothAdapter: STATE_ON
09-16 14:27:31.917 24435 24435 D BluetoothLeScanner: Stop Scan with callback
09-16 14:27:31.927 24435 24435 I SurfaceControl: assignNativeObject: nativeObject = 0 Surface(name=null)/@0xb738517 / android.view.SurfaceControl.readFromParcel:1117 android.view.IWindowSession$Stub$Proxy.relayout:1826 android.view.ViewRootImpl.relayoutWindow:9132 android.view.ViewRootImpl.performTraversals:3422 android.view.ViewRootImpl.doTraversal:2671 android.view.ViewRootImpl$TraversalRunnable.run:10094 android.view.Choreographer$CallbackRecord.run:1010 android.view.Choreographer.doCallbacks:809 android.view.Choreographer.doFrame:744 android.view.Choreographer$FrameDisplayEventReceiver.run:995
09-16 14:27:31.928 24435 24435 I SurfaceControl: assignNativeObject: nativeObject = 0 Surface(name=null)/@0xa3ebca / android.view.SurfaceControl.readFromParcel:1117 android.view.IWindowSession$Stub$Proxy.relayout:1836 android.view.ViewRootImpl.relayoutWindow:9132 android.view.ViewRootImpl.performTraversals:3422 android.view.ViewRootImpl.doTraversal:2671 android.view.ViewRootImpl$TraversalRunnable.run:10094 android.view.Choreographer$CallbackRecord.run:1010 android.view.Choreographer.doCallbacks:809 android.view.Choreographer.doFrame:744 android.view.Choreographer$FrameDisplayEventReceiver.run:995
09-16 14:27:31.928 24435 24435 I ViewRootImpl@290a936[ScannerActivity]: Relayout returned: old=(0,0,1200,1920) new=(0,0,1200,1920) req=(1200,1920)8 dur=7 res=0x5 s={false 0} ch=false fn=-1
09-16 14:27:32.203 24435 31991 D BluetoothGatt: onClientConnectionState() - status=0 clientIf=11 device=C1:70:0D:03:B1:E6
09-16 14:27:32.205 24435 24435 I BleManager: Connected to C1:70:0D:03:B1:E6
09-16 14:27:32.507 24435 24435 D BluetoothGatt: discoverServices() - device: C1:70:0D:03:B1:E6
09-16 14:27:32.958 24435 31991 D BluetoothGatt: onConnectionUpdated() - Device=C1:70:0D:03:B1:E6 interval=60 latency=0 timeout=400 status=0
09-16 14:27:33.661 24435 31991 D BluetoothGatt: onConnectionUpdated() - Device=C1:70:0D:03:B1:E6 interval=6 latency=0 timeout=500 status=0
09-16 14:27:33.787 24435 31991 D BluetoothGatt: onSearchComplete() = Device=C1:70:0D:03:B1:E6 Status=0
09-16 14:27:33.788 24435 24435 I BleManager: Services discovered
09-16 14:27:33.789 24435 24435 D BluetoothGatt: configureMTU() - device: C1:70:0D:03:B1:E6 mtu: 517
09-16 14:27:33.804 24435 31991 D BluetoothGatt: onConfigureMTU() - Device=C1:70:0D:03:B1:E6 mtu=69 status=0
09-16 14:27:33.805 24435 24435 I BleManager: MTU changed to: 69
09-16 14:27:33.806 24435 24435 D BluetoothGatt: setCharacteristicNotification() - uuid: 00002adc-0000-1000-8000-00805f9b34fb enable: true
09-16 14:27:33.820 24435 24435 I BleManager: Data written to descr. 00002902-0000-1000-8000-00805f9b34fb, value: (0x) 01-00
09-16 14:27:33.820 24435 24435 I BleManager: Notifications enabled
09-16 14:27:33.846 24435 24435 D ScrollView: onsize change changed
09-16 14:27:33.849 24435 31991 D BluetoothGatt: onConnectionUpdated() - Device=C1:70:0D:03:B1:E6 interval=60 latency=0 timeout=400 status=0
09-16 14:27:35.895 24435 24435 I ViewRootImpl@fdb3660[ProvisioningActivity]: ViewPostIme pointer 0
09-16 14:27:35.998 24435 24435 I ViewRootImpl@fdb3660[ProvisioningActivity]: ViewPostIme pointer 1
09-16 14:27:36.023 24435 24435 I BleManager: Data written to 00002adb-0000-1000-8000-00805f9b34fb, value: (0x) 03-00-05
09-16 14:27:36.023 24435 24435 V MeshManagerApi: Provisioning pdu sent: 0x030005
09-16 14:27:36.136 24435 24435 I BleManager: Notification received from 00002adc-0000-1000-8000-00805f9b34fb, value: (0x) 03-01-04-00-01-00-00-00-00-00-00-00-00
09-16 14:27:36.137 24435 24435 V MeshManagerApi: Received provisioning message: 0x03010400010000000000000000
09-16 14:27:36.137 24435 24435 V ProvisioningCapabilities: Number of elements: 4
09-16 14:27:36.137 24435 24435 V AlgorithmType: Supported output oob action type: FIPS P-256 Elliptic Curve
09-16 14:27:36.137 24435 24435 V ProvisioningCapabilities: Public key information available: false
09-16 14:27:36.137 24435 24435 V ProvisioningCapabilities: Static OOB information available: : false
09-16 14:27:36.137 24435 24435 V ProvisioningCapabilities: Output OOB size: 0
09-16 14:27:36.137 24435 24435 V ProvisioningCapabilities: Input OOB size: 0
09-16 14:27:37.345 24435 24435 I ViewRootImpl@fdb3660[ProvisioningActivity]: ViewPostIme pointer 0
09-16 14:27:37.463 24435 24435 I ViewRootImpl@fdb3660[ProvisioningActivity]: ViewPostIme pointer 1
09-16 14:27:37.465 24435 24435 V ProvisioningStartState: Provisioning start PDU: 0x03020000000000
09-16 14:27:37.487 24435 24435 I SurfaceControl: nativeRelease nativeObject s[-5476376674517131936]
09-16 14:27:37.487 24435 24435 I SurfaceControl: nativeRelease nativeObject e[-5476376674517131936]
09-16 14:27:37.487 24435 24435 I SurfaceControl: assignNativeObject: nativeObject = 0 Surface(name=null)/@0xda1d0b6 / android.view.SurfaceControl.readFromParcel:1117 android.view.IWindowSession$Stub$Proxy.relayout:1836 android.view.ViewRootImpl.relayoutWindow:9132 android.view.ViewRootImpl.performTraversals:3422 android.view.ViewRootImpl.doTraversal:2671 android.view.ViewRootImpl$TraversalRunnable.run:10094 android.view.Choreographer$CallbackRecord.run:1010 android.view.Choreographer.doCallbacks:809 android.view.Choreographer.doFrame:744 android.view.Choreographer$FrameDisplayEventReceiver.run:995
09-16 14:27:37.488 24435 24435 I SurfaceControl: nativeRelease nativeObject s[-5476376674517193088]
09-16 14:27:37.488 24435 24435 I SurfaceControl: nativeRelease nativeObject e[-5476376674517193088]
09-16 14:27:37.488 24435 24435 I SurfaceControl: nativeRelease nativeObject s[-5476376674517141792]
09-16 14:27:37.488 24435 24435 I SurfaceControl: nativeRelease nativeObject e[-5476376674517141792]
09-16 14:27:37.488 24435 24435 I SurfaceControl: nativeRelease nativeObject s[-5476376674517162512]
09-16 14:27:37.488 24435 24435 I SurfaceControl: nativeRelease nativeObject e[-5476376674517162512]
09-16 14:27:37.488 24435 24435 I ViewRootImpl@fdb3660[ProvisioningActivity]: Relayout returned: old=(0,0,1200,1920) new=(0,0,1200,1920) req=(1200,1920)0 dur=6 res=0x1 s={true -5476376669684773680} ch=false fn=168
09-16 14:27:37.488 24435 24435 I ViewRootImpl@fdb3660[ProvisioningActivity]: mAttachInfo.mThreadedRenderer.draw, mView = DecorView@ef53fdf[ProvisioningActivity] w = 1200 h = 1920
09-16 14:27:37.490 24435 24435 I BleManager: Data written to 00002adb-0000-1000-8000-00805f9b34fb, value: (0x) 03-02-00-00-00-00-00
09-16 14:27:37.491 24435 24435 V MeshManagerApi: Provisioning pdu sent: 0x03020000000000
09-16 14:27:37.492 24435 24435 V ProvisioningPublicKeyState: X: length: 32 987794B2EC53D41EB05754E56879DAE3B1CF03D6D1BB36B6D488F01EDF72F52B
09-16 14:27:37.492 24435 24435 V ProvisioningPublicKeyState: Y: length: 32 3732EEDD2EBFB69EBE72AFEE036FA1BFBC7820E8A3A80D287BB0DC2EDB954975
09-16 14:27:37.492 24435 24435 V ProvisioningPublicKeyState: XY: 0x987794B2EC53D41EB05754E56879DAE3B1CF03D6D1BB36B6D488F01EDF72F52B3732EEDD2EBFB69EBE72AFEE036FA1BFBC7820E8A3A80D287BB0DC2EDB954975
09-16 14:27:37.495 24435 24435 I BleManager: Data written to 00002adb-0000-1000-8000-00805f9b34fb, value: (0x) 03-03-98-77-94-B2-EC-53-D4-1E-B0-57-54-E5-68-79-DA-E3-B1-CF-03-D6-D1-BB-36-B6-D4-88-F0-1E-DF-72-F5-2B-37-32-EE-DD-2E-BF-B6-9E-BE-72-AF-EE-03-6F-A1-BF-BC-78-20-E8-A3-A8-0D-28-7B-B0-DC-2E-DB-95-49-75
09-16 14:27:37.510 24435 24435 V MeshManagerApi: Provisioning pdu sent: 0x0303987794B2EC53D41EB05754E56879DAE3B1CF03D6D1BB36B6D488F01EDF72F52B3732EEDD2EBFB69EBE72AFEE036FA1BFBC7820E8A3A80D287BB0DC2EDB954975
09-16 14:27:41.544 24435 31991 D BluetoothGatt: onClientConnectionState() - status=8 clientIf=11 device=C1:70:0D:03:B1:E6
09-16 14:27:41.546 24435 24435 W BleManager: Error: (0x8): GATT CONN TIMEOUT
09-16 14:27:41.546 24435 24435 I BleManager: Disconnected
09-16 14:27:41.547 24435 24435 D BluetoothGatt: refresh() - device: C1:70:0D:03:B1:E6
09-16 14:27:41.548 24435 24435 I BleManager: Cache refreshed
09-16 14:27:41.548 24435 24435 D BluetoothGatt: close()
09-16 14:27:41.552 24435 24435 D BluetoothGatt: unregisterApp() - mClientIf=11
09-16 14:27:41.555 24435 24435 V s : Disconnected
09-16 14:27:41.586 24435 24435 I ViewRootImpl@290a936[ScannerActivity]: stopped(false) old=true
09-16 14:27:41.587 24435 24435 I BluetoothAdapter: STATE_ON
09-16 14:27:41.587 24435 24435 I BluetoothAdapter: STATE_ON
09-16 14:27:41.587 24435 24435 I BluetoothAdapter: STATE_ON
09-16 14:27:41.587 24435 24435 I BluetoothAdapter: STATE_ON
09-16 14:27:41.588 24435 24435 I BluetoothAdapter: STATE_ON
09-16 14:27:41.588 24435 24435 I BluetoothAdapter: STATE_ON
09-16 14:27:41.588 24435 24435 I BluetoothAdapter: STATE_ON
09-16 14:27:41.588 24435 24435 D BluetoothLeScanner: Start Scan with callback
09-16 14:27:41.591 24435 31992 D BluetoothLeScanner: onScannerRegistered() - status=0 scannerId=9 mScannerId=0
09-16 14:27:41.596 24435 24435 I ViewRootImpl@290a936[ScannerActivity]: stopped(false) old=false
09-16 14:27:41.612 24435 24435 I SurfaceControl: assignNativeObject: nativeObject = 0 Surface(name=null)/@0xa3ebca / android.view.SurfaceControl.readFromParcel:1117 android.view.IWindowSession$Stub$Proxy.relayout:1836 android.view.ViewRootImpl.relayoutWindow:9132 android.view.ViewRootImpl.performTraversals:3422 android.view.ViewRootImpl.doTraversal:2671 android.view.ViewRootImpl$TraversalRunnable.run:10094 android.view.Choreographer$CallbackRecord.run:1010 android.view.Choreographer.doCallbacks:809 android.view.Choreographer.doFrame:744 android.view.Choreographer$FrameDisplayEventReceiver.run:995
09-16 14:27:41.613 24435 24435 I ViewRootImpl@290a936[ScannerActivity]: Relayout returned: old=(0,0,1200,1920) new=(0,0,1200,1920) req=(1200,1920)0 dur=14 res=0x7 s={true -5476376669685122480} ch=true fn=-1
09-16 14:27:41.614 24435 24435 I ViewRootImpl@290a936[ScannerActivity]: [DP] dp(1) 1 android.view.ViewRootImpl.reportNextDraw:11080 android.view.ViewRootImpl.performTraversals:3917 android.view.ViewRootImpl.doTraversal:2671
09-16 14:27:41.614 24435 24435 I ViewRootImpl@290a936[ScannerActivity]: [DP] pd() Asnyc report
09-16 14:27:41.615 24435 24435 I ViewRootImpl@290a936[ScannerActivity]: mAttachInfo.mThreadedRenderer.draw, mView = DecorView@6f0e4ba[ScannerActivity] w = 1200 h = 1920
09-16 14:27:41.625 24435 24435 I ViewRootImpl@290a936[ScannerActivity]: [DP] pdf(0) 1 android.view.ViewRootImpl.lambda$performDraw$1$ViewRootImpl:4745 android.view.-$$Lambda$ViewRootImpl$DJd0VUYJgsebcnSohO6h8zc_ONI.run:6 android.os.Handler.handleCallback:938
09-16 14:27:41.625 24435 24435 I ViewRootImpl@290a936[ScannerActivity]: [DP] rdf()
09-16 14:27:41.626 24435 24435 I ViewRootImpl@fdb3660[ProvisioningActivity]: MSG_WINDOW_FOCUS_CHANGED 0 1
09-16 14:27:41.628 24435 24435 I SurfaceControl: nativeRelease nativeObject s[-5476376674517147280]
09-16 14:27:41.628 24435 24435 I SurfaceControl: nativeRelease nativeObject e[-5476376674517147280]
09-16 14:27:41.628 24435 24435 I SurfaceControl: nativeRelease nativeObject s[-5476376674517136416]
09-16 14:27:41.628 24435 24435 I SurfaceControl: nativeRelease nativeObject e[-5476376674517136416]
09-16 14:27:41.628 24435 24435 I SurfaceControl: nativeRelease nativeObject s[-5476376674517131936]
09-16 14:27:41.628 24435 24435 I SurfaceControl: nativeRelease nativeObject e[-5476376674517131936]
09-16 14:27:41.655 24435 24435 I ViewRootImpl@290a936[ScannerActivity]: MSG_WINDOW_FOCUS_CHANGED 1 1
09-16 14:27:41.656 24435 24435 D InputMethodManager: prepareNavigationBarInfo() DecorView@6f0e4ba[ScannerActivity]
09-16 14:27:41.656 24435 24435 D InputMethodManager: getNavigationBarColor() -16777216
09-16 14:27:41.657 24435 24435 D InputMethodManager: prepareNavigationBarInfo() DecorView@6f0e4ba[ScannerActivity]
09-16 14:27:41.657 24435 24435 D InputMethodManager: getNavigationBarColor() -16777216
09-16 14:27:41.657 24435 24435 V InputMethodManager: Starting input: tba=no.nordicsemi.android.nrfmeshprovisioner ic=null mNaviBarColor -16777216 mIsGetNaviBarColorSuccess true , NavVisible : true , NavTrans : false
09-16 14:27:41.657 24435 24435 D InputMethodManager: startInputInner - Id : 0
09-16 14:27:41.657 24435 24435 I InputMethodManager: startInputInner - mService.startInputOrWindowGainedFocus
09-16 14:27:41.659 24435 24435 D InputTransport: Input channel constructed: 'ClientS', fd=90
09-16 14:27:41.659 24435 24435 D InputTransport: Input channel destroyed: 'ClientS', fd=95
09-16 14:27:41.672 24435 24435 I SurfaceControl: nativeRelease nativeObject s[-5476376674517114128]
09-16 14:27:41.672 24435 24435 I SurfaceControl: nativeRelease nativeObject e[-5476376674517114128]
09-16 14:27:41.676 24435 24435 I SurfaceControl: nativeRelease nativeObject s[-5476376674517243600]
09-16 14:27:41.676 24435 24435 I SurfaceControl: nativeRelease nativeObject e[-5476376674517243600]
09-16 14:27:41.676 24435 24435 I SurfaceControl: nativeRelease nativeObject s[-5476376674517247520]
09-16 14:27:41.677 24435 24435 I SurfaceControl: nativeRelease nativeObject e[-5476376674517247520]
09-16 14:27:41.966 24435 24435 I SurfaceControl: nativeRelease nativeObject s[-5476376674517170688]
09-16 14:27:41.966 24435 24435 I SurfaceControl: nativeRelease nativeObject e[-5476376674517170688]
09-16 14:27:41.967 24435 24435 I SurfaceControl: assignNativeObject: nativeObject = 0 Surface(name=null)/@0x7e8ede / android.view.SurfaceControl.readFromParcel:1117 android.view.IWindowSession$Stub$Proxy.relayout:1826 android.view.ViewRootImpl.relayoutWindow:9132 android.view.ViewRootImpl.performTraversals:3422 android.view.ViewRootImpl.doTraversal:2671 android.view.ViewRootImpl$TraversalRunnable.run:10094 android.view.Choreographer$CallbackRecord.run:1010 android.view.Choreographer.doCallbacks:809 android.view.Choreographer.doFrame:744 android.view.Choreographer$FrameDisplayEventReceiver.run:995
09-16 14:27:41.967 24435 24435 I SurfaceControl: assignNativeObject: nativeObject = 0 Surface(name=null)/@0xda1d0b6 / android.view.SurfaceControl.readFromParcel:1117 android.view.IWindowSession$Stub$Proxy.relayout:1836 android.view.ViewRootImpl.relayoutWindow:9132 android.view.ViewRootImpl.performTraversals:3422 android.view.ViewRootImpl.doTraversal:2671 android.view.ViewRootImpl$TraversalRunnable.run:10094 android.view.Choreographer$CallbackRecord.run:1010 android.view.Choreographer.doCallbacks:809 android.view.Choreographer.doFrame:744 android.view.Choreographer$FrameDisplayEventReceiver.run:995
09-16 14:27:41.968 24435 24435 I ViewRootImpl@fdb3660[ProvisioningActivity]: Relayout returned: old=(0,0,1200,1920) new=(0,0,1200,1920) req=(1200,1920)8 dur=10 res=0x5 s={false 0} ch=true fn=171
09-16 14:27:41.968 24435 24435 I ViewRootImpl@fdb3660[ProvisioningActivity]: stopped(true) old=false
09-16 14:27:41.991 24435 24435 I ViewRootImpl@fdb3660[ProvisioningActivity]: dispatchDetachedFromWindow
09-16 14:27:41.997 24435 24435 D InputTransport: Input channel destroyed: 'b47d16d', fd=83
09-16 14:27:53.540 24435 24435 I ViewRootImpl@290a936[ScannerActivity]: MSG_WINDOW_FOCUS_CHANGED 0 1
09-16 14:27:53.595 24435 24435 I SurfaceControl: nativeRelease nativeObject s[-5476376674517192976]
09-16 14:27:53.595 24435 24435 I SurfaceControl: nativeRelease nativeObject e[-5476376674517192976]
09-16 14:27:53.595 24435 24435 I SurfaceControl: nativeRelease nativeObject s[-5476376674517108976]
09-16 14:27:53.595 24435 24435 I SurfaceControl: nativeRelease nativeObject e[-5476376674517108976]
09-16 14:27:53.595 24435 24435 I SurfaceControl: nativeRelease nativeObject s[-5476376674517129472]
09-16 14:27:53.595 24435 24435 I SurfaceControl: nativeRelease nativeObject e[-5476376674517129472]
09-16 14:27:53.662 24435 24435 D InputTransport: Input channel destroyed: 'ClientS', fd=90
09-16 14:27:53.672 24435 24435 I SurfaceControl: nativeRelease nativeObject s[-5476376674517139328]
09-16 14:27:53.672 24435 24435 I SurfaceControl: nativeRelease nativeObject e[-5476376674517139328]
09-16 14:27:53.913 24435 24435 I SurfaceControl: nativeRelease nativeObject s[-5476376674517110320]
09-16 14:27:53.913 24435 24435 I SurfaceControl: nativeRelease nativeObject e[-5476376674517110320]
09-16 14:27:53.913 24435 24435 I SurfaceControl: assignNativeObject: nativeObject = 0 Surface(name=null)/@0xb738517 / android.view.SurfaceControl.readFromParcel:1117 android.view.IWindowSession$Stub$Proxy.relayout:1826 android.view.ViewRootImpl.relayoutWindow:9132 android.view.ViewRootImpl.performTraversals:3422 android.view.ViewRootImpl.doTraversal:2671 android.view.ViewRootImpl$TraversalRunnable.run:10094 android.view.Choreographer$CallbackRecord.run:1010 android.view.Choreographer.doCallbacks:809 android.view.Choreographer.doFrame:744 android.view.Choreographer$FrameDisplayEventReceiver.run:995
09-16 14:27:53.914 24435 24435 I SurfaceControl: assignNativeObject: nativeObject = 0 Surface(name=null)/@0xa3ebca / android.view.SurfaceControl.readFromParcel:1117 android.view.IWindowSession$Stub$Proxy.relayout:1836 android.view.ViewRootImpl.relayoutWindow:9132 android.view.ViewRootImpl.performTraversals:3422 android.view.ViewRootImpl.doTraversal:2671 android.view.ViewRootImpl$TraversalRunnable.run:10094 android.view.Choreographer$CallbackRecord.run:1010 android.view.Choreographer.doCallbacks:809 android.view.Choreographer.doFrame:744 android.view.Choreographer$FrameDisplayEventReceiver.run:995
09-16 14:27:53.914 24435 24435 I ViewRootImpl@290a936[ScannerActivity]: Relayout returned: old=(0,0,1200,1920) new=(0,0,1200,1920) req=(1200,1920)8 dur=6 res=0x5 s={false 0} ch=true fn=727
09-16 14:27:53.915 24435 24435 I ViewRootImpl@290a936[ScannerActivity]: stopped(true) old=false
09-16 14:27:53.916 24435 24435 I BluetoothAdapter: STATE_ON
09-16 14:27:53.916 24435 24435 I BluetoothAdapter: STATE_ON
09-16 14:27:53.916 24435 24435 D BluetoothLeScanner: Stop Scan with callback
09-16 14:27:53.925 24435 24435 I SurfaceControl: assignNativeObject: nativeObject = 0 Surface(name=null)/@0xb738517 / android.view.SurfaceControl.readFromParcel:1117 android.view.IWindowSession$Stub$Proxy.relayout:1826 android.view.ViewRootImpl.relayoutWindow:9132 android.view.ViewRootImpl.performTraversals:3422 android.view.ViewRootImpl.doTraversal:2671 android.view.ViewRootImpl$TraversalRunnable.run:10094 android.view.Choreographer$CallbackRecord.run:1010 android.view.Choreographer.doCallbacks:809 android.view.Choreographer.doFrame:744 android.view.Choreographer$FrameDisplayEventReceiver.run:995
09-16 14:27:53.925 24435 24435 I SurfaceControl: assignNativeObject: nativeObject = 0 Surface(name=null)/@0xa3ebca / android.view.SurfaceControl.readFromParcel:1117 android.view.IWindowSession$Stub$Proxy.relayout:1836 android.view.ViewRootImpl.relayoutWindow:9132 android.view.ViewRootImpl.performTraversals:3422 android.view.ViewRootImpl.doTraversal:2671 android.view.ViewRootImpl$TraversalRunnable.run:10094 android.view.Choreographer$CallbackRecord.run:1010 android.view.Choreographer.doCallbacks:809 android.view.Choreographer.doFrame:744 android.view.Choreographer$FrameDisplayEventReceiver.run:995
09-16 14:27:53.926 24435 24435 I ViewRootImpl@290a936[ScannerActivity]: Relayout returned: old=(0,0,1200,1920) new=(0,0,1200,1920) req=(1200,1920)8 dur=3 res=0x5 s={false 0} ch=false fn=-1
09-16 14:29:11.858 24435 24435 I SurfaceControl: assignNativeObject: nativeObject = 0 Surface(name=null)/@0xb738517 / android.view.SurfaceControl.readFromParcel:1117 android.view.IWindowSession$Stub$Proxy.relayout:1826 android.view.ViewRootImpl.relayoutWindow:9132 android.view.ViewRootImpl.performTraversals:3422 android.view.ViewRootImpl.doTraversal:2671 android.view.ViewRootImpl$TraversalRunnable.run:10094 android.view.Choreographer$CallbackRecord.run:1010 android.view.Choreographer.doCallbacks:809 android.view.Choreographer.doFrame:744 android.view.Choreographer$FrameDisplayEventReceiver.run:995
09-16 14:29:11.858 24435 24435 I SurfaceControl: assignNativeObject: nativeObject = 0 Surface(name=null)/@0xa3ebca / android.view.SurfaceControl.readFromParcel:1117 android.view.IWindowSession$Stub$Proxy.relayout:1836 android.view.ViewRootImpl.relayoutWindow:9132 android.view.ViewRootImpl.performTraversals:3422 android.view.ViewRootImpl.doTraversal:2671 android.view.ViewRootImpl$TraversalRunnable.run:10094 android.view.Choreographer$CallbackRecord.run:1010 android.view.Choreographer.doCallbacks:809 android.view.Choreographer.doFrame:744 android.view.Choreographer$FrameDisplayEventReceiver.run:995
09-16 14:29:11.860 24435 24435 I ViewRootImpl@290a936[ScannerActivity]: Relayout returned: old=(0,0,1200,1920) new=(0,0,1200,1920) req=(1200,1920)4 dur=19 res=0x1 s={false 0} ch=false fn=-1
09-16 14:29:11.861 24435 24435 I ViewRootImpl@290a936[ScannerActivity]: stopped(false) old=true
09-16 14:29:11.898 24435 24435 I BluetoothAdapter: STATE_ON
09-16 14:29:11.898 24435 24435 I BluetoothAdapter: STATE_ON
09-16 14:29:11.898 24435 24435 I BluetoothAdapter: STATE_ON
09-16 14:29:11.909 24435 24435 I BluetoothAdapter: STATE_ON
09-16 14:29:11.909 24435 24435 I BluetoothAdapter: STATE_ON
09-16 14:29:11.910 24435 24435 I BluetoothAdapter: STATE_ON
09-16 14:29:11.910 24435 24435 I BluetoothAdapter: STATE_ON
09-16 14:29:11.911 24435 24435 D BluetoothLeScanner: Start Scan with callback
09-16 14:29:11.933 24435 2148 D BluetoothLeScanner: onScannerRegistered() - status=0 scannerId=9 mScannerId=0
09-16 14:29:11.953 24435 24435 I ViewRootImpl@290a936[ScannerActivity]: stopped(false) old=false
09-16 14:29:11.976 24435 24435 I SurfaceControl: assignNativeObject: nativeObject = 0 Surface(name=null)/@0xa3ebca / android.view.SurfaceControl.readFromParcel:1117 android.view.IWindowSession$Stub$Proxy.relayout:1836 android.view.ViewRootImpl.relayoutWindow:9132 android.view.ViewRootImpl.performTraversals:3422 android.view.ViewRootImpl.doTraversal:2671 android.view.ViewRootImpl$TraversalRunnable.run:10094 android.view.Choreographer$CallbackRecord.run:1010 android.view.Choreographer.doCallbacks:809 android.view.Choreographer.doFrame:744 android.view.Choreographer$FrameDisplayEventReceiver.run:995
09-16 14:29:11.977 24435 24435 I ViewRootImpl@290a936[ScannerActivity]: Relayout returned: old=(0,0,1200,1920) new=(0,0,1200,1920) req=(1200,1920)0 dur=13 res=0x7 s={true -5476376669685262000} ch=true fn=-1
09-16 14:29:11.981 24435 24435 I ViewRootImpl@290a936[ScannerActivity]: [DP] dp(1) 1 android.view.ViewRootImpl.reportNextDraw:11080 android.view.ViewRootImpl.performTraversals:3917 android.view.ViewRootImpl.doTraversal:2671
09-16 14:29:11.981 24435 24435 I ViewRootImpl@290a936[ScannerActivity]: [DP] pd() Asnyc report
09-16 14:29:11.990 24435 24435 I ViewRootImpl@290a936[ScannerActivity]: mAttachInfo.mThreadedRenderer.draw, mView = DecorView@6f0e4ba[ScannerActivity] w = 1200 h = 1920
09-16 14:29:12.022 24435 24435 I ViewRootImpl@290a936[ScannerActivity]: [DP] pdf(0) 1 android.view.ViewRootImpl.lambda$performDraw$1$ViewRootImpl:4745 android.view.-$$Lambda$ViewRootImpl$DJd0VUYJgsebcnSohO6h8zc_ONI.run:6 android.os.Handler.handleCallback:938
09-16 14:29:12.022 24435 24435 I ViewRootImpl@290a936[ScannerActivity]: [DP] rdf()
09-16 14:29:12.039 24435 24435 I ViewRootImpl@290a936[ScannerActivity]: MSG_WINDOW_FOCUS_CHANGED 1 1
09-16 14:29:12.039 24435 24435 D InputMethodManager: prepareNavigationBarInfo() DecorView@6f0e4ba[ScannerActivity]
09-16 14:29:12.039 24435 24435 D InputMethodManager: getNavigationBarColor() -16777216
09-16 14:29:12.042 24435 24435 D InputMethodManager: prepareNavigationBarInfo() DecorView@6f0e4ba[ScannerActivity]
09-16 14:29:12.042 24435 24435 D InputMethodManager: getNavigationBarColor() -16777216
09-16 14:29:12.042 24435 24435 V InputMethodManager: Starting input: tba=no.nordicsemi.android.nrfmeshprovisioner ic=null mNaviBarColor -16777216 mIsGetNaviBarColorSuccess true , NavVisible : true , NavTrans : false
09-16 14:29:12.042 24435 24435 D InputMethodManager: startInputInner - Id : 0
09-16 14:29:12.042 24435 24435 I InputMethodManager: startInputInner - mService.startInputOrWindowGainedFocus
09-16 14:29:12.046 24435 24435 D InputTransport: Input channel constructed: 'ClientS', fd=86
09-16 14:29:12.089 24435 24435 I SurfaceControl: nativeRelease nativeObject s[-5476376674517163296]
09-16 14:29:12.089 24435 24435 I SurfaceControl: nativeRelease nativeObject e[-5476376674517163296]
09-16 14:29:12.089 24435 24435 I SurfaceControl: nativeRelease nativeObject s[-5476376674517165312]
09-16 14:29:12.089 24435 24435 I SurfaceControl: nativeRelease nativeObject e[-5476376674517165312]
09-16 14:29:12.776 24435 24435 I ViewRootImpl@290a936[ScannerActivity]: ViewPostIme pointer 0
